[INFO] fetching crate elinor 0.4.0...
[INFO] testing elinor-0.4.0 against 1.83.0 for beta-1.84.0-4-retry
[INFO] extracting crate elinor 0.4.0 into /workspace/builds/worker-1-tc1/source
[INFO] validating manifest of crates.io crate elinor 0.4.0 on toolchain 1.83.0
[INFO] running `Command { std: CARGO_HOME="/workspace/cargo-home" RUSTUP_HOME="/workspace/rustup-home" "/workspace/cargo-home/bin/cargo" "+1.83.0" "metadata" "--manifest-path" "Cargo.toml" "--no-deps", kill_on_drop: false }`
[INFO] started tweaking crates.io crate elinor 0.4.0
[INFO] removed 0 missing examples
[INFO] finished tweaking crates.io crate elinor 0.4.0
[INFO] tweaked toml for crates.io crate elinor 0.4.0 written to /workspace/builds/worker-1-tc1/source/Cargo.toml
[INFO] crate crates.io crate elinor 0.4.0 already has a lockfile, it will not be regenerated
[INFO] running `Command { std: CARGO_HOME="/workspace/cargo-home" RUSTUP_HOME="/workspace/rustup-home" "/workspace/cargo-home/bin/cargo" "+1.83.0" "fetch" "--manifest-path" "Cargo.toml", kill_on_drop: false }`
[INFO] [stderr]     Blocking waiting for file lock on package cache
[INFO] [stderr]     Blocking waiting for file lock on package cache
[INFO] [stderr]  Downloading crates ...
[INFO] [stderr]   Downloaded ordered-float v4.4.0
[INFO] running `Command { std: "docker" "create" "-v" "/var/lib/crater-agent-workspace/builds/worker-1-tc1/target:/opt/rustwide/target:rw,Z" "-v" "/var/lib/crater-agent-workspace/builds/worker-1-tc1/source:/opt/rustwide/workdir:ro,Z" "-v" "/var/lib/crater-agent-workspace/cargo-home:/opt/rustwide/cargo-home:ro,Z" "-v" "/var/lib/crater-agent-workspace/rustup-home:/opt/rustwide/rustup-home:ro,Z" "-e" "SOURCE_DIR=/opt/rustwide/workdir" "-e" "CARGO_TARGET_DIR=/opt/rustwide/target" "-e" "CARGO_HOME=/opt/rustwide/cargo-home" "-e" "RUSTUP_HOME=/opt/rustwide/rustup-home" "-w" "/opt/rustwide/workdir" "-m" "1610612736" "--user" "0:0" "--network" "none" "ghcr.io/rust-lang/crates-build-env/linux@sha256:f3a9d4ad9d972b27faf3965f35b62e55ba32bbce8f20bc8fe909558a86702fde" "/opt/rustwide/cargo-home/bin/cargo" "+1.83.0" "metadata" "--no-deps" "--format-version=1", kill_on_drop: false }`
[INFO] [stdout] c9f1443684b8e6ac3f6c409df7b77cbd0b91114d44075e82daae51c4045bd4f7
[INFO] running `Command { std: "docker" "start" "-a" "c9f1443684b8e6ac3f6c409df7b77cbd0b91114d44075e82daae51c4045bd4f7", kill_on_drop: false }`
[INFO] running `Command { std: "docker" "inspect" "c9f1443684b8e6ac3f6c409df7b77cbd0b91114d44075e82daae51c4045bd4f7", kill_on_drop: false }`
[INFO] running `Command { std: "docker" "rm" "-f" "c9f1443684b8e6ac3f6c409df7b77cbd0b91114d44075e82daae51c4045bd4f7", kill_on_drop: false }`
[INFO] [stdout] c9f1443684b8e6ac3f6c409df7b77cbd0b91114d44075e82daae51c4045bd4f7
[INFO] running `Command { std: "docker" "create" "-v" "/var/lib/crater-agent-workspace/builds/worker-1-tc1/target:/opt/rustwide/target:rw,Z" "-v" "/var/lib/crater-agent-workspace/builds/worker-1-tc1/source:/opt/rustwide/workdir:ro,Z" "-v" "/var/lib/crater-agent-workspace/cargo-home:/opt/rustwide/cargo-home:ro,Z" "-v" "/var/lib/crater-agent-workspace/rustup-home:/opt/rustwide/rustup-home:ro,Z" "-e" "SOURCE_DIR=/opt/rustwide/workdir" "-e" "CARGO_TARGET_DIR=/opt/rustwide/target" "-e" "CARGO_INCREMENTAL=0" "-e" "RUST_BACKTRACE=full" "-e" "RUSTFLAGS=--cap-lints=warn" "-e" "RUSTDOCFLAGS=--cap-lints=warn" "-e" "CARGO_HOME=/opt/rustwide/cargo-home" "-e" "RUSTUP_HOME=/opt/rustwide/rustup-home" "-w" "/opt/rustwide/workdir" "-m" "1610612736" "--user" "0:0" "--network" "none" "ghcr.io/rust-lang/crates-build-env/linux@sha256:f3a9d4ad9d972b27faf3965f35b62e55ba32bbce8f20bc8fe909558a86702fde" "/opt/rustwide/cargo-home/bin/cargo" "+1.83.0" "build" "--frozen" "--message-format=json", kill_on_drop: false }`
[INFO] [stdout] 1006368e0171cd943c31ed6c03fca0dd97ceb0cc52f187b4beebc0f28336f24d
[INFO] running `Command { std: "docker" "start" "-a" "1006368e0171cd943c31ed6c03fca0dd97ceb0cc52f187b4beebc0f28336f24d", kill_on_drop: false }`
[INFO] [stderr]    Compiling proc-macro2 v1.0.89
[INFO] [stderr]    Compiling unicode-ident v1.0.13
[INFO] [stderr]    Compiling libm v0.2.11
[INFO] [stderr]    Compiling num-traits v0.2.19
[INFO] [stderr]    Compiling libc v0.2.161
[INFO] [stderr]    Compiling paste v1.0.15
[INFO] [stderr]    Compiling bytemuck v1.19.0
[INFO] [stderr]    Compiling matrixmultiply v0.3.9
[INFO] [stderr]    Compiling rawpointer v0.2.1
[INFO] [stderr]    Compiling aho-corasick v1.1.3
[INFO] [stderr]    Compiling regex-syntax v0.8.5
[INFO] [stderr]    Compiling thiserror v1.0.66
[INFO] [stderr]    Compiling safe_arch v0.7.2
[INFO] [stderr]    Compiling wide v0.7.28
[INFO] [stderr]    Compiling quote v1.0.37
[INFO] [stderr]    Compiling getrandom v0.2.15
[INFO] [stderr]    Compiling syn v2.0.86
[INFO] [stderr]    Compiling rand_core v0.6.4
[INFO] [stderr]    Compiling approx v0.5.1
[INFO] [stderr]    Compiling num-integer v0.1.46
[INFO] [stderr]    Compiling num-complex v0.4.6
[INFO] [stderr]    Compiling ordered-float v4.4.0
[INFO] [stderr]    Compiling num-rational v0.4.2
[INFO] [stderr]    Compiling regex-automata v0.4.8
[INFO] [stderr]    Compiling simba v0.8.1
[INFO] [stderr]    Compiling zerocopy-derive v0.7.35
[INFO] [stderr]    Compiling nalgebra-macros v0.2.2
[INFO] [stderr]    Compiling thiserror-impl v1.0.66
[INFO] [stderr]    Compiling regex v1.11.1
[INFO] [stderr]    Compiling zerocopy v0.7.35
[INFO] [stderr]    Compiling ppv-lite86 v0.2.20
[INFO] [stderr]    Compiling rand_chacha v0.3.1
[INFO] [stderr]    Compiling rand v0.8.5
[INFO] [stderr]    Compiling rand_distr v0.4.3
[INFO] [stderr]    Compiling nalgebra v0.32.6
[INFO] [stderr]    Compiling statrs v0.17.1
[INFO] [stderr]    Compiling elinor v0.4.0 (/opt/rustwide/workdir)
[INFO] [stderr]     Finished `dev` profile [unoptimized + debuginfo] target(s) in 32.71s
[INFO] running `Command { std: "docker" "inspect" "1006368e0171cd943c31ed6c03fca0dd97ceb0cc52f187b4beebc0f28336f24d", kill_on_drop: false }`
[INFO] running `Command { std: "docker" "rm" "-f" "1006368e0171cd943c31ed6c03fca0dd97ceb0cc52f187b4beebc0f28336f24d", kill_on_drop: false }`
[INFO] [stdout] 1006368e0171cd943c31ed6c03fca0dd97ceb0cc52f187b4beebc0f28336f24d
[INFO] running `Command { std: "docker" "create" "-v" "/var/lib/crater-agent-workspace/builds/worker-1-tc1/target:/opt/rustwide/target:rw,Z" "-v" "/var/lib/crater-agent-workspace/builds/worker-1-tc1/source:/opt/rustwide/workdir:ro,Z" "-v" "/var/lib/crater-agent-workspace/cargo-home:/opt/rustwide/cargo-home:ro,Z" "-v" "/var/lib/crater-agent-workspace/rustup-home:/opt/rustwide/rustup-home:ro,Z" "-e" "SOURCE_DIR=/opt/rustwide/workdir" "-e" "CARGO_TARGET_DIR=/opt/rustwide/target" "-e" "CARGO_INCREMENTAL=0" "-e" "RUST_BACKTRACE=full" "-e" "RUSTFLAGS=--cap-lints=warn" "-e" "RUSTDOCFLAGS=--cap-lints=warn" "-e" "CARGO_HOME=/opt/rustwide/cargo-home" "-e" "RUSTUP_HOME=/opt/rustwide/rustup-home" "-w" "/opt/rustwide/workdir" "-m" "1610612736" "--user" "0:0" "--network" "none" "ghcr.io/rust-lang/crates-build-env/linux@sha256:f3a9d4ad9d972b27faf3965f35b62e55ba32bbce8f20bc8fe909558a86702fde" "/opt/rustwide/cargo-home/bin/cargo" "+1.83.0" "test" "--frozen" "--no-run" "--message-format=json", kill_on_drop: false }`
[INFO] [stdout] 2d64c90c0d65b6961d966baa6021ee11ff87b5451330e833cdf04eed3f8c74e4
[INFO] running `Command { std: "docker" "start" "-a" "2d64c90c0d65b6961d966baa6021ee11ff87b5451330e833cdf04eed3f8c74e4", kill_on_drop: false }`
[INFO] [stderr]    Compiling semver v1.0.23
[INFO] [stderr]    Compiling equivalent v1.0.1
[INFO] [stderr]    Compiling futures-sink v0.3.31
[INFO] [stderr]    Compiling memchr v2.7.4
[INFO] [stderr]    Compiling futures-core v0.3.31
[INFO] [stderr]    Compiling hashbrown v0.15.0
[INFO] [stderr]    Compiling futures-io v0.3.31
[INFO] [stderr]    Compiling futures-task v0.3.31
[INFO] [stderr]    Compiling winnow v0.6.20
[INFO] [stderr]    Compiling toml_datetime v0.6.8
[INFO] [stderr]    Compiling syn v2.0.86
[INFO] [stderr]    Compiling aho-corasick v1.1.3
[INFO] [stderr]    Compiling serde v1.0.214
[INFO] [stderr]    Compiling relative-path v1.9.3
[INFO] [stderr]    Compiling glob v0.3.1
[INFO] [stderr]    Compiling serde_json v1.0.132
[INFO] [stderr]    Compiling anyhow v1.0.92
[INFO] [stderr]    Compiling itoa v1.0.11
[INFO] [stderr]    Compiling futures-timer v3.0.3
[INFO] [stderr]    Compiling futures-channel v0.3.31
[INFO] [stderr]    Compiling maplit v1.0.2
[INFO] [stderr]    Compiling rustc_version v0.4.1
[INFO] [stderr]    Compiling rstest_macros v0.22.0
[INFO] [stderr]    Compiling indexmap v2.6.0
[INFO] [stderr]    Compiling regex-automata v0.4.8
[INFO] [stderr]    Compiling toml_edit v0.22.22
[INFO] [stderr]    Compiling proc-macro-crate v3.2.0
[INFO] [stderr]    Compiling regex v1.11.1
[INFO] [stderr]    Compiling zerocopy-derive v0.7.35
[INFO] [stderr]    Compiling futures-macro v0.3.31
[INFO] [stderr]    Compiling nalgebra-macros v0.2.2
[INFO] [stderr]    Compiling thiserror-impl v1.0.66
[INFO] [stderr]    Compiling futures-util v0.3.31
[INFO] [stderr]    Compiling thiserror v1.0.66
[INFO] [stderr]    Compiling zerocopy v0.7.35
[INFO] [stderr]    Compiling ppv-lite86 v0.2.20
[INFO] [stderr]    Compiling rand_chacha v0.3.1
[INFO] [stderr]    Compiling rand v0.8.5
[INFO] [stderr]    Compiling rand_distr v0.4.3
[INFO] [stderr]    Compiling futures-executor v0.3.31
[INFO] [stderr]    Compiling nalgebra v0.32.6
[INFO] [stderr]    Compiling futures v0.3.31
[INFO] [stderr]    Compiling rstest v0.22.0
[INFO] [stderr]    Compiling statrs v0.17.1
[INFO] [stderr]    Compiling elinor v0.4.0 (/opt/rustwide/workdir)
[INFO] [stderr]     Finished `test` profile [unoptimized + debuginfo] target(s) in 51.34s
[INFO] running `Command { std: "docker" "inspect" "2d64c90c0d65b6961d966baa6021ee11ff87b5451330e833cdf04eed3f8c74e4", kill_on_drop: false }`
[INFO] running `Command { std: "docker" "rm" "-f" "2d64c90c0d65b6961d966baa6021ee11ff87b5451330e833cdf04eed3f8c74e4", kill_on_drop: false }`
[INFO] [stdout] 2d64c90c0d65b6961d966baa6021ee11ff87b5451330e833cdf04eed3f8c74e4
[INFO] running `Command { std: "docker" "create" "-v" "/var/lib/crater-agent-workspace/builds/worker-1-tc1/target:/opt/rustwide/target:rw,Z" "-v" "/var/lib/crater-agent-workspace/builds/worker-1-tc1/source:/opt/rustwide/workdir:ro,Z" "-v" "/var/lib/crater-agent-workspace/cargo-home:/opt/rustwide/cargo-home:ro,Z" "-v" "/var/lib/crater-agent-workspace/rustup-home:/opt/rustwide/rustup-home:ro,Z" "-e" "SOURCE_DIR=/opt/rustwide/workdir" "-e" "CARGO_TARGET_DIR=/opt/rustwide/target" "-e" "CARGO_INCREMENTAL=0" "-e" "RUST_BACKTRACE=full" "-e" "RUSTFLAGS=--cap-lints=warn" "-e" "RUSTDOCFLAGS=--cap-lints=warn" "-e" "CARGO_HOME=/opt/rustwide/cargo-home" "-e" "RUSTUP_HOME=/opt/rustwide/rustup-home" "-w" "/opt/rustwide/workdir" "-m" "1610612736" "--user" "0:0" "--network" "none" "ghcr.io/rust-lang/crates-build-env/linux@sha256:f3a9d4ad9d972b27faf3965f35b62e55ba32bbce8f20bc8fe909558a86702fde" "/opt/rustwide/cargo-home/bin/cargo" "+1.83.0" "test" "--frozen", kill_on_drop: false }`
[INFO] [stdout] b0dd70ba31c452fcce9a7e0b15df2219a1e5e83272ef394841f54df834479c63
[INFO] running `Command { std: "docker" "start" "-a" "b0dd70ba31c452fcce9a7e0b15df2219a1e5e83272ef394841f54df834479c63", kill_on_drop: false }`
[INFO] [stderr]     Finished `test` profile [unoptimized + debuginfo] target(s) in 0.15s
[INFO] [stderr]      Running unittests src/lib.rs (/opt/rustwide/target/debug/deps/elinor-3d948aad75357a35)
[INFO] [stdout] 
[INFO] [stdout] running 147 tests
[INFO] [stdout] test metrics::tests::test_compute_metric::case_02_hits_k_1 ... ok
[INFO] [stdout] test metrics::tests::test_compute_metric::case_03_hits_k_2 ... ok
[INFO] [stdout] test metrics::tests::test_compute_metric::case_01_hits_k_0 ... ok
[INFO] [stdout] test metrics::tests::test_compute_metric::case_06_hits_k_5 ... ok
[INFO] [stdout] test metrics::tests::test_compute_metric::case_07_success_k_0 ... ok
[INFO] [stdout] test metrics::tests::test_compute_metric::case_09_success_k_2 ... ok
[INFO] [stdout] test metrics::tests::test_compute_metric::case_08_success_k_1 ... ok
[INFO] [stdout] test metrics::tests::test_compute_metric::case_11_success_k_4 ... ok
[INFO] [stdout] test metrics::tests::test_compute_metric::case_12_success_k_5 ... ok
[INFO] [stdout] test metrics::tests::test_compute_metric::case_10_success_k_3 ... ok
[INFO] [stdout] test metrics::tests::test_compute_metric::case_05_hits_k_4 ... ok
[INFO] [stdout] test metrics::tests::test_compute_metric::case_04_hits_k_3 ... ok
[INFO] [stdout] test metrics::tests::test_compute_metric::case_14_precision_k_1 ... ok
[INFO] [stdout] test metrics::tests::test_compute_metric::case_15_precision_k_2 ... ok
[INFO] [stdout] test metrics::tests::test_compute_metric::case_13_precision_k_0 ... ok
[INFO] [stdout] test metrics::tests::test_compute_metric::case_16_precision_k_3 ... ok
[INFO] [stdout] test metrics::tests::test_compute_metric::case_17_precision_k_4 ... ok
[INFO] [stdout] test metrics::tests::test_compute_metric::case_20_recall_k_1 ... ok
[INFO] [stdout] test metrics::tests::test_compute_metric::case_19_recall_k_0 ... ok
[INFO] [stdout] test metrics::tests::test_compute_metric::case_23_recall_k_4 ... ok
[INFO] [stdout] test metrics::tests::test_compute_metric::case_21_recall_k_2 ... ok
[INFO] [stdout] test metrics::tests::test_compute_metric::case_22_recall_k_3 ... ok
[INFO] [stdout] test metrics::tests::test_compute_metric::case_26_f1_k_1 ... ok
[INFO] [stdout] test metrics::tests::test_compute_metric::case_25_f1_k_0 ... ok
[INFO] [stdout] test metrics::tests::test_compute_metric::case_27_f1_k_2 ... ok
[INFO] [stdout] test metrics::tests::test_compute_metric::case_28_f1_k_3 ... ok
[INFO] [stdout] test metrics::tests::test_compute_metric::case_29_f1_k_4 ... ok
[INFO] [stdout] test metrics::tests::test_compute_metric::case_24_recall_k_5 ... ok
[INFO] [stdout] test metrics::tests::test_compute_metric::case_31_r_precision ... ok
[INFO] [stdout] test metrics::tests::test_compute_metric::case_33_average_precision_k_1 ... ok
[INFO] [stdout] test metrics::tests::test_compute_metric::case_30_f1_k_5 ... ok
[INFO] [stdout] test metrics::tests::test_compute_metric::case_34_average_precision_k_2 ... ok
[INFO] [stdout] test metrics::tests::test_compute_metric::case_35_average_precision_k_3 ... ok
[INFO] [stdout] test metrics::tests::test_compute_metric::case_32_average_precision_k_0 ... ok
[INFO] [stdout] test metrics::tests::test_compute_metric::case_36_average_precision_k_4 ... ok
[INFO] [stdout] test metrics::tests::test_compute_metric::case_38_reciprocal_rank_k_0 ... ok
[INFO] [stdout] test metrics::tests::test_compute_metric::case_39_reciprocal_rank_k_1 ... ok
[INFO] [stdout] test metrics::tests::test_compute_metric::case_41_reciprocal_rank_k_3 ... ok
[INFO] [stdout] test metrics::tests::test_compute_metric::case_43_reciprocal_rank_k_5 ... ok
[INFO] [stdout] test metrics::tests::test_compute_metric::case_42_reciprocal_rank_k_4 ... ok
[INFO] [stdout] test metrics::tests::test_compute_metric::case_44_bpref ... ok
[INFO] [stdout] test metrics::tests::test_compute_metric::case_45_dcg_k_0_jarvelin ... ok
[INFO] [stdout] test metrics::tests::test_compute_metric::case_46_dcg_k_1_jarvelin ... ok
[INFO] [stdout] test metrics::tests::test_compute_metric::case_37_average_precision_k_5 ... ok
[INFO] [stdout] test metrics::tests::test_compute_metric::case_47_dcg_k_2_jarvelin ... ok
[INFO] [stdout] test metrics::tests::test_compute_metric::case_48_dcg_k_3_jarvelin ... ok
[INFO] [stdout] test metrics::tests::test_compute_metric::case_50_dcg_k_5_jarvelin ... ok
[INFO] [stdout] test metrics::tests::test_compute_metric::case_49_dcg_k_4_jarvelin ... ok
[INFO] [stdout] test metrics::tests::test_compute_metric::case_51_ndcg_k_0_jarvelin ... ok
[INFO] [stdout] test metrics::tests::test_compute_metric::case_18_precision_k_5 ... ok
[INFO] [stdout] test metrics::tests::test_compute_metric::case_53_ndcg_k_2_jarvelin ... ok
[INFO] [stdout] test metrics::tests::test_compute_metric::case_55_ndcg_k_4_jarvelin ... ok
[INFO] [stdout] test metrics::tests::test_compute_metric::case_58_dcg_k_1_burges ... ok
[INFO] [stdout] test metrics::tests::test_compute_metric::case_59_dcg_k_2_burges ... ok
[INFO] [stdout] test metrics::tests::test_compute_metric::case_56_ndcg_k_5_jarvelin ... ok
[INFO] [stdout] test metrics::tests::test_compute_metric::case_60_dcg_k_3_burges ... ok
[INFO] [stdout] test metrics::tests::test_compute_metric::case_61_dcg_k_4_burges ... ok
[INFO] [stdout] test metrics::tests::test_compute_metric::case_62_dcg_k_5_burges ... ok
[INFO] [stdout] test metrics::tests::test_compute_metric::case_57_dcg_k_0_burges ... ok
[INFO] [stdout] test metrics::tests::test_compute_metric::case_66_ndcg_k_3_burges ... ok
[INFO] [stdout] test metrics::tests::test_compute_metric::case_65_ndcg_k_2_burges ... ok
[INFO] [stdout] test metrics::tests::test_compute_metric::case_68_ndcg_k_5_burges ... ok
[INFO] [stdout] test metrics::tests::test_compute_metric::case_64_ndcg_k_1_burges ... ok
[INFO] [stdout] test metrics::tests::test_metric_from_str::case_03_hits_k1 ... ok
[INFO] [stdout] test metrics::tests::test_metric_from_str::case_06_success_k0 ... ok
[INFO] [stdout] test metrics::tests::test_compute_metric::case_63_ndcg_k_0_burges ... ok
[INFO] [stdout] test metrics::tests::test_metric_from_str::case_05_success ... ok
[INFO] [stdout] test metrics::tests::test_metric_from_str::case_08_success_k100 ... ok
[INFO] [stdout] test metrics::tests::test_metric_from_str::case_01_hits ... ok
[INFO] [stdout] test metrics::tests::test_metric_from_str::case_09_precision ... ok
[INFO] [stdout] test metrics::tests::test_metric_from_str::case_02_hits_k0 ... ok
[INFO] [stdout] test metrics::tests::test_compute_metric::case_52_ndcg_k_1_jarvelin ... ok
[INFO] [stdout] test metrics::tests::test_compute_metric::case_54_ndcg_k_3_jarvelin ... ok
[INFO] [stdout] test metrics::tests::test_compute_metric::case_67_ndcg_k_4_burges ... ok
[INFO] [stdout] test metrics::tests::test_metric_from_str::case_07_success_k1 ... ok
[INFO] [stdout] test metrics::tests::test_metric_from_str::case_10_precision_k0 ... ok
[INFO] [stdout] test metrics::tests::test_metric_from_str::case_11_precision_k1 ... ok
[INFO] [stdout] test metrics::tests::test_compute_metric::case_40_reciprocal_rank_k_2 ... ok
[INFO] [stdout] test metrics::tests::test_metric_from_str::case_12_precision_k100 ... ok
[INFO] [stdout] test metrics::tests::test_metric_from_str::case_14_recall_k0 ... ok
[INFO] [stdout] test metrics::tests::test_metric_from_str::case_04_hits_k100 ... ok
[INFO] [stdout] test metrics::tests::test_metric_from_str::case_25_average_precision_k100 ... ok
[INFO] [stdout] test metrics::tests::test_metric_from_str::case_13_recall ... ok
[INFO] [stdout] test metrics::tests::test_metric_from_str::case_15_recall_k1 ... ok
[INFO] [stdout] test metrics::tests::test_metric_from_str::case_26_reciprocal_rank ... ok
[INFO] [stdout] test metrics::tests::test_metric_from_str::case_17_f1 ... ok
[INFO] [stdout] test metrics::tests::test_metric_from_str::case_23_average_precision_k0 ... ok
[INFO] [stdout] test metrics::tests::test_metric_from_str::case_21_r_precision ... ok
[INFO] [stdout] test metrics::tests::test_metric_from_str::case_22_average_precision ... ok
[INFO] [stdout] test metrics::tests::test_metric_from_str::case_35_ndcg ... ok
[INFO] [stdout] test metrics::tests::test_metric_from_str::case_24_average_precision_k1 ... ok
[INFO] [stdout] test metrics::tests::test_metric_from_str::case_33_dcg_k1 ... ok
[INFO] [stdout] test metrics::tests::test_metric_from_str::case_16_recall_k100 ... ok
[INFO] [stdout] test metrics::tests::test_metric_from_str::case_19_f1_k1 ... ok
[INFO] [stdout] test metrics::tests::test_metric_from_str::case_28_reciprocal_rank_k1 ... ok
[INFO] [stdout] test metrics::tests::test_metric_from_str::case_34_dcg_k100 ... ok
[INFO] [stdout] test metrics::tests::test_metric_from_str::case_27_reciprocal_rank_k0 ... ok
[INFO] [stdout] test metrics::tests::test_metric_from_str::case_31_dcg ... ok
[INFO] [stdout] test metrics::tests::test_metric_from_str::case_32_dcg_k0 ... ok
[INFO] [stdout] test metrics::tests::test_metric_from_str::case_40_dcg_burges_k0 ... ok
[INFO] [stdout] test metrics::tests::test_metric_from_str::case_18_f1_k0 ... ok
[INFO] [stdout] test metrics::tests::test_metric_from_str::case_29_reciprocal_rank_k100 ... ok
[INFO] [stdout] test metrics::tests::test_metric_from_str::case_30_bpref ... ok
[INFO] [stdout] test metrics::tests::test_metric_from_str::case_20_f1_k100 ... ok
[INFO] [stdout] test metrics::tests::test_metric_from_str::case_36_ndcg_k0 ... ok
[INFO] [stdout] test relevance::tests::test_relevance_store_n_docs ... ok
[INFO] [stdout] test metrics::tests::test_metric_from_str::case_39_dcg_burges ... ok
[INFO] [stdout] test metrics::tests::test_metric_from_str::case_38_ndcg_k100 ... ok
[INFO] [stdout] test statistical_tests::bootstrap_test::tests::test_bootstrap_test_from_samples_empty ... ok
[INFO] [stdout] test statistical_tests::bootstrap_test::tests::test_bootstrap_test_from_samples_single ... ok
[INFO] [stdout] test statistical_tests::bootstrap_test::tests::test_bootstrap_test_from_samples_zero_variance ... ok
[INFO] [stdout] test metrics::tests::test_metric_from_str::case_41_dcg_burges_k1 ... ok
[INFO] [stdout] test relevance::tests::test_relevance_store_n_queries ... ok
[INFO] [stdout] test relevance::tests::test_relevance_store_query_ids ... ok
[INFO] [stdout] test statistical_tests::randomized_tukey_hsd_test::tests::test_randomized_tukey_hsd_test_from_tupled_samples_empty ... ok
[INFO] [stdout] test statistical_tests::randomized_tukey_hsd_test::tests::test_randomized_tukey_hsd_test_from_tupled_samples_invalid_length ... ok
[INFO] [stdout] test relevance::tests::test_relevance_store_builder ... ok
[INFO] [stdout] test relevance::tests::test_relevance_store_from_into_records ... ok
[INFO] [stdout] test relevance::tests::test_relevance_store_get_map ... ok
[INFO] [stdout] test relevance::tests::test_relevance_store_get_score ... ok
[INFO] [stdout] test metrics::tests::test_metric_from_str::case_42_dcg_burges_k100 ... ok
[INFO] [stdout] test relevance::tests::test_relevance_store_builder_duplicate_entry ... ok
[INFO] [stdout] test relevance::tests::test_relevance_store_get_sorted ... ok
[INFO] [stdout] test metrics::tests::test_metric_from_str::case_43_ndcg_burges ... ok
[INFO] [stdout] test metrics::tests::test_metric_from_str::case_44_ndcg_burges_k0 ... ok
[INFO] [stdout] test statistical_tests::bootstrap_test::tests::test_bootstrap_tester_with_parameters ... ok
[INFO] [stdout] test statistical_tests::student_t_test::tests::test_student_t_test_compute_empty ... ok
[INFO] [stdout] test statistical_tests::student_t_test::tests::test_student_t_test_compute_one_sample ... ok
[INFO] [stdout] test statistical_tests::student_t_test::tests::test_student_t_test_compute_zero_variance ... ok
[INFO] [stdout] test statistical_tests::tests::test_pairs_from_maps_different_keys ... ok
[INFO] [stdout] test statistical_tests::tests::test_tuples_from_maps_single_map ... ok
[INFO] [stdout] test statistical_tests::two_way_anova_without_replication::tests::test_two_way_anova_without_replication_from_tupled_samples_invalid_length ... ok
[INFO] [stdout] test statistical_tests::two_way_anova_without_replication::tests::test_two_way_anova_without_replication_from_tupled_samples_single ... ok
[INFO] [stdout] test statistical_tests::student_t_test::tests::test_student_t_test_sakai_book_15 ... ok
[INFO] [stdout] test statistical_tests::two_way_anova_without_replication::tests::test_two_way_anova_without_replication_from_tupled_samples_empty ... ok
[INFO] [stdout] test statistical_tests::student_t_test::tests::test_student_t_test_margin_of_error_invalid_argument ... ok
[INFO] [stdout] test statistical_tests::student_t_test::tests::test_student_t_test_compute_two_samples ... ok
[INFO] [stdout] test statistical_tests::tukey_hsd_test::tests::test_tukey_hsd_test_sakai_book_15 ... ok
[INFO] [stdout] test metrics::tests::test_metric_from_str::case_46_ndcg_burges_k100 ... ok
[INFO] [stdout] test tests::test_evaluate ... ok
[INFO] [stdout] test metrics::tests::test_metric_from_str::case_45_ndcg_burges_k1 ... ok
[INFO] [stdout] test statistical_tests::student_t_test::tests::test_student_t_test_confidence_interval_invalid_argument ... ok
[INFO] [stdout] test statistical_tests::tests::test_tuples_from_maps_different_keys ... ok
[INFO] [stdout] test statistical_tests::two_way_anova_without_replication::tests::test_two_way_anova_without_replication_sakai_book_15 ... ok
[INFO] [stdout] test statistical_tests::randomized_tukey_hsd_test::tests::test_randomized_tukey_hsd_test_from_tupled_samples_single ... ok
[INFO] [stdout] test metrics::tests::test_metric_from_str::case_37_ndcg_k1 ... ok
[INFO] [stdout] test statistical_tests::bootstrap_test::tests::test_bootstrap_tester_with_random_state_consistency ... ok
[INFO] [stdout] 
[INFO] [stdout] test result: ok. 147 passed; 0 failed; 0 ignored; 0 measured; 0 filtered out; finished in 0.51s
[INFO] [stdout] 
[INFO] [stderr]    Doc-tests elinor
[INFO] [stdout] 
[INFO] [stdout] running 28 tests
[INFO] [stdout] test src/lib.rs - (line 226) ... ok
[INFO] [stdout] test src/lib.rs - (line 88) ... FAILED
[INFO] [stdout] test src/lib.rs - (line 153) ... FAILED
[INFO] [stdout] test src/lib.rs - (line 37) ... FAILED
[INFO] [stdout] test src/statistical_tests/two_way_anova_without_replication.rs - statistical_tests::two_way_anova_without_replication::TwoWayAnovaWithoutReplication::between_topic_variation (line 320) ... FAILED
[INFO] [stdout] test src/metrics.rs - metrics::Metric (line 56) ... FAILED
[INFO] [stdout] test src/statistical_tests/two_way_anova_without_replication.rs - statistical_tests::two_way_anova_without_replication::TwoWayAnovaWithoutReplication::from_tupled_samples (line 58) ... FAILED
[INFO] [stdout] test src/statistical_tests/two_way_anova_without_replication.rs - statistical_tests::two_way_anova_without_replication::TwoWayAnovaWithoutReplication::n_topics (line 210) ... FAILED
[INFO] [stdout] test src/statistical_tests/two_way_anova_without_replication.rs - statistical_tests::two_way_anova_without_replication::TwoWayAnovaWithoutReplication::between_system_p_value (line 529) ... FAILED
[INFO] [stdout] test src/statistical_tests/two_way_anova_without_replication.rs - statistical_tests::two_way_anova_without_replication::TwoWayAnovaWithoutReplication::system_means (line 233) ... FAILED
[INFO] [stdout] test src/statistical_tests/two_way_anova_without_replication.rs - statistical_tests::two_way_anova_without_replication::TwoWayAnovaWithoutReplication::residual_variance (line 443) ... FAILED
[INFO] [stdout] test src/statistical_tests/two_way_anova_without_replication.rs - statistical_tests::two_way_anova_without_replication::TwoWayAnovaWithoutReplication::topic_means (line 261) ... FAILED
[INFO] [stdout] test src/statistical_tests.rs - statistical_tests::tuples_from_maps (line 73) ... FAILED
[INFO] [stdout] test src/trec.rs - trec::parse_pred_rels_in_trec (line 84) ... FAILED
[INFO] [stdout] test src/metrics.rs - metrics::Metric (line 68) ... FAILED
[INFO] [stdout] test src/trec.rs - trec::parse_true_rels_in_trec (line 24) ... FAILED
[INFO] [stdout] test src/statistical_tests/student_t_test.rs - statistical_tests::student_t_test::StudentTTest (line 16) ... ok
[INFO] [stdout] test src/statistical_tests/two_way_anova_without_replication.rs - statistical_tests::two_way_anova_without_replication::TwoWayAnovaWithoutReplication::between_topic_p_value (line 554) ... ok
[INFO] [stdout] test src/statistical_tests/bootstrap_test.rs - statistical_tests::bootstrap_test::BootstrapTest (line 16) ... ok
[INFO] [stdout] test src/statistical_tests/two_way_anova_without_replication.rs - statistical_tests::two_way_anova_without_replication::TwoWayAnovaWithoutReplication::between_system_variance (line 387) ... ok
[INFO] [stdout] test src/statistical_tests/two_way_anova_without_replication.rs - statistical_tests::two_way_anova_without_replication::TwoWayAnovaWithoutReplication::between_system_variation (line 288) ... ok
[INFO] [stdout] test src/statistical_tests/two_way_anova_without_replication.rs - statistical_tests::two_way_anova_without_replication::TwoWayAnovaWithoutReplication::between_system_f_stat (line 471) ... ok
[INFO] [stdout] test src/statistical_tests/two_way_anova_without_replication.rs - statistical_tests::two_way_anova_without_replication::TwoWayAnovaWithoutReplication::between_topic_f_stat (line 499) ... ok
[INFO] [stdout] test src/statistical_tests/randomized_tukey_hsd_test.rs - statistical_tests::randomized_tukey_hsd_test::RandomizedTukeyHsdTest (line 16) ... ok
[INFO] [stdout] test src/statistical_tests.rs - statistical_tests::pairs_from_maps (line 37) ... ok
[INFO] [stdout] test src/statistical_tests/two_way_anova_without_replication.rs - statistical_tests::two_way_anova_without_replication::TwoWayAnovaWithoutReplication::between_topic_variance (line 415) ... ok
[INFO] [stdout] test src/statistical_tests/two_way_anova_without_replication.rs - statistical_tests::two_way_anova_without_replication::TwoWayAnovaWithoutReplication::residual_variation (line 351) ... ok
[INFO] [stdout] test src/statistical_tests/two_way_anova_without_replication.rs - statistical_tests::two_way_anova_without_replication::TwoWayAnovaWithoutReplication::n_systems (line 193) ... ok
[INFO] [stdout] 
[INFO] [stdout] failures:
[INFO] [stdout] 
[INFO] [stdout] ---- src/lib.rs - (line 88) stdout ----
[INFO] [stdout] Couldn't compile the test.
[INFO] [stdout] ---- src/lib.rs - (line 153) stdout ----
[INFO] [stdout] Couldn't compile the test.
[INFO] [stdout] ---- src/lib.rs - (line 37) stdout ----
[INFO] [stdout] Couldn't compile the test.
[INFO] [stdout] ---- src/statistical_tests/two_way_anova_without_replication.rs - statistical_tests::two_way_anova_without_replication::TwoWayAnovaWithoutReplication::between_topic_variation (line 320) stdout ----
[INFO] [stdout] Couldn't compile the test.
[INFO] [stdout] ---- src/metrics.rs - metrics::Metric (line 56) stdout ----
[INFO] [stdout] error: linking with `cc` failed: exit status: 1
[INFO] [stdout]   |
[INFO] [stdout]   = note: LC_ALL="C" PATH="/opt/rustwide/rustup-home/toolchains/1.83.0-x86_64-unknown-linux-gnu/lib/rustlib/x86_64-unknown-linux-gnu/bin:/opt/rustwide/cargo-home/bin:/usr/local/sbin:/usr/local/bin:/usr/sbin:/usr/bin:/sbin:/bin" VSLANG="1033" "cc" "-m64" "/tmp/rustcvNOCBh/symbols.o" "/tmp/rustdoctestU2Gn3f/rust_out.rust_out.cb03291d53e4e161-cgu.0.rcgu.o" "/tmp/rustdoctestU2Gn3f/rust_out.1s7umcihpz0t7nkz1uc2ifee9.rcgu.o" "-Wl,--as-needed" "-Wl,-Bstatic" "/opt/rustwide/target/debug/deps/libelinor-afd2414bf08351ba.rlib" "/opt/rustwide/target/debug/deps/libordered_float-86bc9db42abc7df3.rlib" "/opt/rustwide/target/debug/deps/libstatrs-783f86742265a48e.rlib" "/opt/rustwide/target/debug/deps/libnalgebra-ba78c631ab4078db.rlib" "/opt/rustwide/target/debug/deps/librand_distr-35ce242a75e78e25.rlib" "/opt/rustwide/target/debug/deps/libmatrixmultiply-30f2680bee14c369.rlib" "/opt/rustwide/target/debug/deps/librawpointer-82a8acb23f770ede.rlib" "/opt/rustwide/target/debug/deps/libnum_rational-a7d9f626e638d2c3.rlib" "/opt/rustwide/target/debug/deps/libnum_integer-8aa2cfd331d4700b.rlib" "/opt/rustwide/target/debug/deps/libtypenum-f8bcce2b4da82a7e.rlib" "/opt/rustwide/target/debug/deps/libsimba-d8c105c2e7847059.rlib" "/opt/rustwide/target/debug/deps/libwide-fccc601db1cfc256.rlib" "/opt/rustwide/target/debug/deps/libsafe_arch-0167ca79fb25a80a.rlib" "/opt/rustwide/target/debug/deps/libbytemuck-c88ca73f99f70750.rlib" "/opt/rustwide/target/debug/deps/libnum_complex-b244b8a441b1d26e.rlib" "/opt/rustwide/target/debug/deps/libapprox-aff2d7addea0bdd1.rlib" "/opt/rustwide/target/debug/deps/libnum_traits-fa7f7512062a9aed.rlib" "/opt/rustwide/target/debug/deps/librand-96f64d35593c3f67.rlib" "/opt/rustwide/target/debug/deps/librand_chacha-2b8f93bfc25a9143.rlib" "/opt/rustwide/target/debug/deps/libppv_lite86-5dfb0897f72acebc.rlib" "/opt/rustwide/target/debug/deps/libzerocopy-cd7ad6f8ed29d9ca.rlib" "/opt/rustwide/target/debug/deps/libbyteorder-d36d73da0d12e75b.rlib" "/opt/rustwide/target/debug/deps/librand_core-f21be6322bb29ea8.rlib" "/opt/rustwide/target/debug/deps/libgetrandom-0bb539801ae6bcc7.rlib" "/opt/rustwide/target/debug/deps/liblibc-d07913021763bc88.rlib" "/opt/rustwide/target/debug/deps/libcfg_if-8217498f8667ada9.rlib" "/opt/rustwide/target/debug/deps/libregex-c08cfa255eeca23c.rlib" "/opt/rustwide/target/debug/deps/libregex_automata-0b16463a9bcebd02.rlib" "/opt/rustwide/target/debug/deps/libaho_corasick-ca3c2ec2e6ffa0c6.rlib" "/opt/rustwide/target/debug/deps/libmemchr-a61794c77f52d343.rlib" "/opt/rustwide/target/debug/deps/libregex_syntax-155e812807b49638.rlib" "/opt/rustwide/target/debug/deps/libthiserror-4909822ccd75be4d.rlib" "/opt/rustwide/rustup-home/toolchains/1.83.0-x86_64-unknown-linux-gnu/lib/rustlib/x86_64-unknown-linux-gnu/lib/libstd-ca74a2d9c5166d9f.rlib" "/opt/rustwide/rustup-home/toolchains/1.83.0-x86_64-unknown-linux-gnu/lib/rustlib/x86_64-unknown-linux-gnu/lib/libpanic_unwind-e31ab23316ed5080.rlib" "/opt/rustwide/rustup-home/toolchains/1.83.0-x86_64-unknown-linux-gnu/lib/rustlib/x86_64-unknown-linux-gnu/lib/libobject-27dc4aa955912662.rlib" "/opt/rustwide/rustup-home/toolchains/1.83.0-x86_64-unknown-linux-gnu/lib/rustlib/x86_64-unknown-linux-gnu/lib/libmemchr-bd0d6cccce077b99.rlib" "/opt/rustwide/rustup-home/toolchains/1.83.0-x86_64-unknown-linux-gnu/lib/rustlib/x86_64-unknown-linux-gnu/lib/libaddr2line-8d001680935b5e3c.rlib" "/opt/rustwide/rustup-home/toolchains/1.83.0-x86_64-unknown-linux-gnu/lib/rustlib/x86_64-unknown-linux-gnu/lib/libgimli-ba8ce71964f984f4.rlib" "/opt/rustwide/rustup-home/toolchains/1.83.0-x86_64-unknown-linux-gnu/lib/rustlib/x86_64-unknown-linux-gnu/lib/librustc_demangle-99a73526abcec14b.rlib" "/opt/rustwide/rustup-home/toolchains/1.83.0-x86_64-unknown-linux-gnu/lib/rustlib/x86_64-unknown-linux-gnu/lib/libstd_detect-63ac0d22cff92579.rlib" "/opt/rustwide/rustup-home/toolchains/1.83.0-x86_64-unknown-linux-gnu/lib/rustlib/x86_64-unknown-linux-gnu/lib/libhashbrown-9057355c92c922d5.rlib" "/opt/rustwide/rustup-home/toolchains/1.83.0-x86_64-unknown-linux-gnu/lib/rustlib/x86_64-unknown-linux-gnu/lib/librustc_std_workspace_alloc-358be9bc1f6bab04.rlib" "/opt/rustwide/rustup-home/toolchains/1.83.0-x86_64-unknown-linux-gnu/lib/rustlib/x86_64-unknown-linux-gnu/lib/libminiz_oxide-aca15549d5bff974.rlib" "/opt/rustwide/rustup-home/toolchains/1.83.0-x86_64-unknown-linux-gnu/lib/rustlib/x86_64-unknown-linux-gnu/lib/libadler-8251d2cef7072448.rlib" "/opt/rustwide/rustup-home/toolchains/1.83.0-x86_64-unknown-linux-gnu/lib/rustlib/x86_64-unknown-linux-gnu/lib/libunwind-7d50b86011c66411.rlib" "/opt/rustwide/rustup-home/toolchains/1.83.0-x86_64-unknown-linux-gnu/lib/rustlib/x86_64-unknown-linux-gnu/lib/libcfg_if-51ea098fce5006bf.rlib" "/opt/rustwide/rustup-home/toolchains/1.83.0-x86_64-unknown-linux-gnu/lib/rustlib/x86_64-unknown-linux-gnu/lib/liblibc-5a14e0d0b712e731.rlib" "/opt/rustwide/rustup-home/toolchains/1.83.0-x86_64-unknown-linux-gnu/lib/rustlib/x86_64-unknown-linux-gnu/lib/liballoc-8b83dbf3a7b8f999.rlib" "/opt/rustwide/rustup-home/toolchains/1.83.0-x86_64-unknown-linux-gnu/lib/rustlib/x86_64-unknown-linux-gnu/lib/librustc_std_workspace_core-c6fd227bdc7b39ff.rlib" "/opt/rustwide/rustup-home/toolchains/1.83.0-x86_64-unknown-linux-gnu/lib/rustlib/x86_64-unknown-linux-gnu/lib/libcore-959d3389fa3da8a5.rlib" "/opt/rustwide/rustup-home/toolchains/1.83.0-x86_64-unknown-linux-gnu/lib/rustlib/x86_64-unknown-linux-gnu/lib/libcompiler_builtins-abe05db089cc2c62.rlib" "-Wl,-Bdynamic" "-lc" "-lm" "-lrt" "-lpthread" "-lgcc_s" "-lutil" "-lrt" "-lpthread" "-lm" "-ldl" "-lc" "-Wl,--eh-frame-hdr" "-Wl,-z,noexecstack" "-L" "/opt/rustwide/rustup-home/toolchains/1.83.0-x86_64-unknown-linux-gnu/lib/rustlib/x86_64-unknown-linux-gnu/lib" "-o" "/tmp/rustdoctestU2Gn3f/rust_out" "-Wl,--gc-sections" "-pie" "-Wl,-z,relro,-z,now" "-nodefaultlibs"
[INFO] [stdout]   = note: collect2: fatal error: ld terminated with signal 9 [Killed]
[INFO] [stdout]           compilation terminated.
[INFO] [stdout]           
[INFO] [stdout] 
[INFO] [stdout] error: aborting due to 1 previous error
[INFO] [stdout] 
[INFO] [stdout] Couldn't compile the test.
[INFO] [stdout] ---- src/statistical_tests/two_way_anova_without_replication.rs - statistical_tests::two_way_anova_without_replication::TwoWayAnovaWithoutReplication::from_tupled_samples (line 58) stdout ----
[INFO] [stdout] Couldn't compile the test.
[INFO] [stdout] ---- src/statistical_tests/two_way_anova_without_replication.rs - statistical_tests::two_way_anova_without_replication::TwoWayAnovaWithoutReplication::n_topics (line 210) stdout ----
[INFO] [stdout] Couldn't compile the test.
[INFO] [stdout] ---- src/statistical_tests/two_way_anova_without_replication.rs - statistical_tests::two_way_anova_without_replication::TwoWayAnovaWithoutReplication::between_system_p_value (line 529) stdout ----
[INFO] [stdout] error: linking with `cc` failed: exit status: 1
[INFO] [stdout]   |
[INFO] [stdout]   = note: LC_ALL="C" PATH="/opt/rustwide/rustup-home/toolchains/1.83.0-x86_64-unknown-linux-gnu/lib/rustlib/x86_64-unknown-linux-gnu/bin:/opt/rustwide/cargo-home/bin:/usr/local/sbin:/usr/local/bin:/usr/sbin:/usr/bin:/sbin:/bin" VSLANG="1033" "cc" "-m64" "/tmp/rustc7FEL4i/symbols.o" "/tmp/rustdoctestZyHldv/rust_out.rust_out.cb03291d53e4e161-cgu.0.rcgu.o" "/tmp/rustdoctestZyHldv/rust_out.1s7umcihpz0t7nkz1uc2ifee9.rcgu.o" "-Wl,--as-needed" "-Wl,-Bstatic" "/opt/rustwide/target/debug/deps/libelinor-afd2414bf08351ba.rlib" "/opt/rustwide/target/debug/deps/libordered_float-86bc9db42abc7df3.rlib" "/opt/rustwide/target/debug/deps/libstatrs-783f86742265a48e.rlib" "/opt/rustwide/target/debug/deps/libnalgebra-ba78c631ab4078db.rlib" "/opt/rustwide/target/debug/deps/librand_distr-35ce242a75e78e25.rlib" "/opt/rustwide/target/debug/deps/libmatrixmultiply-30f2680bee14c369.rlib" "/opt/rustwide/target/debug/deps/librawpointer-82a8acb23f770ede.rlib" "/opt/rustwide/target/debug/deps/libnum_rational-a7d9f626e638d2c3.rlib" "/opt/rustwide/target/debug/deps/libnum_integer-8aa2cfd331d4700b.rlib" "/opt/rustwide/target/debug/deps/libtypenum-f8bcce2b4da82a7e.rlib" "/opt/rustwide/target/debug/deps/libsimba-d8c105c2e7847059.rlib" "/opt/rustwide/target/debug/deps/libwide-fccc601db1cfc256.rlib" "/opt/rustwide/target/debug/deps/libsafe_arch-0167ca79fb25a80a.rlib" "/opt/rustwide/target/debug/deps/libbytemuck-c88ca73f99f70750.rlib" "/opt/rustwide/target/debug/deps/libnum_complex-b244b8a441b1d26e.rlib" "/opt/rustwide/target/debug/deps/libapprox-aff2d7addea0bdd1.rlib" "/opt/rustwide/target/debug/deps/libnum_traits-fa7f7512062a9aed.rlib" "/opt/rustwide/target/debug/deps/librand-96f64d35593c3f67.rlib" "/opt/rustwide/target/debug/deps/librand_chacha-2b8f93bfc25a9143.rlib" "/opt/rustwide/target/debug/deps/libppv_lite86-5dfb0897f72acebc.rlib" "/opt/rustwide/target/debug/deps/libzerocopy-cd7ad6f8ed29d9ca.rlib" "/opt/rustwide/target/debug/deps/libbyteorder-d36d73da0d12e75b.rlib" "/opt/rustwide/target/debug/deps/librand_core-f21be6322bb29ea8.rlib" "/opt/rustwide/target/debug/deps/libgetrandom-0bb539801ae6bcc7.rlib" "/opt/rustwide/target/debug/deps/liblibc-d07913021763bc88.rlib" "/opt/rustwide/target/debug/deps/libcfg_if-8217498f8667ada9.rlib" "/opt/rustwide/target/debug/deps/libregex-c08cfa255eeca23c.rlib" "/opt/rustwide/target/debug/deps/libregex_automata-0b16463a9bcebd02.rlib" "/opt/rustwide/target/debug/deps/libaho_corasick-ca3c2ec2e6ffa0c6.rlib" "/opt/rustwide/target/debug/deps/libmemchr-a61794c77f52d343.rlib" "/opt/rustwide/target/debug/deps/libregex_syntax-155e812807b49638.rlib" "/opt/rustwide/target/debug/deps/libthiserror-4909822ccd75be4d.rlib" "/opt/rustwide/rustup-home/toolchains/1.83.0-x86_64-unknown-linux-gnu/lib/rustlib/x86_64-unknown-linux-gnu/lib/libstd-ca74a2d9c5166d9f.rlib" "/opt/rustwide/rustup-home/toolchains/1.83.0-x86_64-unknown-linux-gnu/lib/rustlib/x86_64-unknown-linux-gnu/lib/libpanic_unwind-e31ab23316ed5080.rlib" "/opt/rustwide/rustup-home/toolchains/1.83.0-x86_64-unknown-linux-gnu/lib/rustlib/x86_64-unknown-linux-gnu/lib/libobject-27dc4aa955912662.rlib" "/opt/rustwide/rustup-home/toolchains/1.83.0-x86_64-unknown-linux-gnu/lib/rustlib/x86_64-unknown-linux-gnu/lib/libmemchr-bd0d6cccce077b99.rlib" "/opt/rustwide/rustup-home/toolchains/1.83.0-x86_64-unknown-linux-gnu/lib/rustlib/x86_64-unknown-linux-gnu/lib/libaddr2line-8d001680935b5e3c.rlib" "/opt/rustwide/rustup-home/toolchains/1.83.0-x86_64-unknown-linux-gnu/lib/rustlib/x86_64-unknown-linux-gnu/lib/libgimli-ba8ce71964f984f4.rlib" "/opt/rustwide/rustup-home/toolchains/1.83.0-x86_64-unknown-linux-gnu/lib/rustlib/x86_64-unknown-linux-gnu/lib/librustc_demangle-99a73526abcec14b.rlib" "/opt/rustwide/rustup-home/toolchains/1.83.0-x86_64-unknown-linux-gnu/lib/rustlib/x86_64-unknown-linux-gnu/lib/libstd_detect-63ac0d22cff92579.rlib" "/opt/rustwide/rustup-home/toolchains/1.83.0-x86_64-unknown-linux-gnu/lib/rustlib/x86_64-unknown-linux-gnu/lib/libhashbrown-9057355c92c922d5.rlib" "/opt/rustwide/rustup-home/toolchains/1.83.0-x86_64-unknown-linux-gnu/lib/rustlib/x86_64-unknown-linux-gnu/lib/librustc_std_workspace_alloc-358be9bc1f6bab04.rlib" "/opt/rustwide/rustup-home/toolchains/1.83.0-x86_64-unknown-linux-gnu/lib/rustlib/x86_64-unknown-linux-gnu/lib/libminiz_oxide-aca15549d5bff974.rlib" "/opt/rustwide/rustup-home/toolchains/1.83.0-x86_64-unknown-linux-gnu/lib/rustlib/x86_64-unknown-linux-gnu/lib/libadler-8251d2cef7072448.rlib" "/opt/rustwide/rustup-home/toolchains/1.83.0-x86_64-unknown-linux-gnu/lib/rustlib/x86_64-unknown-linux-gnu/lib/libunwind-7d50b86011c66411.rlib" "/opt/rustwide/rustup-home/toolchains/1.83.0-x86_64-unknown-linux-gnu/lib/rustlib/x86_64-unknown-linux-gnu/lib/libcfg_if-51ea098fce5006bf.rlib" "/opt/rustwide/rustup-home/toolchains/1.83.0-x86_64-unknown-linux-gnu/lib/rustlib/x86_64-unknown-linux-gnu/lib/liblibc-5a14e0d0b712e731.rlib" "/opt/rustwide/rustup-home/toolchains/1.83.0-x86_64-unknown-linux-gnu/lib/rustlib/x86_64-unknown-linux-gnu/lib/liballoc-8b83dbf3a7b8f999.rlib" "/opt/rustwide/rustup-home/toolchains/1.83.0-x86_64-unknown-linux-gnu/lib/rustlib/x86_64-unknown-linux-gnu/lib/librustc_std_workspace_core-c6fd227bdc7b39ff.rlib" "/opt/rustwide/rustup-home/toolchains/1.83.0-x86_64-unknown-linux-gnu/lib/rustlib/x86_64-unknown-linux-gnu/lib/libcore-959d3389fa3da8a5.rlib" "/opt/rustwide/rustup-home/toolchains/1.83.0-x86_64-unknown-linux-gnu/lib/rustlib/x86_64-unknown-linux-gnu/lib/libcompiler_builtins-abe05db089cc2c62.rlib" "-Wl,-Bdynamic" "-lc" "-lm" "-lrt" "-lpthread" "-lgcc_s" "-lutil" "-lrt" "-lpthread" "-lm" "-ldl" "-lc" "-Wl,--eh-frame-hdr" "-Wl,-z,noexecstack" "-L" "/opt/rustwide/rustup-home/toolchains/1.83.0-x86_64-unknown-linux-gnu/lib/rustlib/x86_64-unknown-linux-gnu/lib" "-o" "/tmp/rustdoctestZyHldv/rust_out" "-Wl,--gc-sections" "-pie" "-Wl,-z,relro,-z,now" "-nodefaultlibs"
[INFO] [stdout]   = note: collect2: fatal error: ld terminated with signal 9 [Killed]
[INFO] [stdout]           compilation terminated.
[INFO] [stdout]           
[INFO] [stdout] 
[INFO] [stdout] error: aborting due to 1 previous error
[INFO] [stdout] 
[INFO] [stdout] Couldn't compile the test.
[INFO] [stdout] ---- src/statistical_tests/two_way_anova_without_replication.rs - statistical_tests::two_way_anova_without_replication::TwoWayAnovaWithoutReplication::system_means (line 233) stdout ----
[INFO] [stdout] Couldn't compile the test.
[INFO] [stdout] ---- src/statistical_tests/two_way_anova_without_replication.rs - statistical_tests::two_way_anova_without_replication::TwoWayAnovaWithoutReplication::residual_variance (line 443) stdout ----
[INFO] [stdout] Couldn't compile the test.
[INFO] [stdout] ---- src/statistical_tests/two_way_anova_without_replication.rs - statistical_tests::two_way_anova_without_replication::TwoWayAnovaWithoutReplication::topic_means (line 261) stdout ----
[INFO] [stdout] Couldn't compile the test.
[INFO] [stdout] ---- src/statistical_tests.rs - statistical_tests::tuples_from_maps (line 73) stdout ----
[INFO] [stdout] error: linking with `cc` failed: exit status: 1
[INFO] [stdout]   |
[INFO] [stdout]   = note: LC_ALL="C" PATH="/opt/rustwide/rustup-home/toolchains/1.83.0-x86_64-unknown-linux-gnu/lib/rustlib/x86_64-unknown-linux-gnu/bin:/opt/rustwide/cargo-home/bin:/usr/local/sbin:/usr/local/bin:/usr/sbin:/usr/bin:/sbin:/bin" VSLANG="1033" "cc" "-m64" "/tmp/rustcwpdCln/symbols.o" "/tmp/rustdoctestNYJo48/rust_out.rust_out.cb03291d53e4e161-cgu.0.rcgu.o" "/tmp/rustdoctestNYJo48/rust_out.1s7umcihpz0t7nkz1uc2ifee9.rcgu.o" "-Wl,--as-needed" "-Wl,-Bstatic" "/opt/rustwide/target/debug/deps/libelinor-afd2414bf08351ba.rlib" "/opt/rustwide/target/debug/deps/libordered_float-86bc9db42abc7df3.rlib" "/opt/rustwide/target/debug/deps/libstatrs-783f86742265a48e.rlib" "/opt/rustwide/target/debug/deps/libnalgebra-ba78c631ab4078db.rlib" "/opt/rustwide/target/debug/deps/librand_distr-35ce242a75e78e25.rlib" "/opt/rustwide/target/debug/deps/libmatrixmultiply-30f2680bee14c369.rlib" "/opt/rustwide/target/debug/deps/librawpointer-82a8acb23f770ede.rlib" "/opt/rustwide/target/debug/deps/libnum_rational-a7d9f626e638d2c3.rlib" "/opt/rustwide/target/debug/deps/libnum_integer-8aa2cfd331d4700b.rlib" "/opt/rustwide/target/debug/deps/libtypenum-f8bcce2b4da82a7e.rlib" "/opt/rustwide/target/debug/deps/libsimba-d8c105c2e7847059.rlib" "/opt/rustwide/target/debug/deps/libwide-fccc601db1cfc256.rlib" "/opt/rustwide/target/debug/deps/libsafe_arch-0167ca79fb25a80a.rlib" "/opt/rustwide/target/debug/deps/libbytemuck-c88ca73f99f70750.rlib" "/opt/rustwide/target/debug/deps/libnum_complex-b244b8a441b1d26e.rlib" "/opt/rustwide/target/debug/deps/libapprox-aff2d7addea0bdd1.rlib" "/opt/rustwide/target/debug/deps/libnum_traits-fa7f7512062a9aed.rlib" "/opt/rustwide/target/debug/deps/librand-96f64d35593c3f67.rlib" "/opt/rustwide/target/debug/deps/librand_chacha-2b8f93bfc25a9143.rlib" "/opt/rustwide/target/debug/deps/libppv_lite86-5dfb0897f72acebc.rlib" "/opt/rustwide/target/debug/deps/libzerocopy-cd7ad6f8ed29d9ca.rlib" "/opt/rustwide/target/debug/deps/libbyteorder-d36d73da0d12e75b.rlib" "/opt/rustwide/target/debug/deps/librand_core-f21be6322bb29ea8.rlib" "/opt/rustwide/target/debug/deps/libgetrandom-0bb539801ae6bcc7.rlib" "/opt/rustwide/target/debug/deps/liblibc-d07913021763bc88.rlib" "/opt/rustwide/target/debug/deps/libcfg_if-8217498f8667ada9.rlib" "/opt/rustwide/target/debug/deps/libregex-c08cfa255eeca23c.rlib" "/opt/rustwide/target/debug/deps/libregex_automata-0b16463a9bcebd02.rlib" "/opt/rustwide/target/debug/deps/libaho_corasick-ca3c2ec2e6ffa0c6.rlib" "/opt/rustwide/target/debug/deps/libmemchr-a61794c77f52d343.rlib" "/opt/rustwide/target/debug/deps/libregex_syntax-155e812807b49638.rlib" "/opt/rustwide/target/debug/deps/libthiserror-4909822ccd75be4d.rlib" "/opt/rustwide/rustup-home/toolchains/1.83.0-x86_64-unknown-linux-gnu/lib/rustlib/x86_64-unknown-linux-gnu/lib/libstd-ca74a2d9c5166d9f.rlib" "/opt/rustwide/rustup-home/toolchains/1.83.0-x86_64-unknown-linux-gnu/lib/rustlib/x86_64-unknown-linux-gnu/lib/libpanic_unwind-e31ab23316ed5080.rlib" "/opt/rustwide/rustup-home/toolchains/1.83.0-x86_64-unknown-linux-gnu/lib/rustlib/x86_64-unknown-linux-gnu/lib/libobject-27dc4aa955912662.rlib" "/opt/rustwide/rustup-home/toolchains/1.83.0-x86_64-unknown-linux-gnu/lib/rustlib/x86_64-unknown-linux-gnu/lib/libmemchr-bd0d6cccce077b99.rlib" "/opt/rustwide/rustup-home/toolchains/1.83.0-x86_64-unknown-linux-gnu/lib/rustlib/x86_64-unknown-linux-gnu/lib/libaddr2line-8d001680935b5e3c.rlib" "/opt/rustwide/rustup-home/toolchains/1.83.0-x86_64-unknown-linux-gnu/lib/rustlib/x86_64-unknown-linux-gnu/lib/libgimli-ba8ce71964f984f4.rlib" "/opt/rustwide/rustup-home/toolchains/1.83.0-x86_64-unknown-linux-gnu/lib/rustlib/x86_64-unknown-linux-gnu/lib/librustc_demangle-99a73526abcec14b.rlib" "/opt/rustwide/rustup-home/toolchains/1.83.0-x86_64-unknown-linux-gnu/lib/rustlib/x86_64-unknown-linux-gnu/lib/libstd_detect-63ac0d22cff92579.rlib" "/opt/rustwide/rustup-home/toolchains/1.83.0-x86_64-unknown-linux-gnu/lib/rustlib/x86_64-unknown-linux-gnu/lib/libhashbrown-9057355c92c922d5.rlib" "/opt/rustwide/rustup-home/toolchains/1.83.0-x86_64-unknown-linux-gnu/lib/rustlib/x86_64-unknown-linux-gnu/lib/librustc_std_workspace_alloc-358be9bc1f6bab04.rlib" "/opt/rustwide/rustup-home/toolchains/1.83.0-x86_64-unknown-linux-gnu/lib/rustlib/x86_64-unknown-linux-gnu/lib/libminiz_oxide-aca15549d5bff974.rlib" "/opt/rustwide/rustup-home/toolchains/1.83.0-x86_64-unknown-linux-gnu/lib/rustlib/x86_64-unknown-linux-gnu/lib/libadler-8251d2cef7072448.rlib" "/opt/rustwide/rustup-home/toolchains/1.83.0-x86_64-unknown-linux-gnu/lib/rustlib/x86_64-unknown-linux-gnu/lib/libunwind-7d50b86011c66411.rlib" "/opt/rustwide/rustup-home/toolchains/1.83.0-x86_64-unknown-linux-gnu/lib/rustlib/x86_64-unknown-linux-gnu/lib/libcfg_if-51ea098fce5006bf.rlib" "/opt/rustwide/rustup-home/toolchains/1.83.0-x86_64-unknown-linux-gnu/lib/rustlib/x86_64-unknown-linux-gnu/lib/liblibc-5a14e0d0b712e731.rlib" "/opt/rustwide/rustup-home/toolchains/1.83.0-x86_64-unknown-linux-gnu/lib/rustlib/x86_64-unknown-linux-gnu/lib/liballoc-8b83dbf3a7b8f999.rlib" "/opt/rustwide/rustup-home/toolchains/1.83.0-x86_64-unknown-linux-gnu/lib/rustlib/x86_64-unknown-linux-gnu/lib/librustc_std_workspace_core-c6fd227bdc7b39ff.rlib" "/opt/rustwide/rustup-home/toolchains/1.83.0-x86_64-unknown-linux-gnu/lib/rustlib/x86_64-unknown-linux-gnu/lib/libcore-959d3389fa3da8a5.rlib" "/opt/rustwide/rustup-home/toolchains/1.83.0-x86_64-unknown-linux-gnu/lib/rustlib/x86_64-unknown-linux-gnu/lib/libcompiler_builtins-abe05db089cc2c62.rlib" "-Wl,-Bdynamic" "-lc" "-lm" "-lrt" "-lpthread" "-lgcc_s" "-lutil" "-lrt" "-lpthread" "-lm" "-ldl" "-lc" "-Wl,--eh-frame-hdr" "-Wl,-z,noexecstack" "-L" "/opt/rustwide/rustup-home/toolchains/1.83.0-x86_64-unknown-linux-gnu/lib/rustlib/x86_64-unknown-linux-gnu/lib" "-o" "/tmp/rustdoctestNYJo48/rust_out" "-Wl,--gc-sections" "-pie" "-Wl,-z,relro,-z,now" "-nodefaultlibs"
[INFO] [stdout]   = note: collect2: fatal error: ld terminated with signal 9 [Killed]
[INFO] [stdout]           compilation terminated.
[INFO] [stdout]           
[INFO] [stdout] 
[INFO] [stdout] error: aborting due to 1 previous error
[INFO] [stdout] 
[INFO] [stdout] Couldn't compile the test.
[INFO] [stdout] ---- src/trec.rs - trec::parse_pred_rels_in_trec (line 84) stdout ----
[INFO] [stdout] Couldn't compile the test.
[INFO] [stdout] ---- src/metrics.rs - metrics::Metric (line 68) stdout ----
[INFO] [stdout] error: linking with `cc` failed: exit status: 1
[INFO] [stdout]   |
[INFO] [stdout]   = note: LC_ALL="C" PATH="/opt/rustwide/rustup-home/toolchains/1.83.0-x86_64-unknown-linux-gnu/lib/rustlib/x86_64-unknown-linux-gnu/bin:/opt/rustwide/cargo-home/bin:/usr/local/sbin:/usr/local/bin:/usr/sbin:/usr/bin:/sbin:/bin" VSLANG="1033" "cc" "-m64" "/tmp/rustcFcVA3O/symbols.o" "/tmp/rustdoctestsARbXq/rust_out.rust_out.cb03291d53e4e161-cgu.0.rcgu.o" "/tmp/rustdoctestsARbXq/rust_out.1s7umcihpz0t7nkz1uc2ifee9.rcgu.o" "-Wl,--as-needed" "-Wl,-Bstatic" "/opt/rustwide/target/debug/deps/libelinor-afd2414bf08351ba.rlib" "/opt/rustwide/target/debug/deps/libordered_float-86bc9db42abc7df3.rlib" "/opt/rustwide/target/debug/deps/libstatrs-783f86742265a48e.rlib" "/opt/rustwide/target/debug/deps/libnalgebra-ba78c631ab4078db.rlib" "/opt/rustwide/target/debug/deps/librand_distr-35ce242a75e78e25.rlib" "/opt/rustwide/target/debug/deps/libmatrixmultiply-30f2680bee14c369.rlib" "/opt/rustwide/target/debug/deps/librawpointer-82a8acb23f770ede.rlib" "/opt/rustwide/target/debug/deps/libnum_rational-a7d9f626e638d2c3.rlib" "/opt/rustwide/target/debug/deps/libnum_integer-8aa2cfd331d4700b.rlib" "/opt/rustwide/target/debug/deps/libtypenum-f8bcce2b4da82a7e.rlib" "/opt/rustwide/target/debug/deps/libsimba-d8c105c2e7847059.rlib" "/opt/rustwide/target/debug/deps/libwide-fccc601db1cfc256.rlib" "/opt/rustwide/target/debug/deps/libsafe_arch-0167ca79fb25a80a.rlib" "/opt/rustwide/target/debug/deps/libbytemuck-c88ca73f99f70750.rlib" "/opt/rustwide/target/debug/deps/libnum_complex-b244b8a441b1d26e.rlib" "/opt/rustwide/target/debug/deps/libapprox-aff2d7addea0bdd1.rlib" "/opt/rustwide/target/debug/deps/libnum_traits-fa7f7512062a9aed.rlib" "/opt/rustwide/target/debug/deps/librand-96f64d35593c3f67.rlib" "/opt/rustwide/target/debug/deps/librand_chacha-2b8f93bfc25a9143.rlib" "/opt/rustwide/target/debug/deps/libppv_lite86-5dfb0897f72acebc.rlib" "/opt/rustwide/target/debug/deps/libzerocopy-cd7ad6f8ed29d9ca.rlib" "/opt/rustwide/target/debug/deps/libbyteorder-d36d73da0d12e75b.rlib" "/opt/rustwide/target/debug/deps/librand_core-f21be6322bb29ea8.rlib" "/opt/rustwide/target/debug/deps/libgetrandom-0bb539801ae6bcc7.rlib" "/opt/rustwide/target/debug/deps/liblibc-d07913021763bc88.rlib" "/opt/rustwide/target/debug/deps/libcfg_if-8217498f8667ada9.rlib" "/opt/rustwide/target/debug/deps/libregex-c08cfa255eeca23c.rlib" "/opt/rustwide/target/debug/deps/libregex_automata-0b16463a9bcebd02.rlib" "/opt/rustwide/target/debug/deps/libaho_corasick-ca3c2ec2e6ffa0c6.rlib" "/opt/rustwide/target/debug/deps/libmemchr-a61794c77f52d343.rlib" "/opt/rustwide/target/debug/deps/libregex_syntax-155e812807b49638.rlib" "/opt/rustwide/target/debug/deps/libthiserror-4909822ccd75be4d.rlib" "/opt/rustwide/rustup-home/toolchains/1.83.0-x86_64-unknown-linux-gnu/lib/rustlib/x86_64-unknown-linux-gnu/lib/libstd-ca74a2d9c5166d9f.rlib" "/opt/rustwide/rustup-home/toolchains/1.83.0-x86_64-unknown-linux-gnu/lib/rustlib/x86_64-unknown-linux-gnu/lib/libpanic_unwind-e31ab23316ed5080.rlib" "/opt/rustwide/rustup-home/toolchains/1.83.0-x86_64-unknown-linux-gnu/lib/rustlib/x86_64-unknown-linux-gnu/lib/libobject-27dc4aa955912662.rlib" "/opt/rustwide/rustup-home/toolchains/1.83.0-x86_64-unknown-linux-gnu/lib/rustlib/x86_64-unknown-linux-gnu/lib/libmemchr-bd0d6cccce077b99.rlib" "/opt/rustwide/rustup-home/toolchains/1.83.0-x86_64-unknown-linux-gnu/lib/rustlib/x86_64-unknown-linux-gnu/lib/libaddr2line-8d001680935b5e3c.rlib" "/opt/rustwide/rustup-home/toolchains/1.83.0-x86_64-unknown-linux-gnu/lib/rustlib/x86_64-unknown-linux-gnu/lib/libgimli-ba8ce71964f984f4.rlib" "/opt/rustwide/rustup-home/toolchains/1.83.0-x86_64-unknown-linux-gnu/lib/rustlib/x86_64-unknown-linux-gnu/lib/librustc_demangle-99a73526abcec14b.rlib" "/opt/rustwide/rustup-home/toolchains/1.83.0-x86_64-unknown-linux-gnu/lib/rustlib/x86_64-unknown-linux-gnu/lib/libstd_detect-63ac0d22cff92579.rlib" "/opt/rustwide/rustup-home/toolchains/1.83.0-x86_64-unknown-linux-gnu/lib/rustlib/x86_64-unknown-linux-gnu/lib/libhashbrown-9057355c92c922d5.rlib" "/opt/rustwide/rustup-home/toolchains/1.83.0-x86_64-unknown-linux-gnu/lib/rustlib/x86_64-unknown-linux-gnu/lib/librustc_std_workspace_alloc-358be9bc1f6bab04.rlib" "/opt/rustwide/rustup-home/toolchains/1.83.0-x86_64-unknown-linux-gnu/lib/rustlib/x86_64-unknown-linux-gnu/lib/libminiz_oxide-aca15549d5bff974.rlib" "/opt/rustwide/rustup-home/toolchains/1.83.0-x86_64-unknown-linux-gnu/lib/rustlib/x86_64-unknown-linux-gnu/lib/libadler-8251d2cef7072448.rlib" "/opt/rustwide/rustup-home/toolchains/1.83.0-x86_64-unknown-linux-gnu/lib/rustlib/x86_64-unknown-linux-gnu/lib/libunwind-7d50b86011c66411.rlib" "/opt/rustwide/rustup-home/toolchains/1.83.0-x86_64-unknown-linux-gnu/lib/rustlib/x86_64-unknown-linux-gnu/lib/libcfg_if-51ea098fce5006bf.rlib" "/opt/rustwide/rustup-home/toolchains/1.83.0-x86_64-unknown-linux-gnu/lib/rustlib/x86_64-unknown-linux-gnu/lib/liblibc-5a14e0d0b712e731.rlib" "/opt/rustwide/rustup-home/toolchains/1.83.0-x86_64-unknown-linux-gnu/lib/rustlib/x86_64-unknown-linux-gnu/lib/liballoc-8b83dbf3a7b8f999.rlib" "/opt/rustwide/rustup-home/toolchains/1.83.0-x86_64-unknown-linux-gnu/lib/rustlib/x86_64-unknown-linux-gnu/lib/librustc_std_workspace_core-c6fd227bdc7b39ff.rlib" "/opt/rustwide/rustup-home/toolchains/1.83.0-x86_64-unknown-linux-gnu/lib/rustlib/x86_64-unknown-linux-gnu/lib/libcore-959d3389fa3da8a5.rlib" "/opt/rustwide/rustup-home/toolchains/1.83.0-x86_64-unknown-linux-gnu/lib/rustlib/x86_64-unknown-linux-gnu/lib/libcompiler_builtins-abe05db089cc2c62.rlib" "-Wl,-Bdynamic" "-lc" "-lm" "-lrt" "-lpthread" "-lgcc_s" "-lutil" "-lrt" "-lpthread" "-lm" "-ldl" "-lc" "-Wl,--eh-frame-hdr" "-Wl,-z,noexecstack" "-L" "/opt/rustwide/rustup-home/toolchains/1.83.0-x86_64-unknown-linux-gnu/lib/rustlib/x86_64-unknown-linux-gnu/lib" "-o" "/tmp/rustdoctestsARbXq/rust_out" "-Wl,--gc-sections" "-pie" "-Wl,-z,relro,-z,now" "-nodefaultlibs"
[INFO] [stdout]   = note: collect2: fatal error: ld terminated with signal 9 [Killed]
[INFO] [stdout]           compilation terminated.
[INFO] [stdout]           
[INFO] [stdout] 
[INFO] [stdout] error: aborting due to 1 previous error
[INFO] [stdout] 
[INFO] [stdout] Couldn't compile the test.
[INFO] [stdout] ---- src/trec.rs - trec::parse_true_rels_in_trec (line 24) stdout ----
[INFO] [stdout] Couldn't compile the test.
[INFO] [stdout] 
[INFO] [stdout] failures:
[INFO] [stdout]     src/lib.rs - (line 153)
[INFO] [stdout]     src/lib.rs - (line 37)
[INFO] [stdout]     src/lib.rs - (line 88)
[INFO] [stdout]     src/metrics.rs - metrics::Metric (line 56)
[INFO] [stdout]     src/metrics.rs - metrics::Metric (line 68)
[INFO] [stdout]     src/statistical_tests.rs - statistical_tests::tuples_from_maps (line 73)
[INFO] [stdout]     src/statistical_tests/two_way_anova_without_replication.rs - statistical_tests::two_way_anova_without_replication::TwoWayAnovaWithoutReplication::between_system_p_value (line 529)
[INFO] [stdout]     src/statistical_tests/two_way_anova_without_replication.rs - statistical_tests::two_way_anova_without_replication::TwoWayAnovaWithoutReplication::between_topic_variation (line 320)
[INFO] [stdout]     src/statistical_tests/two_way_anova_without_replication.rs - statistical_tests::two_way_anova_without_replication::TwoWayAnovaWithoutReplication::from_tupled_samples (line 58)
[INFO] [stdout]     src/statistical_tests/two_way_anova_without_replication.rs - statistical_tests::two_way_anova_without_replication::TwoWayAnovaWithoutReplication::n_topics (line 210)
[INFO] [stdout]     src/statistical_tests/two_way_anova_without_replication.rs - statistical_tests::two_way_anova_without_replication::TwoWayAnovaWithoutReplication::residual_variance (line 443)
[INFO] [stdout]     src/statistical_tests/two_way_anova_without_replication.rs - statistical_tests::two_way_anova_without_replication::TwoWayAnovaWithoutReplication::system_means (line 233)
[INFO] [stdout]     src/statistical_tests/two_way_anova_without_replication.rs - statistical_tests::two_way_anova_without_replication::TwoWayAnovaWithoutReplication::topic_means (line 261)
[INFO] [stdout]     src/trec.rs - trec::parse_pred_rels_in_trec (line 84)
[INFO] [stdout]     src/trec.rs - trec::parse_true_rels_in_trec (line 24)
[INFO] [stdout] 
[INFO] [stdout] test result: FAILED. 13 passed; 15 failed; 0 ignored; 0 measured; 0 filtered out; finished in 13.93s
[INFO] [stdout] 
[INFO] [stderr] error: doctest failed, to rerun pass `--doc`
[INFO] running `Command { std: "docker" "inspect" "b0dd70ba31c452fcce9a7e0b15df2219a1e5e83272ef394841f54df834479c63", kill_on_drop: false }`
[INFO] running `Command { std: "docker" "rm" "-f" "b0dd70ba31c452fcce9a7e0b15df2219a1e5e83272ef394841f54df834479c63", kill_on_drop: false }`
[INFO] [stdout] b0dd70ba31c452fcce9a7e0b15df2219a1e5e83272ef394841f54df834479c63
