[INFO] fetching crate elf_loader 0.3.0...
[INFO] testing elf_loader-0.3.0 against 1.83.0 for beta-1.84.0-4-retry
[INFO] extracting crate elf_loader 0.3.0 into /workspace/builds/worker-6-tc1/source
[INFO] validating manifest of crates.io crate elf_loader 0.3.0 on toolchain 1.83.0
[INFO] running `Command { std: CARGO_HOME="/workspace/cargo-home" RUSTUP_HOME="/workspace/rustup-home" "/workspace/cargo-home/bin/cargo" "+1.83.0" "metadata" "--manifest-path" "Cargo.toml" "--no-deps", kill_on_drop: false }`
[INFO] started tweaking crates.io crate elf_loader 0.3.0
[INFO] finished tweaking crates.io crate elf_loader 0.3.0
[INFO] tweaked toml for crates.io crate elf_loader 0.3.0 written to /workspace/builds/worker-6-tc1/source/Cargo.toml
[INFO] running `Command { std: CARGO_HOME="/workspace/cargo-home" RUSTUP_HOME="/workspace/rustup-home" "/workspace/cargo-home/bin/cargo" "+1.83.0" "generate-lockfile" "--manifest-path" "Cargo.toml", kill_on_drop: false }`
[INFO] [stderr]     Updating crates.io index
[INFO] [stderr]      Locking 4 packages to latest compatible versions
[INFO] running `Command { std: CARGO_HOME="/workspace/cargo-home" RUSTUP_HOME="/workspace/rustup-home" "/workspace/cargo-home/bin/cargo" "+1.83.0" "fetch" "--manifest-path" "Cargo.toml", kill_on_drop: false }`
[INFO] running `Command { std: "docker" "create" "-v" "/var/lib/crater-agent-workspace/builds/worker-6-tc1/target:/opt/rustwide/target:rw,Z" "-v" "/var/lib/crater-agent-workspace/builds/worker-6-tc1/source:/opt/rustwide/workdir:ro,Z" "-v" "/var/lib/crater-agent-workspace/cargo-home:/opt/rustwide/cargo-home:ro,Z" "-v" "/var/lib/crater-agent-workspace/rustup-home:/opt/rustwide/rustup-home:ro,Z" "-e" "SOURCE_DIR=/opt/rustwide/workdir" "-e" "CARGO_TARGET_DIR=/opt/rustwide/target" "-e" "CARGO_HOME=/opt/rustwide/cargo-home" "-e" "RUSTUP_HOME=/opt/rustwide/rustup-home" "-w" "/opt/rustwide/workdir" "-m" "1610612736" "--user" "0:0" "--network" "none" "ghcr.io/rust-lang/crates-build-env/linux@sha256:f3a9d4ad9d972b27faf3965f35b62e55ba32bbce8f20bc8fe909558a86702fde" "/opt/rustwide/cargo-home/bin/cargo" "+1.83.0" "metadata" "--no-deps" "--format-version=1", kill_on_drop: false }`
[INFO] [stdout] 8683456cd346973b862c1ceb4a737e81717a6e2a5ad1b5187b0d3bf1c6c7b030
[INFO] running `Command { std: "docker" "start" "-a" "8683456cd346973b862c1ceb4a737e81717a6e2a5ad1b5187b0d3bf1c6c7b030", kill_on_drop: false }`
[INFO] running `Command { std: "docker" "inspect" "8683456cd346973b862c1ceb4a737e81717a6e2a5ad1b5187b0d3bf1c6c7b030", kill_on_drop: false }`
[INFO] running `Command { std: "docker" "rm" "-f" "8683456cd346973b862c1ceb4a737e81717a6e2a5ad1b5187b0d3bf1c6c7b030", kill_on_drop: false }`
[INFO] [stdout] 8683456cd346973b862c1ceb4a737e81717a6e2a5ad1b5187b0d3bf1c6c7b030
[INFO] running `Command { std: "docker" "create" "-v" "/var/lib/crater-agent-workspace/builds/worker-6-tc1/target:/opt/rustwide/target:rw,Z" "-v" "/var/lib/crater-agent-workspace/builds/worker-6-tc1/source:/opt/rustwide/workdir:ro,Z" "-v" "/var/lib/crater-agent-workspace/cargo-home:/opt/rustwide/cargo-home:ro,Z" "-v" "/var/lib/crater-agent-workspace/rustup-home:/opt/rustwide/rustup-home:ro,Z" "-e" "SOURCE_DIR=/opt/rustwide/workdir" "-e" "CARGO_TARGET_DIR=/opt/rustwide/target" "-e" "CARGO_INCREMENTAL=0" "-e" "RUST_BACKTRACE=full" "-e" "RUSTFLAGS=--cap-lints=warn" "-e" "RUSTDOCFLAGS=--cap-lints=warn" "-e" "CARGO_HOME=/opt/rustwide/cargo-home" "-e" "RUSTUP_HOME=/opt/rustwide/rustup-home" "-w" "/opt/rustwide/workdir" "-m" "1610612736" "--user" "0:0" "--network" "none" "ghcr.io/rust-lang/crates-build-env/linux@sha256:f3a9d4ad9d972b27faf3965f35b62e55ba32bbce8f20bc8fe909558a86702fde" "/opt/rustwide/cargo-home/bin/cargo" "+1.83.0" "build" "--frozen" "--message-format=json", kill_on_drop: false }`
[INFO] [stdout] 199853da201e85f8711e8bb3b6248aa6328919987d1bf238b91e7f9d682d9b0f
[INFO] running `Command { std: "docker" "start" "-a" "199853da201e85f8711e8bb3b6248aa6328919987d1bf238b91e7f9d682d9b0f", kill_on_drop: false }`
[INFO] [stderr]    Compiling bitflags v2.6.0
[INFO] [stderr]    Compiling cfg-if v1.0.0
[INFO] [stderr]    Compiling elf v0.7.4
[INFO] [stderr]    Compiling elf_loader v0.3.0 (/opt/rustwide/workdir)
[INFO] [stderr]     Finished `dev` profile [unoptimized + debuginfo] target(s) in 1.24s
[INFO] running `Command { std: "docker" "inspect" "199853da201e85f8711e8bb3b6248aa6328919987d1bf238b91e7f9d682d9b0f", kill_on_drop: false }`
[INFO] running `Command { std: "docker" "rm" "-f" "199853da201e85f8711e8bb3b6248aa6328919987d1bf238b91e7f9d682d9b0f", kill_on_drop: false }`
[INFO] [stdout] 199853da201e85f8711e8bb3b6248aa6328919987d1bf238b91e7f9d682d9b0f
[INFO] running `Command { std: "docker" "create" "-v" "/var/lib/crater-agent-workspace/builds/worker-6-tc1/target:/opt/rustwide/target:rw,Z" "-v" "/var/lib/crater-agent-workspace/builds/worker-6-tc1/source:/opt/rustwide/workdir:ro,Z" "-v" "/var/lib/crater-agent-workspace/cargo-home:/opt/rustwide/cargo-home:ro,Z" "-v" "/var/lib/crater-agent-workspace/rustup-home:/opt/rustwide/rustup-home:ro,Z" "-e" "SOURCE_DIR=/opt/rustwide/workdir" "-e" "CARGO_TARGET_DIR=/opt/rustwide/target" "-e" "CARGO_INCREMENTAL=0" "-e" "RUST_BACKTRACE=full" "-e" "RUSTFLAGS=--cap-lints=warn" "-e" "RUSTDOCFLAGS=--cap-lints=warn" "-e" "CARGO_HOME=/opt/rustwide/cargo-home" "-e" "RUSTUP_HOME=/opt/rustwide/rustup-home" "-w" "/opt/rustwide/workdir" "-m" "1610612736" "--user" "0:0" "--network" "none" "ghcr.io/rust-lang/crates-build-env/linux@sha256:f3a9d4ad9d972b27faf3965f35b62e55ba32bbce8f20bc8fe909558a86702fde" "/opt/rustwide/cargo-home/bin/cargo" "+1.83.0" "test" "--frozen" "--no-run" "--message-format=json", kill_on_drop: false }`
[INFO] [stdout] 9185b919bc61d03e3a9856f87bf460dbed6ac81a1cba973639f605165c030415
[INFO] running `Command { std: "docker" "start" "-a" "9185b919bc61d03e3a9856f87bf460dbed6ac81a1cba973639f605165c030415", kill_on_drop: false }`
[INFO] [stderr]    Compiling elf_loader v0.3.0 (/opt/rustwide/workdir)
[INFO] [stderr]     Finished `test` profile [unoptimized + debuginfo] target(s) in 0.61s
[INFO] running `Command { std: "docker" "inspect" "9185b919bc61d03e3a9856f87bf460dbed6ac81a1cba973639f605165c030415", kill_on_drop: false }`
[INFO] running `Command { std: "docker" "rm" "-f" "9185b919bc61d03e3a9856f87bf460dbed6ac81a1cba973639f605165c030415", kill_on_drop: false }`
[INFO] [stdout] 9185b919bc61d03e3a9856f87bf460dbed6ac81a1cba973639f605165c030415
[INFO] running `Command { std: "docker" "create" "-v" "/var/lib/crater-agent-workspace/builds/worker-6-tc1/target:/opt/rustwide/target:rw,Z" "-v" "/var/lib/crater-agent-workspace/builds/worker-6-tc1/source:/opt/rustwide/workdir:ro,Z" "-v" "/var/lib/crater-agent-workspace/cargo-home:/opt/rustwide/cargo-home:ro,Z" "-v" "/var/lib/crater-agent-workspace/rustup-home:/opt/rustwide/rustup-home:ro,Z" "-e" "SOURCE_DIR=/opt/rustwide/workdir" "-e" "CARGO_TARGET_DIR=/opt/rustwide/target" "-e" "CARGO_INCREMENTAL=0" "-e" "RUST_BACKTRACE=full" "-e" "RUSTFLAGS=--cap-lints=warn" "-e" "RUSTDOCFLAGS=--cap-lints=warn" "-e" "CARGO_HOME=/opt/rustwide/cargo-home" "-e" "RUSTUP_HOME=/opt/rustwide/rustup-home" "-w" "/opt/rustwide/workdir" "-m" "1610612736" "--user" "0:0" "--network" "none" "ghcr.io/rust-lang/crates-build-env/linux@sha256:f3a9d4ad9d972b27faf3965f35b62e55ba32bbce8f20bc8fe909558a86702fde" "/opt/rustwide/cargo-home/bin/cargo" "+1.83.0" "test" "--frozen", kill_on_drop: false }`
[INFO] [stdout] 4515e641276dd9fc90212719d79ca61d397db13303575ed1ecd00df98967a6e0
[INFO] running `Command { std: "docker" "start" "-a" "4515e641276dd9fc90212719d79ca61d397db13303575ed1ecd00df98967a6e0", kill_on_drop: false }`
[INFO] [stderr]     Finished `test` profile [unoptimized + debuginfo] target(s) in 0.02s
[INFO] [stderr]      Running unittests src/lib.rs (/opt/rustwide/target/debug/deps/elf_loader-9e183029621cdb67)
[INFO] [stdout] 
[INFO] [stdout] running 0 tests
[INFO] [stdout] 
[INFO] [stdout] test result: ok. 0 passed; 0 failed; 0 ignored; 0 measured; 0 filtered out; finished in 0.00s
[INFO] [stdout] 
[INFO] [stderr]    Doc-tests elf_loader
[INFO] [stdout] 
[INFO] [stdout] running 3 tests
[INFO] [stdout] test src/lib.rs - RelocatedDylib::get (line 411) - compile ... FAILED
[INFO] [stdout] test src/lib.rs - RelocatedDylib::get (line 403) - compile ... FAILED
[INFO] [stdout] test src/lib.rs - RelocatedDylib::dep_libs (line 352) - compile ... FAILED
[INFO] [stdout] 
[INFO] [stdout] failures:
[INFO] [stdout] 
[INFO] [stdout] ---- src/lib.rs - RelocatedDylib::get (line 411) stdout ----
[INFO] [stdout] error[E0412]: cannot find type `Symbol` in this scope
[INFO] [stdout]  --> src/lib.rs:413:27
[INFO] [stdout]   |
[INFO] [stdout] 4 |     let awesome_variable: Symbol<*mut f64> = lib.get("awesome_variable").unwrap();
[INFO] [stdout]   |                           ^^^^^^ not found in this scope
[INFO] [stdout]   |
[INFO] [stdout] help: consider importing one of these structs
[INFO] [stdout]   |
[INFO] [stdout] 2 + use elf::symbol::Symbol;
[INFO] [stdout]   |
[INFO] [stdout] 2 + use elf_loader::Symbol;
[INFO] [stdout]   |
[INFO] [stdout] 
[INFO] [stdout] error[E0425]: cannot find value `lib` in this scope
[INFO] [stdout]  --> src/lib.rs:413:46
[INFO] [stdout]   |
[INFO] [stdout] 4 |     let awesome_variable: Symbol<*mut f64> = lib.get("awesome_variable").unwrap();
[INFO] [stdout]   |                                              ^^^ not found in this scope
[INFO] [stdout] 
[INFO] [stdout] error: aborting due to 2 previous errors
[INFO] [stdout] 
[INFO] [stdout] Some errors have detailed explanations: E0412, E0425.
[INFO] [stdout] For more information about an error, try `rustc --explain E0412`.
[INFO] [stdout] Couldn't compile the test.
[INFO] [stdout] ---- src/lib.rs - RelocatedDylib::get (line 403) stdout ----
[INFO] [stdout] error[E0412]: cannot find type `Symbol` in this scope
[INFO] [stdout]  --> src/lib.rs:405:27
[INFO] [stdout]   |
[INFO] [stdout] 4 |     let awesome_function: Symbol<unsafe extern fn(f64) -> f64> =
[INFO] [stdout]   |                           ^^^^^^ not found in this scope
[INFO] [stdout]   |
[INFO] [stdout] help: consider importing one of these structs
[INFO] [stdout]   |
[INFO] [stdout] 2 + use elf::symbol::Symbol;
[INFO] [stdout]   |
[INFO] [stdout] 2 + use elf_loader::Symbol;
[INFO] [stdout]   |
[INFO] [stdout] 
[INFO] [stdout] error[E0425]: cannot find value `lib` in this scope
[INFO] [stdout]  --> src/lib.rs:406:9
[INFO] [stdout]   |
[INFO] [stdout] 5 |         lib.get("awesome_function").unwrap();
[INFO] [stdout]   |         ^^^ not found in this scope
[INFO] [stdout] 
[INFO] [stdout] error: aborting due to 2 previous errors
[INFO] [stdout] 
[INFO] [stdout] Some errors have detailed explanations: E0412, E0425.
[INFO] [stdout] For more information about an error, try `rustc --explain E0412`.
[INFO] [stdout] Couldn't compile the test.
[INFO] [stdout] ---- src/lib.rs - RelocatedDylib::dep_libs (line 352) stdout ----
[INFO] [stdout] error[E0425]: cannot find value `library` in this scope
[INFO] [stdout]  --> src/lib.rs:353:29
[INFO] [stdout]   |
[INFO] [stdout] 3 | if let Some(dependencies) = library.dep_libs() {
[INFO] [stdout]   |                             ^^^^^^^ not found in this scope
[INFO] [stdout] 
[INFO] [stdout] error: aborting due to 1 previous error
[INFO] [stdout] 
[INFO] [stdout] For more information about this error, try `rustc --explain E0425`.
[INFO] [stdout] Couldn't compile the test.
[INFO] [stdout] 
[INFO] [stdout] failures:
[INFO] [stdout]     src/lib.rs - RelocatedDylib::dep_libs (line 352)
[INFO] [stdout]     src/lib.rs - RelocatedDylib::get (line 403)
[INFO] [stdout]     src/lib.rs - RelocatedDylib::get (line 411)
[INFO] [stdout] 
[INFO] [stdout] test result: FAILED. 0 passed; 3 failed; 0 ignored; 0 measured; 0 filtered out; finished in 0.07s
[INFO] [stdout] 
[INFO] [stderr] error: doctest failed, to rerun pass `--doc`
[INFO] running `Command { std: "docker" "inspect" "4515e641276dd9fc90212719d79ca61d397db13303575ed1ecd00df98967a6e0", kill_on_drop: false }`
[INFO] running `Command { std: "docker" "rm" "-f" "4515e641276dd9fc90212719d79ca61d397db13303575ed1ecd00df98967a6e0", kill_on_drop: false }`
[INFO] [stdout] 4515e641276dd9fc90212719d79ca61d397db13303575ed1ecd00df98967a6e0
