[INFO] fetching crate elevator 2.0.0...
[INFO] testing elevator-2.0.0 against 1.83.0 for beta-1.84.0-4-retry
[INFO] extracting crate elevator 2.0.0 into /workspace/builds/worker-1-tc1/source
[INFO] validating manifest of crates.io crate elevator 2.0.0 on toolchain 1.83.0
[INFO] running `Command { std: CARGO_HOME="/workspace/cargo-home" RUSTUP_HOME="/workspace/rustup-home" "/workspace/cargo-home/bin/cargo" "+1.83.0" "metadata" "--manifest-path" "Cargo.toml" "--no-deps", kill_on_drop: false }`
[INFO] started tweaking crates.io crate elevator 2.0.0
[INFO] finished tweaking crates.io crate elevator 2.0.0
[INFO] tweaked toml for crates.io crate elevator 2.0.0 written to /workspace/builds/worker-1-tc1/source/Cargo.toml
[INFO] crate crates.io crate elevator 2.0.0 already has a lockfile, it will not be regenerated
[INFO] running `Command { std: CARGO_HOME="/workspace/cargo-home" RUSTUP_HOME="/workspace/rustup-home" "/workspace/cargo-home/bin/cargo" "+1.83.0" "fetch" "--manifest-path" "Cargo.toml", kill_on_drop: false }`
[INFO] running `Command { std: "docker" "create" "-v" "/var/lib/crater-agent-workspace/builds/worker-1-tc1/target:/opt/rustwide/target:rw,Z" "-v" "/var/lib/crater-agent-workspace/builds/worker-1-tc1/source:/opt/rustwide/workdir:ro,Z" "-v" "/var/lib/crater-agent-workspace/cargo-home:/opt/rustwide/cargo-home:ro,Z" "-v" "/var/lib/crater-agent-workspace/rustup-home:/opt/rustwide/rustup-home:ro,Z" "-e" "SOURCE_DIR=/opt/rustwide/workdir" "-e" "CARGO_TARGET_DIR=/opt/rustwide/target" "-e" "CARGO_HOME=/opt/rustwide/cargo-home" "-e" "RUSTUP_HOME=/opt/rustwide/rustup-home" "-w" "/opt/rustwide/workdir" "-m" "1610612736" "--user" "0:0" "--network" "none" "ghcr.io/rust-lang/crates-build-env/linux@sha256:f3a9d4ad9d972b27faf3965f35b62e55ba32bbce8f20bc8fe909558a86702fde" "/opt/rustwide/cargo-home/bin/cargo" "+1.83.0" "metadata" "--no-deps" "--format-version=1", kill_on_drop: false }`
[INFO] [stdout] d1292347accf9852398e8bc1747b3001855305b085d28507b16ceef8d24ac8d7
[INFO] running `Command { std: "docker" "start" "-a" "d1292347accf9852398e8bc1747b3001855305b085d28507b16ceef8d24ac8d7", kill_on_drop: false }`
[INFO] running `Command { std: "docker" "inspect" "d1292347accf9852398e8bc1747b3001855305b085d28507b16ceef8d24ac8d7", kill_on_drop: false }`
[INFO] running `Command { std: "docker" "rm" "-f" "d1292347accf9852398e8bc1747b3001855305b085d28507b16ceef8d24ac8d7", kill_on_drop: false }`
[INFO] [stdout] d1292347accf9852398e8bc1747b3001855305b085d28507b16ceef8d24ac8d7
[INFO] running `Command { std: "docker" "create" "-v" "/var/lib/crater-agent-workspace/builds/worker-1-tc1/target:/opt/rustwide/target:rw,Z" "-v" "/var/lib/crater-agent-workspace/builds/worker-1-tc1/source:/opt/rustwide/workdir:ro,Z" "-v" "/var/lib/crater-agent-workspace/cargo-home:/opt/rustwide/cargo-home:ro,Z" "-v" "/var/lib/crater-agent-workspace/rustup-home:/opt/rustwide/rustup-home:ro,Z" "-e" "SOURCE_DIR=/opt/rustwide/workdir" "-e" "CARGO_TARGET_DIR=/opt/rustwide/target" "-e" "CARGO_INCREMENTAL=0" "-e" "RUST_BACKTRACE=full" "-e" "RUSTFLAGS=--cap-lints=warn" "-e" "RUSTDOCFLAGS=--cap-lints=warn" "-e" "CARGO_HOME=/opt/rustwide/cargo-home" "-e" "RUSTUP_HOME=/opt/rustwide/rustup-home" "-w" "/opt/rustwide/workdir" "-m" "1610612736" "--user" "0:0" "--network" "none" "ghcr.io/rust-lang/crates-build-env/linux@sha256:f3a9d4ad9d972b27faf3965f35b62e55ba32bbce8f20bc8fe909558a86702fde" "/opt/rustwide/cargo-home/bin/cargo" "+1.83.0" "build" "--frozen" "--message-format=json", kill_on_drop: false }`
[INFO] [stdout] 5555581dd7c87df5c08668c1e7f6c77530b4657c32cbf5ad056e09d740f908ae
[INFO] running `Command { std: "docker" "start" "-a" "5555581dd7c87df5c08668c1e7f6c77530b4657c32cbf5ad056e09d740f908ae", kill_on_drop: false }`
[INFO] [stderr]    Compiling libc v0.2.154
[INFO] [stderr]    Compiling elevator v2.0.0 (/opt/rustwide/workdir)
[INFO] [stderr]     Finished `dev` profile [unoptimized + debuginfo] target(s) in 2.22s
[INFO] running `Command { std: "docker" "inspect" "5555581dd7c87df5c08668c1e7f6c77530b4657c32cbf5ad056e09d740f908ae", kill_on_drop: false }`
[INFO] running `Command { std: "docker" "rm" "-f" "5555581dd7c87df5c08668c1e7f6c77530b4657c32cbf5ad056e09d740f908ae", kill_on_drop: false }`
[INFO] [stdout] 5555581dd7c87df5c08668c1e7f6c77530b4657c32cbf5ad056e09d740f908ae
[INFO] running `Command { std: "docker" "create" "-v" "/var/lib/crater-agent-workspace/builds/worker-1-tc1/target:/opt/rustwide/target:rw,Z" "-v" "/var/lib/crater-agent-workspace/builds/worker-1-tc1/source:/opt/rustwide/workdir:ro,Z" "-v" "/var/lib/crater-agent-workspace/cargo-home:/opt/rustwide/cargo-home:ro,Z" "-v" "/var/lib/crater-agent-workspace/rustup-home:/opt/rustwide/rustup-home:ro,Z" "-e" "SOURCE_DIR=/opt/rustwide/workdir" "-e" "CARGO_TARGET_DIR=/opt/rustwide/target" "-e" "CARGO_INCREMENTAL=0" "-e" "RUST_BACKTRACE=full" "-e" "RUSTFLAGS=--cap-lints=warn" "-e" "RUSTDOCFLAGS=--cap-lints=warn" "-e" "CARGO_HOME=/opt/rustwide/cargo-home" "-e" "RUSTUP_HOME=/opt/rustwide/rustup-home" "-w" "/opt/rustwide/workdir" "-m" "1610612736" "--user" "0:0" "--network" "none" "ghcr.io/rust-lang/crates-build-env/linux@sha256:f3a9d4ad9d972b27faf3965f35b62e55ba32bbce8f20bc8fe909558a86702fde" "/opt/rustwide/cargo-home/bin/cargo" "+1.83.0" "test" "--frozen" "--no-run" "--message-format=json", kill_on_drop: false }`
[INFO] [stdout] 79f9e513ebf2ded8791c4fb22cfe32e91ed08463c0d6ab41640ff464e2fcd318
[INFO] running `Command { std: "docker" "start" "-a" "79f9e513ebf2ded8791c4fb22cfe32e91ed08463c0d6ab41640ff464e2fcd318", kill_on_drop: false }`
[INFO] [stderr]    Compiling elevator v2.0.0 (/opt/rustwide/workdir)
[INFO] [stderr]     Finished `test` profile [unoptimized + debuginfo] target(s) in 0.45s
[INFO] running `Command { std: "docker" "inspect" "79f9e513ebf2ded8791c4fb22cfe32e91ed08463c0d6ab41640ff464e2fcd318", kill_on_drop: false }`
[INFO] running `Command { std: "docker" "rm" "-f" "79f9e513ebf2ded8791c4fb22cfe32e91ed08463c0d6ab41640ff464e2fcd318", kill_on_drop: false }`
[INFO] [stdout] 79f9e513ebf2ded8791c4fb22cfe32e91ed08463c0d6ab41640ff464e2fcd318
[INFO] running `Command { std: "docker" "create" "-v" "/var/lib/crater-agent-workspace/builds/worker-1-tc1/target:/opt/rustwide/target:rw,Z" "-v" "/var/lib/crater-agent-workspace/builds/worker-1-tc1/source:/opt/rustwide/workdir:ro,Z" "-v" "/var/lib/crater-agent-workspace/cargo-home:/opt/rustwide/cargo-home:ro,Z" "-v" "/var/lib/crater-agent-workspace/rustup-home:/opt/rustwide/rustup-home:ro,Z" "-e" "SOURCE_DIR=/opt/rustwide/workdir" "-e" "CARGO_TARGET_DIR=/opt/rustwide/target" "-e" "CARGO_INCREMENTAL=0" "-e" "RUST_BACKTRACE=full" "-e" "RUSTFLAGS=--cap-lints=warn" "-e" "RUSTDOCFLAGS=--cap-lints=warn" "-e" "CARGO_HOME=/opt/rustwide/cargo-home" "-e" "RUSTUP_HOME=/opt/rustwide/rustup-home" "-w" "/opt/rustwide/workdir" "-m" "1610612736" "--user" "0:0" "--network" "none" "ghcr.io/rust-lang/crates-build-env/linux@sha256:f3a9d4ad9d972b27faf3965f35b62e55ba32bbce8f20bc8fe909558a86702fde" "/opt/rustwide/cargo-home/bin/cargo" "+1.83.0" "test" "--frozen", kill_on_drop: false }`
[INFO] [stdout] 836906f73ddacb355a69421ad0a286493de8b66bbc8e5e1352de79356b54d1e0
[INFO] running `Command { std: "docker" "start" "-a" "836906f73ddacb355a69421ad0a286493de8b66bbc8e5e1352de79356b54d1e0", kill_on_drop: false }`
[INFO] [stderr]     Finished `test` profile [unoptimized + debuginfo] target(s) in 0.04s
[INFO] [stderr]      Running unittests src/lib.rs (/opt/rustwide/target/debug/deps/elevator_lib-745170f5dbdc0222)
[INFO] [stderr]      Running unittests bin/main.rs (/opt/rustwide/target/debug/deps/elevator-44d96b35717f331a)
[INFO] [stdout] 
[INFO] [stdout] running 0 tests
[INFO] [stdout] 
[INFO] [stdout] test result: ok. 0 passed; 0 failed; 0 ignored; 0 measured; 0 filtered out; finished in 0.00s
[INFO] [stdout] 
[INFO] [stdout] 
[INFO] [stdout] running 0 tests
[INFO] [stdout] 
[INFO] [stdout] test result: ok. 0 passed; 0 failed; 0 ignored; 0 measured; 0 filtered out; finished in 0.00s
[INFO] [stdout] 
[INFO] [stderr]    Doc-tests elevator_lib
[INFO] [stdout] 
[INFO] [stdout] running 3 tests
[INFO] [stdout] test src/unix.rs - unix (line 5) ... FAILED
[INFO] [stdout] test src/lib.rs - (line 9) ... FAILED
[INFO] [stdout] test src/unix.rs - unix::run_elevated (line 34) ... ok
[INFO] [stdout] 
[INFO] [stdout] failures:
[INFO] [stdout] 
[INFO] [stdout] ---- src/unix.rs - unix (line 5) stdout ----
[INFO] [stdout] error[E0308]: mismatched types
[INFO] [stdout]   --> src/unix.rs:10:57
[INFO] [stdout]    |
[INFO] [stdout] 8  | if let Err(err) = run_elevated("/usr/bin/some_program", &["arg1", "arg2"]) {
[INFO] [stdout]    |                   ------------                          ^^^^^^^^^^^^^^^^^ expected `&str`, found `&[&str; 2]`
[INFO] [stdout]    |                   |
[INFO] [stdout]    |                   arguments to this function are incorrect
[INFO] [stdout]    |
[INFO] [stdout]    = note: expected reference `&str`
[INFO] [stdout]               found reference `&[&str; 2]`
[INFO] [stdout] note: function defined here
[INFO] [stdout]   --> /opt/rustwide/workdir/src/unix.rs:43:8
[INFO] [stdout]    |
[INFO] [stdout] 43 | pub fn run_elevated<S: AsRef<OsStr>>(program_path: S, args: &str) -> std::io::Result<ExitStatus> {
[INFO] [stdout]    |        ^^^^^^^^^^^^
[INFO] [stdout] 
[INFO] [stdout] error: aborting due to 1 previous error
[INFO] [stdout] 
[INFO] [stdout] For more information about this error, try `rustc --explain E0308`.
[INFO] [stdout] Couldn't compile the test.
[INFO] [stdout] ---- src/lib.rs - (line 9) stdout ----
[INFO] [stdout] error[E0308]: mismatched types
[INFO] [stdout]   --> src/lib.rs:14:70
[INFO] [stdout]    |
[INFO] [stdout] 8  | if let Err(err) = run_elevated("C:\\Windows\\System32\\notepad.exe", &["C:\\example.txt"]) {
[INFO] [stdout]    |                   ------------                                       ^^^^^^^^^^^^^^^^^^^^ expected `&str`, found `&[&str; 1]`
[INFO] [stdout]    |                   |
[INFO] [stdout]    |                   arguments to this function are incorrect
[INFO] [stdout]    |
[INFO] [stdout]    = note: expected reference `&str`
[INFO] [stdout]               found reference `&[&str; 1]`
[INFO] [stdout] note: function defined here
[INFO] [stdout]   --> /opt/rustwide/workdir/src/unix.rs:43:8
[INFO] [stdout]    |
[INFO] [stdout] 43 | pub fn run_elevated<S: AsRef<OsStr>>(program_path: S, args: &str) -> std::io::Result<ExitStatus> {
[INFO] [stdout]    |        ^^^^^^^^^^^^
[INFO] [stdout] 
[INFO] [stdout] error: aborting due to 1 previous error
[INFO] [stdout] 
[INFO] [stdout] For more information about this error, try `rustc --explain E0308`.
[INFO] [stdout] Couldn't compile the test.
[INFO] [stdout] 
[INFO] [stdout] failures:
[INFO] [stdout]     src/lib.rs - (line 9)
[INFO] [stdout]     src/unix.rs - unix (line 5)
[INFO] [stdout] 
[INFO] [stdout] test result: FAILED. 1 passed; 2 failed; 0 ignored; 0 measured; 0 filtered out; finished in 0.42s
[INFO] [stdout] 
[INFO] [stderr] error: doctest failed, to rerun pass `--doc`
[INFO] running `Command { std: "docker" "inspect" "836906f73ddacb355a69421ad0a286493de8b66bbc8e5e1352de79356b54d1e0", kill_on_drop: false }`
[INFO] running `Command { std: "docker" "rm" "-f" "836906f73ddacb355a69421ad0a286493de8b66bbc8e5e1352de79356b54d1e0", kill_on_drop: false }`
[INFO] [stdout] 836906f73ddacb355a69421ad0a286493de8b66bbc8e5e1352de79356b54d1e0
