[INFO] fetching crate elevate-lib 0.1.0-202403171545+1.0.0-alpha.1...
[INFO] testing elevate-lib-0.1.0-202403171545+1.0.0-alpha.1 against beta-2024-12-08 for beta-1.84.0-4-retry
[INFO] extracting crate elevate-lib 0.1.0-202403171545+1.0.0-alpha.1 into /workspace/builds/worker-6-tc2/source
[INFO] validating manifest of crates.io crate elevate-lib 0.1.0-202403171545+1.0.0-alpha.1 on toolchain beta-2024-12-08
[INFO] running `Command { std: CARGO_HOME="/workspace/cargo-home" RUSTUP_HOME="/workspace/rustup-home" "/workspace/cargo-home/bin/cargo" "+beta-2024-12-08" "metadata" "--manifest-path" "Cargo.toml" "--no-deps", kill_on_drop: false }`
[INFO] started tweaking crates.io crate elevate-lib 0.1.0-202403171545+1.0.0-alpha.1
[INFO] finished tweaking crates.io crate elevate-lib 0.1.0-202403171545+1.0.0-alpha.1
[INFO] tweaked toml for crates.io crate elevate-lib 0.1.0-202403171545+1.0.0-alpha.1 written to /workspace/builds/worker-6-tc2/source/Cargo.toml
[INFO] running `Command { std: CARGO_HOME="/workspace/cargo-home" RUSTUP_HOME="/workspace/rustup-home" "/workspace/cargo-home/bin/cargo" "+beta-2024-12-08" "generate-lockfile" "--manifest-path" "Cargo.toml", kill_on_drop: false }`
[INFO] [stderr]     Updating crates.io index
[INFO] [stderr]      Locking 48 packages to latest compatible versions
[INFO] [stderr]       Adding statrs v0.16.1 (available: v0.18.0)
[INFO] running `Command { std: CARGO_HOME="/workspace/cargo-home" RUSTUP_HOME="/workspace/rustup-home" "/workspace/cargo-home/bin/cargo" "+beta-2024-12-08" "fetch" "--manifest-path" "Cargo.toml", kill_on_drop: false }`
[INFO] running `Command { std: "docker" "create" "-v" "/var/lib/crater-agent-workspace/builds/worker-6-tc2/target:/opt/rustwide/target:rw,Z" "-v" "/var/lib/crater-agent-workspace/builds/worker-6-tc2/source:/opt/rustwide/workdir:ro,Z" "-v" "/var/lib/crater-agent-workspace/cargo-home:/opt/rustwide/cargo-home:ro,Z" "-v" "/var/lib/crater-agent-workspace/rustup-home:/opt/rustwide/rustup-home:ro,Z" "-e" "SOURCE_DIR=/opt/rustwide/workdir" "-e" "CARGO_TARGET_DIR=/opt/rustwide/target" "-e" "CARGO_HOME=/opt/rustwide/cargo-home" "-e" "RUSTUP_HOME=/opt/rustwide/rustup-home" "-w" "/opt/rustwide/workdir" "-m" "1610612736" "--user" "0:0" "--network" "none" "ghcr.io/rust-lang/crates-build-env/linux@sha256:f3a9d4ad9d972b27faf3965f35b62e55ba32bbce8f20bc8fe909558a86702fde" "/opt/rustwide/cargo-home/bin/cargo" "+beta-2024-12-08" "metadata" "--no-deps" "--format-version=1", kill_on_drop: false }`
[INFO] [stdout] a2a57659b7dbfecd29818803e8816a348cdd1f3fb5533983b17720171ed441d9
[INFO] running `Command { std: "docker" "start" "-a" "a2a57659b7dbfecd29818803e8816a348cdd1f3fb5533983b17720171ed441d9", kill_on_drop: false }`
[INFO] running `Command { std: "docker" "inspect" "a2a57659b7dbfecd29818803e8816a348cdd1f3fb5533983b17720171ed441d9", kill_on_drop: false }`
[INFO] running `Command { std: "docker" "rm" "-f" "a2a57659b7dbfecd29818803e8816a348cdd1f3fb5533983b17720171ed441d9", kill_on_drop: false }`
[INFO] [stdout] a2a57659b7dbfecd29818803e8816a348cdd1f3fb5533983b17720171ed441d9
[INFO] running `Command { std: "docker" "create" "-v" "/var/lib/crater-agent-workspace/builds/worker-6-tc2/target:/opt/rustwide/target:rw,Z" "-v" "/var/lib/crater-agent-workspace/builds/worker-6-tc2/source:/opt/rustwide/workdir:ro,Z" "-v" "/var/lib/crater-agent-workspace/cargo-home:/opt/rustwide/cargo-home:ro,Z" "-v" "/var/lib/crater-agent-workspace/rustup-home:/opt/rustwide/rustup-home:ro,Z" "-e" "SOURCE_DIR=/opt/rustwide/workdir" "-e" "CARGO_TARGET_DIR=/opt/rustwide/target" "-e" "CARGO_INCREMENTAL=0" "-e" "RUST_BACKTRACE=full" "-e" "RUSTFLAGS=--cap-lints=warn" "-e" "RUSTDOCFLAGS=--cap-lints=warn" "-e" "CARGO_HOME=/opt/rustwide/cargo-home" "-e" "RUSTUP_HOME=/opt/rustwide/rustup-home" "-w" "/opt/rustwide/workdir" "-m" "1610612736" "--user" "0:0" "--network" "none" "ghcr.io/rust-lang/crates-build-env/linux@sha256:f3a9d4ad9d972b27faf3965f35b62e55ba32bbce8f20bc8fe909558a86702fde" "/opt/rustwide/cargo-home/bin/cargo" "+beta-2024-12-08" "build" "--frozen" "--message-format=json", kill_on_drop: false }`
[INFO] [stdout] 168fe9568333fd0b7ebc6f49ae9585d9ed691b59c42f15c3dd3ba3599daa3b2d
[INFO] running `Command { std: "docker" "start" "-a" "168fe9568333fd0b7ebc6f49ae9585d9ed691b59c42f15c3dd3ba3599daa3b2d", kill_on_drop: false }`
[INFO] [stderr]    Compiling autocfg v1.4.0
[INFO] [stderr]    Compiling libm v0.2.11
[INFO] [stderr]    Compiling paste v1.0.15
[INFO] [stderr]    Compiling syn v1.0.109
[INFO] [stderr]    Compiling bytemuck v1.20.0
[INFO] [stderr]    Compiling rawpointer v0.2.1
[INFO] [stderr]    Compiling termcolor v1.4.1
[INFO] [stderr]    Compiling safe_arch v0.7.2
[INFO] [stderr]    Compiling num-traits v0.2.19
[INFO] [stderr]    Compiling matrixmultiply v0.3.9
[INFO] [stderr]    Compiling wide v0.7.30
[INFO] [stderr]    Compiling approx v0.5.1
[INFO] [stderr]    Compiling num-complex v0.4.6
[INFO] [stderr]    Compiling num-integer v0.1.46
[INFO] [stderr]    Compiling rand_distr v0.4.3
[INFO] [stderr]    Compiling num-rational v0.4.2
[INFO] [stderr]    Compiling simba v0.6.0
[INFO] [stderr]    Compiling nalgebra-macros v0.1.0
[INFO] [stderr]    Compiling nalgebra v0.29.0
[INFO] [stderr]    Compiling statrs v0.16.1
[INFO] [stderr]    Compiling elevate-lib v0.1.0-202403171545+1.0.0-alpha.1 (/opt/rustwide/workdir)
[INFO] [stderr]     Finished `dev` profile [unoptimized + debuginfo] target(s) in 22.31s
[INFO] running `Command { std: "docker" "inspect" "168fe9568333fd0b7ebc6f49ae9585d9ed691b59c42f15c3dd3ba3599daa3b2d", kill_on_drop: false }`
[INFO] running `Command { std: "docker" "rm" "-f" "168fe9568333fd0b7ebc6f49ae9585d9ed691b59c42f15c3dd3ba3599daa3b2d", kill_on_drop: false }`
[INFO] [stdout] 168fe9568333fd0b7ebc6f49ae9585d9ed691b59c42f15c3dd3ba3599daa3b2d
[INFO] running `Command { std: "docker" "create" "-v" "/var/lib/crater-agent-workspace/builds/worker-6-tc2/target:/opt/rustwide/target:rw,Z" "-v" "/var/lib/crater-agent-workspace/builds/worker-6-tc2/source:/opt/rustwide/workdir:ro,Z" "-v" "/var/lib/crater-agent-workspace/cargo-home:/opt/rustwide/cargo-home:ro,Z" "-v" "/var/lib/crater-agent-workspace/rustup-home:/opt/rustwide/rustup-home:ro,Z" "-e" "SOURCE_DIR=/opt/rustwide/workdir" "-e" "CARGO_TARGET_DIR=/opt/rustwide/target" "-e" "CARGO_INCREMENTAL=0" "-e" "RUST_BACKTRACE=full" "-e" "RUSTFLAGS=--cap-lints=warn" "-e" "RUSTDOCFLAGS=--cap-lints=warn" "-e" "CARGO_HOME=/opt/rustwide/cargo-home" "-e" "RUSTUP_HOME=/opt/rustwide/rustup-home" "-w" "/opt/rustwide/workdir" "-m" "1610612736" "--user" "0:0" "--network" "none" "ghcr.io/rust-lang/crates-build-env/linux@sha256:f3a9d4ad9d972b27faf3965f35b62e55ba32bbce8f20bc8fe909558a86702fde" "/opt/rustwide/cargo-home/bin/cargo" "+beta-2024-12-08" "test" "--frozen" "--no-run" "--message-format=json", kill_on_drop: false }`
[INFO] [stdout] d929f8c2b08d99a78d3d6ffbc58e839a2f81ac811976fc6ea3f2b2cd383edd71
[INFO] running `Command { std: "docker" "start" "-a" "d929f8c2b08d99a78d3d6ffbc58e839a2f81ac811976fc6ea3f2b2cd383edd71", kill_on_drop: false }`
[INFO] [stderr]    Compiling elevate-lib v0.1.0-202403171545+1.0.0-alpha.1 (/opt/rustwide/workdir)
[INFO] [stderr]     Finished `test` profile [unoptimized + debuginfo] target(s) in 0.62s
[INFO] running `Command { std: "docker" "inspect" "d929f8c2b08d99a78d3d6ffbc58e839a2f81ac811976fc6ea3f2b2cd383edd71", kill_on_drop: false }`
[INFO] running `Command { std: "docker" "rm" "-f" "d929f8c2b08d99a78d3d6ffbc58e839a2f81ac811976fc6ea3f2b2cd383edd71", kill_on_drop: false }`
[INFO] [stdout] d929f8c2b08d99a78d3d6ffbc58e839a2f81ac811976fc6ea3f2b2cd383edd71
[INFO] running `Command { std: "docker" "create" "-v" "/var/lib/crater-agent-workspace/builds/worker-6-tc2/target:/opt/rustwide/target:rw,Z" "-v" "/var/lib/crater-agent-workspace/builds/worker-6-tc2/source:/opt/rustwide/workdir:ro,Z" "-v" "/var/lib/crater-agent-workspace/cargo-home:/opt/rustwide/cargo-home:ro,Z" "-v" "/var/lib/crater-agent-workspace/rustup-home:/opt/rustwide/rustup-home:ro,Z" "-e" "SOURCE_DIR=/opt/rustwide/workdir" "-e" "CARGO_TARGET_DIR=/opt/rustwide/target" "-e" "CARGO_INCREMENTAL=0" "-e" "RUST_BACKTRACE=full" "-e" "RUSTFLAGS=--cap-lints=warn" "-e" "RUSTDOCFLAGS=--cap-lints=warn" "-e" "CARGO_HOME=/opt/rustwide/cargo-home" "-e" "RUSTUP_HOME=/opt/rustwide/rustup-home" "-w" "/opt/rustwide/workdir" "-m" "1610612736" "--user" "0:0" "--network" "none" "ghcr.io/rust-lang/crates-build-env/linux@sha256:f3a9d4ad9d972b27faf3965f35b62e55ba32bbce8f20bc8fe909558a86702fde" "/opt/rustwide/cargo-home/bin/cargo" "+beta-2024-12-08" "test" "--frozen", kill_on_drop: false }`
[INFO] [stdout] 00615c32b93d88ba3d4f4d546d9044656605cda5645bc346cfc05500d6a4a31d
[INFO] running `Command { std: "docker" "start" "-a" "00615c32b93d88ba3d4f4d546d9044656605cda5645bc346cfc05500d6a4a31d", kill_on_drop: false }`
[INFO] [stderr]     Finished `test` profile [unoptimized + debuginfo] target(s) in 0.06s
[INFO] [stderr]      Running unittests src/lib.rs (/opt/rustwide/target/debug/deps/elevate_lib-ec12075c3d0f5a3e)
[INFO] [stdout] 
[INFO] [stdout] running 0 tests
[INFO] [stdout] 
[INFO] [stdout] test result: ok. 0 passed; 0 failed; 0 ignored; 0 measured; 0 filtered out; finished in 0.00s
[INFO] [stderr]    Doc-tests elevate_lib
[INFO] [stdout] 
[INFO] [stdout] 
[INFO] [stdout] running 10 tests
[INFO] [stdout] test src/controller.rs - controller::RandomController::from_building (line 103) ... FAILED
[INFO] [stdout] test src/person.rs - person::Person::from (line 34) ... FAILED
[INFO] [stdout] test src/building.rs - building::Building::fmt (line 275) ... FAILED
[INFO] [stdout] test src/elevator.rs - elevator::Elevator::from (line 37) ... FAILED
[INFO] [stdout] test src/controller.rs - controller::NearestController::from (line 276) ... FAILED
[INFO] [stdout] test src/building.rs - building::Building::from (line 53) ... FAILED
[INFO] [stdout] test src/floor.rs - floor::Floor::new (line 29) ... FAILED
[INFO] [stdout] test src/person.rs - person::Person::fmt (line 104) ... FAILED
[INFO] [stdout] test src/controller.rs - controller::RandomController::from (line 52) ... FAILED
[INFO] [stdout] test src/controller.rs - controller::NearestController::from_building (line 299) ... FAILED
[INFO] [stdout] 
[INFO] [stdout] failures:
[INFO] [stdout] 
[INFO] [stdout] ---- src/controller.rs - controller::RandomController::from_building (line 103) stdout ----
[INFO] [stdout] error[E0412]: cannot find type `Building` in this scope
[INFO] [stdout]  --> src/controller.rs:104:18
[INFO] [stdout]   |
[INFO] [stdout] 3 | let my_building: Building = Building::from(
[INFO] [stdout]   |                  ^^^^^^^^ not found in this scope
[INFO] [stdout]   |
[INFO] [stdout] help: consider importing this struct
[INFO] [stdout]   |
[INFO] [stdout] 2 + use elevate_lib::building::Building;
[INFO] [stdout]   |
[INFO] [stdout] 
[INFO] [stdout] error[E0433]: failed to resolve: use of undeclared type `Building`
[INFO] [stdout]  --> src/controller.rs:104:29
[INFO] [stdout]   |
[INFO] [stdout] 3 | let my_building: Building = Building::from(
[INFO] [stdout]   |                             ^^^^^^^^ use of undeclared type `Building`
[INFO] [stdout]   |
[INFO] [stdout] help: consider importing this struct
[INFO] [stdout]   |
[INFO] [stdout] 2 + use elevate_lib::building::Building;
[INFO] [stdout]   |
[INFO] [stdout] 
[INFO] [stdout] error[E0412]: cannot find type `RandomController` in this scope
[INFO] [stdout]   --> src/controller.rs:112:20
[INFO] [stdout]    |
[INFO] [stdout] 11 | let my_controller: RandomController = RandomController::from(my_building);
[INFO] [stdout]    |                    ^^^^^^^^^^^^^^^^ not found in this scope
[INFO] [stdout]    |
[INFO] [stdout] help: consider importing this struct
[INFO] [stdout]    |
[INFO] [stdout] 2  + use elevate_lib::controller::RandomController;
[INFO] [stdout]    |
[INFO] [stdout] 
[INFO] [stdout] error[E0433]: failed to resolve: use of undeclared type `RandomController`
[INFO] [stdout]   --> src/controller.rs:112:39
[INFO] [stdout]    |
[INFO] [stdout] 11 | let my_controller: RandomController = RandomController::from(my_building);
[INFO] [stdout]    |                                       ^^^^^^^^^^^^^^^^ use of undeclared type `RandomController`
[INFO] [stdout]    |
[INFO] [stdout] help: consider importing this struct
[INFO] [stdout]    |
[INFO] [stdout] 2  + use elevate_lib::controller::RandomController;
[INFO] [stdout]    |
[INFO] [stdout] 
[INFO] [stdout] error: aborting due to 4 previous errors
[INFO] [stdout] 
[INFO] [stdout] Some errors have detailed explanations: E0412, E0433.
[INFO] [stdout] For more information about an error, try `rustc --explain E0412`.
[INFO] [stdout] Couldn't compile the test.
[INFO] [stdout] ---- src/person.rs - person::Person::from (line 34) stdout ----
[INFO] [stdout] error[E0412]: cannot find type `Person` in this scope
[INFO] [stdout]  --> src/person.rs:39:14
[INFO] [stdout]   |
[INFO] [stdout] 7 | let my_pers: Person = Person::from(p_out, num_floors, &mut my_rng);
[INFO] [stdout]   |              ^^^^^^ not found in this scope
[INFO] [stdout]   |
[INFO] [stdout] help: consider importing this struct
[INFO] [stdout]   |
[INFO] [stdout] 2 + use elevate_lib::person::Person;
[INFO] [stdout]   |
[INFO] [stdout] 
[INFO] [stdout] error[E0433]: failed to resolve: use of undeclared type `Person`
[INFO] [stdout]  --> src/person.rs:39:23
[INFO] [stdout]   |
[INFO] [stdout] 7 | let my_pers: Person = Person::from(p_out, num_floors, &mut my_rng);
[INFO] [stdout]   |                       ^^^^^^ use of undeclared type `Person`
[INFO] [stdout]   |
[INFO] [stdout] help: consider importing this struct
[INFO] [stdout]   |
[INFO] [stdout] 2 + use elevate_lib::person::Person;
[INFO] [stdout]   |
[INFO] [stdout] 
[INFO] [stdout] error: aborting due to 2 previous errors
[INFO] [stdout] 
[INFO] [stdout] Some errors have detailed explanations: E0412, E0433.
[INFO] [stdout] For more information about an error, try `rustc --explain E0412`.
[INFO] [stdout] Couldn't compile the test.
[INFO] [stdout] ---- src/building.rs - building::Building::fmt (line 275) stdout ----
[INFO] [stdout] error[E0425]: cannot find value `my_building` in this scope
[INFO] [stdout]  --> src/building.rs:276:16
[INFO] [stdout]   |
[INFO] [stdout] 3 | println!("{}", my_building);
[INFO] [stdout]   |                ^^^^^^^^^^^ not found in this scope
[INFO] [stdout] 
[INFO] [stdout] error: aborting due to 1 previous error
[INFO] [stdout] 
[INFO] [stdout] For more information about this error, try `rustc --explain E0425`.
[INFO] [stdout] Couldn't compile the test.
[INFO] [stdout] ---- src/elevator.rs - elevator::Elevator::from (line 37) stdout ----
[INFO] [stdout] error[E0412]: cannot find type `Elevator` in this scope
[INFO] [stdout]  --> src/elevator.rs:42:14
[INFO] [stdout]   |
[INFO] [stdout] 7 | let my_elev: Elevator = Elevator::from(capacity, energy_up, energy_down, energy_coef);
[INFO] [stdout]   |              ^^^^^^^^ not found in this scope
[INFO] [stdout]   |
[INFO] [stdout] help: consider importing this struct
[INFO] [stdout]   |
[INFO] [stdout] 2 + use elevate_lib::elevator::Elevator;
[INFO] [stdout]   |
[INFO] [stdout] 
[INFO] [stdout] error[E0433]: failed to resolve: use of undeclared type `Elevator`
[INFO] [stdout]  --> src/elevator.rs:42:25
[INFO] [stdout]   |
[INFO] [stdout] 7 | let my_elev: Elevator = Elevator::from(capacity, energy_up, energy_down, energy_coef);
[INFO] [stdout]   |                         ^^^^^^^^ use of undeclared type `Elevator`
[INFO] [stdout]   |
[INFO] [stdout] help: consider importing this struct
[INFO] [stdout]   |
[INFO] [stdout] 2 + use elevate_lib::elevator::Elevator;
[INFO] [stdout]   |
[INFO] [stdout] 
[INFO] [stdout] error: aborting due to 2 previous errors
[INFO] [stdout] 
[INFO] [stdout] Some errors have detailed explanations: E0412, E0433.
[INFO] [stdout] For more information about an error, try `rustc --explain E0412`.
[INFO] [stdout] Couldn't compile the test.
[INFO] [stdout] ---- src/controller.rs - controller::NearestController::from (line 276) stdout ----
[INFO] [stdout] error[E0412]: cannot find type `Building` in this scope
[INFO] [stdout]  --> src/controller.rs:277:18
[INFO] [stdout]   |
[INFO] [stdout] 3 | let my_building: Building = Building::from(
[INFO] [stdout]   |                  ^^^^^^^^ not found in this scope
[INFO] [stdout]   |
[INFO] [stdout] help: consider importing this struct
[INFO] [stdout]   |
[INFO] [stdout] 2 + use elevate_lib::building::Building;
[INFO] [stdout]   |
[INFO] [stdout] 
[INFO] [stdout] error[E0433]: failed to resolve: use of undeclared type `Building`
[INFO] [stdout]  --> src/controller.rs:277:29
[INFO] [stdout]   |
[INFO] [stdout] 3 | let my_building: Building = Building::from(
[INFO] [stdout]   |                             ^^^^^^^^ use of undeclared type `Building`
[INFO] [stdout]   |
[INFO] [stdout] help: consider importing this struct
[INFO] [stdout]   |
[INFO] [stdout] 2 + use elevate_lib::building::Building;
[INFO] [stdout]   |
[INFO] [stdout] 
[INFO] [stdout] error[E0412]: cannot find type `NearestController` in this scope
[INFO] [stdout]   --> src/controller.rs:285:20
[INFO] [stdout]    |
[INFO] [stdout] 11 | let my_controller: NearestController = NearestController::from(my_building);
[INFO] [stdout]    |                    ^^^^^^^^^^^^^^^^^ not found in this scope
[INFO] [stdout]    |
[INFO] [stdout] help: consider importing this struct
[INFO] [stdout]    |
[INFO] [stdout] 2  + use elevate_lib::controller::NearestController;
[INFO] [stdout]    |
[INFO] [stdout] 
[INFO] [stdout] error[E0433]: failed to resolve: use of undeclared type `NearestController`
[INFO] [stdout]   --> src/controller.rs:285:40
[INFO] [stdout]    |
[INFO] [stdout] 11 | let my_controller: NearestController = NearestController::from(my_building);
[INFO] [stdout]    |                                        ^^^^^^^^^^^^^^^^^ use of undeclared type `NearestController`
[INFO] [stdout]    |
[INFO] [stdout] help: consider importing this struct
[INFO] [stdout]    |
[INFO] [stdout] 2  + use elevate_lib::controller::NearestController;
[INFO] [stdout]    |
[INFO] [stdout] 
[INFO] [stdout] error: aborting due to 4 previous errors
[INFO] [stdout] 
[INFO] [stdout] Some errors have detailed explanations: E0412, E0433.
[INFO] [stdout] For more information about an error, try `rustc --explain E0412`.
[INFO] [stdout] Couldn't compile the test.
[INFO] [stdout] ---- src/building.rs - building::Building::from (line 53) stdout ----
[INFO] [stdout] error[E0412]: cannot find type `Building` in this scope
[INFO] [stdout]   --> src/building.rs:62:18
[INFO] [stdout]    |
[INFO] [stdout] 11 | let my_building: Building = Building::from(
[INFO] [stdout]    |                  ^^^^^^^^ not found in this scope
[INFO] [stdout]    |
[INFO] [stdout] help: consider importing this struct
[INFO] [stdout]    |
[INFO] [stdout] 2  + use elevate_lib::building::Building;
[INFO] [stdout]    |
[INFO] [stdout] 
[INFO] [stdout] error[E0433]: failed to resolve: use of undeclared type `Building`
[INFO] [stdout]   --> src/building.rs:62:29
[INFO] [stdout]    |
[INFO] [stdout] 11 | let my_building: Building = Building::from(
[INFO] [stdout]    |                             ^^^^^^^^ use of undeclared type `Building`
[INFO] [stdout]    |
[INFO] [stdout] help: consider importing this struct
[INFO] [stdout]    |
[INFO] [stdout] 2  + use elevate_lib::building::Building;
[INFO] [stdout]    |
[INFO] [stdout] 
[INFO] [stdout] error: aborting due to 2 previous errors
[INFO] [stdout] 
[INFO] [stdout] Some errors have detailed explanations: E0412, E0433.
[INFO] [stdout] For more information about an error, try `rustc --explain E0412`.
[INFO] [stdout] Couldn't compile the test.
[INFO] [stdout] ---- src/floor.rs - floor::Floor::new (line 29) stdout ----
[INFO] [stdout] error[E0412]: cannot find type `Floor` in this scope
[INFO] [stdout]  --> src/floor.rs:31:15
[INFO] [stdout]   |
[INFO] [stdout] 4 | let my_floor: Floor = Floor::new(capacity);
[INFO] [stdout]   |               ^^^^^ not found in this scope
[INFO] [stdout]   |
[INFO] [stdout] help: consider importing this struct
[INFO] [stdout]   |
[INFO] [stdout] 2 + use elevate_lib::floor::Floor;
[INFO] [stdout]   |
[INFO] [stdout] 
[INFO] [stdout] error[E0433]: failed to resolve: use of undeclared type `Floor`
[INFO] [stdout]  --> src/floor.rs:31:23
[INFO] [stdout]   |
[INFO] [stdout] 4 | let my_floor: Floor = Floor::new(capacity);
[INFO] [stdout]   |                       ^^^^^ use of undeclared type `Floor`
[INFO] [stdout]   |
[INFO] [stdout] help: consider importing this struct
[INFO] [stdout]   |
[INFO] [stdout] 2 + use elevate_lib::floor::Floor;
[INFO] [stdout]   |
[INFO] [stdout] 
[INFO] [stdout] error: aborting due to 2 previous errors
[INFO] [stdout] 
[INFO] [stdout] Some errors have detailed explanations: E0412, E0433.
[INFO] [stdout] For more information about an error, try `rustc --explain E0412`.
[INFO] [stdout] Couldn't compile the test.
[INFO] [stdout] ---- src/person.rs - person::Person::fmt (line 104) stdout ----
[INFO] [stdout] error[E0425]: cannot find value `my_pers` in this scope
[INFO] [stdout]  --> src/person.rs:105:16
[INFO] [stdout]   |
[INFO] [stdout] 3 | println!("{}", my_pers);
[INFO] [stdout]   |                ^^^^^^^ not found in this scope
[INFO] [stdout] 
[INFO] [stdout] error: aborting due to 1 previous error
[INFO] [stdout] 
[INFO] [stdout] For more information about this error, try `rustc --explain E0425`.
[INFO] [stdout] Couldn't compile the test.
[INFO] [stdout] ---- src/controller.rs - controller::RandomController::from (line 52) stdout ----
[INFO] [stdout] error[E0412]: cannot find type `Building` in this scope
[INFO] [stdout]  --> src/controller.rs:54:18
[INFO] [stdout]   |
[INFO] [stdout] 4 | let my_building: Building = Building::from(
[INFO] [stdout]   |                  ^^^^^^^^ not found in this scope
[INFO] [stdout]   |
[INFO] [stdout] help: consider importing this struct
[INFO] [stdout]   |
[INFO] [stdout] 2 + use elevate_lib::building::Building;
[INFO] [stdout]   |
[INFO] [stdout] 
[INFO] [stdout] error[E0433]: failed to resolve: use of undeclared type `Building`
[INFO] [stdout]  --> src/controller.rs:54:29
[INFO] [stdout]   |
[INFO] [stdout] 4 | let my_building: Building = Building::from(
[INFO] [stdout]   |                             ^^^^^^^^ use of undeclared type `Building`
[INFO] [stdout]   |
[INFO] [stdout] help: consider importing this struct
[INFO] [stdout]   |
[INFO] [stdout] 2 + use elevate_lib::building::Building;
[INFO] [stdout]   |
[INFO] [stdout] 
[INFO] [stdout] error[E0412]: cannot find type `RandomController` in this scope
[INFO] [stdout]   --> src/controller.rs:62:20
[INFO] [stdout]    |
[INFO] [stdout] 12 | let my_controller: RandomController = RandomController::from(
[INFO] [stdout]    |                    ^^^^^^^^^^^^^^^^ not found in this scope
[INFO] [stdout]    |
[INFO] [stdout] help: consider importing this struct
[INFO] [stdout]    |
[INFO] [stdout] 2  + use elevate_lib::controller::RandomController;
[INFO] [stdout]    |
[INFO] [stdout] 
[INFO] [stdout] error[E0433]: failed to resolve: use of undeclared type `RandomController`
[INFO] [stdout]   --> src/controller.rs:62:39
[INFO] [stdout]    |
[INFO] [stdout] 12 | let my_controller: RandomController = RandomController::from(
[INFO] [stdout]    |                                       ^^^^^^^^^^^^^^^^ use of undeclared type `RandomController`
[INFO] [stdout]    |
[INFO] [stdout] help: consider importing this struct
[INFO] [stdout]    |
[INFO] [stdout] 2  + use elevate_lib::controller::RandomController;
[INFO] [stdout]    |
[INFO] [stdout] 
[INFO] [stdout] error: aborting due to 4 previous errors
[INFO] [stdout] 
[INFO] [stdout] Some errors have detailed explanations: E0412, E0433.
[INFO] [stdout] For more information about an error, try `rustc --explain E0412`.
[INFO] [stdout] Couldn't compile the test.
[INFO] [stdout] ---- src/controller.rs - controller::NearestController::from_building (line 299) stdout ----
[INFO] [stdout] error[E0412]: cannot find type `Building` in this scope
[INFO] [stdout]  --> src/controller.rs:300:18
[INFO] [stdout]   |
[INFO] [stdout] 3 | let my_building: Building = Building::from(
[INFO] [stdout]   |                  ^^^^^^^^ not found in this scope
[INFO] [stdout]   |
[INFO] [stdout] help: consider importing this struct
[INFO] [stdout]   |
[INFO] [stdout] 2 + use elevate_lib::building::Building;
[INFO] [stdout]   |
[INFO] [stdout] 
[INFO] [stdout] error[E0433]: failed to resolve: use of undeclared type `Building`
[INFO] [stdout]  --> src/controller.rs:300:29
[INFO] [stdout]   |
[INFO] [stdout] 3 | let my_building: Building = Building::from(
[INFO] [stdout]   |                             ^^^^^^^^ use of undeclared type `Building`
[INFO] [stdout]   |
[INFO] [stdout] help: consider importing this struct
[INFO] [stdout]   |
[INFO] [stdout] 2 + use elevate_lib::building::Building;
[INFO] [stdout]   |
[INFO] [stdout] 
[INFO] [stdout] error[E0412]: cannot find type `NearestController` in this scope
[INFO] [stdout]   --> src/controller.rs:308:20
[INFO] [stdout]    |
[INFO] [stdout] 11 | let my_controller: NearestController = NearestController::from(my_building);
[INFO] [stdout]    |                    ^^^^^^^^^^^^^^^^^ not found in this scope
[INFO] [stdout]    |
[INFO] [stdout] help: consider importing this struct
[INFO] [stdout]    |
[INFO] [stdout] 2  + use elevate_lib::controller::NearestController;
[INFO] [stdout]    |
[INFO] [stdout] 
[INFO] [stdout] error[E0433]: failed to resolve: use of undeclared type `NearestController`
[INFO] [stdout]   --> src/controller.rs:308:40
[INFO] [stdout]    |
[INFO] [stdout] 11 | let my_controller: NearestController = NearestController::from(my_building);
[INFO] [stdout]    |                                        ^^^^^^^^^^^^^^^^^ use of undeclared type `NearestController`
[INFO] [stdout]    |
[INFO] [stdout] help: consider importing this struct
[INFO] [stdout]    |
[INFO] [stdout] 2  + use elevate_lib::controller::NearestController;
[INFO] [stdout]    |
[INFO] [stdout] 
[INFO] [stdout] error: aborting due to 4 previous errors
[INFO] [stdout] 
[INFO] [stdout] Some errors have detailed explanations: E0412, E0433.
[INFO] [stdout] For more information about an error, try `rustc --explain E0412`.
[INFO] [stdout] Couldn't compile the test.
[INFO] [stdout] 
[INFO] [stdout] failures:
[INFO] [stdout]     src/building.rs - building::Building::fmt (line 275)
[INFO] [stdout]     src/building.rs - building::Building::from (line 53)
[INFO] [stdout]     src/controller.rs - controller::NearestController::from (line 276)
[INFO] [stdout]     src/controller.rs - controller::NearestController::from_building (line 299)
[INFO] [stdout]     src/controller.rs - controller::RandomController::from (line 52)
[INFO] [stdout]     src/controller.rs - controller::RandomController::from_building (line 103)
[INFO] [stdout]     src/elevator.rs - elevator::Elevator::from (line 37)
[INFO] [stdout]     src/floor.rs - floor::Floor::new (line 29)
[INFO] [stdout]     src/person.rs - person::Person::fmt (line 104)
[INFO] [stdout]     src/person.rs - person::Person::from (line 34)
[INFO] [stdout] 
[INFO] [stdout] test result: FAILED. 0 passed; 10 failed; 0 ignored; 0 measured; 0 filtered out; finished in 0.19s
[INFO] [stdout] 
[INFO] [stderr] error: doctest failed, to rerun pass `--doc`
[INFO] running `Command { std: "docker" "inspect" "00615c32b93d88ba3d4f4d546d9044656605cda5645bc346cfc05500d6a4a31d", kill_on_drop: false }`
[INFO] running `Command { std: "docker" "rm" "-f" "00615c32b93d88ba3d4f4d546d9044656605cda5645bc346cfc05500d6a4a31d", kill_on_drop: false }`
[INFO] [stdout] 00615c32b93d88ba3d4f4d546d9044656605cda5645bc346cfc05500d6a4a31d
