[INFO] fetching crate elba 0.3.0...
[INFO] testing elba-0.3.0 against beta-2024-12-08 for beta-1.84.0-4-retry
[INFO] extracting crate elba 0.3.0 into /workspace/builds/worker-3-tc2/source
[INFO] validating manifest of crates.io crate elba 0.3.0 on toolchain beta-2024-12-08
[INFO] running `Command { std: CARGO_HOME="/workspace/cargo-home" RUSTUP_HOME="/workspace/rustup-home" "/workspace/cargo-home/bin/cargo" "+beta-2024-12-08" "metadata" "--manifest-path" "Cargo.toml" "--no-deps", kill_on_drop: false }`
[INFO] started tweaking crates.io crate elba 0.3.0
[INFO] finished tweaking crates.io crate elba 0.3.0
[INFO] tweaked toml for crates.io crate elba 0.3.0 written to /workspace/builds/worker-3-tc2/source/Cargo.toml
[INFO] running `Command { std: CARGO_HOME="/workspace/cargo-home" RUSTUP_HOME="/workspace/rustup-home" "/workspace/cargo-home/bin/cargo" "+beta-2024-12-08" "generate-lockfile" "--manifest-path" "Cargo.toml", kill_on_drop: false }`
[INFO] [stderr]     Updating crates.io index
[INFO] [stderr]      Locking 332 packages to latest compatible versions
[INFO] [stderr]       Adding clap v2.34.0 (available: v4.5.23)
[INFO] [stderr]       Adding config v0.9.3 (available: v0.14.1)
[INFO] [stderr]       Adding console v0.6.2 (available: v0.15.8)
[INFO] [stderr]       Adding crossbeam v0.4.1 (available: v0.8.4)
[INFO] [stderr]       Adding digest v0.7.6 (available: v0.10.7)
[INFO] [stderr]       Adding directories v1.0.2 (available: v5.0.1)
[INFO] [stderr]       Adding git2 v0.7.5 (available: v0.19.0)
[INFO] [stderr]       Adding indexmap v1.9.3 (available: v2.7.0)
[INFO] [stderr]       Adding itertools v0.7.11 (available: v0.13.0)
[INFO] [stderr]       Adding miow v0.3.7 (available: v0.6.0)
[INFO] [stderr]       Adding nom v4.2.3 (available: v7.1.3)
[INFO] [stderr]       Adding petgraph v0.4.13 (available: v0.6.5)
[INFO] [stderr]       Adding rand v0.5.6 (available: v0.8.5)
[INFO] [stderr]       Adding reqwest v0.9.24 (available: v0.12.9)
[INFO] [stderr]       Adding semver v0.9.0 (available: v1.0.24)
[INFO] [stderr]       Adding sha2 v0.7.1 (available: v0.10.8)
[INFO] [stderr]       Adding simsearch v0.1.4 (available: v0.2.5)
[INFO] [stderr]       Adding textwrap v0.10.0 (available: v0.16.1)
[INFO] [stderr]       Adding toml v0.4.10 (available: v0.8.19)
[INFO] [stderr]       Adding toml_edit v0.1.5 (available: v0.22.22)
[INFO] [stderr]       Adding url v1.7.2 (available: v2.5.4)
[INFO] [stderr]       Adding wasi v0.10.0+wasi-snapshot-preview1 (available: v0.10.2+wasi-snapshot-preview1)
[INFO] running `Command { std: CARGO_HOME="/workspace/cargo-home" RUSTUP_HOME="/workspace/rustup-home" "/workspace/cargo-home/bin/cargo" "+beta-2024-12-08" "fetch" "--manifest-path" "Cargo.toml", kill_on_drop: false }`
[INFO] [stderr]     Blocking waiting for file lock on package cache
[INFO] running `Command { std: "docker" "create" "-v" "/var/lib/crater-agent-workspace/builds/worker-3-tc2/target:/opt/rustwide/target:rw,Z" "-v" "/var/lib/crater-agent-workspace/builds/worker-3-tc2/source:/opt/rustwide/workdir:ro,Z" "-v" "/var/lib/crater-agent-workspace/cargo-home:/opt/rustwide/cargo-home:ro,Z" "-v" "/var/lib/crater-agent-workspace/rustup-home:/opt/rustwide/rustup-home:ro,Z" "-e" "SOURCE_DIR=/opt/rustwide/workdir" "-e" "CARGO_TARGET_DIR=/opt/rustwide/target" "-e" "CARGO_HOME=/opt/rustwide/cargo-home" "-e" "RUSTUP_HOME=/opt/rustwide/rustup-home" "-w" "/opt/rustwide/workdir" "-m" "1610612736" "--user" "0:0" "--network" "none" "ghcr.io/rust-lang/crates-build-env/linux@sha256:f3a9d4ad9d972b27faf3965f35b62e55ba32bbce8f20bc8fe909558a86702fde" "/opt/rustwide/cargo-home/bin/cargo" "+beta-2024-12-08" "metadata" "--no-deps" "--format-version=1", kill_on_drop: false }`
[INFO] [stdout] 6b862b7c141b0e75f4938ca7fc1baa7828cc8ef6f266205f97305305353f31a8
[INFO] running `Command { std: "docker" "start" "-a" "6b862b7c141b0e75f4938ca7fc1baa7828cc8ef6f266205f97305305353f31a8", kill_on_drop: false }`
[INFO] running `Command { std: "docker" "inspect" "6b862b7c141b0e75f4938ca7fc1baa7828cc8ef6f266205f97305305353f31a8", kill_on_drop: false }`
[INFO] running `Command { std: "docker" "rm" "-f" "6b862b7c141b0e75f4938ca7fc1baa7828cc8ef6f266205f97305305353f31a8", kill_on_drop: false }`
[INFO] [stdout] 6b862b7c141b0e75f4938ca7fc1baa7828cc8ef6f266205f97305305353f31a8
[INFO] running `Command { std: "docker" "create" "-v" "/var/lib/crater-agent-workspace/builds/worker-3-tc2/target:/opt/rustwide/target:rw,Z" "-v" "/var/lib/crater-agent-workspace/builds/worker-3-tc2/source:/opt/rustwide/workdir:ro,Z" "-v" "/var/lib/crater-agent-workspace/cargo-home:/opt/rustwide/cargo-home:ro,Z" "-v" "/var/lib/crater-agent-workspace/rustup-home:/opt/rustwide/rustup-home:ro,Z" "-e" "SOURCE_DIR=/opt/rustwide/workdir" "-e" "CARGO_TARGET_DIR=/opt/rustwide/target" "-e" "CARGO_INCREMENTAL=0" "-e" "RUST_BACKTRACE=full" "-e" "RUSTFLAGS=--cap-lints=warn" "-e" "RUSTDOCFLAGS=--cap-lints=warn" "-e" "CARGO_HOME=/opt/rustwide/cargo-home" "-e" "RUSTUP_HOME=/opt/rustwide/rustup-home" "-w" "/opt/rustwide/workdir" "-m" "1610612736" "--user" "0:0" "--network" "none" "ghcr.io/rust-lang/crates-build-env/linux@sha256:f3a9d4ad9d972b27faf3965f35b62e55ba32bbce8f20bc8fe909558a86702fde" "/opt/rustwide/cargo-home/bin/cargo" "+beta-2024-12-08" "build" "--frozen" "--message-format=json", kill_on_drop: false }`
[INFO] [stdout] da23e9101e7fae4d81f094118dcada4d619154aa66611bedc557858b0534fef0
[INFO] running `Command { std: "docker" "start" "-a" "da23e9101e7fae4d81f094118dcada4d619154aa66611bedc557858b0534fef0", kill_on_drop: false }`
[INFO] [stderr]    Compiling proc-macro2 v1.0.92
[INFO] [stderr]    Compiling unicode-ident v1.0.14
[INFO] [stderr]    Compiling libc v0.2.168
[INFO] [stderr]    Compiling autocfg v1.4.0
[INFO] [stderr]    Compiling serde v1.0.216
[INFO] [stderr]    Compiling cfg-if v0.1.10
[INFO] [stderr]    Compiling lazy_static v1.5.0
[INFO] [stderr]    Compiling shlex v1.3.0
[INFO] [stderr]    Compiling semver-parser v0.7.0
[INFO] [stderr]    Compiling pkg-config v0.3.31
[INFO] [stderr]    Compiling cfg-if v1.0.0
[INFO] [stderr]    Compiling memchr v2.7.4
[INFO] [stderr]    Compiling stable_deref_trait v1.2.0
[INFO] [stderr]    Compiling maybe-uninit v2.0.0
[INFO] [stderr]    Compiling vcpkg v0.2.15
[INFO] [stderr]    Compiling either v1.13.0
[INFO] [stderr]    Compiling futures v0.1.31
[INFO] [stderr]    Compiling rand_core v0.4.2
[INFO] [stderr]    Compiling byteorder v1.5.0
[INFO] [stderr]    Compiling log v0.4.22
[INFO] [stderr]    Compiling scopeguard v1.2.0
[INFO] [stderr]    Compiling cc v1.2.4
[INFO] [stderr]    Compiling tinyvec_macros v0.1.1
[INFO] [stderr]    Compiling rand_core v0.3.1
[INFO] [stderr]    Compiling tinyvec v1.8.0
[INFO] [stderr]    Compiling autocfg v0.1.8
[INFO] [stderr]    Compiling writeable v0.5.5
[INFO] [stderr]    Compiling litemap v0.7.4
[INFO] [stderr]    Compiling unicode-bidi v0.3.17
[INFO] [stderr]    Compiling fnv v1.0.7
[INFO] [stderr]    Compiling smallvec v1.13.2
[INFO] [stderr]    Compiling matches v0.1.10
[INFO] [stderr]    Compiling smallvec v0.6.14
[INFO] [stderr]    Compiling icu_locid_transform_data v1.5.0
[INFO] [stderr]    Compiling syn v1.0.109
[INFO] [stderr]    Compiling icu_properties_data v1.5.0
[INFO] [stderr]    Compiling crossbeam-utils v0.7.2
[INFO] [stderr]    Compiling slab v0.4.9
[INFO] [stderr]    Compiling memoffset v0.5.6
[INFO] [stderr]    Compiling crossbeam-epoch v0.8.2
[INFO] [stderr]    Compiling aho-corasick v1.1.3
[INFO] [stderr]    Compiling regex-syntax v0.8.5
[INFO] [stderr]    Compiling indexmap v1.9.3
[INFO] [stderr]    Compiling num-traits v0.2.19
[INFO] [stderr]    Compiling quote v1.0.37
[INFO] [stderr]    Compiling unicode-normalization v0.1.24
[INFO] [stderr]    Compiling lock_api v0.3.4
[INFO] [stderr]    Compiling write16 v1.0.0
[INFO] [stderr]    Compiling once_cell v1.20.2
[INFO] [stderr]    Compiling icu_normalizer_data v1.5.0
[INFO] [stderr]    Compiling scopeguard v0.3.3
[INFO] [stderr]    Compiling syn v2.0.90
[INFO] [stderr]    Compiling adler2 v2.0.0
[INFO] [stderr]    Compiling utf16_iter v1.0.5
[INFO] [stderr]    Compiling percent-encoding v1.0.1
[INFO] [stderr]    Compiling crossbeam-utils v0.8.20
[INFO] [stderr]    Compiling bitflags v2.6.0
[INFO] [stderr]    Compiling arrayvec v0.4.12
[INFO] [stderr]    Compiling itoa v0.4.8
[INFO] [stderr]    Compiling utf8_iter v1.0.4
[INFO] [stderr]    Compiling tokio-executor v0.1.10
[INFO] [stderr]    Compiling idna v0.1.5
[INFO] [stderr]    Compiling tokio-sync v0.1.8
[INFO] [stderr]    Compiling miniz_oxide v0.8.0
[INFO] [stderr]    Compiling hashbrown v0.12.3
[INFO] [stderr]    Compiling unicode-xid v0.2.6
[INFO] [stderr]    Compiling itoa v1.0.14
[INFO] [stderr]    Compiling failure_derive v0.1.8
[INFO] [stderr]    Compiling gimli v0.31.1
[INFO] [stderr]    Compiling nodrop v0.1.14
[INFO] [stderr]    Compiling crossbeam-deque v0.7.4
[INFO] [stderr]    Compiling url v1.7.2
[INFO] [stderr]    Compiling openssl-sys v0.9.104
[INFO] [stderr]    Compiling libz-sys v1.1.20
[INFO] [stderr]    Compiling libssh2-sys v0.2.23
[INFO] [stderr]    Compiling iovec v0.1.4
[INFO] [stderr]    Compiling bytes v0.4.12
[INFO] [stderr]    Compiling num_cpus v1.16.0
[INFO] [stderr]    Compiling net2 v0.2.39
[INFO] [stderr]    Compiling time v0.1.45
[INFO] [stderr]    Compiling curl-sys v0.4.78+curl-8.11.0
[INFO] [stderr]    Compiling crossbeam-queue v0.2.3
[INFO] [stderr]    Compiling tokio-io v0.1.13
[INFO] [stderr]    Compiling regex-automata v0.4.9
[INFO] [stderr]    Compiling mio v0.6.23
[INFO] [stderr]    Compiling http v0.1.21
[INFO] [stderr]    Compiling rand_pcg v0.1.2
[INFO] [stderr]    Compiling rand_chacha v0.1.1
[INFO] [stderr]    Compiling object v0.36.5
[INFO] [stderr]    Compiling version_check v0.1.5
[INFO] [stderr]    Compiling openssl v0.10.68
[INFO] [stderr]    Compiling foreign-types-shared v0.1.1
[INFO] [stderr]    Compiling rustc-demangle v0.1.24
[INFO] [stderr]    Compiling typenum v1.17.0
[INFO] [stderr]    Compiling percent-encoding v2.3.1
[INFO] [stderr]    Compiling memoffset v0.2.1
[INFO] [stderr]    Compiling httparse v1.9.5
[INFO] [stderr]    Compiling serde_json v1.0.133
[INFO] [stderr]    Compiling form_urlencoded v1.2.1
[INFO] [stderr]    Compiling foreign-types v0.3.2
[INFO] [stderr]    Compiling nom v4.2.3
[INFO] [stderr]    Compiling tokio-threadpool v0.1.18
[INFO] [stderr]    Compiling synstructure v0.12.6
[INFO] [stderr]    Compiling string v0.2.1
[INFO] [stderr]    Compiling tokio-buf v0.1.1
[INFO] [stderr]    Compiling rand v0.5.6
[INFO] [stderr]    Compiling tokio-timer v0.2.13
[INFO] [stderr]    Compiling tokio-current-thread v0.1.7
[INFO] [stderr]    Compiling rand v0.6.5
[INFO] [stderr]    Compiling lock_api v0.4.12
[INFO] [stderr]    Compiling owning_ref v0.4.1
[INFO] [stderr]    Compiling crossbeam-utils v0.5.0
[INFO] [stderr]    Compiling lazy_static v0.2.11
[INFO] [stderr]    Compiling unicase v2.8.0
[INFO] [stderr]    Compiling openssl-probe v0.1.5
[INFO] [stderr]    Compiling serde v0.8.23
[INFO] [stderr]    Compiling addr2line v0.24.2
[INFO] [stderr]    Compiling native-tls v0.2.12
[INFO] [stderr]    Compiling slog v2.7.0
[INFO] [stderr]    Compiling try-lock v0.2.5
[INFO] [stderr]    Compiling ryu v1.0.18
[INFO] [stderr]    Compiling rustix v0.38.42
[INFO] [stderr]    Compiling unicode-width v0.1.14
[INFO] [stderr]    Compiling parking_lot_core v0.9.10
[INFO] [stderr]    Compiling mime_guess v2.0.5
[INFO] [stderr]    Compiling want v0.2.0
[INFO] [stderr]    Compiling lock_api v0.1.5
[INFO] [stderr]    Compiling synstructure v0.13.1
[INFO] [stderr]    Compiling http-body v0.1.0
[INFO] [stderr]    Compiling futures-cpupool v0.1.8
[INFO] [stderr]    Compiling rand_os v0.1.3
[INFO] [stderr]    Compiling dirs-sys-next v0.1.2
[INFO] [stderr]    Compiling libgit2-sys v0.7.11
[INFO] [stderr]    Compiling idna v0.2.3
[INFO] [stderr]    Compiling rand_xorshift v0.1.1
[INFO] [stderr]    Compiling rand_hc v0.1.0
[INFO] [stderr]    Compiling rand_isaac v0.1.1
[INFO] [stderr]    Compiling rand_jitter v0.1.4
[INFO] [stderr]    Compiling crossbeam-utils v0.6.6
[INFO] [stderr]    Compiling linux-raw-sys v0.4.14
[INFO] [stderr]    Compiling linked-hash-map v0.5.6
[INFO] [stderr]    Compiling time-core v0.1.2
[INFO] [stderr]    Compiling void v1.0.2
[INFO] [stderr]    Compiling powerfmt v0.2.0
[INFO] [stderr]    Compiling num-conv v0.1.0
[INFO] [stderr]    Compiling unreachable v1.0.0
[INFO] [stderr]    Compiling dirs-next v2.0.0
[INFO] [stderr]    Compiling crossbeam-epoch v0.6.1
[INFO] [stderr]    Compiling time-macros v0.2.19
[INFO] [stderr]    Compiling regex v1.11.1
[INFO] [stderr]    Compiling generic-array v0.9.1
[INFO] [stderr]    Compiling deranged v0.3.11
[INFO] [stderr]    Compiling crossbeam-epoch v0.5.2
[INFO] [stderr]    Compiling num-traits v0.1.43
[INFO] [stderr]    Compiling cookie v0.12.0
[INFO] [stderr]    Compiling serde_test v0.8.23
[INFO] [stderr]    Compiling crossbeam-epoch v0.9.18
[INFO] [stderr]    Compiling atty v0.2.14
[INFO] [stderr]    Compiling thread_local v1.1.8
[INFO] [stderr]    Compiling bstr v1.11.1
[INFO] [stderr]    Compiling try_from v0.3.2
[INFO] [stderr]    Compiling crc32fast v1.4.2
[INFO] [stderr]    Compiling ascii v0.9.3
[INFO] [stderr]    Compiling dtoa v0.4.8
[INFO] [stderr]    Compiling byte-tools v0.2.0
[INFO] [stderr]    Compiling slog-async v2.8.0
[INFO] [stderr]    Compiling iana-time-zone v0.1.61
[INFO] [stderr]    Compiling linked-hash-map v0.3.0
[INFO] [stderr]    Compiling bitflags v1.3.2
[INFO] [stderr]    Compiling same-file v1.0.6
[INFO] [stderr]    Compiling mime v0.3.17
[INFO] [stderr]    Compiling arrayref v0.3.9
[INFO] [stderr]    Compiling chrono v0.4.39
[INFO] [stderr]    Compiling serde-hjson v0.8.2
[INFO] [stderr]    Compiling block-buffer v0.3.3
[INFO] [stderr]    Compiling combine v3.8.1
[INFO] [stderr]    Compiling globset v0.4.15
[INFO] [stderr]    Compiling walkdir v2.5.0
[INFO] [stderr]    Compiling crossbeam-deque v0.8.5
[INFO] [stderr]    Compiling flate2 v1.0.35
[INFO] [stderr]    Compiling uuid v0.7.4
[INFO] [stderr]    Compiling crossbeam-deque v0.5.2
[INFO] [stderr]    Compiling serde_derive v1.0.216
[INFO] [stderr]    Compiling zerofrom-derive v0.1.5
[INFO] [stderr]    Compiling yoke-derive v0.7.5
[INFO] [stderr]    Compiling zerovec-derive v0.10.3
[INFO] [stderr]    Compiling displaydoc v0.2.5
[INFO] [stderr]    Compiling icu_provider_macros v1.5.0
[INFO] [stderr]    Compiling openssl-macros v0.1.1
[INFO] [stderr]    Compiling backtrace v0.3.74
[INFO] [stderr]    Compiling xattr v1.3.1
[INFO] [stderr]    Compiling time v0.3.37
[INFO] [stderr]    Compiling failure v0.1.8
[INFO] [stderr]    Compiling parking_lot v0.12.3
[INFO] [stderr]    Compiling digest v0.7.6
[INFO] [stderr]    Compiling yaml-rust v0.4.5
[INFO] [stderr]    Compiling term v0.7.0
[INFO] [stderr]    Compiling textwrap v0.11.0
[INFO] [stderr]    Compiling clicolors-control v0.2.0
[INFO] [stderr]    Compiling crossbeam-channel v0.5.13
[INFO] [stderr]    Compiling termios v0.3.3
[INFO] [stderr]    Compiling filetime v0.2.25
[INFO] [stderr]    Compiling is-terminal v0.4.13
[INFO] [stderr]    Compiling base64 v0.10.1
[INFO] [stderr]    Compiling itertools v0.8.2
[INFO] [stderr]    Compiling encoding_rs v0.8.35
[INFO] [stderr]    Compiling ansi_term v0.12.1
[INFO] [stderr]    Compiling zerofrom v0.1.5
[INFO] [stderr]    Compiling vec_map v0.8.2
[INFO] [stderr]    Compiling ordermap v0.3.5
[INFO] [stderr]    Compiling yoke v0.7.5
[INFO] [stderr]    Compiling fake-simd v0.1.2
[INFO] [stderr]    Compiling strsim v0.8.0
[INFO] [stderr]    Compiling strsim v0.9.3
[INFO] [stderr]    Compiling take_mut v0.2.2
[INFO] [stderr]    Compiling rust-ini v0.13.0
[INFO] [stderr]    Compiling fixedbitset v0.1.9
[INFO] [stderr]    Compiling clap v2.34.0
[INFO] [stderr]    Compiling sha2 v0.7.1
[INFO] [stderr]    Compiling zerovec v0.10.4
[INFO] [stderr]    Compiling petgraph v0.4.13
[INFO] [stderr]    Compiling simsearch v0.1.4
[INFO] [stderr]    Compiling slog-term v2.9.1
[INFO] [stderr]    Compiling tar v0.4.43
[INFO] [stderr]    Compiling console v0.6.2
[INFO] [stderr]    Compiling ignore v0.4.23
[INFO] [stderr]    Compiling Inflector v0.11.4
[INFO] [stderr]    Compiling textwrap v0.10.0
[INFO] [stderr]    Compiling fs2 v0.4.3
[INFO] [stderr]    Compiling directories v1.0.2
[INFO] [stderr]    Compiling itertools v0.7.11
[INFO] [stderr]    Compiling shell-escape v0.1.5
[INFO] [stderr]    Compiling symlink v0.1.0
[INFO] [stderr]    Compiling scoped_threadpool v0.1.9
[INFO] [stderr]    Compiling tinystr v0.7.6
[INFO] [stderr]    Compiling icu_collections v1.5.0
[INFO] [stderr]    Compiling icu_locid v1.5.0
[INFO] [stderr]    Compiling toml_edit v0.1.5
[INFO] [stderr]    Compiling icu_provider v1.5.0
[INFO] [stderr]    Compiling icu_locid_transform v1.5.0
[INFO] [stderr]    Compiling icu_properties v1.5.1
[INFO] [stderr]    Compiling semver v0.9.0
[INFO] [stderr]    Compiling serde_urlencoded v0.5.5
[INFO] [stderr]    Compiling toml v0.4.10
[INFO] [stderr]    Compiling url_serde v0.2.0
[INFO] [stderr]    Compiling rustc_version v0.2.3
[INFO] [stderr]    Compiling parking_lot_core v0.6.3
[INFO] [stderr]    Compiling parking_lot v0.9.0
[INFO] [stderr]    Compiling parking_lot_core v0.3.1
[INFO] [stderr]    Compiling hyper v0.12.36
[INFO] [stderr]    Compiling h2 v0.1.26
[INFO] [stderr]    Compiling semver_constraints v0.1.0
[INFO] [stderr]    Compiling icu_normalizer v1.5.0
[INFO] [stderr]    Compiling parking_lot v0.6.4
[INFO] [stderr]    Compiling config v0.9.3
[INFO] [stderr]    Compiling tokio-reactor v0.1.12
[INFO] [stderr]    Compiling crossbeam-channel v0.2.6
[INFO] [stderr]    Compiling tokio-tcp v0.1.4
[INFO] [stderr]    Compiling idna_adapter v1.2.0
[INFO] [stderr]    Compiling crossbeam v0.4.1
[INFO] [stderr]    Compiling idna v1.0.3
[INFO] [stderr]    Compiling tokio v0.1.22
[INFO] [stderr]    Compiling url v2.5.4
[INFO] [stderr]    Compiling publicsuffix v1.5.6
[INFO] [stderr]    Compiling cookie_store v0.7.0
[INFO] [stderr]    Compiling hyper-tls v0.3.2
[INFO] [stderr]    Compiling reqwest v0.9.24
[INFO] [stderr]    Compiling git2 v0.7.5
[INFO] [stderr]    Compiling elba v0.3.0 (/opt/rustwide/workdir)
[INFO] [stdout] warning: unnecessary trailing semicolon
[INFO] [stdout]    --> src/lib/retrieve/cache.rs:370:10
[INFO] [stdout]     |
[INFO] [stdout] 370 |         };
[INFO] [stdout]     |          ^ help: remove this semicolon
[INFO] [stdout]     |
[INFO] [stdout]     = note: `#[warn(redundant_semicolons)]` on by default
[INFO] [stdout] 
[INFO] [stdout] 
[INFO] [stdout] warning: elided lifetime has a name
[INFO] [stdout]   --> src/lib/util/graph.rs:48:43
[INFO] [stdout]    |
[INFO] [stdout] 45 |     pub fn sub_tree<'a>(
[INFO] [stdout]    |                     -- lifetime `'a` declared here
[INFO] [stdout] ...
[INFO] [stdout] 48 |     ) -> impl Iterator<Item = (NodeIndex, &T)> + 'a {
[INFO] [stdout]    |                                           ^ this elided lifetime gets resolved as `'a`
[INFO] [stdout]    |
[INFO] [stdout]    = note: `#[warn(elided_named_lifetimes)]` on by default
[INFO] [stdout] 
[INFO] [stdout] 
[INFO] [stdout] warning: elided lifetime has a name
[INFO] [stdout]   --> src/lib/util/graph.rs:58:43
[INFO] [stdout]    |
[INFO] [stdout] 55 |     pub fn children<'a>(
[INFO] [stdout]    |                     -- lifetime `'a` declared here
[INFO] [stdout] ...
[INFO] [stdout] 58 |     ) -> impl Iterator<Item = (NodeIndex, &T)> + 'a {
[INFO] [stdout]    |                                           ^ this elided lifetime gets resolved as `'a`
[INFO] [stdout] 
[INFO] [stdout] 
[INFO] [stdout] warning: elided lifetime has a name
[INFO] [stdout]   --> src/lib/util/graph.rs:68:43
[INFO] [stdout]    |
[INFO] [stdout] 65 |     pub fn parents<'a>(
[INFO] [stdout]    |                    -- lifetime `'a` declared here
[INFO] [stdout] ...
[INFO] [stdout] 68 |     ) -> impl Iterator<Item = (NodeIndex, &T)> + 'a {
[INFO] [stdout]    |                                           ^ this elided lifetime gets resolved as `'a`
[INFO] [stdout] 
[INFO] [stdout] 
[INFO] [stdout] warning: trait objects without an explicit `dyn` are deprecated
[INFO] [stdout]    --> src/lib/util/git.rs:372:14
[INFO] [stdout]     |
[INFO] [stdout] 372 |     cb: &mut FnMut(git2::FetchOptions) -> Res<T>,
[INFO] [stdout]     |              ^^^^^^^^^^^^^^^^^^^^^^^^^^^^^^^^^^^
[INFO] [stdout]     |
[INFO] [stdout]     = warning: this is accepted in the current edition (Rust 2018) but is a hard error in Rust 2021!
[INFO] [stdout]     = note: for more information, see <https://doc.rust-lang.org/nightly/edition-guide/rust-2021/warnings-promoted-to-error.html>
[INFO] [stdout]     = note: `#[warn(bare_trait_objects)]` on by default
[INFO] [stdout] help: if this is a dyn-compatible trait, use `dyn`
[INFO] [stdout]     |
[INFO] [stdout] 372 |     cb: &mut dyn FnMut(git2::FetchOptions) -> Res<T>,
[INFO] [stdout]     |              +++
[INFO] [stdout] 
[INFO] [stdout] 
[INFO] [stdout] warning: a method with this name may be added to the standard library in the future
[INFO] [stdout]   --> src/lib/util/lock.rs:75:23
[INFO] [stdout]    |
[INFO] [stdout] 75 |             let _ = f.unlock();
[INFO] [stdout]    |                       ^^^^^^
[INFO] [stdout]    |
[INFO] [stdout]    = warning: once this associated item is added to the standard library, the ambiguity may cause an error or change in behavior!
[INFO] [stdout]    = note: for more information, see issue #48919 <https://github.com/rust-lang/rust/issues/48919>
[INFO] [stdout]    = help: call with fully qualified syntax `unlock(...)` to keep using the current method
[INFO] [stdout]    = note: `#[warn(unstable_name_collisions)]` on by default
[INFO] [stdout] 
[INFO] [stdout] 
[INFO] [stdout] warning: field `lock` is never read
[INFO] [stdout]    --> src/lib/retrieve/cache.rs:613:5
[INFO] [stdout]     |
[INFO] [stdout] 612 | pub struct OutputLayout {
[INFO] [stdout]     |            ------------ field in this struct
[INFO] [stdout] 613 |     lock: DirLock,
[INFO] [stdout]     |     ^^^^
[INFO] [stdout]     |
[INFO] [stdout]     = note: `OutputLayout` has a derived impl for the trait `Debug`, but this is intentionally ignored during dead code analysis
[INFO] [stdout]     = note: `#[warn(dead_code)]` on by default
[INFO] [stdout] 
[INFO] [stdout] 
[INFO] [stdout] warning: non-local `impl` definition, `impl` blocks should be written at the same level as their item
[INFO] [stdout]   --> src/lib/util/errors.rs:11:45
[INFO] [stdout]    |
[INFO] [stdout] 11 | #[derive(Copy, Clone, Eq, PartialEq, Debug, Fail)]
[INFO] [stdout]    |                                             ^---
[INFO] [stdout]    |                                             |
[INFO] [stdout]    |                                             `Fail` is not local
[INFO] [stdout]    |                                             move the `impl` block outside of this constant `_DERIVE_failure_Fail_FOR_ErrorKind`
[INFO] [stdout] 12 | pub enum ErrorKind {
[INFO] [stdout]    |          --------- `ErrorKind` is not local
[INFO] [stdout]    |
[INFO] [stdout]    = note: the derive macro `Fail` defines the non-local `impl`, and may need to be changed
[INFO] [stdout]    = note: the derive macro `Fail` may come from an old version of the `failure_derive` crate, try updating your dependency with `cargo update -p failure_derive`
[INFO] [stdout]    = note: an `impl` is never scoped, even when it is nested inside an item, as it may impact type checking outside of that item, which can be the case if neither the trait or the self type are at the same nesting level as the `impl`
[INFO] [stdout]    = note: items in an anonymous const item (`const _: () = { ... }`) are treated as in the same scope as the anonymous const's declaration for the purpose of this lint
[INFO] [stdout]    = note: `#[warn(non_local_definitions)]` on by default
[INFO] [stdout]    = note: this warning originates in the derive macro `Fail` (in Nightly builds, run with -Z macro-backtrace for more info)
[INFO] [stdout] 
[INFO] [stdout] 
[INFO] [stdout] warning: non-local `impl` definition, `impl` blocks should be written at the same level as their item
[INFO] [stdout]   --> src/lib/util/errors.rs:11:45
[INFO] [stdout]    |
[INFO] [stdout] 11 | #[derive(Copy, Clone, Eq, PartialEq, Debug, Fail)]
[INFO] [stdout]    |                                             ^---
[INFO] [stdout]    |                                             |
[INFO] [stdout]    |                                             `Display` is not local
[INFO] [stdout]    |                                             move the `impl` block outside of this constant `_DERIVE_failure_core_fmt_Display_FOR_ErrorKind`
[INFO] [stdout] 12 | pub enum ErrorKind {
[INFO] [stdout]    |          --------- `ErrorKind` is not local
[INFO] [stdout]    |
[INFO] [stdout]    = note: the derive macro `Fail` defines the non-local `impl`, and may need to be changed
[INFO] [stdout]    = note: the derive macro `Fail` may come from an old version of the `failure_derive` crate, try updating your dependency with `cargo update -p failure_derive`
[INFO] [stdout]    = note: an `impl` is never scoped, even when it is nested inside an item, as it may impact type checking outside of that item, which can be the case if neither the trait or the self type are at the same nesting level as the `impl`
[INFO] [stdout]    = note: items in an anonymous const item (`const _: () = { ... }`) are treated as in the same scope as the anonymous const's declaration for the purpose of this lint
[INFO] [stdout]    = note: this warning originates in the derive macro `Fail` (in Nightly builds, run with -Z macro-backtrace for more info)
[INFO] [stdout] 
[INFO] [stdout] 
[INFO] [stderr]     Finished `dev` profile [unoptimized + debuginfo] target(s) in 1m 24s
[INFO] [stderr] warning: the following packages contain code that will be rejected by a future version of Rust: nom v4.2.3
[INFO] [stderr] note: to see what the problems were, use the option `--future-incompat-report`, or run `cargo report future-incompatibilities --id 1`
[INFO] running `Command { std: "docker" "inspect" "da23e9101e7fae4d81f094118dcada4d619154aa66611bedc557858b0534fef0", kill_on_drop: false }`
[INFO] running `Command { std: "docker" "rm" "-f" "da23e9101e7fae4d81f094118dcada4d619154aa66611bedc557858b0534fef0", kill_on_drop: false }`
[INFO] [stdout] da23e9101e7fae4d81f094118dcada4d619154aa66611bedc557858b0534fef0
[INFO] running `Command { std: "docker" "create" "-v" "/var/lib/crater-agent-workspace/builds/worker-3-tc2/target:/opt/rustwide/target:rw,Z" "-v" "/var/lib/crater-agent-workspace/builds/worker-3-tc2/source:/opt/rustwide/workdir:ro,Z" "-v" "/var/lib/crater-agent-workspace/cargo-home:/opt/rustwide/cargo-home:ro,Z" "-v" "/var/lib/crater-agent-workspace/rustup-home:/opt/rustwide/rustup-home:ro,Z" "-e" "SOURCE_DIR=/opt/rustwide/workdir" "-e" "CARGO_TARGET_DIR=/opt/rustwide/target" "-e" "CARGO_INCREMENTAL=0" "-e" "RUST_BACKTRACE=full" "-e" "RUSTFLAGS=--cap-lints=warn" "-e" "RUSTDOCFLAGS=--cap-lints=warn" "-e" "CARGO_HOME=/opt/rustwide/cargo-home" "-e" "RUSTUP_HOME=/opt/rustwide/rustup-home" "-w" "/opt/rustwide/workdir" "-m" "1610612736" "--user" "0:0" "--network" "none" "ghcr.io/rust-lang/crates-build-env/linux@sha256:f3a9d4ad9d972b27faf3965f35b62e55ba32bbce8f20bc8fe909558a86702fde" "/opt/rustwide/cargo-home/bin/cargo" "+beta-2024-12-08" "test" "--frozen" "--no-run" "--message-format=json", kill_on_drop: false }`
[INFO] [stdout] 4da7a82ce00e6aa46c6e436bafeb1aff24a531b82f4b0fbbe12cda1a1ecebd29
[INFO] running `Command { std: "docker" "start" "-a" "4da7a82ce00e6aa46c6e436bafeb1aff24a531b82f4b0fbbe12cda1a1ecebd29", kill_on_drop: false }`
[INFO] [stderr]    Compiling rand v0.4.6
[INFO] [stderr]    Compiling remove_dir_all v0.5.3
[INFO] [stdout] warning: unnecessary trailing semicolon
[INFO] [stdout]    --> src/lib/retrieve/cache.rs:370:10
[INFO] [stdout]     |
[INFO] [stdout] 370 |         };
[INFO] [stdout]     |          ^ help: remove this semicolon
[INFO] [stdout]     |
[INFO] [stdout]     = note: `#[warn(redundant_semicolons)]` on by default
[INFO] [stdout] 
[INFO] [stdout] 
[INFO] [stdout] warning: elided lifetime has a name
[INFO] [stdout]   --> src/lib/util/graph.rs:48:43
[INFO] [stdout]    |
[INFO] [stdout] 45 |     pub fn sub_tree<'a>(
[INFO] [stdout]    |                     -- lifetime `'a` declared here
[INFO] [stdout] ...
[INFO] [stdout] 48 |     ) -> impl Iterator<Item = (NodeIndex, &T)> + 'a {
[INFO] [stdout]    |                                           ^ this elided lifetime gets resolved as `'a`
[INFO] [stdout]    |
[INFO] [stdout]    = note: `#[warn(elided_named_lifetimes)]` on by default
[INFO] [stdout] 
[INFO] [stdout] 
[INFO] [stdout] warning: elided lifetime has a name
[INFO] [stdout]   --> src/lib/util/graph.rs:58:43
[INFO] [stdout]    |
[INFO] [stdout] 55 |     pub fn children<'a>(
[INFO] [stdout]    |                     -- lifetime `'a` declared here
[INFO] [stdout] ...
[INFO] [stdout] 58 |     ) -> impl Iterator<Item = (NodeIndex, &T)> + 'a {
[INFO] [stdout]    |                                           ^ this elided lifetime gets resolved as `'a`
[INFO] [stdout] 
[INFO] [stdout] 
[INFO] [stdout] warning: elided lifetime has a name
[INFO] [stdout]   --> src/lib/util/graph.rs:68:43
[INFO] [stdout]    |
[INFO] [stdout] 65 |     pub fn parents<'a>(
[INFO] [stdout]    |                    -- lifetime `'a` declared here
[INFO] [stdout] ...
[INFO] [stdout] 68 |     ) -> impl Iterator<Item = (NodeIndex, &T)> + 'a {
[INFO] [stdout]    |                                           ^ this elided lifetime gets resolved as `'a`
[INFO] [stdout] 
[INFO] [stdout] 
[INFO] [stdout] warning: trait objects without an explicit `dyn` are deprecated
[INFO] [stdout]    --> src/lib/util/git.rs:372:14
[INFO] [stdout]     |
[INFO] [stdout] 372 |     cb: &mut FnMut(git2::FetchOptions) -> Res<T>,
[INFO] [stdout]     |              ^^^^^^^^^^^^^^^^^^^^^^^^^^^^^^^^^^^
[INFO] [stdout]     |
[INFO] [stdout]     = warning: this is accepted in the current edition (Rust 2018) but is a hard error in Rust 2021!
[INFO] [stdout]     = note: for more information, see <https://doc.rust-lang.org/nightly/edition-guide/rust-2021/warnings-promoted-to-error.html>
[INFO] [stdout]     = note: `#[warn(bare_trait_objects)]` on by default
[INFO] [stdout] help: if this is a dyn-compatible trait, use `dyn`
[INFO] [stdout]     |
[INFO] [stdout] 372 |     cb: &mut dyn FnMut(git2::FetchOptions) -> Res<T>,
[INFO] [stdout]     |              +++
[INFO] [stdout] 
[INFO] [stdout] 
[INFO] [stdout] warning: a method with this name may be added to the standard library in the future
[INFO] [stdout]   --> src/lib/util/lock.rs:75:23
[INFO] [stdout]    |
[INFO] [stdout] 75 |             let _ = f.unlock();
[INFO] [stdout]    |                       ^^^^^^
[INFO] [stdout]    |
[INFO] [stdout]    = warning: once this associated item is added to the standard library, the ambiguity may cause an error or change in behavior!
[INFO] [stdout]    = note: for more information, see issue #48919 <https://github.com/rust-lang/rust/issues/48919>
[INFO] [stdout]    = help: call with fully qualified syntax `unlock(...)` to keep using the current method
[INFO] [stdout]    = note: `#[warn(unstable_name_collisions)]` on by default
[INFO] [stdout] 
[INFO] [stdout] 
[INFO] [stdout] warning: field `lock` is never read
[INFO] [stdout]    --> src/lib/retrieve/cache.rs:613:5
[INFO] [stdout]     |
[INFO] [stdout] 612 | pub struct OutputLayout {
[INFO] [stdout]     |            ------------ field in this struct
[INFO] [stdout] 613 |     lock: DirLock,
[INFO] [stdout]     |     ^^^^
[INFO] [stdout]     |
[INFO] [stdout]     = note: `OutputLayout` has a derived impl for the trait `Debug`, but this is intentionally ignored during dead code analysis
[INFO] [stdout]     = note: `#[warn(dead_code)]` on by default
[INFO] [stdout] 
[INFO] [stdout] 
[INFO] [stdout] warning: non-local `impl` definition, `impl` blocks should be written at the same level as their item
[INFO] [stdout]   --> src/lib/util/errors.rs:11:45
[INFO] [stdout]    |
[INFO] [stdout] 11 | #[derive(Copy, Clone, Eq, PartialEq, Debug, Fail)]
[INFO] [stdout]    |                                             ^---
[INFO] [stdout]    |                                             |
[INFO] [stdout]    |                                             `Fail` is not local
[INFO] [stdout]    |                                             move the `impl` block outside of this constant `_DERIVE_failure_Fail_FOR_ErrorKind`
[INFO] [stdout] 12 | pub enum ErrorKind {
[INFO] [stdout]    |          --------- `ErrorKind` is not local
[INFO] [stdout]    |
[INFO] [stdout]    = note: the derive macro `Fail` defines the non-local `impl`, and may need to be changed
[INFO] [stdout]    = note: the derive macro `Fail` may come from an old version of the `failure_derive` crate, try updating your dependency with `cargo update -p failure_derive`
[INFO] [stdout]    = note: an `impl` is never scoped, even when it is nested inside an item, as it may impact type checking outside of that item, which can be the case if neither the trait or the self type are at the same nesting level as the `impl`
[INFO] [stdout]    = note: items in an anonymous const item (`const _: () = { ... }`) are treated as in the same scope as the anonymous const's declaration for the purpose of this lint
[INFO] [stdout]    = note: `#[warn(non_local_definitions)]` on by default
[INFO] [stdout]    = note: this warning originates in the derive macro `Fail` (in Nightly builds, run with -Z macro-backtrace for more info)
[INFO] [stdout] 
[INFO] [stdout] 
[INFO] [stdout] warning: non-local `impl` definition, `impl` blocks should be written at the same level as their item
[INFO] [stdout]   --> src/lib/util/errors.rs:11:45
[INFO] [stdout]    |
[INFO] [stdout] 11 | #[derive(Copy, Clone, Eq, PartialEq, Debug, Fail)]
[INFO] [stdout]    |                                             ^---
[INFO] [stdout]    |                                             |
[INFO] [stdout]    |                                             `Display` is not local
[INFO] [stdout]    |                                             move the `impl` block outside of this constant `_DERIVE_failure_core_fmt_Display_FOR_ErrorKind`
[INFO] [stdout] 12 | pub enum ErrorKind {
[INFO] [stdout]    |          --------- `ErrorKind` is not local
[INFO] [stdout]    |
[INFO] [stdout]    = note: the derive macro `Fail` defines the non-local `impl`, and may need to be changed
[INFO] [stdout]    = note: the derive macro `Fail` may come from an old version of the `failure_derive` crate, try updating your dependency with `cargo update -p failure_derive`
[INFO] [stdout]    = note: an `impl` is never scoped, even when it is nested inside an item, as it may impact type checking outside of that item, which can be the case if neither the trait or the self type are at the same nesting level as the `impl`
[INFO] [stdout]    = note: items in an anonymous const item (`const _: () = { ... }`) are treated as in the same scope as the anonymous const's declaration for the purpose of this lint
[INFO] [stdout]    = note: this warning originates in the derive macro `Fail` (in Nightly builds, run with -Z macro-backtrace for more info)
[INFO] [stdout] 
[INFO] [stdout] 
[INFO] [stderr]    Compiling tempdir v0.3.7
[INFO] [stderr]    Compiling elba v0.3.0 (/opt/rustwide/workdir)
[INFO] [stdout] warning: unnecessary trailing semicolon
[INFO] [stdout]    --> src/lib/retrieve/cache.rs:370:10
[INFO] [stdout]     |
[INFO] [stdout] 370 |         };
[INFO] [stdout]     |          ^ help: remove this semicolon
[INFO] [stdout]     |
[INFO] [stdout]     = note: `#[warn(redundant_semicolons)]` on by default
[INFO] [stdout] 
[INFO] [stdout] 
[INFO] [stdout] warning: elided lifetime has a name
[INFO] [stdout]   --> src/lib/util/graph.rs:48:43
[INFO] [stdout]    |
[INFO] [stdout] 45 |     pub fn sub_tree<'a>(
[INFO] [stdout]    |                     -- lifetime `'a` declared here
[INFO] [stdout] ...
[INFO] [stdout] 48 |     ) -> impl Iterator<Item = (NodeIndex, &T)> + 'a {
[INFO] [stdout]    |                                           ^ this elided lifetime gets resolved as `'a`
[INFO] [stdout]    |
[INFO] [stdout]    = note: `#[warn(elided_named_lifetimes)]` on by default
[INFO] [stdout] 
[INFO] [stdout] 
[INFO] [stdout] warning: elided lifetime has a name
[INFO] [stdout]   --> src/lib/util/graph.rs:58:43
[INFO] [stdout]    |
[INFO] [stdout] 55 |     pub fn children<'a>(
[INFO] [stdout]    |                     -- lifetime `'a` declared here
[INFO] [stdout] ...
[INFO] [stdout] 58 |     ) -> impl Iterator<Item = (NodeIndex, &T)> + 'a {
[INFO] [stdout]    |                                           ^ this elided lifetime gets resolved as `'a`
[INFO] [stdout] 
[INFO] [stdout] 
[INFO] [stdout] warning: elided lifetime has a name
[INFO] [stdout]   --> src/lib/util/graph.rs:68:43
[INFO] [stdout]    |
[INFO] [stdout] 65 |     pub fn parents<'a>(
[INFO] [stdout]    |                    -- lifetime `'a` declared here
[INFO] [stdout] ...
[INFO] [stdout] 68 |     ) -> impl Iterator<Item = (NodeIndex, &T)> + 'a {
[INFO] [stdout]    |                                           ^ this elided lifetime gets resolved as `'a`
[INFO] [stdout] 
[INFO] [stdout] 
[INFO] [stdout] warning: trait objects without an explicit `dyn` are deprecated
[INFO] [stdout]    --> src/lib/util/git.rs:372:14
[INFO] [stdout]     |
[INFO] [stdout] 372 |     cb: &mut FnMut(git2::FetchOptions) -> Res<T>,
[INFO] [stdout]     |              ^^^^^^^^^^^^^^^^^^^^^^^^^^^^^^^^^^^
[INFO] [stdout]     |
[INFO] [stdout]     = warning: this is accepted in the current edition (Rust 2018) but is a hard error in Rust 2021!
[INFO] [stdout]     = note: for more information, see <https://doc.rust-lang.org/nightly/edition-guide/rust-2021/warnings-promoted-to-error.html>
[INFO] [stdout]     = note: `#[warn(bare_trait_objects)]` on by default
[INFO] [stdout] help: if this is a dyn-compatible trait, use `dyn`
[INFO] [stdout]     |
[INFO] [stdout] 372 |     cb: &mut dyn FnMut(git2::FetchOptions) -> Res<T>,
[INFO] [stdout]     |              +++
[INFO] [stdout] 
[INFO] [stdout] 
[INFO] [stdout] warning: a method with this name may be added to the standard library in the future
[INFO] [stdout]   --> src/lib/util/lock.rs:75:23
[INFO] [stdout]    |
[INFO] [stdout] 75 |             let _ = f.unlock();
[INFO] [stdout]    |                       ^^^^^^
[INFO] [stdout]    |
[INFO] [stdout]    = warning: once this associated item is added to the standard library, the ambiguity may cause an error or change in behavior!
[INFO] [stdout]    = note: for more information, see issue #48919 <https://github.com/rust-lang/rust/issues/48919>
[INFO] [stdout]    = help: call with fully qualified syntax `unlock(...)` to keep using the current method
[INFO] [stdout]    = note: `#[warn(unstable_name_collisions)]` on by default
[INFO] [stdout] 
[INFO] [stdout] 
[INFO] [stdout] warning: field `lock` is never read
[INFO] [stdout]    --> src/lib/retrieve/cache.rs:613:5
[INFO] [stdout]     |
[INFO] [stdout] 612 | pub struct OutputLayout {
[INFO] [stdout]     |            ------------ field in this struct
[INFO] [stdout] 613 |     lock: DirLock,
[INFO] [stdout]     |     ^^^^
[INFO] [stdout]     |
[INFO] [stdout]     = note: `OutputLayout` has a derived impl for the trait `Debug`, but this is intentionally ignored during dead code analysis
[INFO] [stdout]     = note: `#[warn(dead_code)]` on by default
[INFO] [stdout] 
[INFO] [stdout] 
[INFO] [stdout] warning: non-local `impl` definition, `impl` blocks should be written at the same level as their item
[INFO] [stdout]   --> src/lib/util/errors.rs:11:45
[INFO] [stdout]    |
[INFO] [stdout] 11 | #[derive(Copy, Clone, Eq, PartialEq, Debug, Fail)]
[INFO] [stdout]    |                                             ^---
[INFO] [stdout]    |                                             |
[INFO] [stdout]    |                                             `Fail` is not local
[INFO] [stdout]    |                                             move the `impl` block outside of this constant `_DERIVE_failure_Fail_FOR_ErrorKind`
[INFO] [stdout] 12 | pub enum ErrorKind {
[INFO] [stdout]    |          --------- `ErrorKind` is not local
[INFO] [stdout]    |
[INFO] [stdout]    = note: the derive macro `Fail` defines the non-local `impl`, and may need to be changed
[INFO] [stdout]    = note: the derive macro `Fail` may come from an old version of the `failure_derive` crate, try updating your dependency with `cargo update -p failure_derive`
[INFO] [stdout]    = note: an `impl` is never scoped, even when it is nested inside an item, as it may impact type checking outside of that item, which can be the case if neither the trait or the self type are at the same nesting level as the `impl`
[INFO] [stdout]    = note: items in an anonymous const item (`const _: () = { ... }`) are treated as in the same scope as the anonymous const's declaration for the purpose of this lint
[INFO] [stdout]    = note: `#[warn(non_local_definitions)]` on by default
[INFO] [stdout]    = note: this warning originates in the derive macro `Fail` (in Nightly builds, run with -Z macro-backtrace for more info)
[INFO] [stdout] 
[INFO] [stdout] 
[INFO] [stdout] warning: non-local `impl` definition, `impl` blocks should be written at the same level as their item
[INFO] [stdout]   --> src/lib/util/errors.rs:11:45
[INFO] [stdout]    |
[INFO] [stdout] 11 | #[derive(Copy, Clone, Eq, PartialEq, Debug, Fail)]
[INFO] [stdout]    |                                             ^---
[INFO] [stdout]    |                                             |
[INFO] [stdout]    |                                             `Display` is not local
[INFO] [stdout]    |                                             move the `impl` block outside of this constant `_DERIVE_failure_core_fmt_Display_FOR_ErrorKind`
[INFO] [stdout] 12 | pub enum ErrorKind {
[INFO] [stdout]    |          --------- `ErrorKind` is not local
[INFO] [stdout]    |
[INFO] [stdout]    = note: the derive macro `Fail` defines the non-local `impl`, and may need to be changed
[INFO] [stdout]    = note: the derive macro `Fail` may come from an old version of the `failure_derive` crate, try updating your dependency with `cargo update -p failure_derive`
[INFO] [stdout]    = note: an `impl` is never scoped, even when it is nested inside an item, as it may impact type checking outside of that item, which can be the case if neither the trait or the self type are at the same nesting level as the `impl`
[INFO] [stdout]    = note: items in an anonymous const item (`const _: () = { ... }`) are treated as in the same scope as the anonymous const's declaration for the purpose of this lint
[INFO] [stdout]    = note: this warning originates in the derive macro `Fail` (in Nightly builds, run with -Z macro-backtrace for more info)
[INFO] [stdout] 
[INFO] [stdout] 
[INFO] [stderr]     Finished `test` profile [unoptimized + debuginfo] target(s) in 9.70s
[INFO] [stderr] warning: the following packages contain code that will be rejected by a future version of Rust: nom v4.2.3
[INFO] [stderr] note: to see what the problems were, use the option `--future-incompat-report`, or run `cargo report future-incompatibilities --id 1`
[INFO] running `Command { std: "docker" "inspect" "4da7a82ce00e6aa46c6e436bafeb1aff24a531b82f4b0fbbe12cda1a1ecebd29", kill_on_drop: false }`
[INFO] running `Command { std: "docker" "rm" "-f" "4da7a82ce00e6aa46c6e436bafeb1aff24a531b82f4b0fbbe12cda1a1ecebd29", kill_on_drop: false }`
[INFO] [stdout] 4da7a82ce00e6aa46c6e436bafeb1aff24a531b82f4b0fbbe12cda1a1ecebd29
[INFO] running `Command { std: "docker" "create" "-v" "/var/lib/crater-agent-workspace/builds/worker-3-tc2/target:/opt/rustwide/target:rw,Z" "-v" "/var/lib/crater-agent-workspace/builds/worker-3-tc2/source:/opt/rustwide/workdir:ro,Z" "-v" "/var/lib/crater-agent-workspace/cargo-home:/opt/rustwide/cargo-home:ro,Z" "-v" "/var/lib/crater-agent-workspace/rustup-home:/opt/rustwide/rustup-home:ro,Z" "-e" "SOURCE_DIR=/opt/rustwide/workdir" "-e" "CARGO_TARGET_DIR=/opt/rustwide/target" "-e" "CARGO_INCREMENTAL=0" "-e" "RUST_BACKTRACE=full" "-e" "RUSTFLAGS=--cap-lints=warn" "-e" "RUSTDOCFLAGS=--cap-lints=warn" "-e" "CARGO_HOME=/opt/rustwide/cargo-home" "-e" "RUSTUP_HOME=/opt/rustwide/rustup-home" "-w" "/opt/rustwide/workdir" "-m" "1610612736" "--user" "0:0" "--network" "none" "ghcr.io/rust-lang/crates-build-env/linux@sha256:f3a9d4ad9d972b27faf3965f35b62e55ba32bbce8f20bc8fe909558a86702fde" "/opt/rustwide/cargo-home/bin/cargo" "+beta-2024-12-08" "test" "--frozen", kill_on_drop: false }`
[INFO] [stdout] 20e99f7b48c31467994f49efd9f5f99d90bf2c8d451b5edd43f6c3be318aa81c
[INFO] running `Command { std: "docker" "start" "-a" "20e99f7b48c31467994f49efd9f5f99d90bf2c8d451b5edd43f6c3be318aa81c", kill_on_drop: false }`
[INFO] [stderr] warning: unnecessary trailing semicolon
[INFO] [stderr]    --> src/lib/retrieve/cache.rs:370:10
[INFO] [stderr]     |
[INFO] [stderr] 370 |         };
[INFO] [stderr]     |          ^ help: remove this semicolon
[INFO] [stderr]     |
[INFO] [stderr]     = note: `#[warn(redundant_semicolons)]` on by default
[INFO] [stderr] 
[INFO] [stderr] warning: elided lifetime has a name
[INFO] [stderr]   --> src/lib/util/graph.rs:48:43
[INFO] [stderr]    |
[INFO] [stderr] 45 |     pub fn sub_tree<'a>(
[INFO] [stderr]    |                     -- lifetime `'a` declared here
[INFO] [stderr] ...
[INFO] [stderr] 48 |     ) -> impl Iterator<Item = (NodeIndex, &T)> + 'a {
[INFO] [stderr]    |                                           ^ this elided lifetime gets resolved as `'a`
[INFO] [stderr]    |
[INFO] [stderr]    = note: `#[warn(elided_named_lifetimes)]` on by default
[INFO] [stderr] 
[INFO] [stderr] warning: elided lifetime has a name
[INFO] [stderr]   --> src/lib/util/graph.rs:58:43
[INFO] [stderr]    |
[INFO] [stderr] 55 |     pub fn children<'a>(
[INFO] [stderr]    |                     -- lifetime `'a` declared here
[INFO] [stderr] ...
[INFO] [stderr] 58 |     ) -> impl Iterator<Item = (NodeIndex, &T)> + 'a {
[INFO] [stderr]    |                                           ^ this elided lifetime gets resolved as `'a`
[INFO] [stderr] 
[INFO] [stderr] warning: elided lifetime has a name
[INFO] [stderr]   --> src/lib/util/graph.rs:68:43
[INFO] [stderr]    |
[INFO] [stderr] 65 |     pub fn parents<'a>(
[INFO] [stderr]    |                    -- lifetime `'a` declared here
[INFO] [stderr] ...
[INFO] [stderr] 68 |     ) -> impl Iterator<Item = (NodeIndex, &T)> + 'a {
[INFO] [stderr]    |                                           ^ this elided lifetime gets resolved as `'a`
[INFO] [stderr] 
[INFO] [stderr] warning: trait objects without an explicit `dyn` are deprecated
[INFO] [stderr]    --> src/lib/util/git.rs:372:14
[INFO] [stderr]     |
[INFO] [stderr] 372 |     cb: &mut FnMut(git2::FetchOptions) -> Res<T>,
[INFO] [stderr]     |              ^^^^^^^^^^^^^^^^^^^^^^^^^^^^^^^^^^^
[INFO] [stderr]     |
[INFO] [stderr]     = warning: this is accepted in the current edition (Rust 2018) but is a hard error in Rust 2021!
[INFO] [stderr]     = note: for more information, see <https://doc.rust-lang.org/nightly/edition-guide/rust-2021/warnings-promoted-to-error.html>
[INFO] [stderr]     = note: `#[warn(bare_trait_objects)]` on by default
[INFO] [stderr] help: if this is a dyn-compatible trait, use `dyn`
[INFO] [stderr]     |
[INFO] [stderr] 372 |     cb: &mut dyn FnMut(git2::FetchOptions) -> Res<T>,
[INFO] [stderr]     |              +++
[INFO] [stderr] 
[INFO] [stderr] warning: a method with this name may be added to the standard library in the future
[INFO] [stderr]   --> src/lib/util/lock.rs:75:23
[INFO] [stderr]    |
[INFO] [stderr] 75 |             let _ = f.unlock();
[INFO] [stderr]    |                       ^^^^^^
[INFO] [stderr]    |
[INFO] [stderr]    = warning: once this associated item is added to the standard library, the ambiguity may cause an error or change in behavior!
[INFO] [stderr]    = note: for more information, see issue #48919 <https://github.com/rust-lang/rust/issues/48919>
[INFO] [stderr]    = help: call with fully qualified syntax `unlock(...)` to keep using the current method
[INFO] [stderr]    = note: `#[warn(unstable_name_collisions)]` on by default
[INFO] [stderr] 
[INFO] [stderr] warning: field `lock` is never read
[INFO] [stderr]    --> src/lib/retrieve/cache.rs:613:5
[INFO] [stderr]     |
[INFO] [stderr] 612 | pub struct OutputLayout {
[INFO] [stderr]     |            ------------ field in this struct
[INFO] [stderr] 613 |     lock: DirLock,
[INFO] [stderr]     |     ^^^^
[INFO] [stderr]     |
[INFO] [stderr]     = note: `OutputLayout` has a derived impl for the trait `Debug`, but this is intentionally ignored during dead code analysis
[INFO] [stderr]     = note: `#[warn(dead_code)]` on by default
[INFO] [stderr] 
[INFO] [stderr] warning: non-local `impl` definition, `impl` blocks should be written at the same level as their item
[INFO] [stderr]   --> src/lib/util/errors.rs:11:45
[INFO] [stderr]    |
[INFO] [stderr] 11 | #[derive(Copy, Clone, Eq, PartialEq, Debug, Fail)]
[INFO] [stderr]    |                                             ^---
[INFO] [stderr]    |                                             |
[INFO] [stderr]    |                                             `Fail` is not local
[INFO] [stderr]    |                                             move the `impl` block outside of this constant `_DERIVE_failure_Fail_FOR_ErrorKind`
[INFO] [stderr] 12 | pub enum ErrorKind {
[INFO] [stderr]    |          --------- `ErrorKind` is not local
[INFO] [stderr]    |
[INFO] [stderr]    = note: the derive macro `Fail` defines the non-local `impl`, and may need to be changed
[INFO] [stderr]    = note: the derive macro `Fail` may come from an old version of the `failure_derive` crate, try updating your dependency with `cargo update -p failure_derive`
[INFO] [stderr]    = note: an `impl` is never scoped, even when it is nested inside an item, as it may impact type checking outside of that item, which can be the case if neither the trait or the self type are at the same nesting level as the `impl`
[INFO] [stderr]    = note: items in an anonymous const item (`const _: () = { ... }`) are treated as in the same scope as the anonymous const's declaration for the purpose of this lint
[INFO] [stderr]    = note: `#[warn(non_local_definitions)]` on by default
[INFO] [stderr]    = note: this warning originates in the derive macro `Fail` (in Nightly builds, run with -Z macro-backtrace for more info)
[INFO] [stderr] 
[INFO] [stderr] warning: non-local `impl` definition, `impl` blocks should be written at the same level as their item
[INFO] [stderr]   --> src/lib/util/errors.rs:11:45
[INFO] [stderr]    |
[INFO] [stderr] 11 | #[derive(Copy, Clone, Eq, PartialEq, Debug, Fail)]
[INFO] [stderr]    |                                             ^---
[INFO] [stderr]    |                                             |
[INFO] [stderr]    |                                             `Display` is not local
[INFO] [stderr]    |                                             move the `impl` block outside of this constant `_DERIVE_failure_core_fmt_Display_FOR_ErrorKind`
[INFO] [stderr] 12 | pub enum ErrorKind {
[INFO] [stderr]    |          --------- `ErrorKind` is not local
[INFO] [stderr]    |
[INFO] [stderr]    = note: the derive macro `Fail` defines the non-local `impl`, and may need to be changed
[INFO] [stderr]    = note: the derive macro `Fail` may come from an old version of the `failure_derive` crate, try updating your dependency with `cargo update -p failure_derive`
[INFO] [stderr]    = note: an `impl` is never scoped, even when it is nested inside an item, as it may impact type checking outside of that item, which can be the case if neither the trait or the self type are at the same nesting level as the `impl`
[INFO] [stderr]    = note: items in an anonymous const item (`const _: () = { ... }`) are treated as in the same scope as the anonymous const's declaration for the purpose of this lint
[INFO] [stderr]    = note: this warning originates in the derive macro `Fail` (in Nightly builds, run with -Z macro-backtrace for more info)
[INFO] [stderr] 
[INFO] [stderr] warning: `elba` (lib) generated 9 warnings (run `cargo fix --lib -p elba` to apply 1 suggestion)
[INFO] [stderr] warning: `elba` (lib test) generated 9 warnings (9 duplicates)
[INFO] [stderr]     Finished `test` profile [unoptimized + debuginfo] target(s) in 0.54s
[INFO] [stderr] warning: the following packages contain code that will be rejected by a future version of Rust: nom v4.2.3
[INFO] [stderr] note: to see what the problems were, use the option `--future-incompat-report`, or run `cargo report future-incompatibilities --id 1`
[INFO] [stderr]      Running unittests src/lib/lib.rs (/opt/rustwide/target/debug/deps/elba-965c4c9ed83427aa)
[INFO] [stdout] 
[INFO] [stdout] running 7 tests
[INFO] [stdout] test util::lock::test::dirlock_existing_err ... ok
[INFO] [stdout] test package::lockfile::tests::valid_lockfile ... ok
[INFO] [stdout] test package::manifest::tests::manifest_valid_no_targets ... ok
[INFO] [stdout] test package::manifest::tests::manifest_valid ... ok
[INFO] [stdout] test package::manifest::tests::manifest_invalid_target_path ... ok
[INFO] [stdout] test util::lock::test::dirlock_simple ... ok
[INFO] [stdout] test util::lock::test::dirlock_wrong_order ... ok
[INFO] [stdout] 
[INFO] [stdout] test result: ok. 7 passed; 0 failed; 0 ignored; 0 measured; 0 filtered out; finished in 0.00s
[INFO] [stdout] 
[INFO] [stderr]      Running unittests src/bin/main.rs (/opt/rustwide/target/debug/deps/elba-345f984fe2c764e9)
[INFO] [stdout] 
[INFO] [stdout] running 0 tests
[INFO] [stdout] 
[INFO] [stdout] test result: ok. 0 passed; 0 failed; 0 ignored; 0 measured; 0 filtered out; finished in 0.00s
[INFO] [stdout] 
[INFO] [stderr]      Running tests/testsuite/main.rs (/opt/rustwide/target/debug/deps/testsuite-0ae9cd39452570fd)
[INFO] [stdout] 
[INFO] [stdout] running 7 tests
[INFO] [stdout] test index::index_success ... ok
[INFO] [stdout] test resolver::resolve_conflict_simple_report ... ok
[INFO] [stdout] test resolver::resolve_conflict_res_simple ... ok
[INFO] [stdout] test resolver::resolve_no_conflict ... ok
[INFO] [stdout] test resolver::resolve_avoid_conflict ... ok
[INFO] [stdout] test resolver::resolve_conflict_complex_report ... ok
[INFO] [stdout] test resolver::resolve_conflict_res_partial ... FAILED
[INFO] [stdout] 
[INFO] [stdout] failures:
[INFO] [stdout] 
[INFO] [stdout] ---- resolver::resolve_conflict_res_partial stdout ----
[INFO] [stdout]       [warn] Couldn't add package conflict_res_partial/target@index+dir+/tmp/elba.MMnTMEk4Qid7 >=2.0.0 <3.0.0: package doesn't exist in index
[INFO] [stdout] thread 'resolver::resolve_conflict_res_partial' panicked at tests/testsuite/resolver.rs:89:5:
[INFO] [stdout] assertion failed: resolver.solve().is_ok()
[INFO] [stdout] stack backtrace:
[INFO] [stdout]    0:     0x632cd63a0daa - std::backtrace_rs::backtrace::libunwind::trace::h8810477743020387
[INFO] [stdout]                                at /rustc/202008a1b8de96d2e5b6bc02d379db03a877d34d/library/std/src/../../backtrace/src/backtrace/libunwind.rs:116:5
[INFO] [stdout]    1:     0x632cd63a0daa - std::backtrace_rs::backtrace::trace_unsynchronized::h3aa55355dd6c54a6
[INFO] [stdout]                                at /rustc/202008a1b8de96d2e5b6bc02d379db03a877d34d/library/std/src/../../backtrace/src/backtrace/mod.rs:66:5
[INFO] [stdout]    2:     0x632cd63a0daa - std::sys::backtrace::_print_fmt::h8588b0f62410823f
[INFO] [stdout]                                at /rustc/202008a1b8de96d2e5b6bc02d379db03a877d34d/library/std/src/sys/backtrace.rs:66:9
[INFO] [stdout]    3:     0x632cd63a0daa - <std::sys::backtrace::BacktraceLock::print::DisplayBacktrace as core::fmt::Display>::fmt::h98c26ac25ffe89bb
[INFO] [stdout]                                at /rustc/202008a1b8de96d2e5b6bc02d379db03a877d34d/library/std/src/sys/backtrace.rs:39:26
[INFO] [stdout]    4:     0x632cd63cd7e3 - core::fmt::rt::Argument::fmt::hf95377f4aebd453b
[INFO] [stdout]                                at /rustc/202008a1b8de96d2e5b6bc02d379db03a877d34d/library/core/src/fmt/rt.rs:177:76
[INFO] [stdout]    5:     0x632cd63cd7e3 - core::fmt::write::h0dd5f6e2238c7982
[INFO] [stdout]                                at /rustc/202008a1b8de96d2e5b6bc02d379db03a877d34d/library/core/src/fmt/mod.rs:1189:21
[INFO] [stdout]    6:     0x632cd639ce83 - std::io::Write::write_fmt::h03bb0ca26e6faf8c
[INFO] [stdout]                                at /rustc/202008a1b8de96d2e5b6bc02d379db03a877d34d/library/std/src/io/mod.rs:1884:15
[INFO] [stdout]    7:     0x632cd63a0bf2 - std::sys::backtrace::BacktraceLock::print::h5c19c1c038ee186d
[INFO] [stdout]                                at /rustc/202008a1b8de96d2e5b6bc02d379db03a877d34d/library/std/src/sys/backtrace.rs:42:9
[INFO] [stdout]    8:     0x632cd63a222d - std::panicking::default_hook::{{closure}}::h77172f079a1fcb13
[INFO] [stdout]                                at /rustc/202008a1b8de96d2e5b6bc02d379db03a877d34d/library/std/src/panicking.rs:268:22
[INFO] [stdout]    9:     0x632cd63a2037 - std::panicking::default_hook::he5f8e3b203ccddba
[INFO] [stdout]                                at /rustc/202008a1b8de96d2e5b6bc02d379db03a877d34d/library/std/src/panicking.rs:292:9
[INFO] [stdout]   10:     0x632cd58e9607 - <alloc::boxed::Box<F,A> as core::ops::function::Fn<Args>>::call::h7a3c7b4a1ae77f2f
[INFO] [stdout]                                at /rustc/202008a1b8de96d2e5b6bc02d379db03a877d34d/library/alloc/src/boxed.rs:1986:9
[INFO] [stdout]   11:     0x632cd58e9607 - test::test_main::{{closure}}::hf0d3b69ae9b353d1
[INFO] [stdout]                                at /rustc/202008a1b8de96d2e5b6bc02d379db03a877d34d/library/test/src/lib.rs:134:21
[INFO] [stdout]   12:     0x632cd63a28d8 - <alloc::boxed::Box<F,A> as core::ops::function::Fn<Args>>::call::h6332e82e7b189abd
[INFO] [stdout]                                at /rustc/202008a1b8de96d2e5b6bc02d379db03a877d34d/library/alloc/src/boxed.rs:1986:9
[INFO] [stdout]   13:     0x632cd63a28d8 - std::panicking::rust_panic_with_hook::h53863d4e9018df39
[INFO] [stdout]                                at /rustc/202008a1b8de96d2e5b6bc02d379db03a877d34d/library/std/src/panicking.rs:809:13
[INFO] [stdout]   14:     0x632cd63a2666 - std::panicking::begin_panic_handler::{{closure}}::h67280e6fa0757873
[INFO] [stdout]                                at /rustc/202008a1b8de96d2e5b6bc02d379db03a877d34d/library/std/src/panicking.rs:667:13
[INFO] [stdout]   15:     0x632cd63a1289 - std::sys::backtrace::__rust_end_short_backtrace::h1dac3f54d6fbbeb2
[INFO] [stdout]                                at /rustc/202008a1b8de96d2e5b6bc02d379db03a877d34d/library/std/src/sys/backtrace.rs:170:18
[INFO] [stdout]   16:     0x632cd63a232c - rust_begin_unwind
[INFO] [stdout]                                at /rustc/202008a1b8de96d2e5b6bc02d379db03a877d34d/library/std/src/panicking.rs:665:5
[INFO] [stdout]   17:     0x632cd58a8460 - core::panicking::panic_fmt::h6792bd1b2bf01041
[INFO] [stdout]                                at /rustc/202008a1b8de96d2e5b6bc02d379db03a877d34d/library/core/src/panicking.rs:76:14
[INFO] [stdout]   18:     0x632cd58a84ec - core::panicking::panic::hbb5c236a846c507c
[INFO] [stdout]                                at /rustc/202008a1b8de96d2e5b6bc02d379db03a877d34d/library/core/src/panicking.rs:148:5
[INFO] [stdout]   19:     0x632cd58af0f7 - testsuite::resolver::resolve_conflict_res_partial::h9805619419e7c561
[INFO] [stdout]                                at /opt/rustwide/workdir/tests/testsuite/resolver.rs:89:5
[INFO] [stdout]   20:     0x632cd58aec17 - testsuite::resolver::resolve_conflict_res_partial::{{closure}}::haf1af378780c3f86
[INFO] [stdout]                                at /opt/rustwide/workdir/tests/testsuite/resolver.rs:86:34
[INFO] [stdout]   21:     0x632cd58aa366 - core::ops::function::FnOnce::call_once::hdff4cde6fb258de9
[INFO] [stdout]                                at /rustc/202008a1b8de96d2e5b6bc02d379db03a877d34d/library/core/src/ops/function.rs:250:5
[INFO] [stdout]   22:     0x632cd58ee12b - core::ops::function::FnOnce::call_once::h871bf86719ec9aa4
[INFO] [stdout]                                at /rustc/202008a1b8de96d2e5b6bc02d379db03a877d34d/library/core/src/ops/function.rs:250:5
[INFO] [stdout]   23:     0x632cd58ee12b - test::__rust_begin_short_backtrace::h2167df1e2b7d76fd
[INFO] [stdout]                                at /rustc/202008a1b8de96d2e5b6bc02d379db03a877d34d/library/test/src/lib.rs:632:18
[INFO] [stdout]   24:     0x632cd58edb18 - test::run_test_in_process::{{closure}}::h15d92f75a3adfb79
[INFO] [stdout]                                at /rustc/202008a1b8de96d2e5b6bc02d379db03a877d34d/library/test/src/lib.rs:655:60
[INFO] [stdout]   25:     0x632cd58edb18 - <core::panic::unwind_safe::AssertUnwindSafe<F> as core::ops::function::FnOnce<()>>::call_once::hb6c8955835a8dbbb
[INFO] [stdout]                                at /rustc/202008a1b8de96d2e5b6bc02d379db03a877d34d/library/core/src/panic/unwind_safe.rs:272:9
[INFO] [stdout]   26:     0x632cd58edb18 - std::panicking::try::do_call::hc79d0fc888a0bd30
[INFO] [stdout]                                at /rustc/202008a1b8de96d2e5b6bc02d379db03a877d34d/library/std/src/panicking.rs:557:40
[INFO] [stdout]   27:     0x632cd58edb18 - std::panicking::try::hb8a7878e3a8589d6
[INFO] [stdout]                                at /rustc/202008a1b8de96d2e5b6bc02d379db03a877d34d/library/std/src/panicking.rs:520:19
[INFO] [stdout]   28:     0x632cd58edb18 - std::panic::catch_unwind::hb8e4600ff0ff5cfa
[INFO] [stdout]                                at /rustc/202008a1b8de96d2e5b6bc02d379db03a877d34d/library/std/src/panic.rs:358:14
[INFO] [stdout]   29:     0x632cd58edb18 - test::run_test_in_process::hc2900b0b18688dd6
[INFO] [stdout]                                at /rustc/202008a1b8de96d2e5b6bc02d379db03a877d34d/library/test/src/lib.rs:655:27
[INFO] [stdout]   30:     0x632cd58edb18 - test::run_test::{{closure}}::hac2a9cb07be3d48d
[INFO] [stdout]                                at /rustc/202008a1b8de96d2e5b6bc02d379db03a877d34d/library/test/src/lib.rs:576:43
[INFO] [stdout]   31:     0x632cd58b15ba - test::run_test::{{closure}}::h4a5b729e66a38cd8
[INFO] [stdout]                                at /rustc/202008a1b8de96d2e5b6bc02d379db03a877d34d/library/test/src/lib.rs:606:41
[INFO] [stdout]   32:     0x632cd58b15ba - std::sys::backtrace::__rust_begin_short_backtrace::h0496fb742492f573
[INFO] [stdout]                                at /rustc/202008a1b8de96d2e5b6bc02d379db03a877d34d/library/std/src/sys/backtrace.rs:154:18
[INFO] [stdout]   33:     0x632cd58b4f34 - std::thread::Builder::spawn_unchecked_::{{closure}}::{{closure}}::hbb6d257c550a54bd
[INFO] [stdout]                                at /rustc/202008a1b8de96d2e5b6bc02d379db03a877d34d/library/std/src/thread/mod.rs:561:17
[INFO] [stdout]   34:     0x632cd58b4f34 - <core::panic::unwind_safe::AssertUnwindSafe<F> as core::ops::function::FnOnce<()>>::call_once::h46696fe4a6832328
[INFO] [stdout]                                at /rustc/202008a1b8de96d2e5b6bc02d379db03a877d34d/library/core/src/panic/unwind_safe.rs:272:9
[INFO] [stdout]   35:     0x632cd58b4f34 - std::panicking::try::do_call::h2625a51b667bfb64
[INFO] [stdout]                                at /rustc/202008a1b8de96d2e5b6bc02d379db03a877d34d/library/std/src/panicking.rs:557:40
[INFO] [stdout]   36:     0x632cd58b4f34 - std::panicking::try::hb956a59a1973aa4c
[INFO] [stdout]                                at /rustc/202008a1b8de96d2e5b6bc02d379db03a877d34d/library/std/src/panicking.rs:520:19
[INFO] [stdout]   37:     0x632cd58b4f34 - std::panic::catch_unwind::h64f3b9d1067ef6a0
[INFO] [stdout]                                at /rustc/202008a1b8de96d2e5b6bc02d379db03a877d34d/library/std/src/panic.rs:358:14
[INFO] [stdout]   38:     0x632cd58b4f34 - std::thread::Builder::spawn_unchecked_::{{closure}}::h42b2841295b6c0b2
[INFO] [stdout]                                at /rustc/202008a1b8de96d2e5b6bc02d379db03a877d34d/library/std/src/thread/mod.rs:559:30
[INFO] [stdout]   39:     0x632cd58b4f34 - core::ops::function::FnOnce::call_once{{vtable.shim}}::h6127de71b8124639
[INFO] [stdout]                                at /rustc/202008a1b8de96d2e5b6bc02d379db03a877d34d/library/core/src/ops/function.rs:250:5
[INFO] [stdout]   40:     0x632cd63a896b - <alloc::boxed::Box<F,A> as core::ops::function::FnOnce<Args>>::call_once::h42f0ba71002a1b2c
[INFO] [stdout]                                at /rustc/202008a1b8de96d2e5b6bc02d379db03a877d34d/library/alloc/src/boxed.rs:1972:9
[INFO] [stdout]   41:     0x632cd63a896b - <alloc::boxed::Box<F,A> as core::ops::function::FnOnce<Args>>::call_once::had9e47d7a3dcecb8
[INFO] [stdout]                                at /rustc/202008a1b8de96d2e5b6bc02d379db03a877d34d/library/alloc/src/boxed.rs:1972:9
[INFO] [stdout]   42:     0x632cd63a896b - std::sys::pal::unix::thread::Thread::new::thread_start::h48cf765408f6f5f2
[INFO] [stdout]                                at /rustc/202008a1b8de96d2e5b6bc02d379db03a877d34d/library/std/src/sys/pal/unix/thread.rs:105:17
[INFO] [stdout]   43:     0x7cf4b58e1ac3 - <unknown>
[INFO] [stdout]   44:     0x7cf4b5972a04 - clone
[INFO] [stdout]   45:                0x0 - <unknown>
[INFO] [stdout] 
[INFO] [stdout] 
[INFO] [stdout] failures:
[INFO] [stdout]     resolver::resolve_conflict_res_partial
[INFO] [stdout] 
[INFO] [stdout] test result: FAILED. 6 passed; 1 failed; 0 ignored; 0 measured; 0 filtered out; finished in 0.27s
[INFO] [stdout] 
[INFO] [stderr] error: test failed, to rerun pass `--test testsuite`
[INFO] running `Command { std: "docker" "inspect" "20e99f7b48c31467994f49efd9f5f99d90bf2c8d451b5edd43f6c3be318aa81c", kill_on_drop: false }`
[INFO] running `Command { std: "docker" "rm" "-f" "20e99f7b48c31467994f49efd9f5f99d90bf2c8d451b5edd43f6c3be318aa81c", kill_on_drop: false }`
[INFO] [stdout] 20e99f7b48c31467994f49efd9f5f99d90bf2c8d451b5edd43f6c3be318aa81c
