[INFO] fetching crate egui_xml_macros 0.1.2...
[INFO] testing egui_xml_macros-0.1.2 against beta-2024-12-08 for beta-1.84.0-4-retry
[INFO] extracting crate egui_xml_macros 0.1.2 into /workspace/builds/worker-3-tc2/source
[INFO] validating manifest of crates.io crate egui_xml_macros 0.1.2 on toolchain beta-2024-12-08
[INFO] running `Command { std: CARGO_HOME="/workspace/cargo-home" RUSTUP_HOME="/workspace/rustup-home" "/workspace/cargo-home/bin/cargo" "+beta-2024-12-08" "metadata" "--manifest-path" "Cargo.toml" "--no-deps", kill_on_drop: false }`
[INFO] started tweaking crates.io crate egui_xml_macros 0.1.2
[INFO] finished tweaking crates.io crate egui_xml_macros 0.1.2
[INFO] tweaked toml for crates.io crate egui_xml_macros 0.1.2 written to /workspace/builds/worker-3-tc2/source/Cargo.toml
[INFO] running `Command { std: CARGO_HOME="/workspace/cargo-home" RUSTUP_HOME="/workspace/rustup-home" "/workspace/cargo-home/bin/cargo" "+beta-2024-12-08" "generate-lockfile" "--manifest-path" "Cargo.toml", kill_on_drop: false }`
[INFO] [stderr]     Updating crates.io index
[INFO] [stderr]     Blocking waiting for file lock on package cache
[INFO] [stderr]      Locking 14 packages to latest compatible versions
[INFO] running `Command { std: CARGO_HOME="/workspace/cargo-home" RUSTUP_HOME="/workspace/rustup-home" "/workspace/cargo-home/bin/cargo" "+beta-2024-12-08" "fetch" "--manifest-path" "Cargo.toml", kill_on_drop: false }`
[INFO] [stderr]     Blocking waiting for file lock on package cache
[INFO] running `Command { std: "docker" "create" "-v" "/var/lib/crater-agent-workspace/builds/worker-3-tc2/target:/opt/rustwide/target:rw,Z" "-v" "/var/lib/crater-agent-workspace/builds/worker-3-tc2/source:/opt/rustwide/workdir:ro,Z" "-v" "/var/lib/crater-agent-workspace/cargo-home:/opt/rustwide/cargo-home:ro,Z" "-v" "/var/lib/crater-agent-workspace/rustup-home:/opt/rustwide/rustup-home:ro,Z" "-e" "SOURCE_DIR=/opt/rustwide/workdir" "-e" "CARGO_TARGET_DIR=/opt/rustwide/target" "-e" "CARGO_HOME=/opt/rustwide/cargo-home" "-e" "RUSTUP_HOME=/opt/rustwide/rustup-home" "-w" "/opt/rustwide/workdir" "-m" "1610612736" "--user" "0:0" "--network" "none" "ghcr.io/rust-lang/crates-build-env/linux@sha256:f3a9d4ad9d972b27faf3965f35b62e55ba32bbce8f20bc8fe909558a86702fde" "/opt/rustwide/cargo-home/bin/cargo" "+beta-2024-12-08" "metadata" "--no-deps" "--format-version=1", kill_on_drop: false }`
[INFO] [stdout] 6f2489790ae0c153015f4a4e40f40b98c4bc1491003ca437dd802ea4d3158c47
[INFO] running `Command { std: "docker" "start" "-a" "6f2489790ae0c153015f4a4e40f40b98c4bc1491003ca437dd802ea4d3158c47", kill_on_drop: false }`
[INFO] running `Command { std: "docker" "inspect" "6f2489790ae0c153015f4a4e40f40b98c4bc1491003ca437dd802ea4d3158c47", kill_on_drop: false }`
[INFO] running `Command { std: "docker" "rm" "-f" "6f2489790ae0c153015f4a4e40f40b98c4bc1491003ca437dd802ea4d3158c47", kill_on_drop: false }`
[INFO] [stdout] 6f2489790ae0c153015f4a4e40f40b98c4bc1491003ca437dd802ea4d3158c47
[INFO] running `Command { std: "docker" "create" "-v" "/var/lib/crater-agent-workspace/builds/worker-3-tc2/target:/opt/rustwide/target:rw,Z" "-v" "/var/lib/crater-agent-workspace/builds/worker-3-tc2/source:/opt/rustwide/workdir:ro,Z" "-v" "/var/lib/crater-agent-workspace/cargo-home:/opt/rustwide/cargo-home:ro,Z" "-v" "/var/lib/crater-agent-workspace/rustup-home:/opt/rustwide/rustup-home:ro,Z" "-e" "SOURCE_DIR=/opt/rustwide/workdir" "-e" "CARGO_TARGET_DIR=/opt/rustwide/target" "-e" "CARGO_INCREMENTAL=0" "-e" "RUST_BACKTRACE=full" "-e" "RUSTFLAGS=--cap-lints=warn" "-e" "RUSTDOCFLAGS=--cap-lints=warn" "-e" "CARGO_HOME=/opt/rustwide/cargo-home" "-e" "RUSTUP_HOME=/opt/rustwide/rustup-home" "-w" "/opt/rustwide/workdir" "-m" "1610612736" "--user" "0:0" "--network" "none" "ghcr.io/rust-lang/crates-build-env/linux@sha256:f3a9d4ad9d972b27faf3965f35b62e55ba32bbce8f20bc8fe909558a86702fde" "/opt/rustwide/cargo-home/bin/cargo" "+beta-2024-12-08" "build" "--frozen" "--message-format=json", kill_on_drop: false }`
[INFO] [stdout] 9a521c159f47984767828e14c7d8cafc1baec2bc403562d49a412e7b60630f12
[INFO] running `Command { std: "docker" "start" "-a" "9a521c159f47984767828e14c7d8cafc1baec2bc403562d49a412e7b60630f12", kill_on_drop: false }`
[INFO] [stderr]    Compiling proc-macro2 v1.0.92
[INFO] [stderr]    Compiling syn v1.0.109
[INFO] [stderr]    Compiling rustversion v1.0.18
[INFO] [stderr]    Compiling memchr v2.7.4
[INFO] [stderr]    Compiling strum v0.26.3
[INFO] [stderr]    Compiling quick-xml v0.31.0
[INFO] [stderr]    Compiling quote v1.0.37
[INFO] [stderr]    Compiling syn v2.0.90
[INFO] [stderr]    Compiling egui_xml_parser v0.1.2
[INFO] [stderr]    Compiling strum_macros v0.26.4
[INFO] [stderr]    Compiling quote_into_macro v0.2.0
[INFO] [stderr]    Compiling quote_into v0.2.0
[INFO] [stderr]    Compiling egui_xml_macros v0.1.2 (/opt/rustwide/workdir)
[INFO] [stderr]     Finished `dev` profile [unoptimized + debuginfo] target(s) in 12.90s
[INFO] running `Command { std: "docker" "inspect" "9a521c159f47984767828e14c7d8cafc1baec2bc403562d49a412e7b60630f12", kill_on_drop: false }`
[INFO] running `Command { std: "docker" "rm" "-f" "9a521c159f47984767828e14c7d8cafc1baec2bc403562d49a412e7b60630f12", kill_on_drop: false }`
[INFO] [stdout] 9a521c159f47984767828e14c7d8cafc1baec2bc403562d49a412e7b60630f12
[INFO] running `Command { std: "docker" "create" "-v" "/var/lib/crater-agent-workspace/builds/worker-3-tc2/target:/opt/rustwide/target:rw,Z" "-v" "/var/lib/crater-agent-workspace/builds/worker-3-tc2/source:/opt/rustwide/workdir:ro,Z" "-v" "/var/lib/crater-agent-workspace/cargo-home:/opt/rustwide/cargo-home:ro,Z" "-v" "/var/lib/crater-agent-workspace/rustup-home:/opt/rustwide/rustup-home:ro,Z" "-e" "SOURCE_DIR=/opt/rustwide/workdir" "-e" "CARGO_TARGET_DIR=/opt/rustwide/target" "-e" "CARGO_INCREMENTAL=0" "-e" "RUST_BACKTRACE=full" "-e" "RUSTFLAGS=--cap-lints=warn" "-e" "RUSTDOCFLAGS=--cap-lints=warn" "-e" "CARGO_HOME=/opt/rustwide/cargo-home" "-e" "RUSTUP_HOME=/opt/rustwide/rustup-home" "-w" "/opt/rustwide/workdir" "-m" "1610612736" "--user" "0:0" "--network" "none" "ghcr.io/rust-lang/crates-build-env/linux@sha256:f3a9d4ad9d972b27faf3965f35b62e55ba32bbce8f20bc8fe909558a86702fde" "/opt/rustwide/cargo-home/bin/cargo" "+beta-2024-12-08" "test" "--frozen" "--no-run" "--message-format=json", kill_on_drop: false }`
[INFO] [stdout] 138ec7d0f725083c36afd17cd834b029234a4a958db9d8cc517711f25864f550
[INFO] running `Command { std: "docker" "start" "-a" "138ec7d0f725083c36afd17cd834b029234a4a958db9d8cc517711f25864f550", kill_on_drop: false }`
[INFO] [stderr]    Compiling egui_xml_macros v0.1.2 (/opt/rustwide/workdir)
[INFO] [stderr]     Finished `test` profile [unoptimized + debuginfo] target(s) in 0.93s
[INFO] running `Command { std: "docker" "inspect" "138ec7d0f725083c36afd17cd834b029234a4a958db9d8cc517711f25864f550", kill_on_drop: false }`
[INFO] running `Command { std: "docker" "rm" "-f" "138ec7d0f725083c36afd17cd834b029234a4a958db9d8cc517711f25864f550", kill_on_drop: false }`
[INFO] [stdout] 138ec7d0f725083c36afd17cd834b029234a4a958db9d8cc517711f25864f550
[INFO] running `Command { std: "docker" "create" "-v" "/var/lib/crater-agent-workspace/builds/worker-3-tc2/target:/opt/rustwide/target:rw,Z" "-v" "/var/lib/crater-agent-workspace/builds/worker-3-tc2/source:/opt/rustwide/workdir:ro,Z" "-v" "/var/lib/crater-agent-workspace/cargo-home:/opt/rustwide/cargo-home:ro,Z" "-v" "/var/lib/crater-agent-workspace/rustup-home:/opt/rustwide/rustup-home:ro,Z" "-e" "SOURCE_DIR=/opt/rustwide/workdir" "-e" "CARGO_TARGET_DIR=/opt/rustwide/target" "-e" "CARGO_INCREMENTAL=0" "-e" "RUST_BACKTRACE=full" "-e" "RUSTFLAGS=--cap-lints=warn" "-e" "RUSTDOCFLAGS=--cap-lints=warn" "-e" "CARGO_HOME=/opt/rustwide/cargo-home" "-e" "RUSTUP_HOME=/opt/rustwide/rustup-home" "-w" "/opt/rustwide/workdir" "-m" "1610612736" "--user" "0:0" "--network" "none" "ghcr.io/rust-lang/crates-build-env/linux@sha256:f3a9d4ad9d972b27faf3965f35b62e55ba32bbce8f20bc8fe909558a86702fde" "/opt/rustwide/cargo-home/bin/cargo" "+beta-2024-12-08" "test" "--frozen", kill_on_drop: false }`
[INFO] [stdout] c2539566e370c07f3551c8fad1c37c62b4c8f5d076fdd60cf4cc0f7e1f216e43
[INFO] running `Command { std: "docker" "start" "-a" "c2539566e370c07f3551c8fad1c37c62b4c8f5d076fdd60cf4cc0f7e1f216e43", kill_on_drop: false }`
[INFO] [stderr]     Finished `test` profile [unoptimized + debuginfo] target(s) in 0.03s
[INFO] [stderr]      Running unittests src/lib.rs (/opt/rustwide/target/debug/deps/egui_xml_macros-f3b7e8787539703d)
[INFO] [stdout] 
[INFO] [stdout] running 0 tests
[INFO] [stdout] 
[INFO] [stdout] test result: ok. 0 passed; 0 failed; 0 ignored; 0 measured; 0 filtered out; finished in 0.00s
[INFO] [stdout] 
[INFO] [stderr]    Doc-tests egui_xml_macros
[INFO] [stdout] 
[INFO] [stdout] running 3 tests
[INFO] [stdout] test src/lib.rs - load_layout (line 93) ... FAILED
[INFO] [stdout] test src/lib.rs - (line 7) ... FAILED
[INFO] [stdout] test src/lib.rs - load_layout_file (line 137) ... FAILED
[INFO] [stdout] 
[INFO] [stdout] failures:
[INFO] [stdout] 
[INFO] [stdout] ---- src/lib.rs - load_layout (line 93) stdout ----
[INFO] [stdout] error: cannot find macro `load_layout` in this scope
[INFO] [stdout]  --> src/lib.rs:94:1
[INFO] [stdout]   |
[INFO] [stdout] 3 | load_layout!(
[INFO] [stdout]   | ^^^^^^^^^^^
[INFO] [stdout]   |
[INFO] [stdout] help: consider importing this macro
[INFO] [stdout]   |
[INFO] [stdout] 2 + use egui_xml_macros::load_layout;
[INFO] [stdout]   |
[INFO] [stdout] 
[INFO] [stdout] error: aborting due to 1 previous error
[INFO] [stdout] 
[INFO] [stdout] Couldn't compile the test.
[INFO] [stdout] ---- src/lib.rs - (line 7) stdout ----
[INFO] [stdout] error[E0432]: unresolved import `eframe`
[INFO] [stdout]  --> src/lib.rs:8:5
[INFO] [stdout]   |
[INFO] [stdout] 3 | use eframe::egui;
[INFO] [stdout]   |     ^^^^^^ use of undeclared crate or module `eframe`
[INFO] [stdout] 
[INFO] [stdout] error[E0432]: unresolved import `egui_xml`
[INFO] [stdout]  --> src/lib.rs:10:5
[INFO] [stdout]   |
[INFO] [stdout] 5 | use egui_xml::load_layout;
[INFO] [stdout]   |     ^^^^^^^^ use of undeclared crate or module `egui_xml`
[INFO] [stdout] 
[INFO] [stdout] error[E0433]: failed to resolve: use of undeclared crate or module `eframe`
[INFO] [stdout]   --> src/lib.rs:19:6
[INFO] [stdout]    |
[INFO] [stdout] 14 | impl eframe::App for MyApp {
[INFO] [stdout]    |      ^^^^^^ use of undeclared crate or module `eframe`
[INFO] [stdout] 
[INFO] [stdout] error[E0433]: failed to resolve: use of undeclared crate or module `eframe`
[INFO] [stdout]   --> src/lib.rs:20:60
[INFO] [stdout]    |
[INFO] [stdout] 15 |     fn update(&mut self, ctx: &egui::Context, _frame: &mut eframe::Frame) {
[INFO] [stdout]    |                                                            ^^^^^^ use of undeclared crate or module `eframe`
[INFO] [stdout] 
[INFO] [stdout] error: aborting due to 4 previous errors
[INFO] [stdout] 
[INFO] [stdout] Some errors have detailed explanations: E0432, E0433.
[INFO] [stdout] For more information about an error, try `rustc --explain E0432`.
[INFO] [stdout] Couldn't compile the test.
[INFO] [stdout] ---- src/lib.rs - load_layout_file (line 137) stdout ----
[INFO] [stdout] error: cannot find macro `load_layout_file` in this scope
[INFO] [stdout]  --> src/lib.rs:138:1
[INFO] [stdout]   |
[INFO] [stdout] 3 | load_layout_file!("layout.xml");
[INFO] [stdout]   | ^^^^^^^^^^^^^^^^
[INFO] [stdout]   |
[INFO] [stdout] help: consider importing this macro
[INFO] [stdout]   |
[INFO] [stdout] 2 + use egui_xml_macros::load_layout_file;
[INFO] [stdout]   |
[INFO] [stdout] 
[INFO] [stdout] error: aborting due to 1 previous error
[INFO] [stdout] 
[INFO] [stdout] Couldn't compile the test.
[INFO] [stdout] 
[INFO] [stdout] failures:
[INFO] [stdout]     src/lib.rs - (line 7)
[INFO] [stdout]     src/lib.rs - load_layout (line 93)
[INFO] [stdout]     src/lib.rs - load_layout_file (line 137)
[INFO] [stdout] 
[INFO] [stdout] test result: FAILED. 0 passed; 3 failed; 0 ignored; 0 measured; 0 filtered out; finished in 0.19s
[INFO] [stdout] 
[INFO] [stderr] error: doctest failed, to rerun pass `--doc`
[INFO] running `Command { std: "docker" "inspect" "c2539566e370c07f3551c8fad1c37c62b4c8f5d076fdd60cf4cc0f7e1f216e43", kill_on_drop: false }`
[INFO] running `Command { std: "docker" "rm" "-f" "c2539566e370c07f3551c8fad1c37c62b4c8f5d076fdd60cf4cc0f7e1f216e43", kill_on_drop: false }`
[INFO] [stdout] c2539566e370c07f3551c8fad1c37c62b4c8f5d076fdd60cf4cc0f7e1f216e43
