[INFO] fetching crate egui 0.29.1...
[INFO] testing egui-0.29.1 against beta-2024-12-08 for beta-1.84.0-4-retry
[INFO] extracting crate egui 0.29.1 into /workspace/builds/worker-0-tc2/source
[INFO] validating manifest of crates.io crate egui 0.29.1 on toolchain beta-2024-12-08
[INFO] running `Command { std: CARGO_HOME="/workspace/cargo-home" RUSTUP_HOME="/workspace/rustup-home" "/workspace/cargo-home/bin/cargo" "+beta-2024-12-08" "metadata" "--manifest-path" "Cargo.toml" "--no-deps", kill_on_drop: false }`
[INFO] started tweaking crates.io crate egui 0.29.1
[INFO] finished tweaking crates.io crate egui 0.29.1
[INFO] tweaked toml for crates.io crate egui 0.29.1 written to /workspace/builds/worker-0-tc2/source/Cargo.toml
[INFO] running `Command { std: CARGO_HOME="/workspace/cargo-home" RUSTUP_HOME="/workspace/rustup-home" "/workspace/cargo-home/bin/cargo" "+beta-2024-12-08" "generate-lockfile" "--manifest-path" "Cargo.toml", kill_on_drop: false }`
[INFO] [stderr]     Updating crates.io index
[INFO] [stderr]      Locking 69 packages to latest compatible versions
[INFO] [stderr]       Adding accesskit v0.16.3 (available: v0.17.1)
[INFO] running `Command { std: CARGO_HOME="/workspace/cargo-home" RUSTUP_HOME="/workspace/rustup-home" "/workspace/cargo-home/bin/cargo" "+beta-2024-12-08" "fetch" "--manifest-path" "Cargo.toml", kill_on_drop: false }`
[INFO] running `Command { std: "docker" "create" "-v" "/var/lib/crater-agent-workspace/builds/worker-0-tc2/target:/opt/rustwide/target:rw,Z" "-v" "/var/lib/crater-agent-workspace/builds/worker-0-tc2/source:/opt/rustwide/workdir:ro,Z" "-v" "/var/lib/crater-agent-workspace/cargo-home:/opt/rustwide/cargo-home:ro,Z" "-v" "/var/lib/crater-agent-workspace/rustup-home:/opt/rustwide/rustup-home:ro,Z" "-e" "SOURCE_DIR=/opt/rustwide/workdir" "-e" "CARGO_TARGET_DIR=/opt/rustwide/target" "-e" "CARGO_HOME=/opt/rustwide/cargo-home" "-e" "RUSTUP_HOME=/opt/rustwide/rustup-home" "-w" "/opt/rustwide/workdir" "-m" "1610612736" "--user" "0:0" "--network" "none" "ghcr.io/rust-lang/crates-build-env/linux@sha256:f3a9d4ad9d972b27faf3965f35b62e55ba32bbce8f20bc8fe909558a86702fde" "/opt/rustwide/cargo-home/bin/cargo" "+beta-2024-12-08" "metadata" "--no-deps" "--format-version=1", kill_on_drop: false }`
[INFO] [stdout] 57cc67831249ef94fc6e62db2b5d4e16cfe265f1ebf42f3e5b3dd2c566f58449
[INFO] running `Command { std: "docker" "start" "-a" "57cc67831249ef94fc6e62db2b5d4e16cfe265f1ebf42f3e5b3dd2c566f58449", kill_on_drop: false }`
[INFO] running `Command { std: "docker" "inspect" "57cc67831249ef94fc6e62db2b5d4e16cfe265f1ebf42f3e5b3dd2c566f58449", kill_on_drop: false }`
[INFO] running `Command { std: "docker" "rm" "-f" "57cc67831249ef94fc6e62db2b5d4e16cfe265f1ebf42f3e5b3dd2c566f58449", kill_on_drop: false }`
[INFO] [stdout] 57cc67831249ef94fc6e62db2b5d4e16cfe265f1ebf42f3e5b3dd2c566f58449
[INFO] running `Command { std: "docker" "create" "-v" "/var/lib/crater-agent-workspace/builds/worker-0-tc2/target:/opt/rustwide/target:rw,Z" "-v" "/var/lib/crater-agent-workspace/builds/worker-0-tc2/source:/opt/rustwide/workdir:ro,Z" "-v" "/var/lib/crater-agent-workspace/cargo-home:/opt/rustwide/cargo-home:ro,Z" "-v" "/var/lib/crater-agent-workspace/rustup-home:/opt/rustwide/rustup-home:ro,Z" "-e" "SOURCE_DIR=/opt/rustwide/workdir" "-e" "CARGO_TARGET_DIR=/opt/rustwide/target" "-e" "CARGO_INCREMENTAL=0" "-e" "RUST_BACKTRACE=full" "-e" "RUSTFLAGS=--cap-lints=warn" "-e" "RUSTDOCFLAGS=--cap-lints=warn" "-e" "CARGO_HOME=/opt/rustwide/cargo-home" "-e" "RUSTUP_HOME=/opt/rustwide/rustup-home" "-w" "/opt/rustwide/workdir" "-m" "1610612736" "--user" "0:0" "--network" "none" "ghcr.io/rust-lang/crates-build-env/linux@sha256:f3a9d4ad9d972b27faf3965f35b62e55ba32bbce8f20bc8fe909558a86702fde" "/opt/rustwide/cargo-home/bin/cargo" "+beta-2024-12-08" "build" "--frozen" "--message-format=json", kill_on_drop: false }`
[INFO] [stdout] 557b1912ce51375e431c716b4c1c3e3c36a0ee53632a0a2043aad10ec341abb5
[INFO] running `Command { std: "docker" "start" "-a" "557b1912ce51375e431c716b4c1c3e3c36a0ee53632a0a2043aad10ec341abb5", kill_on_drop: false }`
[INFO] [stderr]    Compiling lock_api v0.4.12
[INFO] [stderr]    Compiling parking_lot_core v0.9.10
[INFO] [stderr]    Compiling scopeguard v1.2.0
[INFO] [stderr]    Compiling smallvec v1.13.2
[INFO] [stderr]    Compiling ttf-parser v0.25.1
[INFO] [stderr]    Compiling ahash v0.8.11
[INFO] [stderr]    Compiling zerocopy v0.7.35
[INFO] [stderr]    Compiling ab_glyph_rasterizer v0.1.8
[INFO] [stderr]    Compiling emath v0.29.1
[INFO] [stderr]    Compiling epaint_default_fonts v0.29.1
[INFO] [stderr]    Compiling nohash-hasher v0.2.0
[INFO] [stderr]    Compiling ecolor v0.29.1
[INFO] [stderr]    Compiling parking_lot v0.12.3
[INFO] [stderr]    Compiling owned_ttf_parser v0.25.0
[INFO] [stderr]    Compiling ab_glyph v0.2.29
[INFO] [stderr]    Compiling epaint v0.29.1
[INFO] [stderr]    Compiling egui v0.29.1 (/opt/rustwide/workdir)
[INFO] [stderr]     Finished `dev` profile [unoptimized + debuginfo] target(s) in 22.34s
[INFO] running `Command { std: "docker" "inspect" "557b1912ce51375e431c716b4c1c3e3c36a0ee53632a0a2043aad10ec341abb5", kill_on_drop: false }`
[INFO] running `Command { std: "docker" "rm" "-f" "557b1912ce51375e431c716b4c1c3e3c36a0ee53632a0a2043aad10ec341abb5", kill_on_drop: false }`
[INFO] [stdout] 557b1912ce51375e431c716b4c1c3e3c36a0ee53632a0a2043aad10ec341abb5
[INFO] running `Command { std: "docker" "create" "-v" "/var/lib/crater-agent-workspace/builds/worker-0-tc2/target:/opt/rustwide/target:rw,Z" "-v" "/var/lib/crater-agent-workspace/builds/worker-0-tc2/source:/opt/rustwide/workdir:ro,Z" "-v" "/var/lib/crater-agent-workspace/cargo-home:/opt/rustwide/cargo-home:ro,Z" "-v" "/var/lib/crater-agent-workspace/rustup-home:/opt/rustwide/rustup-home:ro,Z" "-e" "SOURCE_DIR=/opt/rustwide/workdir" "-e" "CARGO_TARGET_DIR=/opt/rustwide/target" "-e" "CARGO_INCREMENTAL=0" "-e" "RUST_BACKTRACE=full" "-e" "RUSTFLAGS=--cap-lints=warn" "-e" "RUSTDOCFLAGS=--cap-lints=warn" "-e" "CARGO_HOME=/opt/rustwide/cargo-home" "-e" "RUSTUP_HOME=/opt/rustwide/rustup-home" "-w" "/opt/rustwide/workdir" "-m" "1610612736" "--user" "0:0" "--network" "none" "ghcr.io/rust-lang/crates-build-env/linux@sha256:f3a9d4ad9d972b27faf3965f35b62e55ba32bbce8f20bc8fe909558a86702fde" "/opt/rustwide/cargo-home/bin/cargo" "+beta-2024-12-08" "test" "--frozen" "--no-run" "--message-format=json", kill_on_drop: false }`
[INFO] [stdout] e7025389218fffe06e4b80a35907ca4881140812d7f6cb1eea2ddc9c5ae72e9d
[INFO] running `Command { std: "docker" "start" "-a" "e7025389218fffe06e4b80a35907ca4881140812d7f6cb1eea2ddc9c5ae72e9d", kill_on_drop: false }`
[INFO] [stderr]    Compiling egui v0.29.1 (/opt/rustwide/workdir)
[INFO] [stderr]     Finished `test` profile [unoptimized + debuginfo] target(s) in 8.31s
[INFO] running `Command { std: "docker" "inspect" "e7025389218fffe06e4b80a35907ca4881140812d7f6cb1eea2ddc9c5ae72e9d", kill_on_drop: false }`
[INFO] running `Command { std: "docker" "rm" "-f" "e7025389218fffe06e4b80a35907ca4881140812d7f6cb1eea2ddc9c5ae72e9d", kill_on_drop: false }`
[INFO] [stdout] e7025389218fffe06e4b80a35907ca4881140812d7f6cb1eea2ddc9c5ae72e9d
[INFO] running `Command { std: "docker" "create" "-v" "/var/lib/crater-agent-workspace/builds/worker-0-tc2/target:/opt/rustwide/target:rw,Z" "-v" "/var/lib/crater-agent-workspace/builds/worker-0-tc2/source:/opt/rustwide/workdir:ro,Z" "-v" "/var/lib/crater-agent-workspace/cargo-home:/opt/rustwide/cargo-home:ro,Z" "-v" "/var/lib/crater-agent-workspace/rustup-home:/opt/rustwide/rustup-home:ro,Z" "-e" "SOURCE_DIR=/opt/rustwide/workdir" "-e" "CARGO_TARGET_DIR=/opt/rustwide/target" "-e" "CARGO_INCREMENTAL=0" "-e" "RUST_BACKTRACE=full" "-e" "RUSTFLAGS=--cap-lints=warn" "-e" "RUSTDOCFLAGS=--cap-lints=warn" "-e" "CARGO_HOME=/opt/rustwide/cargo-home" "-e" "RUSTUP_HOME=/opt/rustwide/rustup-home" "-w" "/opt/rustwide/workdir" "-m" "1610612736" "--user" "0:0" "--network" "none" "ghcr.io/rust-lang/crates-build-env/linux@sha256:f3a9d4ad9d972b27faf3965f35b62e55ba32bbce8f20bc8fe909558a86702fde" "/opt/rustwide/cargo-home/bin/cargo" "+beta-2024-12-08" "test" "--frozen", kill_on_drop: false }`
[INFO] [stdout] 83124710644ee86a6c65035529d915c6ab0812d368208c481101acfd42dabcc4
[INFO] running `Command { std: "docker" "start" "-a" "83124710644ee86a6c65035529d915c6ab0812d368208c481101acfd42dabcc4", kill_on_drop: false }`
[INFO] [stderr]     Finished `test` profile [unoptimized + debuginfo] target(s) in 0.07s
[INFO] [stdout] 
[INFO] [stdout] running 18 tests
[INFO] [stderr]      Running unittests src/lib.rs (/opt/rustwide/target/debug/deps/egui-c2bd2f2f3b8e2231)
[INFO] [stdout] test data::input::format_kb_shortcut ... ok
[INFO] [stdout] test data::key::test_key_from_name ... ok
[INFO] [stdout] test hit_test::tests::buttons_on_window ... ok
[INFO] [stdout] test hit_test::tests::thin_resize_handle_next_to_label ... ok
[INFO] [stdout] test memory::memory_impl_send_sync ... ok
[INFO] [stdout] test id::id_size ... ok
[INFO] [stdout] test ui::ui_impl_send_sync ... ok
[INFO] [stdout] test util::id_type_map::test_one_id_two_types ... ok
[INFO] [stdout] test util::id_type_map::test_two_id_two_type ... ok
[INFO] [stdout] test util::id_type_map::test_two_id_x_two_types ... ok
[INFO] [stdout] test widgets::drag_value::tests::test_default_parser ... ok
[INFO] [stdout] test context::context_impl_send_sync ... ok
[INFO] [stdout] test widgets::drag_value::tests::test_total_cmp_clamp_value_to_range ... ok
[INFO] [stdout] test style::style_impl_send_sync ... ok
[INFO] [stdout] test util::id_type_map::test_mix ... ok
[INFO] [stdout] test context::test::test_multi_pass ... ok
[INFO] [stdout] test context::test::test_single_pass ... ok
[INFO] [stdout] test context::test::test_dual_pass ... ok
[INFO] [stderr]      Running tests/accesskit.rs (/opt/rustwide/target/debug/deps/accesskit-3a3d3f0baed86928)
[INFO] [stdout] 
[INFO] [stdout] test result: ok. 18 passed; 0 failed; 0 ignored; 0 measured; 0 filtered out; finished in 0.08s
[INFO] [stdout] 
[INFO] [stdout] 
[INFO] [stdout] running 0 tests
[INFO] [stderr]    Doc-tests egui
[INFO] [stdout] 
[INFO] [stdout] test result: ok. 0 passed; 0 failed; 0 ignored; 0 measured; 0 filtered out; finished in 0.00s
[INFO] [stdout] 
[INFO] [stdout] 
[INFO] [stdout] running 170 tests
[INFO] [stdout] test src/containers/area.rs - containers::area::Area (line 91) ... ok
[INFO] [stdout] test src/containers/combo_box.rs - containers::combo_box::ComboBox (line 24) ... ok
[INFO] [stdout] test src/containers/collapsing_header.rs - containers::collapsing_header::CollapsingState::show_header (line 135) ... ok
[INFO] [stdout] test src/containers/combo_box.rs - containers::combo_box::ComboBox::icon (line 126) ... ok
[INFO] [stdout] test src/containers/collapsing_header.rs - containers::collapsing_header::CollapsingHeader::icon (line 469) ... ok
[INFO] [stdout] test src/containers/collapsing_header.rs - containers::collapsing_header::CollapsingState::show_toggle_button (line 237) ... ok
[INFO] [stdout] test src/containers/collapsing_header.rs - containers::collapsing_header::CollapsingHeader::show_background (line 454) ... ok
[INFO] [stdout] test src/containers/collapsing_header.rs - containers::collapsing_header::CollapsingHeader (line 357) ... ok
[INFO] [stdout] test src/containers/frame.rs - containers::frame::Frame (line 40) ... ok
[INFO] [stdout] test src/containers/combo_box.rs - containers::combo_box::ComboBox::show_index (line 242) ... ok
[INFO] [stdout] test src/containers/frame.rs - containers::frame::Frame (line 25) ... ok
[INFO] [stdout] test src/containers/frame.rs - containers::frame::Frame (line 11) ... ok
[INFO] [stdout] test src/containers/panel.rs - containers::panel::SidePanel (line 90) ... ok
[INFO] [stdout] test src/containers/panel.rs - containers::panel::TopBottomPanel (line 572) ... ok
[INFO] [stdout] test src/containers/panel.rs - containers::panel::CentralPanel (line 1059) ... ok
[INFO] [stdout] test src/containers/popup.rs - containers::popup::popup_above_or_below_widget (line 369) ... ok
[INFO] [stdout] test src/containers/popup.rs - containers::popup::show_tooltip (line 44) ... ok
[INFO] [stdout] test src/containers/popup.rs - containers::popup::show_tooltip_at_pointer (line 70) ... ok
[INFO] [stdout] test src/containers/scroll_area.rs - containers::scroll_area::ScrollArea (line 155) ... ok
[INFO] [stdout] test src/context.rs - context::Context (line 702) - compile ... ok
[INFO] [stdout] test src/containers/popup.rs - containers::popup::show_tooltip_text (line 297) ... ok
[INFO] [stdout] test src/context.rs - context::Context (line 686) ... ok
[INFO] [stdout] test src/containers/scroll_area.rs - containers::scroll_area::ScrollArea::show_rows (line 719) ... ok
[INFO] [stdout] test src/containers/window.rs - containers::window::Window (line 23) ... ok
[INFO] [stdout] test src/context.rs - context::Context::load_texture (line 2011) ... ok
[INFO] [stdout] test src/containers/sides.rs - containers::sides::Sides (line 26) ... ok
[INFO] [stdout] test src/context.rs - context::Context::debug_text (line 1362) ... ok
[INFO] [stdout] test src/context.rs - context::Context::copy_text (line 1421) ... ok
[INFO] [stdout] test src/context.rs - context::Context::input (line 888) ... ok
[INFO] [stdout] test src/context.rs - context::Context::all_styles_mut (line 1808) ... ok
[INFO] [stdout] test src/context.rs - context::Context::begin_pass (line 849) ... ok
[INFO] [stdout] test src/context.rs - context::Context::output (line 961) ... ok
[INFO] [stdout] test src/context.rs - context::Context::run (line 776) ... ok
[INFO] [stdout] test src/context.rs - context::Context::open_url (line 1407) ... ok
[INFO] [stdout] test src/context.rs - context::Context::set_visuals_of (line 1864) ... ok
[INFO] [stdout] test src/context.rs - context::Context::set_visuals (line 1877) ... ok
[INFO] [stdout] test src/context.rs - context::Context::set_theme (line 1767) ... ok
[INFO] [stdout] test src/context.rs - context::Context::set_cursor_icon (line 1396) ... ok
[INFO] [stdout] test src/context.rs - context::Context::style_mut (line 1784) ... ok
[INFO] [stdout] test src/context.rs - context::Context::style_mut_of (line 1832) ... ok
[INFO] [stdout] test src/data/input.rs - data::input::Modifiers::matches_exact (line 812) ... ok
[INFO] [stdout] test src/data/input.rs - data::input::Modifiers::matches_exact (line 803) ... ok
[INFO] [stdout] test src/data/input.rs - data::input::Modifiers::contains (line 875) ... ok
[INFO] [stdout] test src/data/input.rs - data::input::Modifiers::matches_logically (line 761) ... ok
[INFO] [stdout] test src/lib.rs - (line 121) - compile ... ok
[INFO] [stdout] test src/data/input.rs - data::input::Modifiers::matches_logically (line 770) ... ok
[INFO] [stdout] test src/data/input.rs - data::input::Modifiers::plus (line 692) ... ok
[INFO] [stdout] test src/data/output.rs - data::output::PlatformOutput::copied_text (line 100) ... ok
[INFO] [stdout] test src/debug_text.rs - debug_text::print (line 28) ... ok
[INFO] [stdout] test src/grid.rs - grid::Grid (line 284) ... ok
[INFO] [stdout] test src/lib.rs - (line 27) ... ok
[INFO] [stdout] test src/lib.rs - (line 184) ... ok
[INFO] [stdout] test src/lib.rs - (line 248) ... ok
[INFO] [stdout] test src/lib.rs - (line 280) ... ok
[INFO] [stdout] test src/layout.rs - layout::Layout (line 112) ... ok
[INFO] [stdout] test src/input_state/mod.rs - input_state::InputState::multi_touch (line 647) ... ok
[INFO] [stdout] test src/lib.rs - (line 208) ... ok
[INFO] [stdout] test src/lib.rs - (line 340) ... ok
[INFO] [stdout] test src/lib.rs - (line 267) ... ok
[INFO] [stdout] test src/lib.rs - (line 257) ... ok
[INFO] [stdout] test src/lib.rs - include_image (line 521) ... FAILED
[INFO] [stdout] test src/lib.rs - (line 330) ... ok
[INFO] [stdout] test src/lib.rs - (line 358) ... ok
[INFO] [stdout] test src/painter.rs - painter::Painter::image (line 442) ... FAILED
[INFO] [stdout] test src/lib.rs - (line 64) ... ok
[INFO] [stdout] test src/lib.rs - (line 50) ... ok
[INFO] [stdout] test src/lib.rs - (line 349) ... ok
[INFO] [stdout] test src/menu.rs - menu (line 4) ... ok
[INFO] [stdout] test src/response.rs - response::Response (line 1191) ... ok
[INFO] [stdout] test src/lib.rs - github_link_file_line (line 546) ... ok
[INFO] [stdout] test src/lib.rs - github_link_file (line 561) ... ok
[INFO] [stdout] test src/response.rs - response::Response (line 1211) ... ok
[INFO] [stdout] test src/memory/mod.rs - memory::Memory::caches (line 56) ... ok
[INFO] [stdout] test src/response.rs - response::InnerResponse (line 1231) ... ok
[INFO] [stdout] test src/response.rs - response::Response::context_menu (line 1091) ... ok
[INFO] [stdout] test src/response.rs - response::Response::interact (line 871) ... ok
[INFO] [stdout] test src/response.rs - response::Response::lost_focus (line 295) ... ok
[INFO] [stdout] test src/response.rs - response::Response::labelled_by (line 1065) ... ok
[INFO] [stdout] test src/style.rs - style::TextStyle::Name (line 89) ... ok
[INFO] [stdout] test src/response.rs - response::Response::scroll_to_me (line 910) ... ok
[INFO] [stdout] test src/style.rs - style::Style::text_styles (line 211) ... ok
[INFO] [stdout] test src/response.rs - response::Response::on_hover_ui (line 546) ... ok
[INFO] [stdout] test src/ui.rs - ui::Ui (line 39) ... ok
[INFO] [stdout] test src/ui.rs - ui::Ui::add_enabled_ui (line 1660) ... ok
[INFO] [stdout] test src/ui.rs - ui::Ui::add (line 1578) ... ok
[INFO] [stdout] test src/ui.rs - ui::Ui::add_enabled (line 1634) ... ok
[INFO] [stdout] test src/ui.rs - ui::Ui::add_sized (line 1597) ... ok
[INFO] [stdout] test src/ui.rs - ui::Ui::add_visible (line 1693) ... ok
[INFO] [stdout] test src/ui.rs - ui::Ui::add_visible_ui (line 1726) ... ok
[INFO] [stdout] test src/ui.rs - ui::Ui::allocate_painter (line 1419) ... ok
[INFO] [stdout] test src/ui.rs - ui::Ui::allocate_response (line 1165) ... ok
[INFO] [stdout] test src/ui.rs - ui::Ui::allocate_space (line 1215) ... ok
[INFO] [stdout] test src/ui.rs - ui::Ui::button (line 1913) ... ok
[INFO] [stdout] test src/ui.rs - ui::Ui::image (line 2093) ... FAILED
[INFO] [stdout] test src/ui.rs - ui::Ui::disable (line 489) ... ok
[INFO] [stdout] test src/ui.rs - ui::Ui::group (line 2209) ... ok
[INFO] [stdout] test src/ui.rs - ui::Ui::columns (line 2622) ... ok
[INFO] [stdout] test src/ui.rs - ui::Ui::hyperlink (line 1854) ... ok
[INFO] [stdout] test src/ui.rs - ui::Ui::menu_image_button (line 2922) ... ignored
[INFO] [stdout] test src/ui.rs - ui::Ui::columns_const (line 2689) ... ok
[INFO] [stdout] test src/ui.rs - ui::Ui::menu_image_text_button (line 2955) ... FAILED
[INFO] [stdout] test src/ui.rs - ui::Ui::horizontal (line 2409) ... ok
[INFO] [stdout] test src/ui.rs - ui::Ui::hyperlink_to (line 1867) ... ok
[INFO] [stdout] test src/ui.rs - ui::Ui::input (line 754) ... ok
[INFO] [stdout] test src/ui.rs - ui::Ui::menu_button (line 2893) ... ok
[INFO] [stdout] test src/ui.rs - ui::Ui::link (line 1836) ... ok
[INFO] [stdout] test src/ui.rs - ui::Ui::label (line 1766) ... ok
[INFO] [stdout] test src/ui.rs - ui::Ui::output (line 800) ... ok
[INFO] [stdout] test src/ui.rs - ui::Ui::output_mut (line 813) ... ok
[INFO] [stdout] test src/ui.rs - ui::Ui::push_id (line 2224) ... ok
[INFO] [stdout] test src/ui.rs - ui::Ui::radio_value (line 1974) ... ok
[INFO] [stdout] test src/ui.rs - ui::Ui::scope (line 2262) ... ok
[INFO] [stdout] test src/ui.rs - ui::Ui::scroll_with_delta (line 1541) ... ok
[INFO] [stdout] test src/ui.rs - ui::Ui::scroll_to_cursor (line 1492) ... ok
[INFO] [stdout] test src/ui.rs - ui::Ui::scroll_to_rect (line 1453) ... ok
[INFO] [stdout] test src/ui.rs - ui::Ui::set_enabled (line 519) ... ok
[INFO] [stdout] test src/ui.rs - ui::Ui::set_invisible (line 557) ... ok
[INFO] [stdout] test src/ui.rs - ui::Ui::set_opacity (line 610) ... ok
[INFO] [stdout] test src/ui.rs - ui::Ui::set_visible (line 584) ... ok
[INFO] [stdout] test src/ui.rs - ui::Ui::spacing_mut (line 425) ... ok
[INFO] [stdout] test src/ui.rs - ui::Ui::style_mut (line 393) ... ok
[INFO] [stdout] test src/ui.rs - ui::Ui::vertical (line 2499) ... ok
[INFO] [stdout] test src/viewport.rs - viewport (line 50) - compile ... ok
[INFO] [stdout] test src/ui.rs - ui::Ui::vertical_centered_justified (line 2542) ... ok
[INFO] [stdout] test src/ui.rs - ui::Ui::vertical_centered (line 2520) ... ok
[INFO] [stdout] test src/ui.rs - ui::Ui::visuals_mut (line 447) ... ok
[INFO] [stdout] test src/ui.rs - ui::Ui::with_layer_id (line 2300) ... ok
[INFO] [stdout] test src/util/id_type_map.rs - util::id_type_map::IdTypeMap (line 323) ... ok
[INFO] [stdout] test src/util/cache.rs - util::cache::CacheStorage (line 104) ... ok
[INFO] [stdout] test src/widget_text.rs - widget_text::RichText (line 16) ... ok
[INFO] [stdout] test src/ui.rs - ui::Ui::with_layout (line 2562) ... ok
[INFO] [stdout] test src/widget_text.rs - widget_text::RichText::append_to (line 280) ... ok
[INFO] [stdout] test src/widgets/checkbox.rs - widgets::checkbox::Checkbox (line 11) ... ok
[INFO] [stdout] test src/widgets/button.rs - widgets::button::Button (line 10) ... ok
[INFO] [stdout] test src/widgets/drag_value.rs - widgets::drag_value::DragValue (line 31) ... ok
[INFO] [stdout] test src/widgets/drag_value.rs - widgets::drag_value::DragValue<'a>::clamp_existing_to_range (line 128) ... ok
[INFO] [stdout] test src/widgets/drag_value.rs - widgets::drag_value::DragValue<'a>::binary (line 318) ... ok
[INFO] [stdout] test src/widgets/drag_value.rs - widgets::drag_value::DragValue<'a>::clamp_existing_to_range (line 119) ... ok
[INFO] [stdout] test src/widgets/image.rs - widgets::image::Image (line 25) ... FAILED
[INFO] [stdout] test src/widgets/drag_value.rs - widgets::drag_value::DragValue<'a>::clamp_existing_to_range (line 137) ... ok
[INFO] [stdout] test src/widgets/image.rs - widgets::image::Image (line 35) ... FAILED
[INFO] [stdout] test src/widgets/image.rs - widgets::image::Image<'a>::paint_at (line 338) ... FAILED
[INFO] [stdout] test src/widgets/drag_value.rs - widgets::drag_value::DragValue<'a>::custom_parser (line 270) ... ok
[INFO] [stdout] test src/widgets/drag_value.rs - widgets::drag_value::DragValue<'a>::hexadecimal (line 388) ... ok
[INFO] [stdout] test src/widgets/drag_value.rs - widgets::drag_value::DragValue<'a>::custom_formatter (line 226) ... ok
[INFO] [stdout] test src/widgets/mod.rs - widgets::F (line 77) ... ok
[INFO] [stdout] test src/widgets/hyperlink.rs - widgets::hyperlink::Hyperlink (line 80) ... ok
[INFO] [stdout] test src/widgets/hyperlink.rs - widgets::hyperlink::Link (line 14) ... ok
[INFO] [stdout] test src/widgets/drag_value.rs - widgets::drag_value::DragValue<'a>::octal (line 353) ... ok
[INFO] [stdout] test src/widgets/label.rs - widgets::label::Label::sense (line 106) ... ok
[INFO] [stdout] test src/widgets/label.rs - widgets::label::Label (line 14) ... ok
[INFO] [stdout] test src/widgets/selected_label.rs - widgets::selected_label::SelectableLabel (line 9) ... ok
[INFO] [stdout] test src/widgets/separator.rs - widgets::separator::Separator (line 7) ... ok
[INFO] [stdout] test src/widgets/slider.rs - widgets::slider::Slider (line 89) ... ok
[INFO] [stdout] test src/widgets/radio_button.rs - widgets::radio_button::RadioButton (line 10) ... ok
[INFO] [stdout] test src/widgets/slider.rs - widgets::slider::Slider<'a>::binary (line 499) ... ok
[INFO] [stdout] test src/widgets/slider.rs - widgets::slider::Slider<'a>::clamping (line 253) ... ok
[INFO] [stdout] test src/widgets/slider.rs - widgets::slider::Slider<'a>::clamping (line 262) ... ok
[INFO] [stdout] test src/widgets/slider.rs - widgets::slider::Slider<'a>::clamping (line 277) ... ok
[INFO] [stdout] test src/widgets/text_edit/builder.rs - widgets::text_edit::builder::TextEdit (line 52) ... ok
[INFO] [stdout] test src/widgets/slider.rs - widgets::slider::Slider<'a>::custom_formatter (line 409) ... ok
[INFO] [stdout] test src/widgets/slider.rs - widgets::slider::Slider<'a>::hexadecimal (line 569) ... ok
[INFO] [stdout] test src/widgets/slider.rs - widgets::slider::Slider<'a>::custom_parser (line 452) ... ok
[INFO] [stdout] test src/widgets/text_edit/builder.rs - widgets::text_edit::builder::TextEdit (line 41) ... ok
[INFO] [stdout] test src/widgets/slider.rs - widgets::slider::Slider<'a>::octal (line 534) ... ok
[INFO] [stdout] test src/widgets/text_edit/builder.rs - widgets::text_edit::builder::TextEdit (line 26) ... ok
[INFO] [stdout] test src/widgets/text_edit/builder.rs - widgets::text_edit::builder::TextEdit<'t>::layouter (line 248) ... ok
[INFO] [stdout] test src/widgets/text_edit/builder.rs - widgets::text_edit::builder::TextEdit<'t>::show (line 395) ... ok
[INFO] [stdout] test src/widgets/text_edit/builder.rs - widgets::text_edit::builder::TextEdit<'t>::hint_text (line 180) ... ok
[INFO] [stdout] test src/widgets/text_edit/state.rs - widgets::text_edit::state::TextEditState (line 15) ... ok
[INFO] [stdout] 
[INFO] [stdout] failures:
[INFO] [stdout] 
[INFO] [stdout] ---- src/lib.rs - include_image (line 521) stdout ----
[INFO] [stdout] error: couldn't read `src/../assets/ferris.png`: No such file or directory (os error 2)
[INFO] [stdout]  --> src/lib.rs:524:10
[INFO] [stdout]   |
[INFO] [stdout] 6 | ui.image(egui::include_image!("../assets/ferris.png"));
[INFO] [stdout]   |          ^^^^^^^^^^^^^^^^^^^^^^^^^^^^^^^^^^^^^^^^^^^^
[INFO] [stdout]   |
[INFO] [stdout]   = note: this error originates in the macro `include_bytes` which comes from the expansion of the macro `egui::include_image` (in Nightly builds, run with -Z macro-backtrace for more info)
[INFO] [stdout] 
[INFO] [stdout] error: couldn't read `src/../assets/ferris.png`: No such file or directory (os error 2)
[INFO] [stdout]  --> src/lib.rs:526:22
[INFO] [stdout]   |
[INFO] [stdout] 8 |     egui::Image::new(egui::include_image!("../assets/ferris.png"))
[INFO] [stdout]   |                      ^^^^^^^^^^^^^^^^^^^^^^^^^^^^^^^^^^^^^^^^^^^^
[INFO] [stdout]   |
[INFO] [stdout]   = note: this error originates in the macro `include_bytes` which comes from the expansion of the macro `egui::include_image` (in Nightly builds, run with -Z macro-backtrace for more info)
[INFO] [stdout] 
[INFO] [stdout] error: couldn't read `src/../assets/ferris.png`: No such file or directory (os error 2)
[INFO] [stdout]   --> src/lib.rs:531:39
[INFO] [stdout]    |
[INFO] [stdout] 13 | let image_source: egui::ImageSource = egui::include_image!("../assets/ferris.png");
[INFO] [stdout]    |                                       ^^^^^^^^^^^^^^^^^^^^^^^^^^^^^^^^^^^^^^^^^^^^
[INFO] [stdout]    |
[INFO] [stdout]    = note: this error originates in the macro `include_bytes` which comes from the expansion of the macro `egui::include_image` (in Nightly builds, run with -Z macro-backtrace for more info)
[INFO] [stdout] 
[INFO] [stdout] error: aborting due to 3 previous errors
[INFO] [stdout] 
[INFO] [stdout] Couldn't compile the test.
[INFO] [stdout] ---- src/painter.rs - painter::Painter::image (line 442) stdout ----
[INFO] [stdout] error: couldn't read `src/../assets/ferris.png`: No such file or directory (os error 2)
[INFO] [stdout]  --> src/painter.rs:446:18
[INFO] [stdout]   |
[INFO] [stdout] 7 | egui::Image::new(egui::include_image!("../assets/ferris.png"))
[INFO] [stdout]   |                  ^^^^^^^^^^^^^^^^^^^^^^^^^^^^^^^^^^^^^^^^^^^^
[INFO] [stdout]   |
[INFO] [stdout]   = note: this error originates in the macro `include_bytes` which comes from the expansion of the macro `egui::include_image` (in Nightly builds, run with -Z macro-backtrace for more info)
[INFO] [stdout] 
[INFO] [stdout] error: aborting due to 1 previous error
[INFO] [stdout] 
[INFO] [stdout] Couldn't compile the test.
[INFO] [stdout] ---- src/ui.rs - ui::Ui::image (line 2093) stdout ----
[INFO] [stdout] error: couldn't read `src/../assets/ferris.png`: No such file or directory (os error 2)
[INFO] [stdout]  --> src/ui.rs:2098:10
[INFO] [stdout]   |
[INFO] [stdout] 8 | ui.image(egui::include_image!("../assets/ferris.png"));
[INFO] [stdout]   |          ^^^^^^^^^^^^^^^^^^^^^^^^^^^^^^^^^^^^^^^^^^^^
[INFO] [stdout]   |
[INFO] [stdout]   = note: this error originates in the macro `include_bytes` which comes from the expansion of the macro `egui::include_image` (in Nightly builds, run with -Z macro-backtrace for more info)
[INFO] [stdout] 
[INFO] [stdout] error: couldn't read `src/../assets/ferris.png`: No such file or directory (os error 2)
[INFO] [stdout]   --> src/ui.rs:2100:22
[INFO] [stdout]    |
[INFO] [stdout] 10 |     egui::Image::new(egui::include_image!("../assets/ferris.png"))
[INFO] [stdout]    |                      ^^^^^^^^^^^^^^^^^^^^^^^^^^^^^^^^^^^^^^^^^^^^
[INFO] [stdout]    |
[INFO] [stdout]    = note: this error originates in the macro `include_bytes` which comes from the expansion of the macro `egui::include_image` (in Nightly builds, run with -Z macro-backtrace for more info)
[INFO] [stdout] 
[INFO] [stdout] error: aborting due to 2 previous errors
[INFO] [stdout] 
[INFO] [stdout] Couldn't compile the test.
[INFO] [stdout] ---- src/ui.rs - ui::Ui::menu_image_text_button (line 2955) stdout ----
[INFO] [stdout] error: couldn't read `src/../assets/ferris.png`: No such file or directory (os error 2)
[INFO] [stdout]  --> src/ui.rs:2958:11
[INFO] [stdout]   |
[INFO] [stdout] 6 | let img = egui::include_image!("../assets/ferris.png");
[INFO] [stdout]   |           ^^^^^^^^^^^^^^^^^^^^^^^^^^^^^^^^^^^^^^^^^^^^
[INFO] [stdout]   |
[INFO] [stdout]   = note: this error originates in the macro `include_bytes` which comes from the expansion of the macro `egui::include_image` (in Nightly builds, run with -Z macro-backtrace for more info)
[INFO] [stdout] 
[INFO] [stdout] error: aborting due to 1 previous error
[INFO] [stdout] 
[INFO] [stdout] Couldn't compile the test.
[INFO] [stdout] ---- src/widgets/image.rs - widgets::image::Image (line 25) stdout ----
[INFO] [stdout] error: couldn't read `src/widgets/../../assets/ferris.png`: No such file or directory (os error 2)
[INFO] [stdout]  --> src/widgets/image.rs:29:22
[INFO] [stdout]   |
[INFO] [stdout] 7 |     egui::Image::new(egui::include_image!("../../assets/ferris.png"))
[INFO] [stdout]   |                      ^^^^^^^^^^^^^^^^^^^^^^^^^^^^^^^^^^^^^^^^^^^^^^^
[INFO] [stdout]   |
[INFO] [stdout]   = note: this error originates in the macro `include_bytes` which comes from the expansion of the macro `egui::include_image` (in Nightly builds, run with -Z macro-backtrace for more info)
[INFO] [stdout] 
[INFO] [stdout] error: aborting due to 1 previous error
[INFO] [stdout] 
[INFO] [stdout] Couldn't compile the test.
[INFO] [stdout] ---- src/widgets/image.rs - widgets::image::Image (line 35) stdout ----
[INFO] [stdout] error: couldn't read `src/widgets/../../assets/ferris.png`: No such file or directory (os error 2)
[INFO] [stdout]  --> src/widgets/image.rs:39:18
[INFO] [stdout]   |
[INFO] [stdout] 7 | egui::Image::new(egui::include_image!("../../assets/ferris.png"))
[INFO] [stdout]   |                  ^^^^^^^^^^^^^^^^^^^^^^^^^^^^^^^^^^^^^^^^^^^^^^^
[INFO] [stdout]   |
[INFO] [stdout]   = note: this error originates in the macro `include_bytes` which comes from the expansion of the macro `egui::include_image` (in Nightly builds, run with -Z macro-backtrace for more info)
[INFO] [stdout] 
[INFO] [stdout] error: aborting due to 1 previous error
[INFO] [stdout] 
[INFO] [stdout] Couldn't compile the test.
[INFO] [stdout] ---- src/widgets/image.rs - widgets::image::Image<'a>::paint_at (line 338) stdout ----
[INFO] [stdout] error: couldn't read `src/widgets/../../assets/ferris.png`: No such file or directory (os error 2)
[INFO] [stdout]  --> src/widgets/image.rs:342:18
[INFO] [stdout]   |
[INFO] [stdout] 7 | egui::Image::new(egui::include_image!("../../assets/ferris.png"))
[INFO] [stdout]   |                  ^^^^^^^^^^^^^^^^^^^^^^^^^^^^^^^^^^^^^^^^^^^^^^^
[INFO] [stdout]   |
[INFO] [stdout]   = note: this error originates in the macro `include_bytes` which comes from the expansion of the macro `egui::include_image` (in Nightly builds, run with -Z macro-backtrace for more info)
[INFO] [stdout] 
[INFO] [stdout] error: aborting due to 1 previous error
[INFO] [stdout] 
[INFO] [stdout] Couldn't compile the test.
[INFO] [stdout] 
[INFO] [stdout] failures:
[INFO] [stdout]     src/lib.rs - include_image (line 521)
[INFO] [stdout]     src/painter.rs - painter::Painter::image (line 442)
[INFO] [stdout]     src/ui.rs - ui::Ui::image (line 2093)
[INFO] [stdout]     src/ui.rs - ui::Ui::menu_image_text_button (line 2955)
[INFO] [stdout]     src/widgets/image.rs - widgets::image::Image (line 25)
[INFO] [stdout]     src/widgets/image.rs - widgets::image::Image (line 35)
[INFO] [stdout]     src/widgets/image.rs - widgets::image::Image<'a>::paint_at (line 338)
[INFO] [stdout] 
[INFO] [stdout] test result: FAILED. 162 passed; 7 failed; 1 ignored; 0 measured; 0 filtered out; finished in 171.75s
[INFO] [stdout] 
[INFO] [stderr] error: doctest failed, to rerun pass `--doc`
[INFO] running `Command { std: "docker" "inspect" "83124710644ee86a6c65035529d915c6ab0812d368208c481101acfd42dabcc4", kill_on_drop: false }`
[INFO] running `Command { std: "docker" "rm" "-f" "83124710644ee86a6c65035529d915c6ab0812d368208c481101acfd42dabcc4", kill_on_drop: false }`
[INFO] [stdout] 83124710644ee86a6c65035529d915c6ab0812d368208c481101acfd42dabcc4
