[INFO] fetching crate edid-rs 0.1.0...
[INFO] testing edid-rs-0.1.0 against beta-2024-12-08 for beta-1.84.0-4-retry
[INFO] extracting crate edid-rs 0.1.0 into /workspace/builds/worker-6-tc2/source
[INFO] validating manifest of crates.io crate edid-rs 0.1.0 on toolchain beta-2024-12-08
[INFO] running `Command { std: CARGO_HOME="/workspace/cargo-home" RUSTUP_HOME="/workspace/rustup-home" "/workspace/cargo-home/bin/cargo" "+beta-2024-12-08" "metadata" "--manifest-path" "Cargo.toml" "--no-deps", kill_on_drop: false }`
[INFO] started tweaking crates.io crate edid-rs 0.1.0
[INFO] finished tweaking crates.io crate edid-rs 0.1.0
[INFO] tweaked toml for crates.io crate edid-rs 0.1.0 written to /workspace/builds/worker-6-tc2/source/Cargo.toml
[INFO] crate crates.io crate edid-rs 0.1.0 already has a lockfile, it will not be regenerated
[INFO] running `Command { std: CARGO_HOME="/workspace/cargo-home" RUSTUP_HOME="/workspace/rustup-home" "/workspace/cargo-home/bin/cargo" "+beta-2024-12-08" "fetch" "--manifest-path" "Cargo.toml", kill_on_drop: false }`
[INFO] running `Command { std: "docker" "create" "-v" "/var/lib/crater-agent-workspace/builds/worker-6-tc2/target:/opt/rustwide/target:rw,Z" "-v" "/var/lib/crater-agent-workspace/builds/worker-6-tc2/source:/opt/rustwide/workdir:ro,Z" "-v" "/var/lib/crater-agent-workspace/cargo-home:/opt/rustwide/cargo-home:ro,Z" "-v" "/var/lib/crater-agent-workspace/rustup-home:/opt/rustwide/rustup-home:ro,Z" "-e" "SOURCE_DIR=/opt/rustwide/workdir" "-e" "CARGO_TARGET_DIR=/opt/rustwide/target" "-e" "CARGO_HOME=/opt/rustwide/cargo-home" "-e" "RUSTUP_HOME=/opt/rustwide/rustup-home" "-w" "/opt/rustwide/workdir" "-m" "1610612736" "--user" "0:0" "--network" "none" "ghcr.io/rust-lang/crates-build-env/linux@sha256:f3a9d4ad9d972b27faf3965f35b62e55ba32bbce8f20bc8fe909558a86702fde" "/opt/rustwide/cargo-home/bin/cargo" "+beta-2024-12-08" "metadata" "--no-deps" "--format-version=1", kill_on_drop: false }`
[INFO] [stdout] 22f2771405b1242c1efc28d01ced5c1d90aa5f7e5d0171a886598b0d145bba0b
[INFO] running `Command { std: "docker" "start" "-a" "22f2771405b1242c1efc28d01ced5c1d90aa5f7e5d0171a886598b0d145bba0b", kill_on_drop: false }`
[INFO] running `Command { std: "docker" "inspect" "22f2771405b1242c1efc28d01ced5c1d90aa5f7e5d0171a886598b0d145bba0b", kill_on_drop: false }`
[INFO] running `Command { std: "docker" "rm" "-f" "22f2771405b1242c1efc28d01ced5c1d90aa5f7e5d0171a886598b0d145bba0b", kill_on_drop: false }`
[INFO] [stdout] 22f2771405b1242c1efc28d01ced5c1d90aa5f7e5d0171a886598b0d145bba0b
[INFO] running `Command { std: "docker" "create" "-v" "/var/lib/crater-agent-workspace/builds/worker-6-tc2/target:/opt/rustwide/target:rw,Z" "-v" "/var/lib/crater-agent-workspace/builds/worker-6-tc2/source:/opt/rustwide/workdir:ro,Z" "-v" "/var/lib/crater-agent-workspace/cargo-home:/opt/rustwide/cargo-home:ro,Z" "-v" "/var/lib/crater-agent-workspace/rustup-home:/opt/rustwide/rustup-home:ro,Z" "-e" "SOURCE_DIR=/opt/rustwide/workdir" "-e" "CARGO_TARGET_DIR=/opt/rustwide/target" "-e" "CARGO_INCREMENTAL=0" "-e" "RUST_BACKTRACE=full" "-e" "RUSTFLAGS=--cap-lints=warn" "-e" "RUSTDOCFLAGS=--cap-lints=warn" "-e" "CARGO_HOME=/opt/rustwide/cargo-home" "-e" "RUSTUP_HOME=/opt/rustwide/rustup-home" "-w" "/opt/rustwide/workdir" "-m" "1610612736" "--user" "0:0" "--network" "none" "ghcr.io/rust-lang/crates-build-env/linux@sha256:f3a9d4ad9d972b27faf3965f35b62e55ba32bbce8f20bc8fe909558a86702fde" "/opt/rustwide/cargo-home/bin/cargo" "+beta-2024-12-08" "build" "--frozen" "--message-format=json", kill_on_drop: false }`
[INFO] [stdout] 6127bac2a79269c832e5c425abdd0c9388141060b0d100aa0b446cee3fa37555
[INFO] running `Command { std: "docker" "start" "-a" "6127bac2a79269c832e5c425abdd0c9388141060b0d100aa0b446cee3fa37555", kill_on_drop: false }`
[INFO] [stderr]    Compiling edid-rs v0.1.0 (/opt/rustwide/workdir)
[INFO] [stderr]     Finished `dev` profile [unoptimized + debuginfo] target(s) in 0.66s
[INFO] running `Command { std: "docker" "inspect" "6127bac2a79269c832e5c425abdd0c9388141060b0d100aa0b446cee3fa37555", kill_on_drop: false }`
[INFO] running `Command { std: "docker" "rm" "-f" "6127bac2a79269c832e5c425abdd0c9388141060b0d100aa0b446cee3fa37555", kill_on_drop: false }`
[INFO] [stdout] 6127bac2a79269c832e5c425abdd0c9388141060b0d100aa0b446cee3fa37555
[INFO] running `Command { std: "docker" "create" "-v" "/var/lib/crater-agent-workspace/builds/worker-6-tc2/target:/opt/rustwide/target:rw,Z" "-v" "/var/lib/crater-agent-workspace/builds/worker-6-tc2/source:/opt/rustwide/workdir:ro,Z" "-v" "/var/lib/crater-agent-workspace/cargo-home:/opt/rustwide/cargo-home:ro,Z" "-v" "/var/lib/crater-agent-workspace/rustup-home:/opt/rustwide/rustup-home:ro,Z" "-e" "SOURCE_DIR=/opt/rustwide/workdir" "-e" "CARGO_TARGET_DIR=/opt/rustwide/target" "-e" "CARGO_INCREMENTAL=0" "-e" "RUST_BACKTRACE=full" "-e" "RUSTFLAGS=--cap-lints=warn" "-e" "RUSTDOCFLAGS=--cap-lints=warn" "-e" "CARGO_HOME=/opt/rustwide/cargo-home" "-e" "RUSTUP_HOME=/opt/rustwide/rustup-home" "-w" "/opt/rustwide/workdir" "-m" "1610612736" "--user" "0:0" "--network" "none" "ghcr.io/rust-lang/crates-build-env/linux@sha256:f3a9d4ad9d972b27faf3965f35b62e55ba32bbce8f20bc8fe909558a86702fde" "/opt/rustwide/cargo-home/bin/cargo" "+beta-2024-12-08" "test" "--frozen" "--no-run" "--message-format=json", kill_on_drop: false }`
[INFO] [stdout] 0ddc8998d353dbb82435b5c480a4af7c9d450fe4c4d649ccfd65f29b85613288
[INFO] running `Command { std: "docker" "start" "-a" "0ddc8998d353dbb82435b5c480a4af7c9d450fe4c4d649ccfd65f29b85613288", kill_on_drop: false }`
[INFO] [stderr]    Compiling edid-rs v0.1.0 (/opt/rustwide/workdir)
[INFO] [stderr]     Finished `test` profile [unoptimized + debuginfo] target(s) in 1.21s
[INFO] running `Command { std: "docker" "inspect" "0ddc8998d353dbb82435b5c480a4af7c9d450fe4c4d649ccfd65f29b85613288", kill_on_drop: false }`
[INFO] running `Command { std: "docker" "rm" "-f" "0ddc8998d353dbb82435b5c480a4af7c9d450fe4c4d649ccfd65f29b85613288", kill_on_drop: false }`
[INFO] [stdout] 0ddc8998d353dbb82435b5c480a4af7c9d450fe4c4d649ccfd65f29b85613288
[INFO] running `Command { std: "docker" "create" "-v" "/var/lib/crater-agent-workspace/builds/worker-6-tc2/target:/opt/rustwide/target:rw,Z" "-v" "/var/lib/crater-agent-workspace/builds/worker-6-tc2/source:/opt/rustwide/workdir:ro,Z" "-v" "/var/lib/crater-agent-workspace/cargo-home:/opt/rustwide/cargo-home:ro,Z" "-v" "/var/lib/crater-agent-workspace/rustup-home:/opt/rustwide/rustup-home:ro,Z" "-e" "SOURCE_DIR=/opt/rustwide/workdir" "-e" "CARGO_TARGET_DIR=/opt/rustwide/target" "-e" "CARGO_INCREMENTAL=0" "-e" "RUST_BACKTRACE=full" "-e" "RUSTFLAGS=--cap-lints=warn" "-e" "RUSTDOCFLAGS=--cap-lints=warn" "-e" "CARGO_HOME=/opt/rustwide/cargo-home" "-e" "RUSTUP_HOME=/opt/rustwide/rustup-home" "-w" "/opt/rustwide/workdir" "-m" "1610612736" "--user" "0:0" "--network" "none" "ghcr.io/rust-lang/crates-build-env/linux@sha256:f3a9d4ad9d972b27faf3965f35b62e55ba32bbce8f20bc8fe909558a86702fde" "/opt/rustwide/cargo-home/bin/cargo" "+beta-2024-12-08" "test" "--frozen", kill_on_drop: false }`
[INFO] [stdout] 3f8b6858e2a0c0161a229f744b177ece4f6f51c58a552759cb8038cc79ce9990
[INFO] running `Command { std: "docker" "start" "-a" "3f8b6858e2a0c0161a229f744b177ece4f6f51c58a552759cb8038cc79ce9990", kill_on_drop: false }`
[INFO] [stderr]     Finished `test` profile [unoptimized + debuginfo] target(s) in 0.01s
[INFO] [stderr]      Running unittests src/lib.rs (/opt/rustwide/target/debug/deps/edid_rs-18f6294b2047814c)
[INFO] [stderr]    Doc-tests edid_rs
[INFO] [stdout] 
[INFO] [stdout] running 0 tests
[INFO] [stdout] 
[INFO] [stdout] test result: ok. 0 passed; 0 failed; 0 ignored; 0 measured; 0 filtered out; finished in 0.00s
[INFO] [stdout] 
[INFO] [stdout] 
[INFO] [stdout] running 1 test
[INFO] [stdout] test src/lib.rs - (line 10) ... FAILED
[INFO] [stdout] 
[INFO] [stdout] failures:
[INFO] [stdout] 
[INFO] [stdout] ---- src/lib.rs - (line 10) stdout ----
[INFO] [stdout] error: unexpected token: `...`
[INFO] [stdout]  --> src/lib.rs:16:22
[INFO] [stdout]   |
[INFO] [stdout] 7 |     let bytes = vec![...];
[INFO] [stdout]   |                      ^^^
[INFO] [stdout]   |
[INFO] [stdout] help: use `..` for an exclusive range
[INFO] [stdout]   |
[INFO] [stdout] 7 |     let bytes = vec![..];
[INFO] [stdout]   |                      ~~
[INFO] [stdout] help: or `..=` for an inclusive range
[INFO] [stdout]   |
[INFO] [stdout] 7 |     let bytes = vec![..=];
[INFO] [stdout]   |                      ~~~
[INFO] [stdout] 
[INFO] [stdout] error[E0586]: inclusive range with no end
[INFO] [stdout]  --> src/lib.rs:16:22
[INFO] [stdout]   |
[INFO] [stdout] 7 |     let bytes = vec![...];
[INFO] [stdout]   |                      ^^^
[INFO] [stdout]   |
[INFO] [stdout]   = note: inclusive ranges must be bounded at the end (`..=b` or `a..=b`)
[INFO] [stdout] help: use `..` instead
[INFO] [stdout]   |
[INFO] [stdout] 7 -     let bytes = vec![...];
[INFO] [stdout] 7 +     let bytes = vec![..];
[INFO] [stdout]   |
[INFO] [stdout] 
[INFO] [stdout] error: aborting due to 2 previous errors
[INFO] [stdout] 
[INFO] [stdout] For more information about this error, try `rustc --explain E0586`.
[INFO] [stdout] Couldn't compile the test.
[INFO] [stdout] 
[INFO] [stdout] failures:
[INFO] [stdout]     src/lib.rs - (line 10)
[INFO] [stdout] 
[INFO] [stdout] test result: FAILED. 0 passed; 1 failed; 0 ignored; 0 measured; 0 filtered out; finished in 0.11s
[INFO] [stdout] 
[INFO] [stderr] error: doctest failed, to rerun pass `--doc`
[INFO] running `Command { std: "docker" "inspect" "3f8b6858e2a0c0161a229f744b177ece4f6f51c58a552759cb8038cc79ce9990", kill_on_drop: false }`
[INFO] running `Command { std: "docker" "rm" "-f" "3f8b6858e2a0c0161a229f744b177ece4f6f51c58a552759cb8038cc79ce9990", kill_on_drop: false }`
[INFO] [stdout] 3f8b6858e2a0c0161a229f744b177ece4f6f51c58a552759cb8038cc79ce9990
