[INFO] fetching crate echonet 1.3.1...
[INFO] testing echonet-1.3.1 against beta-2024-12-08 for beta-1.84.0-4-retry
[INFO] extracting crate echonet 1.3.1 into /workspace/builds/worker-0-tc2/source
[INFO] validating manifest of crates.io crate echonet 1.3.1 on toolchain beta-2024-12-08
[INFO] running `Command { std: CARGO_HOME="/workspace/cargo-home" RUSTUP_HOME="/workspace/rustup-home" "/workspace/cargo-home/bin/cargo" "+beta-2024-12-08" "metadata" "--manifest-path" "Cargo.toml" "--no-deps", kill_on_drop: false }`
[INFO] started tweaking crates.io crate echonet 1.3.1
[INFO] removed 0 missing examples
[INFO] finished tweaking crates.io crate echonet 1.3.1
[INFO] tweaked toml for crates.io crate echonet 1.3.1 written to /workspace/builds/worker-0-tc2/source/Cargo.toml
[INFO] crate crates.io crate echonet 1.3.1 already has a lockfile, it will not be regenerated
[INFO] running `Command { std: CARGO_HOME="/workspace/cargo-home" RUSTUP_HOME="/workspace/rustup-home" "/workspace/cargo-home/bin/cargo" "+beta-2024-12-08" "fetch" "--manifest-path" "Cargo.toml", kill_on_drop: false }`
[INFO] running `Command { std: "docker" "create" "-v" "/var/lib/crater-agent-workspace/builds/worker-0-tc2/target:/opt/rustwide/target:rw,Z" "-v" "/var/lib/crater-agent-workspace/builds/worker-0-tc2/source:/opt/rustwide/workdir:ro,Z" "-v" "/var/lib/crater-agent-workspace/cargo-home:/opt/rustwide/cargo-home:ro,Z" "-v" "/var/lib/crater-agent-workspace/rustup-home:/opt/rustwide/rustup-home:ro,Z" "-e" "SOURCE_DIR=/opt/rustwide/workdir" "-e" "CARGO_TARGET_DIR=/opt/rustwide/target" "-e" "CARGO_HOME=/opt/rustwide/cargo-home" "-e" "RUSTUP_HOME=/opt/rustwide/rustup-home" "-w" "/opt/rustwide/workdir" "-m" "1610612736" "--user" "0:0" "--network" "none" "ghcr.io/rust-lang/crates-build-env/linux@sha256:f3a9d4ad9d972b27faf3965f35b62e55ba32bbce8f20bc8fe909558a86702fde" "/opt/rustwide/cargo-home/bin/cargo" "+beta-2024-12-08" "metadata" "--no-deps" "--format-version=1", kill_on_drop: false }`
[INFO] [stdout] 6c6c8f81c744992cdb5abff8f4eae9291150a6c3d9f3c3ef02eb6b3cd293bdad
[INFO] running `Command { std: "docker" "start" "-a" "6c6c8f81c744992cdb5abff8f4eae9291150a6c3d9f3c3ef02eb6b3cd293bdad", kill_on_drop: false }`
[INFO] running `Command { std: "docker" "inspect" "6c6c8f81c744992cdb5abff8f4eae9291150a6c3d9f3c3ef02eb6b3cd293bdad", kill_on_drop: false }`
[INFO] running `Command { std: "docker" "rm" "-f" "6c6c8f81c744992cdb5abff8f4eae9291150a6c3d9f3c3ef02eb6b3cd293bdad", kill_on_drop: false }`
[INFO] [stdout] 6c6c8f81c744992cdb5abff8f4eae9291150a6c3d9f3c3ef02eb6b3cd293bdad
[INFO] running `Command { std: "docker" "create" "-v" "/var/lib/crater-agent-workspace/builds/worker-0-tc2/target:/opt/rustwide/target:rw,Z" "-v" "/var/lib/crater-agent-workspace/builds/worker-0-tc2/source:/opt/rustwide/workdir:ro,Z" "-v" "/var/lib/crater-agent-workspace/cargo-home:/opt/rustwide/cargo-home:ro,Z" "-v" "/var/lib/crater-agent-workspace/rustup-home:/opt/rustwide/rustup-home:ro,Z" "-e" "SOURCE_DIR=/opt/rustwide/workdir" "-e" "CARGO_TARGET_DIR=/opt/rustwide/target" "-e" "CARGO_INCREMENTAL=0" "-e" "RUST_BACKTRACE=full" "-e" "RUSTFLAGS=--cap-lints=warn" "-e" "RUSTDOCFLAGS=--cap-lints=warn" "-e" "CARGO_HOME=/opt/rustwide/cargo-home" "-e" "RUSTUP_HOME=/opt/rustwide/rustup-home" "-w" "/opt/rustwide/workdir" "-m" "1610612736" "--user" "0:0" "--network" "none" "ghcr.io/rust-lang/crates-build-env/linux@sha256:f3a9d4ad9d972b27faf3965f35b62e55ba32bbce8f20bc8fe909558a86702fde" "/opt/rustwide/cargo-home/bin/cargo" "+beta-2024-12-08" "build" "--frozen" "--message-format=json", kill_on_drop: false }`
[INFO] [stdout] 38049cd25ae0152ab04fccbe9444863dc93748591ca5c3f87ac7502d851fec29
[INFO] running `Command { std: "docker" "start" "-a" "38049cd25ae0152ab04fccbe9444863dc93748591ca5c3f87ac7502d851fec29", kill_on_drop: false }`
[INFO] [stderr]    Compiling libc v0.2.147
[INFO] [stderr]    Compiling autocfg v1.1.0
[INFO] [stderr]    Compiling proc-macro2 v1.0.56
[INFO] [stderr]    Compiling quote v1.0.26
[INFO] [stderr]    Compiling unicode-ident v1.0.6
[INFO] [stderr]    Compiling memchr v2.5.0
[INFO] [stderr]    Compiling serde v1.0.162
[INFO] [stderr]    Compiling syn v1.0.106
[INFO] [stderr]    Compiling pnet_base v0.28.0
[INFO] [stderr]    Compiling regex-syntax v0.7.1
[INFO] [stderr]    Compiling num-traits v0.2.15
[INFO] [stderr]    Compiling memoffset v0.6.5
[INFO] [stderr]    Compiling num-integer v0.1.45
[INFO] [stderr]    Compiling pnet_macros_support v0.28.0
[INFO] [stderr]    Compiling rustversion v1.0.12
[INFO] [stderr]    Compiling cfg-if v1.0.0
[INFO] [stderr]    Compiling aho-corasick v1.0.1
[INFO] [stderr]    Compiling pnet v0.28.0
[INFO] [stderr]    Compiling syn v2.0.15
[INFO] [stderr]    Compiling pnet_sys v0.28.0
[INFO] [stderr]    Compiling time v0.1.45
[INFO] [stderr]    Compiling getrandom v0.2.8
[INFO] [stderr]    Compiling pin-utils v0.1.0
[INFO] [stderr]    Compiling bitflags v1.3.2
[INFO] [stderr]    Compiling heck v0.4.1
[INFO] [stderr]    Compiling iana-time-zone v0.1.53
[INFO] [stderr]    Compiling cfg-if v0.1.10
[INFO] [stderr]    Compiling nix v0.25.1
[INFO] [stderr]    Compiling net2 v0.2.38
[INFO] [stderr]    Compiling chrono v0.4.23
[INFO] [stderr]    Compiling regex v1.8.1
[INFO] [stderr]    Compiling uuid v1.4.1
[INFO] [stderr]    Compiling strum v0.25.0
[INFO] [stderr]    Compiling log v0.4.20
[INFO] [stderr]    Compiling hex v0.4.3
[INFO] [stderr]    Compiling once_cell v1.18.0
[INFO] [stderr]    Compiling ipnetwork v0.18.0
[INFO] [stderr]    Compiling ipnetwork v0.16.0
[INFO] [stderr]    Compiling pnet_datalink v0.28.0
[INFO] [stderr]    Compiling strum_macros v0.25.1
[INFO] [stderr]    Compiling pnet_macros v0.28.0
[INFO] [stderr]    Compiling pnet_packet v0.28.0
[INFO] [stderr]    Compiling pnet_transport v0.28.0
[INFO] [stderr]    Compiling echonet v1.3.1 (/opt/rustwide/workdir)
[INFO] [stdout] warning: trait `MessageHandler` is never used
[INFO] [stdout]   --> src/protocol/message_handler.rs:17:11
[INFO] [stdout]    |
[INFO] [stdout] 17 | pub trait MessageHandler {
[INFO] [stdout]    |           ^^^^^^^^^^^^^^
[INFO] [stdout]    |
[INFO] [stdout]    = note: `#[warn(dead_code)]` on by default
[INFO] [stdout] 
[INFO] [stdout] 
[INFO] [stderr]     Finished `dev` profile [unoptimized + debuginfo] target(s) in 37.59s
[INFO] running `Command { std: "docker" "inspect" "38049cd25ae0152ab04fccbe9444863dc93748591ca5c3f87ac7502d851fec29", kill_on_drop: false }`
[INFO] running `Command { std: "docker" "rm" "-f" "38049cd25ae0152ab04fccbe9444863dc93748591ca5c3f87ac7502d851fec29", kill_on_drop: false }`
[INFO] [stdout] 38049cd25ae0152ab04fccbe9444863dc93748591ca5c3f87ac7502d851fec29
[INFO] running `Command { std: "docker" "create" "-v" "/var/lib/crater-agent-workspace/builds/worker-0-tc2/target:/opt/rustwide/target:rw,Z" "-v" "/var/lib/crater-agent-workspace/builds/worker-0-tc2/source:/opt/rustwide/workdir:ro,Z" "-v" "/var/lib/crater-agent-workspace/cargo-home:/opt/rustwide/cargo-home:ro,Z" "-v" "/var/lib/crater-agent-workspace/rustup-home:/opt/rustwide/rustup-home:ro,Z" "-e" "SOURCE_DIR=/opt/rustwide/workdir" "-e" "CARGO_TARGET_DIR=/opt/rustwide/target" "-e" "CARGO_INCREMENTAL=0" "-e" "RUST_BACKTRACE=full" "-e" "RUSTFLAGS=--cap-lints=warn" "-e" "RUSTDOCFLAGS=--cap-lints=warn" "-e" "CARGO_HOME=/opt/rustwide/cargo-home" "-e" "RUSTUP_HOME=/opt/rustwide/rustup-home" "-w" "/opt/rustwide/workdir" "-m" "1610612736" "--user" "0:0" "--network" "none" "ghcr.io/rust-lang/crates-build-env/linux@sha256:f3a9d4ad9d972b27faf3965f35b62e55ba32bbce8f20bc8fe909558a86702fde" "/opt/rustwide/cargo-home/bin/cargo" "+beta-2024-12-08" "test" "--frozen" "--no-run" "--message-format=json", kill_on_drop: false }`
[INFO] [stdout] 03e45dbe940cd83b0f1a69a4a0924026d7c11f2e59b9054a9315bc1687d795db
[INFO] running `Command { std: "docker" "start" "-a" "03e45dbe940cd83b0f1a69a4a0924026d7c11f2e59b9054a9315bc1687d795db", kill_on_drop: false }`
[INFO] [stderr]    Compiling signal-hook v0.3.14
[INFO] [stderr]    Compiling signal-hook-registry v1.4.0
[INFO] [stdout] warning: trait `MessageHandler` is never used
[INFO] [stdout]   --> src/protocol/message_handler.rs:17:11
[INFO] [stdout]    |
[INFO] [stdout] 17 | pub trait MessageHandler {
[INFO] [stdout]    |           ^^^^^^^^^^^^^^
[INFO] [stdout]    |
[INFO] [stdout]    = note: `#[warn(dead_code)]` on by default
[INFO] [stdout] 
[INFO] [stdout] 
[INFO] [stderr]    Compiling echonet v1.3.1 (/opt/rustwide/workdir)
[INFO] [stdout] warning: trait `MessageHandler` is never used
[INFO] [stdout]   --> src/protocol/message_handler.rs:17:11
[INFO] [stdout]    |
[INFO] [stdout] 17 | pub trait MessageHandler {
[INFO] [stdout]    |           ^^^^^^^^^^^^^^
[INFO] [stdout]    |
[INFO] [stdout]    = note: `#[warn(dead_code)]` on by default
[INFO] [stdout] 
[INFO] [stdout] 
[INFO] [stderr]     Finished `test` profile [unoptimized + debuginfo] target(s) in 8.69s
[INFO] running `Command { std: "docker" "inspect" "03e45dbe940cd83b0f1a69a4a0924026d7c11f2e59b9054a9315bc1687d795db", kill_on_drop: false }`
[INFO] running `Command { std: "docker" "rm" "-f" "03e45dbe940cd83b0f1a69a4a0924026d7c11f2e59b9054a9315bc1687d795db", kill_on_drop: false }`
[INFO] [stdout] 03e45dbe940cd83b0f1a69a4a0924026d7c11f2e59b9054a9315bc1687d795db
[INFO] running `Command { std: "docker" "create" "-v" "/var/lib/crater-agent-workspace/builds/worker-0-tc2/target:/opt/rustwide/target:rw,Z" "-v" "/var/lib/crater-agent-workspace/builds/worker-0-tc2/source:/opt/rustwide/workdir:ro,Z" "-v" "/var/lib/crater-agent-workspace/cargo-home:/opt/rustwide/cargo-home:ro,Z" "-v" "/var/lib/crater-agent-workspace/rustup-home:/opt/rustwide/rustup-home:ro,Z" "-e" "SOURCE_DIR=/opt/rustwide/workdir" "-e" "CARGO_TARGET_DIR=/opt/rustwide/target" "-e" "CARGO_INCREMENTAL=0" "-e" "RUST_BACKTRACE=full" "-e" "RUSTFLAGS=--cap-lints=warn" "-e" "RUSTDOCFLAGS=--cap-lints=warn" "-e" "CARGO_HOME=/opt/rustwide/cargo-home" "-e" "RUSTUP_HOME=/opt/rustwide/rustup-home" "-w" "/opt/rustwide/workdir" "-m" "1610612736" "--user" "0:0" "--network" "none" "ghcr.io/rust-lang/crates-build-env/linux@sha256:f3a9d4ad9d972b27faf3965f35b62e55ba32bbce8f20bc8fe909558a86702fde" "/opt/rustwide/cargo-home/bin/cargo" "+beta-2024-12-08" "test" "--frozen", kill_on_drop: false }`
[INFO] [stdout] 48781258e753682f8d4a74a02bf29fe5f9ec5c31c2837f3d1ac094e10995b05b
[INFO] running `Command { std: "docker" "start" "-a" "48781258e753682f8d4a74a02bf29fe5f9ec5c31c2837f3d1ac094e10995b05b", kill_on_drop: false }`
[INFO] [stderr] warning: trait `MessageHandler` is never used
[INFO] [stderr]   --> src/protocol/message_handler.rs:17:11
[INFO] [stderr]    |
[INFO] [stderr] 17 | pub trait MessageHandler {
[INFO] [stderr]    |           ^^^^^^^^^^^^^^
[INFO] [stderr]    |
[INFO] [stderr]    = note: `#[warn(dead_code)]` on by default
[INFO] [stderr] 
[INFO] [stderr] warning: `echonet` (lib) generated 1 warning
[INFO] [stderr] warning: `echonet` (lib test) generated 1 warning (1 duplicate)
[INFO] [stderr]     Finished `test` profile [unoptimized + debuginfo] target(s) in 0.10s
[INFO] [stderr]      Running unittests src/lib.rs (/opt/rustwide/target/debug/deps/echonet-f412008a5e4a12c0)
[INFO] [stdout] 
[INFO] [stdout] running 34 tests
[INFO] [stdout] test message_test::tests::error_response_message ... ok
[INFO] [stdout] test message_test::tests::response_message ... ok
[INFO] [stdout] test message_test::tests::search_message ... ok
[INFO] [stdout] test object_test::tests::object_property ... ok
[INFO] [stdout] test node_test::tests::node ... ok
[INFO] [stdout] test controller_test::tests::controller ... ok
[INFO] [stdout] test database_test::tests::standard_database ... ok
[INFO] [stdout] test profile_test::tests::profile ... ok
[INFO] [stdout] test node_profile_test::tests::node_profile ... ok
[INFO] [stdout] test device_test::tests::device_mandatory_properties ... ok
[INFO] [stdout] test property_test::tests::property_add_data ... ok
[INFO] [stdout] test property_test::tests::property_set_data ... ok
[INFO] [stdout] test protocol::esv_test::tests::esv ... ok
[INFO] [stdout] test protocol::message_test::tests::message_from_message ... ok
[INFO] [stdout] test protocol::message_test::tests::message_parse ... ok
[INFO] [stdout] test protocol::message_test::tests::message_parse_requests ... ok
[INFO] [stdout] test protocol::message_test::tests::message_setter ... ok
[INFO] [stdout] test protocol::property_test::tests::property_parse ... ok
[INFO] [stdout] test protocol::message_test::tests::new_message ... ok
[INFO] [stdout] test remote_node_test::tests::remote_node ... ok
[INFO] [stdout] test transport::interface_unix_test::tests::v4_interface ... ok
[INFO] [stdout] test transport::interface_unix_test::tests::all_interface ... ok
[INFO] [stdout] test transport::interface_unix_test::tests::v6_interface ... ok
[INFO] [stdout] test transport::multicast_manager_test::tests::multicast_manager ... ok
[INFO] [stdout] test transport::manager_test::tests::manager ... ok
[INFO] [stdout] test transport::notify_manager_test::tests::notify_manager_add ... ok
[INFO] [stdout] test transport::multicast_server_test::tests::multicast_server ... ok
[INFO] [stdout] test transport::notify_manager_test::tests::notify_manager_received ... ok
[INFO] [stdout] test util::oid_test::tests::oid ... ok
[INFO] [stdout] test transport::unicast_manager_test::tests::unicast_manager ... ok
[INFO] [stdout] test transport::unicast_server_test::tests::unicast_server ... ok
[INFO] [stdout] test message_test::tests::node_profile_message ... ok
[INFO] [stdout] test util::bytes_test::tests::bytes_from ... ok
[INFO] [stdout] test object_test::tests::object_code ... ok
[INFO] [stderr]      Running tests/node_test.rs (/opt/rustwide/target/debug/deps/node_test-86f1236af45fda29)
[INFO] [stdout] 
[INFO] [stdout] test result: ok. 34 passed; 0 failed; 0 ignored; 0 measured; 0 filtered out; finished in 0.03s
[INFO] [stdout] 
[INFO] [stdout] 
[INFO] [stdout] running 1 test
[INFO] [stdout] test node ... FAILED
[INFO] [stdout] 
[INFO] [stdout] failures:
[INFO] [stdout] 
[INFO] [stdout] ---- node stdout ----
[INFO] [stdout] 2024-12-15T04:04:48Z WARN Standard object properties (0005FD) are not found
[INFO] [stdout] thread 'node' panicked at tests/node_test.rs:50:5:
[INFO] [stdout] assertion failed: found_local_node
[INFO] [stdout] stack backtrace:
[INFO] [stdout]    0:     0x64741620d9da - std::backtrace_rs::backtrace::libunwind::trace::h8810477743020387
[INFO] [stdout]                                at /rustc/202008a1b8de96d2e5b6bc02d379db03a877d34d/library/std/src/../../backtrace/src/backtrace/libunwind.rs:116:5
[INFO] [stdout]    1:     0x64741620d9da - std::backtrace_rs::backtrace::trace_unsynchronized::h3aa55355dd6c54a6
[INFO] [stdout]                                at /rustc/202008a1b8de96d2e5b6bc02d379db03a877d34d/library/std/src/../../backtrace/src/backtrace/mod.rs:66:5
[INFO] [stdout]    2:     0x64741620d9da - std::sys::backtrace::_print_fmt::h8588b0f62410823f
[INFO] [stdout]                                at /rustc/202008a1b8de96d2e5b6bc02d379db03a877d34d/library/std/src/sys/backtrace.rs:66:9
[INFO] [stdout]    3:     0x64741620d9da - <std::sys::backtrace::BacktraceLock::print::DisplayBacktrace as core::fmt::Display>::fmt::h98c26ac25ffe89bb
[INFO] [stdout]                                at /rustc/202008a1b8de96d2e5b6bc02d379db03a877d34d/library/std/src/sys/backtrace.rs:39:26
[INFO] [stdout]    4:     0x647416235d53 - core::fmt::rt::Argument::fmt::hf95377f4aebd453b
[INFO] [stderr] error: test failed, to rerun pass `--test node_test`
[INFO] [stdout]                                at /rustc/202008a1b8de96d2e5b6bc02d379db03a877d34d/library/core/src/fmt/rt.rs:177:76
[INFO] [stdout]    5:     0x647416235d53 - core::fmt::write::h0dd5f6e2238c7982
[INFO] [stdout]                                at /rustc/202008a1b8de96d2e5b6bc02d379db03a877d34d/library/core/src/fmt/mod.rs:1189:21
[INFO] [stdout]    6:     0x64741620a8a3 - std::io::Write::write_fmt::h03bb0ca26e6faf8c
[INFO] [stdout]                                at /rustc/202008a1b8de96d2e5b6bc02d379db03a877d34d/library/std/src/io/mod.rs:1884:15
[INFO] [stdout]    7:     0x64741620d822 - std::sys::backtrace::BacktraceLock::print::h5c19c1c038ee186d
[INFO] [stdout]                                at /rustc/202008a1b8de96d2e5b6bc02d379db03a877d34d/library/std/src/sys/backtrace.rs:42:9
[INFO] [stdout]    8:     0x64741620ee5d - std::panicking::default_hook::{{closure}}::h77172f079a1fcb13
[INFO] [stdout]                                at /rustc/202008a1b8de96d2e5b6bc02d379db03a877d34d/library/std/src/panicking.rs:268:22
[INFO] [stdout]    9:     0x64741620ec67 - std::panicking::default_hook::he5f8e3b203ccddba
[INFO] [stdout]                                at /rustc/202008a1b8de96d2e5b6bc02d379db03a877d34d/library/std/src/panicking.rs:292:9
[INFO] [stdout]   10:     0x6474160dad77 - <alloc::boxed::Box<F,A> as core::ops::function::Fn<Args>>::call::h7a3c7b4a1ae77f2f
[INFO] [stdout]                                at /rustc/202008a1b8de96d2e5b6bc02d379db03a877d34d/library/alloc/src/boxed.rs:1986:9
[INFO] [stdout]   11:     0x6474160dad77 - test::test_main::{{closure}}::hf0d3b69ae9b353d1
[INFO] [stdout]                                at /rustc/202008a1b8de96d2e5b6bc02d379db03a877d34d/library/test/src/lib.rs:134:21
[INFO] [stdout]   12:     0x64741620f508 - <alloc::boxed::Box<F,A> as core::ops::function::Fn<Args>>::call::h6332e82e7b189abd
[INFO] [stdout]                                at /rustc/202008a1b8de96d2e5b6bc02d379db03a877d34d/library/alloc/src/boxed.rs:1986:9
[INFO] [stdout]   13:     0x64741620f508 - std::panicking::rust_panic_with_hook::h53863d4e9018df39
[INFO] [stdout]                                at /rustc/202008a1b8de96d2e5b6bc02d379db03a877d34d/library/std/src/panicking.rs:809:13
[INFO] [stdout]   14:     0x64741620f296 - std::panicking::begin_panic_handler::{{closure}}::h67280e6fa0757873
[INFO] [stdout]                                at /rustc/202008a1b8de96d2e5b6bc02d379db03a877d34d/library/std/src/panicking.rs:667:13
[INFO] [stdout]   15:     0x64741620deb9 - std::sys::backtrace::__rust_end_short_backtrace::h1dac3f54d6fbbeb2
[INFO] [stdout]                                at /rustc/202008a1b8de96d2e5b6bc02d379db03a877d34d/library/std/src/sys/backtrace.rs:170:18
[INFO] [stdout]   16:     0x64741620ef5c - rust_begin_unwind
[INFO] [stdout]                                at /rustc/202008a1b8de96d2e5b6bc02d379db03a877d34d/library/std/src/panicking.rs:665:5
[INFO] [stdout]   17:     0x647416095bd0 - core::panicking::panic_fmt::h6792bd1b2bf01041
[INFO] [stdout]                                at /rustc/202008a1b8de96d2e5b6bc02d379db03a877d34d/library/core/src/panicking.rs:76:14
[INFO] [stdout]   18:     0x647416095c5c - core::panicking::panic::hbb5c236a846c507c
[INFO] [stdout]                                at /rustc/202008a1b8de96d2e5b6bc02d379db03a877d34d/library/core/src/panicking.rs:148:5
[INFO] [stdout]   19:     0x64741609ca97 - node_test::node::hbcfb2d46efa1197c
[INFO] [stdout]                                at /opt/rustwide/workdir/tests/node_test.rs:50:5
[INFO] [stdout]   20:     0x64741609c337 - node_test::node::{{closure}}::hc025e5acdde6cd20
[INFO] [stdout]                                at /opt/rustwide/workdir/tests/node_test.rs:28:10
[INFO] [stdout]   21:     0x64741609ad16 - core::ops::function::FnOnce::call_once::h8dbd051381d619d6
[INFO] [stdout]                                at /rustc/202008a1b8de96d2e5b6bc02d379db03a877d34d/library/core/src/ops/function.rs:250:5
[INFO] [stdout]   22:     0x6474160df89b - core::ops::function::FnOnce::call_once::h871bf86719ec9aa4
[INFO] [stdout]                                at /rustc/202008a1b8de96d2e5b6bc02d379db03a877d34d/library/core/src/ops/function.rs:250:5
[INFO] [stdout]   23:     0x6474160df89b - test::__rust_begin_short_backtrace::h2167df1e2b7d76fd
[INFO] [stdout]                                at /rustc/202008a1b8de96d2e5b6bc02d379db03a877d34d/library/test/src/lib.rs:632:18
[INFO] [stdout]   24:     0x6474160df288 - test::run_test_in_process::{{closure}}::h15d92f75a3adfb79
[INFO] [stdout]                                at /rustc/202008a1b8de96d2e5b6bc02d379db03a877d34d/library/test/src/lib.rs:655:60
[INFO] [stdout]   25:     0x6474160df288 - <core::panic::unwind_safe::AssertUnwindSafe<F> as core::ops::function::FnOnce<()>>::call_once::hb6c8955835a8dbbb
[INFO] [stdout]                                at /rustc/202008a1b8de96d2e5b6bc02d379db03a877d34d/library/core/src/panic/unwind_safe.rs:272:9
[INFO] [stdout]   26:     0x6474160df288 - std::panicking::try::do_call::hc79d0fc888a0bd30
[INFO] [stdout]                                at /rustc/202008a1b8de96d2e5b6bc02d379db03a877d34d/library/std/src/panicking.rs:557:40
[INFO] [stdout]   27:     0x6474160df288 - std::panicking::try::hb8a7878e3a8589d6
[INFO] [stdout]                                at /rustc/202008a1b8de96d2e5b6bc02d379db03a877d34d/library/std/src/panicking.rs:520:19
[INFO] [stdout]   28:     0x6474160df288 - std::panic::catch_unwind::hb8e4600ff0ff5cfa
[INFO] [stdout]                                at /rustc/202008a1b8de96d2e5b6bc02d379db03a877d34d/library/std/src/panic.rs:358:14
[INFO] [stdout]   29:     0x6474160df288 - test::run_test_in_process::hc2900b0b18688dd6
[INFO] [stdout]                                at /rustc/202008a1b8de96d2e5b6bc02d379db03a877d34d/library/test/src/lib.rs:655:27
[INFO] [stdout]   30:     0x6474160df288 - test::run_test::{{closure}}::hac2a9cb07be3d48d
[INFO] [stdout]                                at /rustc/202008a1b8de96d2e5b6bc02d379db03a877d34d/library/test/src/lib.rs:576:43
[INFO] [stdout]   31:     0x6474160a2d2a - test::run_test::{{closure}}::h4a5b729e66a38cd8
[INFO] [stdout]                                at /rustc/202008a1b8de96d2e5b6bc02d379db03a877d34d/library/test/src/lib.rs:606:41
[INFO] [stdout]   32:     0x6474160a2d2a - std::sys::backtrace::__rust_begin_short_backtrace::h0496fb742492f573
[INFO] [stdout]                                at /rustc/202008a1b8de96d2e5b6bc02d379db03a877d34d/library/std/src/sys/backtrace.rs:154:18
[INFO] [stdout]   33:     0x6474160a66a4 - std::thread::Builder::spawn_unchecked_::{{closure}}::{{closure}}::hbb6d257c550a54bd
[INFO] [stdout]                                at /rustc/202008a1b8de96d2e5b6bc02d379db03a877d34d/library/std/src/thread/mod.rs:561:17
[INFO] [stdout]   34:     0x6474160a66a4 - <core::panic::unwind_safe::AssertUnwindSafe<F> as core::ops::function::FnOnce<()>>::call_once::h46696fe4a6832328
[INFO] [stdout]                                at /rustc/202008a1b8de96d2e5b6bc02d379db03a877d34d/library/core/src/panic/unwind_safe.rs:272:9
[INFO] [stdout]   35:     0x6474160a66a4 - std::panicking::try::do_call::h2625a51b667bfb64
[INFO] [stdout]                                at /rustc/202008a1b8de96d2e5b6bc02d379db03a877d34d/library/std/src/panicking.rs:557:40
[INFO] [stdout]   36:     0x6474160a66a4 - std::panicking::try::hb956a59a1973aa4c
[INFO] [stdout]                                at /rustc/202008a1b8de96d2e5b6bc02d379db03a877d34d/library/std/src/panicking.rs:520:19
[INFO] [stdout]   37:     0x6474160a66a4 - std::panic::catch_unwind::h64f3b9d1067ef6a0
[INFO] [stdout]                                at /rustc/202008a1b8de96d2e5b6bc02d379db03a877d34d/library/std/src/panic.rs:358:14
[INFO] [stdout]   38:     0x6474160a66a4 - std::thread::Builder::spawn_unchecked_::{{closure}}::h42b2841295b6c0b2
[INFO] [stdout]                                at /rustc/202008a1b8de96d2e5b6bc02d379db03a877d34d/library/std/src/thread/mod.rs:559:30
[INFO] [stdout]   39:     0x6474160a66a4 - core::ops::function::FnOnce::call_once{{vtable.shim}}::h6127de71b8124639
[INFO] [stdout]                                at /rustc/202008a1b8de96d2e5b6bc02d379db03a877d34d/library/core/src/ops/function.rs:250:5
[INFO] [stdout]   40:     0x64741621389b - <alloc::boxed::Box<F,A> as core::ops::function::FnOnce<Args>>::call_once::h42f0ba71002a1b2c
[INFO] [stdout]                                at /rustc/202008a1b8de96d2e5b6bc02d379db03a877d34d/library/alloc/src/boxed.rs:1972:9
[INFO] [stdout]   41:     0x64741621389b - <alloc::boxed::Box<F,A> as core::ops::function::FnOnce<Args>>::call_once::had9e47d7a3dcecb8
[INFO] [stdout]                                at /rustc/202008a1b8de96d2e5b6bc02d379db03a877d34d/library/alloc/src/boxed.rs:1972:9
[INFO] [stdout]   42:     0x64741621389b - std::sys::pal::unix::thread::Thread::new::thread_start::h48cf765408f6f5f2
[INFO] [stdout]                                at /rustc/202008a1b8de96d2e5b6bc02d379db03a877d34d/library/std/src/sys/pal/unix/thread.rs:105:17
[INFO] [stdout]   43:     0x718f41a3eac3 - <unknown>
[INFO] [stdout]   44:     0x718f41acfa04 - clone
[INFO] [stdout]   45:                0x0 - <unknown>
[INFO] [stdout] 
[INFO] [stdout] 
[INFO] [stdout] failures:
[INFO] [stdout]     node
[INFO] [stdout] 
[INFO] [stdout] test result: FAILED. 0 passed; 1 failed; 0 ignored; 0 measured; 0 filtered out; finished in 2.04s
[INFO] [stdout] 
[INFO] running `Command { std: "docker" "inspect" "48781258e753682f8d4a74a02bf29fe5f9ec5c31c2837f3d1ac094e10995b05b", kill_on_drop: false }`
[INFO] running `Command { std: "docker" "rm" "-f" "48781258e753682f8d4a74a02bf29fe5f9ec5c31c2837f3d1ac094e10995b05b", kill_on_drop: false }`
[INFO] [stdout] 48781258e753682f8d4a74a02bf29fe5f9ec5c31c2837f3d1ac094e10995b05b
