[INFO] fetching crate ebnf 0.1.4...
[INFO] testing ebnf-0.1.4 against beta-2024-12-08 for beta-1.84.0-4-retry
[INFO] extracting crate ebnf 0.1.4 into /workspace/builds/worker-0-tc2/source
[INFO] validating manifest of crates.io crate ebnf 0.1.4 on toolchain beta-2024-12-08
[INFO] running `Command { std: CARGO_HOME="/workspace/cargo-home" RUSTUP_HOME="/workspace/rustup-home" "/workspace/cargo-home/bin/cargo" "+beta-2024-12-08" "metadata" "--manifest-path" "Cargo.toml" "--no-deps", kill_on_drop: false }`
[INFO] started tweaking crates.io crate ebnf 0.1.4
[INFO] finished tweaking crates.io crate ebnf 0.1.4
[INFO] tweaked toml for crates.io crate ebnf 0.1.4 written to /workspace/builds/worker-0-tc2/source/Cargo.toml
[INFO] running `Command { std: CARGO_HOME="/workspace/cargo-home" RUSTUP_HOME="/workspace/rustup-home" "/workspace/cargo-home/bin/cargo" "+beta-2024-12-08" "generate-lockfile" "--manifest-path" "Cargo.toml", kill_on_drop: false }`
[INFO] [stderr]     Updating crates.io index
[INFO] [stderr]      Locking 32 packages to latest compatible versions
[INFO] [stderr]       Adding parse-hyperlinks v0.23.4 (available: v0.27.2)
[INFO] running `Command { std: CARGO_HOME="/workspace/cargo-home" RUSTUP_HOME="/workspace/rustup-home" "/workspace/cargo-home/bin/cargo" "+beta-2024-12-08" "fetch" "--manifest-path" "Cargo.toml", kill_on_drop: false }`
[INFO] running `Command { std: "docker" "create" "-v" "/var/lib/crater-agent-workspace/builds/worker-0-tc2/target:/opt/rustwide/target:rw,Z" "-v" "/var/lib/crater-agent-workspace/builds/worker-0-tc2/source:/opt/rustwide/workdir:ro,Z" "-v" "/var/lib/crater-agent-workspace/cargo-home:/opt/rustwide/cargo-home:ro,Z" "-v" "/var/lib/crater-agent-workspace/rustup-home:/opt/rustwide/rustup-home:ro,Z" "-e" "SOURCE_DIR=/opt/rustwide/workdir" "-e" "CARGO_TARGET_DIR=/opt/rustwide/target" "-e" "CARGO_HOME=/opt/rustwide/cargo-home" "-e" "RUSTUP_HOME=/opt/rustwide/rustup-home" "-w" "/opt/rustwide/workdir" "-m" "1610612736" "--user" "0:0" "--network" "none" "ghcr.io/rust-lang/crates-build-env/linux@sha256:f3a9d4ad9d972b27faf3965f35b62e55ba32bbce8f20bc8fe909558a86702fde" "/opt/rustwide/cargo-home/bin/cargo" "+beta-2024-12-08" "metadata" "--no-deps" "--format-version=1", kill_on_drop: false }`
[INFO] [stdout] 997f5e46b01c23291f8ef7cae6d35c5bfd8f5635237032bad04f6ca491986159
[INFO] running `Command { std: "docker" "start" "-a" "997f5e46b01c23291f8ef7cae6d35c5bfd8f5635237032bad04f6ca491986159", kill_on_drop: false }`
[INFO] running `Command { std: "docker" "inspect" "997f5e46b01c23291f8ef7cae6d35c5bfd8f5635237032bad04f6ca491986159", kill_on_drop: false }`
[INFO] running `Command { std: "docker" "rm" "-f" "997f5e46b01c23291f8ef7cae6d35c5bfd8f5635237032bad04f6ca491986159", kill_on_drop: false }`
[INFO] [stdout] 997f5e46b01c23291f8ef7cae6d35c5bfd8f5635237032bad04f6ca491986159
[INFO] running `Command { std: "docker" "create" "-v" "/var/lib/crater-agent-workspace/builds/worker-0-tc2/target:/opt/rustwide/target:rw,Z" "-v" "/var/lib/crater-agent-workspace/builds/worker-0-tc2/source:/opt/rustwide/workdir:ro,Z" "-v" "/var/lib/crater-agent-workspace/cargo-home:/opt/rustwide/cargo-home:ro,Z" "-v" "/var/lib/crater-agent-workspace/rustup-home:/opt/rustwide/rustup-home:ro,Z" "-e" "SOURCE_DIR=/opt/rustwide/workdir" "-e" "CARGO_TARGET_DIR=/opt/rustwide/target" "-e" "CARGO_INCREMENTAL=0" "-e" "RUST_BACKTRACE=full" "-e" "RUSTFLAGS=--cap-lints=warn" "-e" "RUSTDOCFLAGS=--cap-lints=warn" "-e" "CARGO_HOME=/opt/rustwide/cargo-home" "-e" "RUSTUP_HOME=/opt/rustwide/rustup-home" "-w" "/opt/rustwide/workdir" "-m" "1610612736" "--user" "0:0" "--network" "none" "ghcr.io/rust-lang/crates-build-env/linux@sha256:f3a9d4ad9d972b27faf3965f35b62e55ba32bbce8f20bc8fe909558a86702fde" "/opt/rustwide/cargo-home/bin/cargo" "+beta-2024-12-08" "build" "--frozen" "--message-format=json", kill_on_drop: false }`
[INFO] [stdout] 336ec6e83086be9047e4cd4a22aa5ca6d45f109292b60e1fb0ea5bc8b412f7ae
[INFO] running `Command { std: "docker" "start" "-a" "336ec6e83086be9047e4cd4a22aa5ca6d45f109292b60e1fb0ea5bc8b412f7ae", kill_on_drop: false }`
[INFO] [stderr]    Compiling proc-macro2 v1.0.92
[INFO] [stderr]    Compiling unicode-ident v1.0.14
[INFO] [stderr]    Compiling thiserror v1.0.69
[INFO] [stderr]    Compiling utf8-width v0.1.7
[INFO] [stderr]    Compiling memchr v2.7.4
[INFO] [stderr]    Compiling minimal-lexical v0.2.1
[INFO] [stderr]    Compiling serde v1.0.216
[INFO] [stderr]    Compiling percent-encoding v2.3.1
[INFO] [stderr]    Compiling html-escape v0.2.13
[INFO] [stderr]    Compiling nom v7.1.3
[INFO] [stderr]    Compiling quote v1.0.37
[INFO] [stderr]    Compiling syn v2.0.90
[INFO] [stderr]    Compiling thiserror-impl v1.0.69
[INFO] [stderr]    Compiling serde_derive v1.0.216
[INFO] [stderr]    Compiling parse-hyperlinks v0.23.4
[INFO] [stderr]    Compiling ebnf v0.1.4 (/opt/rustwide/workdir)
[INFO] [stderr]     Finished `dev` profile [unoptimized + debuginfo] target(s) in 14.55s
[INFO] running `Command { std: "docker" "inspect" "336ec6e83086be9047e4cd4a22aa5ca6d45f109292b60e1fb0ea5bc8b412f7ae", kill_on_drop: false }`
[INFO] running `Command { std: "docker" "rm" "-f" "336ec6e83086be9047e4cd4a22aa5ca6d45f109292b60e1fb0ea5bc8b412f7ae", kill_on_drop: false }`
[INFO] [stdout] 336ec6e83086be9047e4cd4a22aa5ca6d45f109292b60e1fb0ea5bc8b412f7ae
[INFO] running `Command { std: "docker" "create" "-v" "/var/lib/crater-agent-workspace/builds/worker-0-tc2/target:/opt/rustwide/target:rw,Z" "-v" "/var/lib/crater-agent-workspace/builds/worker-0-tc2/source:/opt/rustwide/workdir:ro,Z" "-v" "/var/lib/crater-agent-workspace/cargo-home:/opt/rustwide/cargo-home:ro,Z" "-v" "/var/lib/crater-agent-workspace/rustup-home:/opt/rustwide/rustup-home:ro,Z" "-e" "SOURCE_DIR=/opt/rustwide/workdir" "-e" "CARGO_TARGET_DIR=/opt/rustwide/target" "-e" "CARGO_INCREMENTAL=0" "-e" "RUST_BACKTRACE=full" "-e" "RUSTFLAGS=--cap-lints=warn" "-e" "RUSTDOCFLAGS=--cap-lints=warn" "-e" "CARGO_HOME=/opt/rustwide/cargo-home" "-e" "RUSTUP_HOME=/opt/rustwide/rustup-home" "-w" "/opt/rustwide/workdir" "-m" "1610612736" "--user" "0:0" "--network" "none" "ghcr.io/rust-lang/crates-build-env/linux@sha256:f3a9d4ad9d972b27faf3965f35b62e55ba32bbce8f20bc8fe909558a86702fde" "/opt/rustwide/cargo-home/bin/cargo" "+beta-2024-12-08" "test" "--frozen" "--no-run" "--message-format=json", kill_on_drop: false }`
[INFO] [stdout] b0ab4e109877b432915e927549832552520c1a9a8218c7ba4da5ed4eb799a1b2
[INFO] running `Command { std: "docker" "start" "-a" "b0ab4e109877b432915e927549832552520c1a9a8218c7ba4da5ed4eb799a1b2", kill_on_drop: false }`
[INFO] [stderr]    Compiling libc v0.2.168
[INFO] [stderr]    Compiling lazy_static v1.5.0
[INFO] [stderr]    Compiling similar v2.6.0
[INFO] [stderr]    Compiling linked-hash-map v0.5.6
[INFO] [stderr]    Compiling console v0.15.8
[INFO] [stderr]    Compiling insta v1.41.1
[INFO] [stderr]    Compiling ebnf v0.1.4 (/opt/rustwide/workdir)
[INFO] [stderr]     Finished `test` profile [unoptimized + debuginfo] target(s) in 6.66s
[INFO] running `Command { std: "docker" "inspect" "b0ab4e109877b432915e927549832552520c1a9a8218c7ba4da5ed4eb799a1b2", kill_on_drop: false }`
[INFO] running `Command { std: "docker" "rm" "-f" "b0ab4e109877b432915e927549832552520c1a9a8218c7ba4da5ed4eb799a1b2", kill_on_drop: false }`
[INFO] [stdout] b0ab4e109877b432915e927549832552520c1a9a8218c7ba4da5ed4eb799a1b2
[INFO] running `Command { std: "docker" "create" "-v" "/var/lib/crater-agent-workspace/builds/worker-0-tc2/target:/opt/rustwide/target:rw,Z" "-v" "/var/lib/crater-agent-workspace/builds/worker-0-tc2/source:/opt/rustwide/workdir:ro,Z" "-v" "/var/lib/crater-agent-workspace/cargo-home:/opt/rustwide/cargo-home:ro,Z" "-v" "/var/lib/crater-agent-workspace/rustup-home:/opt/rustwide/rustup-home:ro,Z" "-e" "SOURCE_DIR=/opt/rustwide/workdir" "-e" "CARGO_TARGET_DIR=/opt/rustwide/target" "-e" "CARGO_INCREMENTAL=0" "-e" "RUST_BACKTRACE=full" "-e" "RUSTFLAGS=--cap-lints=warn" "-e" "RUSTDOCFLAGS=--cap-lints=warn" "-e" "CARGO_HOME=/opt/rustwide/cargo-home" "-e" "RUSTUP_HOME=/opt/rustwide/rustup-home" "-w" "/opt/rustwide/workdir" "-m" "1610612736" "--user" "0:0" "--network" "none" "ghcr.io/rust-lang/crates-build-env/linux@sha256:f3a9d4ad9d972b27faf3965f35b62e55ba32bbce8f20bc8fe909558a86702fde" "/opt/rustwide/cargo-home/bin/cargo" "+beta-2024-12-08" "test" "--frozen", kill_on_drop: false }`
[INFO] [stdout] 428cd5270128c5023f41c8925e2d3c5f009898f0af063639dfc4bf4158759152
[INFO] running `Command { std: "docker" "start" "-a" "428cd5270128c5023f41c8925e2d3c5f009898f0af063639dfc4bf4158759152", kill_on_drop: false }`
[INFO] [stderr]     Finished `test` profile [unoptimized + debuginfo] target(s) in 0.05s
[INFO] [stderr]      Running unittests src/lib.rs (/opt/rustwide/target/debug/deps/ebnf-43fe0b2f85309ab8)
[INFO] [stdout] 
[INFO] [stdout] running 12 tests
[INFO] [stdout] test parser::test::test_parse ... ok
[INFO] [stdout] test parser::test::alternation_precidence ... ok
[INFO] [stdout] test parser::test::alternation_precidence_multiple ... ok
[INFO] [stdout] test parser::test::alternation_precidence_group ... ok
[INFO] [stdout] test parser::test::alternation_precidence_nested ... ok
[INFO] [stdout] test parser::test::concat_precidence_reverse ... ok
[INFO] [stdout] test parser::test::escaped_string ... ok
[INFO] [stdout] test parser::test::concat_precidence ... ok
[INFO] [stdout] test parser::test::underscore ... ok
[INFO] [stdout] test parser::test::space_before_semi ... ok
[INFO] [stdout] test parser::test::multiple_underscores ... ok
[INFO] [stdout] test parser::test::simple_alternation ... ok
[INFO] [stdout] 
[INFO] [stdout] test result: ok. 12 passed; 0 failed; 0 ignored; 0 measured; 0 filtered out; finished in 0.05s
[INFO] [stdout] 
[INFO] [stderr]    Doc-tests ebnf
[INFO] [stdout] 
[INFO] [stdout] running 2 tests
[INFO] [stdout] test src/lib.rs - get_grammar (line 54) ... FAILED
[INFO] [stdout] test src/lib.rs - (line 25) ... ok
[INFO] [stdout] 
[INFO] [stdout] failures:
[INFO] [stdout] 
[INFO] [stdout] ---- src/lib.rs - get_grammar (line 54) stdout ----
[INFO] [stdout] error[E0277]: the `?` operator can only be used in a function that returns `Result` or `Option` (or another type that implements `FromResidual`)
[INFO] [stdout]   --> src/lib.rs:61:43
[INFO] [stdout]    |
[INFO] [stdout] 4  | fn main() { #[allow(non_snake_case)] fn _doctest_main_src_lib_rs_54_0() {
[INFO] [stdout]    |                                      ---------------------------------- this function should return `Result` or `Option` to accept `?`
[INFO] [stdout] ...
[INFO] [stdout] 10 | let grammar = get_grammar(grammar_literal)?;
[INFO] [stdout]    |                                           ^ cannot use the `?` operator in a function that returns `()`
[INFO] [stdout]    |
[INFO] [stdout]    = help: the trait `FromResidual<Result<Infallible, nom::internal::Err<nom::error::VerboseError<&str>>>>` is not implemented for `()`
[INFO] [stdout] help: consider adding return type
[INFO] [stdout]    |
[INFO] [stdout] 4  ~ fn main() { #[allow(non_snake_case)] fn _doctest_main_src_lib_rs_54_0() -> Result<(), Box<dyn std::error::Error>> {
[INFO] [stdout] 5  | use ebnf::get_grammar;
[INFO] [stdout] ...
[INFO] [stdout] 10 | let grammar = get_grammar(grammar_literal)?;
[INFO] [stdout] 11 +     Ok(())
[INFO] [stdout]    |
[INFO] [stdout] 
[INFO] [stdout] error: aborting due to 1 previous error
[INFO] [stdout] 
[INFO] [stdout] For more information about this error, try `rustc --explain E0277`.
[INFO] [stdout] Couldn't compile the test.
[INFO] [stdout] 
[INFO] [stdout] failures:
[INFO] [stdout]     src/lib.rs - get_grammar (line 54)
[INFO] [stdout] 
[INFO] [stdout] test result: FAILED. 1 passed; 1 failed; 0 ignored; 0 measured; 0 filtered out; finished in 0.39s
[INFO] [stdout] 
[INFO] [stderr] error: doctest failed, to rerun pass `--doc`
[INFO] running `Command { std: "docker" "inspect" "428cd5270128c5023f41c8925e2d3c5f009898f0af063639dfc4bf4158759152", kill_on_drop: false }`
[INFO] running `Command { std: "docker" "rm" "-f" "428cd5270128c5023f41c8925e2d3c5f009898f0af063639dfc4bf4158759152", kill_on_drop: false }`
[INFO] [stdout] 428cd5270128c5023f41c8925e2d3c5f009898f0af063639dfc4bf4158759152
