[INFO] fetching crate easy_retry 0.1.0...
[INFO] testing easy_retry-0.1.0 against 1.83.0 for beta-1.84.0-4-retry
[INFO] extracting crate easy_retry 0.1.0 into /workspace/builds/worker-3-tc1/source
[INFO] validating manifest of crates.io crate easy_retry 0.1.0 on toolchain 1.83.0
[INFO] running `Command { std: CARGO_HOME="/workspace/cargo-home" RUSTUP_HOME="/workspace/rustup-home" "/workspace/cargo-home/bin/cargo" "+1.83.0" "metadata" "--manifest-path" "Cargo.toml" "--no-deps", kill_on_drop: false }`
[INFO] started tweaking crates.io crate easy_retry 0.1.0
[INFO] finished tweaking crates.io crate easy_retry 0.1.0
[INFO] tweaked toml for crates.io crate easy_retry 0.1.0 written to /workspace/builds/worker-3-tc1/source/Cargo.toml
[INFO] running `Command { std: CARGO_HOME="/workspace/cargo-home" RUSTUP_HOME="/workspace/rustup-home" "/workspace/cargo-home/bin/cargo" "+1.83.0" "generate-lockfile" "--manifest-path" "Cargo.toml", kill_on_drop: false }`
[INFO] [stderr]     Updating crates.io index
[INFO] [stderr]      Locking 51 packages to latest compatible versions
[INFO] running `Command { std: CARGO_HOME="/workspace/cargo-home" RUSTUP_HOME="/workspace/rustup-home" "/workspace/cargo-home/bin/cargo" "+1.83.0" "fetch" "--manifest-path" "Cargo.toml", kill_on_drop: false }`
[INFO] running `Command { std: "docker" "create" "-v" "/var/lib/crater-agent-workspace/builds/worker-3-tc1/target:/opt/rustwide/target:rw,Z" "-v" "/var/lib/crater-agent-workspace/builds/worker-3-tc1/source:/opt/rustwide/workdir:ro,Z" "-v" "/var/lib/crater-agent-workspace/cargo-home:/opt/rustwide/cargo-home:ro,Z" "-v" "/var/lib/crater-agent-workspace/rustup-home:/opt/rustwide/rustup-home:ro,Z" "-e" "SOURCE_DIR=/opt/rustwide/workdir" "-e" "CARGO_TARGET_DIR=/opt/rustwide/target" "-e" "CARGO_HOME=/opt/rustwide/cargo-home" "-e" "RUSTUP_HOME=/opt/rustwide/rustup-home" "-w" "/opt/rustwide/workdir" "-m" "1610612736" "--user" "0:0" "--network" "none" "ghcr.io/rust-lang/crates-build-env/linux@sha256:f3a9d4ad9d972b27faf3965f35b62e55ba32bbce8f20bc8fe909558a86702fde" "/opt/rustwide/cargo-home/bin/cargo" "+1.83.0" "metadata" "--no-deps" "--format-version=1", kill_on_drop: false }`
[INFO] [stdout] c5b40dbc536edcfcfe9ab0e7cfe800533f2256f245551b3744d1a958f980a30e
[INFO] running `Command { std: "docker" "start" "-a" "c5b40dbc536edcfcfe9ab0e7cfe800533f2256f245551b3744d1a958f980a30e", kill_on_drop: false }`
[INFO] running `Command { std: "docker" "inspect" "c5b40dbc536edcfcfe9ab0e7cfe800533f2256f245551b3744d1a958f980a30e", kill_on_drop: false }`
[INFO] running `Command { std: "docker" "rm" "-f" "c5b40dbc536edcfcfe9ab0e7cfe800533f2256f245551b3744d1a958f980a30e", kill_on_drop: false }`
[INFO] [stdout] c5b40dbc536edcfcfe9ab0e7cfe800533f2256f245551b3744d1a958f980a30e
[INFO] running `Command { std: "docker" "create" "-v" "/var/lib/crater-agent-workspace/builds/worker-3-tc1/target:/opt/rustwide/target:rw,Z" "-v" "/var/lib/crater-agent-workspace/builds/worker-3-tc1/source:/opt/rustwide/workdir:ro,Z" "-v" "/var/lib/crater-agent-workspace/cargo-home:/opt/rustwide/cargo-home:ro,Z" "-v" "/var/lib/crater-agent-workspace/rustup-home:/opt/rustwide/rustup-home:ro,Z" "-e" "SOURCE_DIR=/opt/rustwide/workdir" "-e" "CARGO_TARGET_DIR=/opt/rustwide/target" "-e" "CARGO_INCREMENTAL=0" "-e" "RUST_BACKTRACE=full" "-e" "RUSTFLAGS=--cap-lints=warn" "-e" "RUSTDOCFLAGS=--cap-lints=warn" "-e" "CARGO_HOME=/opt/rustwide/cargo-home" "-e" "RUSTUP_HOME=/opt/rustwide/rustup-home" "-w" "/opt/rustwide/workdir" "-m" "1610612736" "--user" "0:0" "--network" "none" "ghcr.io/rust-lang/crates-build-env/linux@sha256:f3a9d4ad9d972b27faf3965f35b62e55ba32bbce8f20bc8fe909558a86702fde" "/opt/rustwide/cargo-home/bin/cargo" "+1.83.0" "build" "--frozen" "--message-format=json", kill_on_drop: false }`
[INFO] [stdout] 819d08e09853959d88dcfc7cfa708037266995c4954056666259b79eb11a2ab1
[INFO] running `Command { std: "docker" "start" "-a" "819d08e09853959d88dcfc7cfa708037266995c4954056666259b79eb11a2ab1", kill_on_drop: false }`
[INFO] [stderr]    Compiling easy_retry v0.1.0 (/opt/rustwide/workdir)
[INFO] [stderr]     Finished `dev` profile [unoptimized + debuginfo] target(s) in 0.28s
[INFO] running `Command { std: "docker" "inspect" "819d08e09853959d88dcfc7cfa708037266995c4954056666259b79eb11a2ab1", kill_on_drop: false }`
[INFO] running `Command { std: "docker" "rm" "-f" "819d08e09853959d88dcfc7cfa708037266995c4954056666259b79eb11a2ab1", kill_on_drop: false }`
[INFO] [stdout] 819d08e09853959d88dcfc7cfa708037266995c4954056666259b79eb11a2ab1
[INFO] running `Command { std: "docker" "create" "-v" "/var/lib/crater-agent-workspace/builds/worker-3-tc1/target:/opt/rustwide/target:rw,Z" "-v" "/var/lib/crater-agent-workspace/builds/worker-3-tc1/source:/opt/rustwide/workdir:ro,Z" "-v" "/var/lib/crater-agent-workspace/cargo-home:/opt/rustwide/cargo-home:ro,Z" "-v" "/var/lib/crater-agent-workspace/rustup-home:/opt/rustwide/rustup-home:ro,Z" "-e" "SOURCE_DIR=/opt/rustwide/workdir" "-e" "CARGO_TARGET_DIR=/opt/rustwide/target" "-e" "CARGO_INCREMENTAL=0" "-e" "RUST_BACKTRACE=full" "-e" "RUSTFLAGS=--cap-lints=warn" "-e" "RUSTDOCFLAGS=--cap-lints=warn" "-e" "CARGO_HOME=/opt/rustwide/cargo-home" "-e" "RUSTUP_HOME=/opt/rustwide/rustup-home" "-w" "/opt/rustwide/workdir" "-m" "1610612736" "--user" "0:0" "--network" "none" "ghcr.io/rust-lang/crates-build-env/linux@sha256:f3a9d4ad9d972b27faf3965f35b62e55ba32bbce8f20bc8fe909558a86702fde" "/opt/rustwide/cargo-home/bin/cargo" "+1.83.0" "test" "--frozen" "--no-run" "--message-format=json", kill_on_drop: false }`
[INFO] [stdout] eb5336e6db1f030679a26869570244c6a705acc5d49740970d5083667bdb031c
[INFO] running `Command { std: "docker" "start" "-a" "eb5336e6db1f030679a26869570244c6a705acc5d49740970d5083667bdb031c", kill_on_drop: false }`
[INFO] [stderr]    Compiling libc v0.2.168
[INFO] [stderr]    Compiling proc-macro2 v1.0.92
[INFO] [stderr]    Compiling unicode-ident v1.0.14
[INFO] [stderr]    Compiling autocfg v1.4.0
[INFO] [stderr]    Compiling parking_lot_core v0.9.10
[INFO] [stderr]    Compiling scopeguard v1.2.0
[INFO] [stderr]    Compiling smallvec v1.13.2
[INFO] [stderr]    Compiling cfg-if v1.0.0
[INFO] [stderr]    Compiling pin-project-lite v0.2.15
[INFO] [stderr]    Compiling bytes v1.9.0
[INFO] [stderr]    Compiling lock_api v0.4.12
[INFO] [stderr]    Compiling quote v1.0.37
[INFO] [stderr]    Compiling syn v2.0.90
[INFO] [stderr]    Compiling mio v1.0.3
[INFO] [stderr]    Compiling socket2 v0.5.8
[INFO] [stderr]    Compiling signal-hook-registry v1.4.2
[INFO] [stderr]    Compiling parking_lot v0.12.3
[INFO] [stderr]    Compiling tokio-macros v2.4.0
[INFO] [stderr]    Compiling tokio v1.42.0
[INFO] [stderr]    Compiling easy_retry v0.1.0 (/opt/rustwide/workdir)
[INFO] [stderr]     Finished `test` profile [unoptimized + debuginfo] target(s) in 19.53s
[INFO] running `Command { std: "docker" "inspect" "eb5336e6db1f030679a26869570244c6a705acc5d49740970d5083667bdb031c", kill_on_drop: false }`
[INFO] running `Command { std: "docker" "rm" "-f" "eb5336e6db1f030679a26869570244c6a705acc5d49740970d5083667bdb031c", kill_on_drop: false }`
[INFO] [stdout] eb5336e6db1f030679a26869570244c6a705acc5d49740970d5083667bdb031c
[INFO] running `Command { std: "docker" "create" "-v" "/var/lib/crater-agent-workspace/builds/worker-3-tc1/target:/opt/rustwide/target:rw,Z" "-v" "/var/lib/crater-agent-workspace/builds/worker-3-tc1/source:/opt/rustwide/workdir:ro,Z" "-v" "/var/lib/crater-agent-workspace/cargo-home:/opt/rustwide/cargo-home:ro,Z" "-v" "/var/lib/crater-agent-workspace/rustup-home:/opt/rustwide/rustup-home:ro,Z" "-e" "SOURCE_DIR=/opt/rustwide/workdir" "-e" "CARGO_TARGET_DIR=/opt/rustwide/target" "-e" "CARGO_INCREMENTAL=0" "-e" "RUST_BACKTRACE=full" "-e" "RUSTFLAGS=--cap-lints=warn" "-e" "RUSTDOCFLAGS=--cap-lints=warn" "-e" "CARGO_HOME=/opt/rustwide/cargo-home" "-e" "RUSTUP_HOME=/opt/rustwide/rustup-home" "-w" "/opt/rustwide/workdir" "-m" "1610612736" "--user" "0:0" "--network" "none" "ghcr.io/rust-lang/crates-build-env/linux@sha256:f3a9d4ad9d972b27faf3965f35b62e55ba32bbce8f20bc8fe909558a86702fde" "/opt/rustwide/cargo-home/bin/cargo" "+1.83.0" "test" "--frozen", kill_on_drop: false }`
[INFO] [stdout] 0406708d2cf0b53a0b22f26dc89b744fb302d5b736f0b266d2cf3c0262e8cfbc
[INFO] running `Command { std: "docker" "start" "-a" "0406708d2cf0b53a0b22f26dc89b744fb302d5b736f0b266d2cf3c0262e8cfbc", kill_on_drop: false }`
[INFO] [stderr]     Finished `test` profile [unoptimized + debuginfo] target(s) in 0.05s
[INFO] [stderr]      Running unittests src/lib.rs (/opt/rustwide/target/debug/deps/easy_retry-ac5304e421254a25)
[INFO] [stdout] 
[INFO] [stdout] running 3 tests
[INFO] [stdout] test test::test_linear ... ok
[INFO] [stdout] test test::test_not_copy ... ok
[INFO] [stdout] test test::test_expontential ... ok
[INFO] [stderr]    Doc-tests easy_retry
[INFO] [stdout] 
[INFO] [stdout] test result: ok. 3 passed; 0 failed; 0 ignored; 0 measured; 0 filtered out; finished in 4.02s
[INFO] [stdout] 
[INFO] [stdout] 
[INFO] [stdout] running 7 tests
[INFO] [stdout] test src/lib.rs - (line 38) ... FAILED
[INFO] [stdout] test src/lib.rs - (line 71) ... ok
[INFO] [stdout] test src/lib.rs - SyncReturn (line 429) ... ok
[INFO] [stdout] test src/lib.rs - EasyRetry::new_exponential (line 161) ... ok
[INFO] [stdout] test src/lib.rs - (line 65) ... ok
[INFO] [stdout] test src/lib.rs - EasyRetry::new_linear (line 143) ... ok
[INFO] [stdout] test src/lib.rs - (line 22) ... ok
[INFO] [stdout] 
[INFO] [stdout] failures:
[INFO] [stdout] 
[INFO] [stdout] ---- src/lib.rs - (line 38) stdout ----
[INFO] [stdout] error[E0599]: no variant or associated item named `new_exponential_async` found for enum `EasyRetry` in the current scope
[INFO] [stdout]    --> src/lib.rs:49:37
[INFO] [stdout]     |
[INFO] [stdout] 13  |     let retry_strategy = EasyRetry::new_exponential_async(1, 2);
[INFO] [stdout]     |                                     ^^^^^^^^^^^^^^^^^^^^^ variant or associated item not found in `EasyRetry`
[INFO] [stdout]     |
[INFO] [stdout] note: if you're trying to build a new `EasyRetry` consider using one of the following associated functions:
[INFO] [stdout]       EasyRetry::new_linear
[INFO] [stdout]       EasyRetry::new_exponential
[INFO] [stdout]    --> /opt/rustwide/workdir/src/lib.rs:148:5
[INFO] [stdout]     |
[INFO] [stdout] 148 |     pub fn new_linear(delay: u64, retries: u64) -> Self {
[INFO] [stdout]     |     ^^^^^^^^^^^^^^^^^^^^^^^^^^^^^^^^^^^^^^^^^^^^^^^^^^^
[INFO] [stdout] ...
[INFO] [stdout] 166 |     pub fn new_exponential(delay: u64, retries: u64) -> Self {
[INFO] [stdout]     |     ^^^^^^^^^^^^^^^^^^^^^^^^^^^^^^^^^^^^^^^^^^^^^^^^^^^^^^^^
[INFO] [stdout] help: there is an associated function `new_exponential` with a similar name
[INFO] [stdout]     |
[INFO] [stdout] 13  |     let retry_strategy = EasyRetry::new_exponential(1, 2);
[INFO] [stdout]     |                                     ~~~~~~~~~~~~~~~
[INFO] [stdout] 
[INFO] [stdout] error: aborting due to 1 previous error
[INFO] [stdout] 
[INFO] [stdout] For more information about this error, try `rustc --explain E0599`.
[INFO] [stdout] Couldn't compile the test.
[INFO] [stdout] 
[INFO] [stdout] failures:
[INFO] [stdout]     src/lib.rs - (line 38)
[INFO] [stdout] 
[INFO] [stdout] test result: FAILED. 6 passed; 1 failed; 0 ignored; 0 measured; 0 filtered out; finished in 2.97s
[INFO] [stdout] 
[INFO] [stderr] error: doctest failed, to rerun pass `--doc`
[INFO] running `Command { std: "docker" "inspect" "0406708d2cf0b53a0b22f26dc89b744fb302d5b736f0b266d2cf3c0262e8cfbc", kill_on_drop: false }`
[INFO] running `Command { std: "docker" "rm" "-f" "0406708d2cf0b53a0b22f26dc89b744fb302d5b736f0b266d2cf3c0262e8cfbc", kill_on_drop: false }`
[INFO] [stdout] 0406708d2cf0b53a0b22f26dc89b744fb302d5b736f0b266d2cf3c0262e8cfbc
