[INFO] fetching crate ea-big 0.1.1...
[INFO] testing ea-big-0.1.1 against 1.83.0 for beta-1.84.0-4-retry
[INFO] extracting crate ea-big 0.1.1 into /workspace/builds/worker-2-tc1/source
[INFO] validating manifest of crates.io crate ea-big 0.1.1 on toolchain 1.83.0
[INFO] running `Command { std: CARGO_HOME="/workspace/cargo-home" RUSTUP_HOME="/workspace/rustup-home" "/workspace/cargo-home/bin/cargo" "+1.83.0" "metadata" "--manifest-path" "Cargo.toml" "--no-deps", kill_on_drop: false }`
[INFO] started tweaking crates.io crate ea-big 0.1.1
[INFO] finished tweaking crates.io crate ea-big 0.1.1
[INFO] tweaked toml for crates.io crate ea-big 0.1.1 written to /workspace/builds/worker-2-tc1/source/Cargo.toml
[INFO] crate crates.io crate ea-big 0.1.1 already has a lockfile, it will not be regenerated
[INFO] running `Command { std: CARGO_HOME="/workspace/cargo-home" RUSTUP_HOME="/workspace/rustup-home" "/workspace/cargo-home/bin/cargo" "+1.83.0" "fetch" "--manifest-path" "Cargo.toml", kill_on_drop: false }`
[INFO] running `Command { std: "docker" "create" "-v" "/var/lib/crater-agent-workspace/builds/worker-2-tc1/target:/opt/rustwide/target:rw,Z" "-v" "/var/lib/crater-agent-workspace/builds/worker-2-tc1/source:/opt/rustwide/workdir:ro,Z" "-v" "/var/lib/crater-agent-workspace/cargo-home:/opt/rustwide/cargo-home:ro,Z" "-v" "/var/lib/crater-agent-workspace/rustup-home:/opt/rustwide/rustup-home:ro,Z" "-e" "SOURCE_DIR=/opt/rustwide/workdir" "-e" "CARGO_TARGET_DIR=/opt/rustwide/target" "-e" "CARGO_HOME=/opt/rustwide/cargo-home" "-e" "RUSTUP_HOME=/opt/rustwide/rustup-home" "-w" "/opt/rustwide/workdir" "-m" "1610612736" "--user" "0:0" "--network" "none" "ghcr.io/rust-lang/crates-build-env/linux@sha256:f3a9d4ad9d972b27faf3965f35b62e55ba32bbce8f20bc8fe909558a86702fde" "/opt/rustwide/cargo-home/bin/cargo" "+1.83.0" "metadata" "--no-deps" "--format-version=1", kill_on_drop: false }`
[INFO] [stdout] 1ece126d8ab0696065268fa868c51962d0a32ad9519a738d12ba054e3c12ed98
[INFO] running `Command { std: "docker" "start" "-a" "1ece126d8ab0696065268fa868c51962d0a32ad9519a738d12ba054e3c12ed98", kill_on_drop: false }`
[INFO] running `Command { std: "docker" "inspect" "1ece126d8ab0696065268fa868c51962d0a32ad9519a738d12ba054e3c12ed98", kill_on_drop: false }`
[INFO] running `Command { std: "docker" "rm" "-f" "1ece126d8ab0696065268fa868c51962d0a32ad9519a738d12ba054e3c12ed98", kill_on_drop: false }`
[INFO] [stdout] 1ece126d8ab0696065268fa868c51962d0a32ad9519a738d12ba054e3c12ed98
[INFO] running `Command { std: "docker" "create" "-v" "/var/lib/crater-agent-workspace/builds/worker-2-tc1/target:/opt/rustwide/target:rw,Z" "-v" "/var/lib/crater-agent-workspace/builds/worker-2-tc1/source:/opt/rustwide/workdir:ro,Z" "-v" "/var/lib/crater-agent-workspace/cargo-home:/opt/rustwide/cargo-home:ro,Z" "-v" "/var/lib/crater-agent-workspace/rustup-home:/opt/rustwide/rustup-home:ro,Z" "-e" "SOURCE_DIR=/opt/rustwide/workdir" "-e" "CARGO_TARGET_DIR=/opt/rustwide/target" "-e" "CARGO_INCREMENTAL=0" "-e" "RUST_BACKTRACE=full" "-e" "RUSTFLAGS=--cap-lints=warn" "-e" "RUSTDOCFLAGS=--cap-lints=warn" "-e" "CARGO_HOME=/opt/rustwide/cargo-home" "-e" "RUSTUP_HOME=/opt/rustwide/rustup-home" "-w" "/opt/rustwide/workdir" "-m" "1610612736" "--user" "0:0" "--network" "none" "ghcr.io/rust-lang/crates-build-env/linux@sha256:f3a9d4ad9d972b27faf3965f35b62e55ba32bbce8f20bc8fe909558a86702fde" "/opt/rustwide/cargo-home/bin/cargo" "+1.83.0" "build" "--frozen" "--message-format=json", kill_on_drop: false }`
[INFO] [stdout] 341a262a93d311bb58c46bb10df70a6fcf1b1acf630175e57880951958871156
[INFO] running `Command { std: "docker" "start" "-a" "341a262a93d311bb58c46bb10df70a6fcf1b1acf630175e57880951958871156", kill_on_drop: false }`
[INFO] [stderr]    Compiling ea-big v0.1.1 (/opt/rustwide/workdir)
[INFO] [stderr]     Finished `dev` profile [unoptimized + debuginfo] target(s) in 0.21s
[INFO] running `Command { std: "docker" "inspect" "341a262a93d311bb58c46bb10df70a6fcf1b1acf630175e57880951958871156", kill_on_drop: false }`
[INFO] running `Command { std: "docker" "rm" "-f" "341a262a93d311bb58c46bb10df70a6fcf1b1acf630175e57880951958871156", kill_on_drop: false }`
[INFO] [stdout] 341a262a93d311bb58c46bb10df70a6fcf1b1acf630175e57880951958871156
[INFO] running `Command { std: "docker" "create" "-v" "/var/lib/crater-agent-workspace/builds/worker-2-tc1/target:/opt/rustwide/target:rw,Z" "-v" "/var/lib/crater-agent-workspace/builds/worker-2-tc1/source:/opt/rustwide/workdir:ro,Z" "-v" "/var/lib/crater-agent-workspace/cargo-home:/opt/rustwide/cargo-home:ro,Z" "-v" "/var/lib/crater-agent-workspace/rustup-home:/opt/rustwide/rustup-home:ro,Z" "-e" "SOURCE_DIR=/opt/rustwide/workdir" "-e" "CARGO_TARGET_DIR=/opt/rustwide/target" "-e" "CARGO_INCREMENTAL=0" "-e" "RUST_BACKTRACE=full" "-e" "RUSTFLAGS=--cap-lints=warn" "-e" "RUSTDOCFLAGS=--cap-lints=warn" "-e" "CARGO_HOME=/opt/rustwide/cargo-home" "-e" "RUSTUP_HOME=/opt/rustwide/rustup-home" "-w" "/opt/rustwide/workdir" "-m" "1610612736" "--user" "0:0" "--network" "none" "ghcr.io/rust-lang/crates-build-env/linux@sha256:f3a9d4ad9d972b27faf3965f35b62e55ba32bbce8f20bc8fe909558a86702fde" "/opt/rustwide/cargo-home/bin/cargo" "+1.83.0" "test" "--frozen" "--no-run" "--message-format=json", kill_on_drop: false }`
[INFO] [stdout] 7e3fe07f9f7cb999dac81a43e4c03584f5e250b6430c26398dfae6dfa4b44ccb
[INFO] running `Command { std: "docker" "start" "-a" "7e3fe07f9f7cb999dac81a43e4c03584f5e250b6430c26398dfae6dfa4b44ccb", kill_on_drop: false }`
[INFO] [stderr]    Compiling ea-big v0.1.1 (/opt/rustwide/workdir)
[INFO] [stderr]     Finished `test` profile [unoptimized + debuginfo] target(s) in 0.89s
[INFO] running `Command { std: "docker" "inspect" "7e3fe07f9f7cb999dac81a43e4c03584f5e250b6430c26398dfae6dfa4b44ccb", kill_on_drop: false }`
[INFO] running `Command { std: "docker" "rm" "-f" "7e3fe07f9f7cb999dac81a43e4c03584f5e250b6430c26398dfae6dfa4b44ccb", kill_on_drop: false }`
[INFO] [stdout] 7e3fe07f9f7cb999dac81a43e4c03584f5e250b6430c26398dfae6dfa4b44ccb
[INFO] running `Command { std: "docker" "create" "-v" "/var/lib/crater-agent-workspace/builds/worker-2-tc1/target:/opt/rustwide/target:rw,Z" "-v" "/var/lib/crater-agent-workspace/builds/worker-2-tc1/source:/opt/rustwide/workdir:ro,Z" "-v" "/var/lib/crater-agent-workspace/cargo-home:/opt/rustwide/cargo-home:ro,Z" "-v" "/var/lib/crater-agent-workspace/rustup-home:/opt/rustwide/rustup-home:ro,Z" "-e" "SOURCE_DIR=/opt/rustwide/workdir" "-e" "CARGO_TARGET_DIR=/opt/rustwide/target" "-e" "CARGO_INCREMENTAL=0" "-e" "RUST_BACKTRACE=full" "-e" "RUSTFLAGS=--cap-lints=warn" "-e" "RUSTDOCFLAGS=--cap-lints=warn" "-e" "CARGO_HOME=/opt/rustwide/cargo-home" "-e" "RUSTUP_HOME=/opt/rustwide/rustup-home" "-w" "/opt/rustwide/workdir" "-m" "1610612736" "--user" "0:0" "--network" "none" "ghcr.io/rust-lang/crates-build-env/linux@sha256:f3a9d4ad9d972b27faf3965f35b62e55ba32bbce8f20bc8fe909558a86702fde" "/opt/rustwide/cargo-home/bin/cargo" "+1.83.0" "test" "--frozen", kill_on_drop: false }`
[INFO] [stdout] 2f95d9a238b3fafcd23ade88834e4f6479ce9bb4721438d2c80156dda16b1ea0
[INFO] running `Command { std: "docker" "start" "-a" "2f95d9a238b3fafcd23ade88834e4f6479ce9bb4721438d2c80156dda16b1ea0", kill_on_drop: false }`
[INFO] [stderr]     Finished `test` profile [unoptimized + debuginfo] target(s) in 0.02s
[INFO] [stderr]      Running unittests src/lib.rs (/opt/rustwide/target/debug/deps/ea_big-7a0c9d2c6781e8c6)
[INFO] [stdout] 
[INFO] [stdout] running 0 tests
[INFO] [stdout] 
[INFO] [stdout] test result: ok. 0 passed; 0 failed; 0 ignored; 0 measured; 0 filtered out; finished in 0.00s
[INFO] [stdout] 
[INFO] [stderr]    Doc-tests ea_big
[INFO] [stdout] 
[INFO] [stdout] running 1 test
[INFO] [stdout] test src/lib.rs - (line 3) ... FAILED
[INFO] [stdout] 
[INFO] [stdout] failures:
[INFO] [stdout] 
[INFO] [stdout] ---- src/lib.rs - (line 3) stdout ----
[INFO] [stdout] error[E0277]: the trait bound `&Result<File, std::io::Error>: std::io::Read` is not satisfied
[INFO] [stdout]    --> src/lib.rs:10:49
[INFO] [stdout]     |
[INFO] [stdout] 9   |     let (header, entries) = ea_big::from_reader(&file)?;
[INFO] [stdout]     |                             ------------------- ^^^^^ the trait `std::io::Read` is not implemented for `&Result<File, std::io::Error>`
[INFO] [stdout]     |                             |
[INFO] [stdout]     |                             required by a bound introduced by this call
[INFO] [stdout]     |
[INFO] [stdout] note: required by a bound in `from_reader`
[INFO] [stdout]    --> /opt/rustwide/workdir/src/lib.rs:164:23
[INFO] [stdout]     |
[INFO] [stdout] 164 | pub fn from_reader<M: Read>(mut reader: M) -> Result<(Header, Vec<TableEntry>)> {
[INFO] [stdout]     |                       ^^^^ required by this bound in `from_reader`
[INFO] [stdout] 
[INFO] [stdout] error[E0277]: the trait bound `&Result<File, std::io::Error>: std::io::Read` is not satisfied
[INFO] [stdout]    --> src/lib.rs:12:35
[INFO] [stdout]     |
[INFO] [stdout] 11  |     let embed = ea_big::open_file(&file, &entries[0]);
[INFO] [stdout]     |                 ----------------- ^^^^^ the trait `std::io::Read` is not implemented for `&Result<File, std::io::Error>`
[INFO] [stdout]     |                 |
[INFO] [stdout]     |                 required by a bound introduced by this call
[INFO] [stdout]     |
[INFO] [stdout] note: required by a bound in `open_file`
[INFO] [stdout]    --> /opt/rustwide/workdir/src/lib.rs:179:21
[INFO] [stdout]     |
[INFO] [stdout] 179 | pub fn open_file<M: Read + Seek>(reader: M, entry: &TableEntry) -> EmbeddedFile<M> {
[INFO] [stdout]     |                     ^^^^ required by this bound in `open_file`
[INFO] [stdout] 
[INFO] [stdout] error[E0277]: the trait bound `&Result<File, std::io::Error>: Seek` is not satisfied
[INFO] [stdout]    --> src/lib.rs:12:35
[INFO] [stdout]     |
[INFO] [stdout] 11  |     let embed = ea_big::open_file(&file, &entries[0]);
[INFO] [stdout]     |                 ----------------- ^^^^^ the trait `Seek` is not implemented for `&Result<File, std::io::Error>`
[INFO] [stdout]     |                 |
[INFO] [stdout]     |                 required by a bound introduced by this call
[INFO] [stdout]     |
[INFO] [stdout] note: required by a bound in `open_file`
[INFO] [stdout]    --> /opt/rustwide/workdir/src/lib.rs:179:28
[INFO] [stdout]     |
[INFO] [stdout] 179 | pub fn open_file<M: Read + Seek>(reader: M, entry: &TableEntry) -> EmbeddedFile<M> {
[INFO] [stdout]     |                            ^^^^ required by this bound in `open_file`
[INFO] [stdout] 
[INFO] [stdout] error[E0277]: the trait bound `&Result<File, std::io::Error>: std::io::Read` is not satisfied
[INFO] [stdout]    --> src/lib.rs:12:17
[INFO] [stdout]     |
[INFO] [stdout] 11  |     let embed = ea_big::open_file(&file, &entries[0]);
[INFO] [stdout]     |                 ^^^^^^^^^^^^^^^^^^^^^^^^^^^^^^^^^^^^^ the trait `std::io::Read` is not implemented for `&Result<File, std::io::Error>`
[INFO] [stdout]     |
[INFO] [stdout] note: required by a bound in `EmbeddedFile`
[INFO] [stdout]    --> /opt/rustwide/workdir/src/lib.rs:109:28
[INFO] [stdout]     |
[INFO] [stdout] 109 | pub struct EmbeddedFile<M: Read + Seek> {
[INFO] [stdout]     |                            ^^^^ required by this bound in `EmbeddedFile`
[INFO] [stdout] 
[INFO] [stdout] error[E0277]: the trait bound `&Result<File, std::io::Error>: Seek` is not satisfied
[INFO] [stdout]    --> src/lib.rs:12:17
[INFO] [stdout]     |
[INFO] [stdout] 11  |     let embed = ea_big::open_file(&file, &entries[0]);
[INFO] [stdout]     |                 ^^^^^^^^^^^^^^^^^^^^^^^^^^^^^^^^^^^^^ the trait `Seek` is not implemented for `&Result<File, std::io::Error>`
[INFO] [stdout]     |
[INFO] [stdout] note: required by a bound in `EmbeddedFile`
[INFO] [stdout]    --> /opt/rustwide/workdir/src/lib.rs:109:35
[INFO] [stdout]     |
[INFO] [stdout] 109 | pub struct EmbeddedFile<M: Read + Seek> {
[INFO] [stdout]     |                                   ^^^^ required by this bound in `EmbeddedFile`
[INFO] [stdout] 
[INFO] [stdout] error: aborting due to 5 previous errors
[INFO] [stdout] 
[INFO] [stdout] For more information about this error, try `rustc --explain E0277`.
[INFO] [stdout] Couldn't compile the test.
[INFO] [stdout] 
[INFO] [stdout] failures:
[INFO] [stdout]     src/lib.rs - (line 3)
[INFO] [stdout] 
[INFO] [stdout] test result: FAILED. 0 passed; 1 failed; 0 ignored; 0 measured; 0 filtered out; finished in 0.09s
[INFO] [stdout] 
[INFO] [stderr] error: doctest failed, to rerun pass `--doc`
[INFO] running `Command { std: "docker" "inspect" "2f95d9a238b3fafcd23ade88834e4f6479ce9bb4721438d2c80156dda16b1ea0", kill_on_drop: false }`
[INFO] running `Command { std: "docker" "rm" "-f" "2f95d9a238b3fafcd23ade88834e4f6479ce9bb4721438d2c80156dda16b1ea0", kill_on_drop: false }`
[INFO] [stdout] 2f95d9a238b3fafcd23ade88834e4f6479ce9bb4721438d2c80156dda16b1ea0
