[INFO] fetching crate e-macros 0.1.6...
[INFO] testing e-macros-0.1.6 against 1.83.0 for beta-1.84.0-4-retry
[INFO] extracting crate e-macros 0.1.6 into /workspace/builds/worker-4-tc1/source
[INFO] validating manifest of crates.io crate e-macros 0.1.6 on toolchain 1.83.0
[INFO] running `Command { std: CARGO_HOME="/workspace/cargo-home" RUSTUP_HOME="/workspace/rustup-home" "/workspace/cargo-home/bin/cargo" "+1.83.0" "metadata" "--manifest-path" "Cargo.toml" "--no-deps", kill_on_drop: false }`
[INFO] started tweaking crates.io crate e-macros 0.1.6
[INFO] finished tweaking crates.io crate e-macros 0.1.6
[INFO] tweaked toml for crates.io crate e-macros 0.1.6 written to /workspace/builds/worker-4-tc1/source/Cargo.toml
[INFO] running `Command { std: CARGO_HOME="/workspace/cargo-home" RUSTUP_HOME="/workspace/rustup-home" "/workspace/cargo-home/bin/cargo" "+1.83.0" "generate-lockfile" "--manifest-path" "Cargo.toml", kill_on_drop: false }`
[INFO] [stderr]     Updating crates.io index
[INFO] [stderr]      Locking 4 packages to latest compatible versions
[INFO] running `Command { std: CARGO_HOME="/workspace/cargo-home" RUSTUP_HOME="/workspace/rustup-home" "/workspace/cargo-home/bin/cargo" "+1.83.0" "fetch" "--manifest-path" "Cargo.toml", kill_on_drop: false }`
[INFO] running `Command { std: "docker" "create" "-v" "/var/lib/crater-agent-workspace/builds/worker-4-tc1/target:/opt/rustwide/target:rw,Z" "-v" "/var/lib/crater-agent-workspace/builds/worker-4-tc1/source:/opt/rustwide/workdir:ro,Z" "-v" "/var/lib/crater-agent-workspace/cargo-home:/opt/rustwide/cargo-home:ro,Z" "-v" "/var/lib/crater-agent-workspace/rustup-home:/opt/rustwide/rustup-home:ro,Z" "-e" "SOURCE_DIR=/opt/rustwide/workdir" "-e" "CARGO_TARGET_DIR=/opt/rustwide/target" "-e" "CARGO_HOME=/opt/rustwide/cargo-home" "-e" "RUSTUP_HOME=/opt/rustwide/rustup-home" "-w" "/opt/rustwide/workdir" "-m" "1610612736" "--user" "0:0" "--network" "none" "ghcr.io/rust-lang/crates-build-env/linux@sha256:f3a9d4ad9d972b27faf3965f35b62e55ba32bbce8f20bc8fe909558a86702fde" "/opt/rustwide/cargo-home/bin/cargo" "+1.83.0" "metadata" "--no-deps" "--format-version=1", kill_on_drop: false }`
[INFO] [stdout] 1ec712ab010a58829fd12ededc21c0d69a08f8807599d00b27ab442b84710dac
[INFO] running `Command { std: "docker" "start" "-a" "1ec712ab010a58829fd12ededc21c0d69a08f8807599d00b27ab442b84710dac", kill_on_drop: false }`
[INFO] running `Command { std: "docker" "inspect" "1ec712ab010a58829fd12ededc21c0d69a08f8807599d00b27ab442b84710dac", kill_on_drop: false }`
[INFO] running `Command { std: "docker" "rm" "-f" "1ec712ab010a58829fd12ededc21c0d69a08f8807599d00b27ab442b84710dac", kill_on_drop: false }`
[INFO] [stdout] 1ec712ab010a58829fd12ededc21c0d69a08f8807599d00b27ab442b84710dac
[INFO] running `Command { std: "docker" "create" "-v" "/var/lib/crater-agent-workspace/builds/worker-4-tc1/target:/opt/rustwide/target:rw,Z" "-v" "/var/lib/crater-agent-workspace/builds/worker-4-tc1/source:/opt/rustwide/workdir:ro,Z" "-v" "/var/lib/crater-agent-workspace/cargo-home:/opt/rustwide/cargo-home:ro,Z" "-v" "/var/lib/crater-agent-workspace/rustup-home:/opt/rustwide/rustup-home:ro,Z" "-e" "SOURCE_DIR=/opt/rustwide/workdir" "-e" "CARGO_TARGET_DIR=/opt/rustwide/target" "-e" "CARGO_INCREMENTAL=0" "-e" "RUST_BACKTRACE=full" "-e" "RUSTFLAGS=--cap-lints=warn" "-e" "RUSTDOCFLAGS=--cap-lints=warn" "-e" "CARGO_HOME=/opt/rustwide/cargo-home" "-e" "RUSTUP_HOME=/opt/rustwide/rustup-home" "-w" "/opt/rustwide/workdir" "-m" "1610612736" "--user" "0:0" "--network" "none" "ghcr.io/rust-lang/crates-build-env/linux@sha256:f3a9d4ad9d972b27faf3965f35b62e55ba32bbce8f20bc8fe909558a86702fde" "/opt/rustwide/cargo-home/bin/cargo" "+1.83.0" "build" "--frozen" "--message-format=json", kill_on_drop: false }`
[INFO] [stdout] 34a6e1b9967409702dcac753cc87bd8e848c4615f8b50b20f022e1642a128e81
[INFO] running `Command { std: "docker" "start" "-a" "34a6e1b9967409702dcac753cc87bd8e848c4615f8b50b20f022e1642a128e81", kill_on_drop: false }`
[INFO] [stderr]    Compiling proc-macro2 v1.0.92
[INFO] [stderr]    Compiling unicode-ident v1.0.14
[INFO] [stderr]    Compiling quote v1.0.37
[INFO] [stderr]    Compiling syn v2.0.90
[INFO] [stderr]    Compiling e-macros v0.1.6 (/opt/rustwide/workdir)
[INFO] [stdout] warning: unexpected `cfg` condition name: `loom`
[INFO] [stdout]   --> src/lib.rs:23:13
[INFO] [stdout]    |
[INFO] [stdout] 23 | #![cfg_attr(loom, allow(dead_code, unreachable_pub))]
[INFO] [stdout]    |             ^^^^
[INFO] [stdout]    |
[INFO] [stdout]    = help: expected names are: `clippy`, `debug_assertions`, `doc`, `docsrs`, `doctest`, `feature`, `fmt_debug`, `miri`, `overflow_checks`, `panic`, `proc_macro`, `relocation_model`, `rustfmt`, `sanitize`, `sanitizer_cfi_generalize_pointers`, `sanitizer_cfi_normalize_integers`, `target_abi`, `target_arch`, `target_endian`, `target_env`, `target_family`, `target_feature`, `target_has_atomic`, `target_has_atomic_equal_alignment`, `target_has_atomic_load_store`, `target_os`, `target_pointer_width`, `target_thread_local`, `target_vendor`, `test`, `ub_checks`, `unix`, and `windows`
[INFO] [stdout]    = help: consider using a Cargo feature instead
[INFO] [stdout]    = help: or consider adding in `Cargo.toml` the `check-cfg` lint config for the lint:
[INFO] [stdout]             [lints.rust]
[INFO] [stdout]             unexpected_cfgs = { level = "warn", check-cfg = ['cfg(loom)'] }
[INFO] [stdout]    = help: or consider adding `println!("cargo::rustc-check-cfg=cfg(loom)");` to the top of the `build.rs`
[INFO] [stdout]    = note: see <https://doc.rust-lang.org/nightly/rustc/check-cfg/cargo-specifics.html> for more information about checking conditional configuration
[INFO] [stdout]    = note: `#[warn(unexpected_cfgs)]` on by default
[INFO] [stdout] 
[INFO] [stdout] 
[INFO] [stderr]     Finished `dev` profile [unoptimized + debuginfo] target(s) in 7.25s
[INFO] running `Command { std: "docker" "inspect" "34a6e1b9967409702dcac753cc87bd8e848c4615f8b50b20f022e1642a128e81", kill_on_drop: false }`
[INFO] running `Command { std: "docker" "rm" "-f" "34a6e1b9967409702dcac753cc87bd8e848c4615f8b50b20f022e1642a128e81", kill_on_drop: false }`
[INFO] [stdout] 34a6e1b9967409702dcac753cc87bd8e848c4615f8b50b20f022e1642a128e81
[INFO] running `Command { std: "docker" "create" "-v" "/var/lib/crater-agent-workspace/builds/worker-4-tc1/target:/opt/rustwide/target:rw,Z" "-v" "/var/lib/crater-agent-workspace/builds/worker-4-tc1/source:/opt/rustwide/workdir:ro,Z" "-v" "/var/lib/crater-agent-workspace/cargo-home:/opt/rustwide/cargo-home:ro,Z" "-v" "/var/lib/crater-agent-workspace/rustup-home:/opt/rustwide/rustup-home:ro,Z" "-e" "SOURCE_DIR=/opt/rustwide/workdir" "-e" "CARGO_TARGET_DIR=/opt/rustwide/target" "-e" "CARGO_INCREMENTAL=0" "-e" "RUST_BACKTRACE=full" "-e" "RUSTFLAGS=--cap-lints=warn" "-e" "RUSTDOCFLAGS=--cap-lints=warn" "-e" "CARGO_HOME=/opt/rustwide/cargo-home" "-e" "RUSTUP_HOME=/opt/rustwide/rustup-home" "-w" "/opt/rustwide/workdir" "-m" "1610612736" "--user" "0:0" "--network" "none" "ghcr.io/rust-lang/crates-build-env/linux@sha256:f3a9d4ad9d972b27faf3965f35b62e55ba32bbce8f20bc8fe909558a86702fde" "/opt/rustwide/cargo-home/bin/cargo" "+1.83.0" "test" "--frozen" "--no-run" "--message-format=json", kill_on_drop: false }`
[INFO] [stdout] 61b56709e100c9a1947fc1e450596293c3e63cb094409ddcd6ad02a0540218f6
[INFO] running `Command { std: "docker" "start" "-a" "61b56709e100c9a1947fc1e450596293c3e63cb094409ddcd6ad02a0540218f6", kill_on_drop: false }`
[INFO] [stderr]    Compiling e-macros v0.1.6 (/opt/rustwide/workdir)
[INFO] [stdout] warning: unexpected `cfg` condition name: `loom`
[INFO] [stdout]   --> src/lib.rs:23:13
[INFO] [stdout]    |
[INFO] [stdout] 23 | #![cfg_attr(loom, allow(dead_code, unreachable_pub))]
[INFO] [stdout]    |             ^^^^
[INFO] [stdout]    |
[INFO] [stdout]    = help: expected names are: `clippy`, `debug_assertions`, `doc`, `docsrs`, `doctest`, `feature`, `fmt_debug`, `miri`, `overflow_checks`, `panic`, `proc_macro`, `relocation_model`, `rustfmt`, `sanitize`, `sanitizer_cfi_generalize_pointers`, `sanitizer_cfi_normalize_integers`, `target_abi`, `target_arch`, `target_endian`, `target_env`, `target_family`, `target_feature`, `target_has_atomic`, `target_has_atomic_equal_alignment`, `target_has_atomic_load_store`, `target_os`, `target_pointer_width`, `target_thread_local`, `target_vendor`, `test`, `ub_checks`, `unix`, and `windows`
[INFO] [stdout]    = help: consider using a Cargo feature instead
[INFO] [stdout]    = help: or consider adding in `Cargo.toml` the `check-cfg` lint config for the lint:
[INFO] [stdout]             [lints.rust]
[INFO] [stdout]             unexpected_cfgs = { level = "warn", check-cfg = ['cfg(loom)'] }
[INFO] [stdout]    = help: or consider adding `println!("cargo::rustc-check-cfg=cfg(loom)");` to the top of the `build.rs`
[INFO] [stdout]    = note: see <https://doc.rust-lang.org/nightly/rustc/check-cfg/cargo-specifics.html> for more information about checking conditional configuration
[INFO] [stdout]    = note: `#[warn(unexpected_cfgs)]` on by default
[INFO] [stdout] 
[INFO] [stdout] 
[INFO] [stdout] warning: unexpected `cfg` condition name: `loom`
[INFO] [stdout]   --> src/lib.rs:23:13
[INFO] [stdout]    |
[INFO] [stdout] 23 | #![cfg_attr(loom, allow(dead_code, unreachable_pub))]
[INFO] [stdout]    |             ^^^^
[INFO] [stdout]    |
[INFO] [stdout]    = help: expected names are: `clippy`, `debug_assertions`, `doc`, `docsrs`, `doctest`, `feature`, `fmt_debug`, `miri`, `overflow_checks`, `panic`, `proc_macro`, `relocation_model`, `rustfmt`, `sanitize`, `sanitizer_cfi_generalize_pointers`, `sanitizer_cfi_normalize_integers`, `target_abi`, `target_arch`, `target_endian`, `target_env`, `target_family`, `target_feature`, `target_has_atomic`, `target_has_atomic_equal_alignment`, `target_has_atomic_load_store`, `target_os`, `target_pointer_width`, `target_thread_local`, `target_vendor`, `test`, `ub_checks`, `unix`, and `windows`
[INFO] [stdout]    = help: consider using a Cargo feature instead
[INFO] [stdout]    = help: or consider adding in `Cargo.toml` the `check-cfg` lint config for the lint:
[INFO] [stdout]             [lints.rust]
[INFO] [stdout]             unexpected_cfgs = { level = "warn", check-cfg = ['cfg(loom)'] }
[INFO] [stdout]    = help: or consider adding `println!("cargo::rustc-check-cfg=cfg(loom)");` to the top of the `build.rs`
[INFO] [stdout]    = note: see <https://doc.rust-lang.org/nightly/rustc/check-cfg/cargo-specifics.html> for more information about checking conditional configuration
[INFO] [stdout]    = note: `#[warn(unexpected_cfgs)]` on by default
[INFO] [stdout] 
[INFO] [stdout] 
[INFO] [stderr]     Finished `test` profile [unoptimized + debuginfo] target(s) in 1.17s
[INFO] running `Command { std: "docker" "inspect" "61b56709e100c9a1947fc1e450596293c3e63cb094409ddcd6ad02a0540218f6", kill_on_drop: false }`
[INFO] running `Command { std: "docker" "rm" "-f" "61b56709e100c9a1947fc1e450596293c3e63cb094409ddcd6ad02a0540218f6", kill_on_drop: false }`
[INFO] [stdout] 61b56709e100c9a1947fc1e450596293c3e63cb094409ddcd6ad02a0540218f6
[INFO] running `Command { std: "docker" "create" "-v" "/var/lib/crater-agent-workspace/builds/worker-4-tc1/target:/opt/rustwide/target:rw,Z" "-v" "/var/lib/crater-agent-workspace/builds/worker-4-tc1/source:/opt/rustwide/workdir:ro,Z" "-v" "/var/lib/crater-agent-workspace/cargo-home:/opt/rustwide/cargo-home:ro,Z" "-v" "/var/lib/crater-agent-workspace/rustup-home:/opt/rustwide/rustup-home:ro,Z" "-e" "SOURCE_DIR=/opt/rustwide/workdir" "-e" "CARGO_TARGET_DIR=/opt/rustwide/target" "-e" "CARGO_INCREMENTAL=0" "-e" "RUST_BACKTRACE=full" "-e" "RUSTFLAGS=--cap-lints=warn" "-e" "RUSTDOCFLAGS=--cap-lints=warn" "-e" "CARGO_HOME=/opt/rustwide/cargo-home" "-e" "RUSTUP_HOME=/opt/rustwide/rustup-home" "-w" "/opt/rustwide/workdir" "-m" "1610612736" "--user" "0:0" "--network" "none" "ghcr.io/rust-lang/crates-build-env/linux@sha256:f3a9d4ad9d972b27faf3965f35b62e55ba32bbce8f20bc8fe909558a86702fde" "/opt/rustwide/cargo-home/bin/cargo" "+1.83.0" "test" "--frozen", kill_on_drop: false }`
[INFO] [stdout] 7c5418c8afd2a4fbfe927674148edec02c55f2f28bc574064b27a0ac2cbe4e30
[INFO] running `Command { std: "docker" "start" "-a" "7c5418c8afd2a4fbfe927674148edec02c55f2f28bc574064b27a0ac2cbe4e30", kill_on_drop: false }`
[INFO] [stderr] warning: unexpected `cfg` condition name: `loom`
[INFO] [stderr]   --> src/lib.rs:23:13
[INFO] [stderr]    |
[INFO] [stderr] 23 | #![cfg_attr(loom, allow(dead_code, unreachable_pub))]
[INFO] [stderr]    |             ^^^^
[INFO] [stderr]    |
[INFO] [stderr]    = help: expected names are: `clippy`, `debug_assertions`, `doc`, `docsrs`, `doctest`, `feature`, `fmt_debug`, `miri`, `overflow_checks`, `panic`, `proc_macro`, `relocation_model`, `rustfmt`, `sanitize`, `sanitizer_cfi_generalize_pointers`, `sanitizer_cfi_normalize_integers`, `target_abi`, `target_arch`, `target_endian`, `target_env`, `target_family`, `target_feature`, `target_has_atomic`, `target_has_atomic_equal_alignment`, `target_has_atomic_load_store`, `target_os`, `target_pointer_width`, `target_thread_local`, `target_vendor`, `test`, `ub_checks`, `unix`, and `windows`
[INFO] [stderr]    = help: consider using a Cargo feature instead
[INFO] [stderr]    = help: or consider adding in `Cargo.toml` the `check-cfg` lint config for the lint:
[INFO] [stderr]             [lints.rust]
[INFO] [stderr]             unexpected_cfgs = { level = "warn", check-cfg = ['cfg(loom)'] }
[INFO] [stderr]    = help: or consider adding `println!("cargo::rustc-check-cfg=cfg(loom)");` to the top of the `build.rs`
[INFO] [stderr]    = note: see <https://doc.rust-lang.org/nightly/rustc/check-cfg/cargo-specifics.html> for more information about checking conditional configuration
[INFO] [stderr]    = note: `#[warn(unexpected_cfgs)]` on by default
[INFO] [stderr] 
[INFO] [stderr] warning: `e-macros` (lib) generated 1 warning
[INFO] [stderr] warning: `e-macros` (lib test) generated 1 warning (1 duplicate)
[INFO] [stderr]     Finished `test` profile [unoptimized + debuginfo] target(s) in 0.02s
[INFO] [stderr]      Running unittests src/lib.rs (/opt/rustwide/target/debug/deps/e_macros-781aaa8350ec0973)
[INFO] [stdout] 
[INFO] [stderr]    Doc-tests e_macros
[INFO] [stdout] running 0 tests
[INFO] [stdout] 
[INFO] [stdout] test result: ok. 0 passed; 0 failed; 0 ignored; 0 measured; 0 filtered out; finished in 0.00s
[INFO] [stdout] 
[INFO] [stdout] 
[INFO] [stdout] running 2 tests
[INFO] [stdout] test src/lib.rs - c_derive (line 248) ... FAILED
[INFO] [stdout] test src/lib.rs - json_derive (line 39) ... FAILED
[INFO] [stdout] 
[INFO] [stdout] failures:
[INFO] [stdout] 
[INFO] [stdout] ---- src/lib.rs - c_derive (line 248) stdout ----
[INFO] [stdout] error[E0433]: failed to resolve: use of undeclared crate or module `e_utils`
[INFO] [stdout]  --> src/lib.rs:249:10
[INFO] [stdout]   |
[INFO] [stdout] 4 | #[derive(e_utils::C)]
[INFO] [stdout]   |          ^^^^^^^ use of undeclared crate or module `e_utils`
[INFO] [stdout] 
[INFO] [stdout] error[E0107]: enum takes 2 generic arguments but 1 generic argument was supplied
[INFO] [stdout]  --> src/lib.rs:254:14
[INFO] [stdout]   |
[INFO] [stdout] 9 | fn test() -> Result<()> {
[INFO] [stdout]   |              ^^^^^^ -- supplied 1 generic argument
[INFO] [stdout]   |              |
[INFO] [stdout]   |              expected 2 generic arguments
[INFO] [stdout]   |
[INFO] [stdout] help: add missing generic argument
[INFO] [stdout]   |
[INFO] [stdout] 9 | fn test() -> Result<(), E> {
[INFO] [stdout]   |                       +++
[INFO] [stdout] 
[INFO] [stdout] error[E0599]: no method named `to_c_ptr` found for struct `B` in the current scope
[INFO] [stdout]   --> src/lib.rs:260:19
[INFO] [stdout]    |
[INFO] [stdout] 5  | struct B {
[INFO] [stdout]    | -------- method `to_c_ptr` not found for this struct
[INFO] [stdout] ...
[INFO] [stdout] 15 |   let ptr = value.to_c_ptr();
[INFO] [stdout]    |                   ^^^^^^^^ method not found in `B`
[INFO] [stdout] 
[INFO] [stdout] error[E0599]: no function or associated item named `from_c_ptr` found for struct `B` in the current scope
[INFO] [stdout]   --> src/lib.rs:262:51
[INFO] [stdout]    |
[INFO] [stdout] 5  | struct B {
[INFO] [stdout]    | -------- function or associated item `from_c_ptr` not found for this struct
[INFO] [stdout] ...
[INFO] [stdout] 17 |   if let Some(restored_boxed_value) = unsafe { B::from_c_ptr(ptr) } {
[INFO] [stdout]    |                                                   ^^^^^^^^^^ function or associated item not found in `B`
[INFO] [stdout] 
[INFO] [stdout] error: aborting due to 4 previous errors
[INFO] [stdout] 
[INFO] [stdout] Some errors have detailed explanations: E0107, E0433, E0599.
[INFO] [stdout] For more information about an error, try `rustc --explain E0107`.
[INFO] [stdout] Couldn't compile the test.
[INFO] [stdout] ---- src/lib.rs - json_derive (line 39) stdout ----
[INFO] [stdout] error[E0433]: failed to resolve: use of undeclared crate or module `serde`
[INFO] [stdout]  --> src/lib.rs:40:10
[INFO] [stdout]   |
[INFO] [stdout] 4 | #[derive(serde::Deserialize, Debug, serde::Serialize)]
[INFO] [stdout]   |          ^^^^^ use of undeclared crate or module `serde`
[INFO] [stdout] 
[INFO] [stdout] error[E0433]: failed to resolve: use of undeclared crate or module `serde`
[INFO] [stdout]  --> src/lib.rs:40:37
[INFO] [stdout]   |
[INFO] [stdout] 4 | #[derive(serde::Deserialize, Debug, serde::Serialize)]
[INFO] [stdout]   |                                     ^^^^^ use of undeclared crate or module `serde`
[INFO] [stdout] 
[INFO] [stdout] error[E0433]: failed to resolve: use of undeclared crate or module `serde`
[INFO] [stdout]   --> src/lib.rs:46:11
[INFO] [stdout]    |
[INFO] [stdout] 10 |  #[derive(serde::Deserialize, Debug, serde::Serialize, Default, e_utils::Json)]
[INFO] [stdout]    |           ^^^^^ use of undeclared crate or module `serde`
[INFO] [stdout] 
[INFO] [stdout] error[E0433]: failed to resolve: use of undeclared crate or module `serde`
[INFO] [stdout]   --> src/lib.rs:46:38
[INFO] [stdout]    |
[INFO] [stdout] 10 |  #[derive(serde::Deserialize, Debug, serde::Serialize, Default, e_utils::Json)]
[INFO] [stdout]    |                                      ^^^^^ use of undeclared crate or module `serde`
[INFO] [stdout] 
[INFO] [stdout] error[E0433]: failed to resolve: use of undeclared crate or module `e_utils`
[INFO] [stdout]   --> src/lib.rs:46:65
[INFO] [stdout]    |
[INFO] [stdout] 10 |  #[derive(serde::Deserialize, Debug, serde::Serialize, Default, e_utils::Json)]
[INFO] [stdout]    |                                                                 ^^^^^^^ use of undeclared crate or module `e_utils`
[INFO] [stdout] 
[INFO] [stdout] error[E0599]: no function or associated item named `auto_json_cloned` found for struct `B` in the current scope
[INFO] [stdout]   --> src/lib.rs:58:22
[INFO] [stdout]    |
[INFO] [stdout] 11 |  struct B {
[INFO] [stdout]    |  -------- function or associated item `auto_json_cloned` not found for this struct
[INFO] [stdout] ...
[INFO] [stdout] 22 |    let mut b: B = B::auto_json_cloned(&a);
[INFO] [stdout]    |                      ^^^^^^^^^^^^^^^^ function or associated item not found in `B`
[INFO] [stdout]    |
[INFO] [stdout] help: there is a method `to_owned` with a similar name, but with different arguments
[INFO] [stdout]   --> /rustc/90b35a6239c3d8bdabc530a6a0816f7ff89a0aaf/library/alloc/src/borrow.rs:58:5
[INFO] [stdout] 
[INFO] [stdout] error: aborting due to 6 previous errors
[INFO] [stdout] 
[INFO] [stdout] Some errors have detailed explanations: E0433, E0599.
[INFO] [stdout] For more information about an error, try `rustc --explain E0433`.
[INFO] [stdout] Couldn't compile the test.
[INFO] [stdout] 
[INFO] [stdout] failures:
[INFO] [stdout]     src/lib.rs - c_derive (line 248)
[INFO] [stdout]     src/lib.rs - json_derive (line 39)
[INFO] [stdout] 
[INFO] [stdout] test result: FAILED. 0 passed; 2 failed; 0 ignored; 0 measured; 0 filtered out; finished in 0.11s
[INFO] [stdout] 
[INFO] [stderr] error: doctest failed, to rerun pass `--doc`
[INFO] running `Command { std: "docker" "inspect" "7c5418c8afd2a4fbfe927674148edec02c55f2f28bc574064b27a0ac2cbe4e30", kill_on_drop: false }`
[INFO] running `Command { std: "docker" "rm" "-f" "7c5418c8afd2a4fbfe927674148edec02c55f2f28bc574064b27a0ac2cbe4e30", kill_on_drop: false }`
[INFO] [stdout] 7c5418c8afd2a4fbfe927674148edec02c55f2f28bc574064b27a0ac2cbe4e30
