[INFO] fetching crate dynnsd 0.2.3...
[INFO] testing dynnsd-0.2.3 against 1.83.0 for beta-1.84.0-4-retry
[INFO] extracting crate dynnsd 0.2.3 into /workspace/builds/worker-4-tc1/source
[INFO] validating manifest of crates.io crate dynnsd 0.2.3 on toolchain 1.83.0
[INFO] running `Command { std: CARGO_HOME="/workspace/cargo-home" RUSTUP_HOME="/workspace/rustup-home" "/workspace/cargo-home/bin/cargo" "+1.83.0" "metadata" "--manifest-path" "Cargo.toml" "--no-deps", kill_on_drop: false }`
[INFO] started tweaking crates.io crate dynnsd 0.2.3
[INFO] finished tweaking crates.io crate dynnsd 0.2.3
[INFO] tweaked toml for crates.io crate dynnsd 0.2.3 written to /workspace/builds/worker-4-tc1/source/Cargo.toml
[INFO] crate crates.io crate dynnsd 0.2.3 already has a lockfile, it will not be regenerated
[INFO] running `Command { std: CARGO_HOME="/workspace/cargo-home" RUSTUP_HOME="/workspace/rustup-home" "/workspace/cargo-home/bin/cargo" "+1.83.0" "fetch" "--manifest-path" "Cargo.toml", kill_on_drop: false }`
[INFO] [stderr]     Updating crates.io index
[INFO] [stderr]  Downloading crates ...
[INFO] [stderr]   Downloaded sanename v0.1.2
[INFO] running `Command { std: "docker" "create" "-v" "/var/lib/crater-agent-workspace/builds/worker-4-tc1/target:/opt/rustwide/target:rw,Z" "-v" "/var/lib/crater-agent-workspace/builds/worker-4-tc1/source:/opt/rustwide/workdir:ro,Z" "-v" "/var/lib/crater-agent-workspace/cargo-home:/opt/rustwide/cargo-home:ro,Z" "-v" "/var/lib/crater-agent-workspace/rustup-home:/opt/rustwide/rustup-home:ro,Z" "-e" "SOURCE_DIR=/opt/rustwide/workdir" "-e" "CARGO_TARGET_DIR=/opt/rustwide/target" "-e" "CARGO_HOME=/opt/rustwide/cargo-home" "-e" "RUSTUP_HOME=/opt/rustwide/rustup-home" "-w" "/opt/rustwide/workdir" "-m" "1610612736" "--user" "0:0" "--network" "none" "ghcr.io/rust-lang/crates-build-env/linux@sha256:f3a9d4ad9d972b27faf3965f35b62e55ba32bbce8f20bc8fe909558a86702fde" "/opt/rustwide/cargo-home/bin/cargo" "+1.83.0" "metadata" "--no-deps" "--format-version=1", kill_on_drop: false }`
[INFO] [stdout] a0341f31b5c47b24104228de2cfec57c56429e5f97e8b8b458e3214557b40733
[INFO] running `Command { std: "docker" "start" "-a" "a0341f31b5c47b24104228de2cfec57c56429e5f97e8b8b458e3214557b40733", kill_on_drop: false }`
[INFO] running `Command { std: "docker" "inspect" "a0341f31b5c47b24104228de2cfec57c56429e5f97e8b8b458e3214557b40733", kill_on_drop: false }`
[INFO] running `Command { std: "docker" "rm" "-f" "a0341f31b5c47b24104228de2cfec57c56429e5f97e8b8b458e3214557b40733", kill_on_drop: false }`
[INFO] [stdout] a0341f31b5c47b24104228de2cfec57c56429e5f97e8b8b458e3214557b40733
[INFO] running `Command { std: "docker" "create" "-v" "/var/lib/crater-agent-workspace/builds/worker-4-tc1/target:/opt/rustwide/target:rw,Z" "-v" "/var/lib/crater-agent-workspace/builds/worker-4-tc1/source:/opt/rustwide/workdir:ro,Z" "-v" "/var/lib/crater-agent-workspace/cargo-home:/opt/rustwide/cargo-home:ro,Z" "-v" "/var/lib/crater-agent-workspace/rustup-home:/opt/rustwide/rustup-home:ro,Z" "-e" "SOURCE_DIR=/opt/rustwide/workdir" "-e" "CARGO_TARGET_DIR=/opt/rustwide/target" "-e" "CARGO_INCREMENTAL=0" "-e" "RUST_BACKTRACE=full" "-e" "RUSTFLAGS=--cap-lints=warn" "-e" "RUSTDOCFLAGS=--cap-lints=warn" "-e" "CARGO_HOME=/opt/rustwide/cargo-home" "-e" "RUSTUP_HOME=/opt/rustwide/rustup-home" "-w" "/opt/rustwide/workdir" "-m" "1610612736" "--user" "0:0" "--network" "none" "ghcr.io/rust-lang/crates-build-env/linux@sha256:f3a9d4ad9d972b27faf3965f35b62e55ba32bbce8f20bc8fe909558a86702fde" "/opt/rustwide/cargo-home/bin/cargo" "+1.83.0" "build" "--frozen" "--message-format=json", kill_on_drop: false }`
[INFO] [stdout] bfa3f6376bc23bae615a0f9746ca1164d3cbc8956a5a7fc9258307ccae7c12f8
[INFO] running `Command { std: "docker" "start" "-a" "bfa3f6376bc23bae615a0f9746ca1164d3cbc8956a5a7fc9258307ccae7c12f8", kill_on_drop: false }`
[INFO] [stderr]    Compiling libc v0.2.67
[INFO] [stderr]    Compiling autocfg v1.0.0
[INFO] [stderr]    Compiling serde v1.0.104
[INFO] [stderr]    Compiling cfg-if v0.1.10
[INFO] [stderr]    Compiling typenum v1.11.2
[INFO] [stderr]    Compiling proc-macro2 v1.0.9
[INFO] [stderr]    Compiling unicode-xid v0.2.0
[INFO] [stderr]    Compiling getrandom v0.1.14
[INFO] [stderr]    Compiling syn v1.0.16
[INFO] [stderr]    Compiling byteorder v1.3.4
[INFO] [stderr]    Compiling ryu v1.0.2
[INFO] [stderr]    Compiling crc32fast v1.2.0
[INFO] [stderr]    Compiling traitobject v0.1.0
[INFO] [stderr]    Compiling byte-tools v0.3.1
[INFO] [stderr]    Compiling log v0.4.8
[INFO] [stderr]    Compiling ppv-lite86 v0.2.6
[INFO] [stderr]    Compiling adler32 v1.0.4
[INFO] [stderr]    Compiling linked-hash-map v0.5.2
[INFO] [stderr]    Compiling unsafe-any v0.4.2
[INFO] [stderr]    Compiling miniz_oxide v0.3.6
[INFO] [stderr]    Compiling block-padding v0.1.5
[INFO] [stderr]    Compiling yaml-rust v0.4.3
[INFO] [stderr]    Compiling quick-error v1.2.3
[INFO] [stderr]    Compiling c2-chacha v0.2.3
[INFO] [stderr]    Compiling itoa v0.4.5
[INFO] [stderr]    Compiling num-traits v0.2.11
[INFO] [stderr]    Compiling num-integer v0.1.42
[INFO] [stderr]    Compiling dtoa v0.4.5
[INFO] [stderr]    Compiling humantime v1.3.0
[INFO] [stderr]    Compiling typemap v0.3.3
[INFO] [stderr]    Compiling opaque-debug v0.2.3
[INFO] [stderr]    Compiling arc-swap v0.3.11
[INFO] [stderr]    Compiling fnv v1.0.6
[INFO] [stderr]    Compiling antidote v1.0.0
[INFO] [stderr]    Compiling log-mdc v0.1.0
[INFO] [stderr]    Compiling fake-simd v0.1.2
[INFO] [stderr]    Compiling base64 v0.11.0
[INFO] [stderr]    Compiling lazy_static v1.4.0
[INFO] [stderr]    Compiling sanename v0.1.2
[INFO] [stderr]    Compiling quote v1.0.3
[INFO] [stderr]    Compiling time v0.1.42
[INFO] [stderr]    Compiling thread-id v3.3.0
[INFO] [stderr]    Compiling flate2 v1.0.13
[INFO] [stderr]    Compiling rand_core v0.5.1
[INFO] [stderr]    Compiling ordered-float v1.0.2
[INFO] [stderr]    Compiling rand_chacha v0.2.1
[INFO] [stderr]    Compiling rand v0.7.3
[INFO] [stderr]    Compiling chrono v0.4.10
[INFO] [stderr]    Compiling generic-array v0.12.3
[INFO] [stderr]    Compiling digest v0.8.1
[INFO] [stderr]    Compiling block-buffer v0.7.3
[INFO] [stderr]    Compiling sha2 v0.8.1
[INFO] [stderr]    Compiling serde-value v0.5.3
[INFO] [stderr]    Compiling serde_json v1.0.48
[INFO] [stderr]    Compiling serde_yaml v0.8.11
[INFO] [stderr]    Compiling toml v0.5.6
[INFO] [stderr]    Compiling serde_derive v1.0.104
[INFO] [stderr]    Compiling log4rs v0.8.3
[INFO] [stderr]    Compiling dynnsd v0.2.3 (/opt/rustwide/workdir)
[INFO] [stdout] warning: non-local `impl` definition, `impl` blocks should be written at the same level as their item
[INFO] [stdout]   --> src/config.rs:70:10
[INFO] [stdout]    |
[INFO] [stdout] 70 | #[derive(Deserialize, Debug)]
[INFO] [stdout]    |          ^----------
[INFO] [stdout]    |          |
[INFO] [stdout]    |          `Deserialize` is not local
[INFO] [stdout]    |          move the `impl` block outside of this constant `_IMPL_DESERIALIZE_FOR_ServerConfig`
[INFO] [stdout] 71 | #[serde(default)]
[INFO] [stdout] 72 | pub struct ServerConfig {
[INFO] [stdout]    |            ------------ `ServerConfig` is not local
[INFO] [stdout]    |
[INFO] [stdout]    = note: the derive macro `Deserialize` defines the non-local `impl`, and may need to be changed
[INFO] [stdout]    = note: the derive macro `Deserialize` may come from an old version of the `serde_derive` crate, try updating your dependency with `cargo update -p serde_derive`
[INFO] [stdout]    = note: an `impl` is never scoped, even when it is nested inside an item, as it may impact type checking outside of that item, which can be the case if neither the trait or the self type are at the same nesting level as the `impl`
[INFO] [stdout]    = note: items in an anonymous const item (`const _: () = { ... }`) are treated as in the same scope as the anonymous const's declaration for the purpose of this lint
[INFO] [stdout]    = note: `#[warn(non_local_definitions)]` on by default
[INFO] [stdout]    = note: this warning originates in the derive macro `Deserialize` (in Nightly builds, run with -Z macro-backtrace for more info)
[INFO] [stdout] 
[INFO] [stdout] 
[INFO] [stdout] warning: non-local `impl` definition, `impl` blocks should be written at the same level as their item
[INFO] [stdout]    --> src/config.rs:164:10
[INFO] [stdout]     |
[INFO] [stdout] 164 | #[derive(Deserialize, Debug)]
[INFO] [stdout]     |          ^----------
[INFO] [stdout]     |          |
[INFO] [stdout]     |          `Deserialize` is not local
[INFO] [stdout]     |          move the `impl` block outside of this constant `_IMPL_DESERIALIZE_FOR_ClientConfig`
[INFO] [stdout] 165 | #[serde(default)]
[INFO] [stdout] 166 | pub struct ClientConfig {
[INFO] [stdout]     |            ------------ `ClientConfig` is not local
[INFO] [stdout]     |
[INFO] [stdout]     = note: the derive macro `Deserialize` defines the non-local `impl`, and may need to be changed
[INFO] [stdout]     = note: the derive macro `Deserialize` may come from an old version of the `serde_derive` crate, try updating your dependency with `cargo update -p serde_derive`
[INFO] [stdout]     = note: an `impl` is never scoped, even when it is nested inside an item, as it may impact type checking outside of that item, which can be the case if neither the trait or the self type are at the same nesting level as the `impl`
[INFO] [stdout]     = note: items in an anonymous const item (`const _: () = { ... }`) are treated as in the same scope as the anonymous const's declaration for the purpose of this lint
[INFO] [stdout]     = note: this warning originates in the derive macro `Deserialize` (in Nightly builds, run with -Z macro-backtrace for more info)
[INFO] [stdout] 
[INFO] [stdout] 
[INFO] [stdout] warning: unused borrow that must be used
[INFO] [stdout]    --> src/zone.rs:119:9
[INFO] [stdout]     |
[INFO] [stdout] 119 |         &ZONE.zone_index.store(zone_index, Ordering::Relaxed);
[INFO] [stdout]     |         ^^^^^^^^^^^^^^^^^^^^^^^^^^^^^^^^^^^^^^^^^^^^^^^^^^^^^ the borrow produces a value
[INFO] [stdout]     |
[INFO] [stdout]     = note: `#[warn(unused_must_use)]` on by default
[INFO] [stdout] help: use `let _ = ...` to ignore the resulting value
[INFO] [stdout]     |
[INFO] [stdout] 119 |         let _ = &ZONE.zone_index.store(zone_index, Ordering::Relaxed);
[INFO] [stdout]     |         +++++++
[INFO] [stdout] 
[INFO] [stdout] 
[INFO] [stdout] warning: unused borrow that must be used
[INFO] [stdout]   --> src/client-main.rs:93:37
[INFO] [stdout]    |
[INFO] [stdout] 93 | ...                   &dynnsd_sockets.retain(|address| !address.eq(&sock_address_in));
[INFO] [stdout]    |                       ^^^^^^^^^^^^^^^^^^^^^^^^^^^^^^^^^^^^^^^^^^^^^^^^^^^^^^^^^^^^^^^ the borrow produces a value
[INFO] [stdout]    |
[INFO] [stdout]    = note: `#[warn(unused_must_use)]` on by default
[INFO] [stdout] help: use `let _ = ...` to ignore the resulting value
[INFO] [stdout]    |
[INFO] [stdout] 93 |                                     let _ = &dynnsd_sockets.retain(|address| !address.eq(&sock_address_in));
[INFO] [stdout]    |                                     +++++++
[INFO] [stdout] 
[INFO] [stdout] 
[INFO] [stderr]     Finished `dev` profile [unoptimized + debuginfo] target(s) in 18.31s
[INFO] [stderr] warning: the following packages contain code that will be rejected by a future version of Rust: traitobject v0.1.0, typemap v0.3.3
[INFO] [stderr] note: to see what the problems were, use the option `--future-incompat-report`, or run `cargo report future-incompatibilities --id 1`
[INFO] running `Command { std: "docker" "inspect" "bfa3f6376bc23bae615a0f9746ca1164d3cbc8956a5a7fc9258307ccae7c12f8", kill_on_drop: false }`
[INFO] running `Command { std: "docker" "rm" "-f" "bfa3f6376bc23bae615a0f9746ca1164d3cbc8956a5a7fc9258307ccae7c12f8", kill_on_drop: false }`
[INFO] [stdout] bfa3f6376bc23bae615a0f9746ca1164d3cbc8956a5a7fc9258307ccae7c12f8
[INFO] running `Command { std: "docker" "create" "-v" "/var/lib/crater-agent-workspace/builds/worker-4-tc1/target:/opt/rustwide/target:rw,Z" "-v" "/var/lib/crater-agent-workspace/builds/worker-4-tc1/source:/opt/rustwide/workdir:ro,Z" "-v" "/var/lib/crater-agent-workspace/cargo-home:/opt/rustwide/cargo-home:ro,Z" "-v" "/var/lib/crater-agent-workspace/rustup-home:/opt/rustwide/rustup-home:ro,Z" "-e" "SOURCE_DIR=/opt/rustwide/workdir" "-e" "CARGO_TARGET_DIR=/opt/rustwide/target" "-e" "CARGO_INCREMENTAL=0" "-e" "RUST_BACKTRACE=full" "-e" "RUSTFLAGS=--cap-lints=warn" "-e" "RUSTDOCFLAGS=--cap-lints=warn" "-e" "CARGO_HOME=/opt/rustwide/cargo-home" "-e" "RUSTUP_HOME=/opt/rustwide/rustup-home" "-w" "/opt/rustwide/workdir" "-m" "1610612736" "--user" "0:0" "--network" "none" "ghcr.io/rust-lang/crates-build-env/linux@sha256:f3a9d4ad9d972b27faf3965f35b62e55ba32bbce8f20bc8fe909558a86702fde" "/opt/rustwide/cargo-home/bin/cargo" "+1.83.0" "test" "--frozen" "--no-run" "--message-format=json", kill_on_drop: false }`
[INFO] [stdout] fc54a0eac5df87d108324b0378fa692834835c6edf4b4b6dc5e05602eb0d2ef7
[INFO] running `Command { std: "docker" "start" "-a" "fc54a0eac5df87d108324b0378fa692834835c6edf4b4b6dc5e05602eb0d2ef7", kill_on_drop: false }`
[INFO] [stdout] warning: non-local `impl` definition, `impl` blocks should be written at the same level as their item
[INFO] [stdout]   --> src/config.rs:70:10
[INFO] [stdout]    |
[INFO] [stdout] 70 | #[derive(Deserialize, Debug)]
[INFO] [stdout]    |          ^----------
[INFO] [stdout]    |          |
[INFO] [stdout]    |          `Deserialize` is not local
[INFO] [stdout]    |          move the `impl` block outside of this constant `_IMPL_DESERIALIZE_FOR_ServerConfig`
[INFO] [stdout] 71 | #[serde(default)]
[INFO] [stdout] 72 | pub struct ServerConfig {
[INFO] [stdout]    |            ------------ `ServerConfig` is not local
[INFO] [stdout]    |
[INFO] [stdout]    = note: the derive macro `Deserialize` defines the non-local `impl`, and may need to be changed
[INFO] [stdout]    = note: the derive macro `Deserialize` may come from an old version of the `serde_derive` crate, try updating your dependency with `cargo update -p serde_derive`
[INFO] [stdout]    = note: an `impl` is never scoped, even when it is nested inside an item, as it may impact type checking outside of that item, which can be the case if neither the trait or the self type are at the same nesting level as the `impl`
[INFO] [stdout]    = note: items in an anonymous const item (`const _: () = { ... }`) are treated as in the same scope as the anonymous const's declaration for the purpose of this lint
[INFO] [stdout]    = note: `#[warn(non_local_definitions)]` on by default
[INFO] [stdout]    = note: this warning originates in the derive macro `Deserialize` (in Nightly builds, run with -Z macro-backtrace for more info)
[INFO] [stdout] 
[INFO] [stdout] 
[INFO] [stdout] warning: non-local `impl` definition, `impl` blocks should be written at the same level as their item
[INFO] [stdout]    --> src/config.rs:164:10
[INFO] [stdout]     |
[INFO] [stdout] 164 | #[derive(Deserialize, Debug)]
[INFO] [stdout]     |          ^----------
[INFO] [stdout]     |          |
[INFO] [stdout]     |          `Deserialize` is not local
[INFO] [stdout]     |          move the `impl` block outside of this constant `_IMPL_DESERIALIZE_FOR_ClientConfig`
[INFO] [stdout] 165 | #[serde(default)]
[INFO] [stdout] 166 | pub struct ClientConfig {
[INFO] [stdout]     |            ------------ `ClientConfig` is not local
[INFO] [stdout]     |
[INFO] [stdout]     = note: the derive macro `Deserialize` defines the non-local `impl`, and may need to be changed
[INFO] [stdout]     = note: the derive macro `Deserialize` may come from an old version of the `serde_derive` crate, try updating your dependency with `cargo update -p serde_derive`
[INFO] [stdout]     = note: an `impl` is never scoped, even when it is nested inside an item, as it may impact type checking outside of that item, which can be the case if neither the trait or the self type are at the same nesting level as the `impl`
[INFO] [stdout]     = note: items in an anonymous const item (`const _: () = { ... }`) are treated as in the same scope as the anonymous const's declaration for the purpose of this lint
[INFO] [stdout]     = note: this warning originates in the derive macro `Deserialize` (in Nightly builds, run with -Z macro-backtrace for more info)
[INFO] [stdout] 
[INFO] [stdout] 
[INFO] [stdout] warning: unused borrow that must be used
[INFO] [stdout]    --> src/zone.rs:119:9
[INFO] [stdout]     |
[INFO] [stdout] 119 |         &ZONE.zone_index.store(zone_index, Ordering::Relaxed);
[INFO] [stdout]     |         ^^^^^^^^^^^^^^^^^^^^^^^^^^^^^^^^^^^^^^^^^^^^^^^^^^^^^ the borrow produces a value
[INFO] [stdout]     |
[INFO] [stdout]     = note: `#[warn(unused_must_use)]` on by default
[INFO] [stdout] help: use `let _ = ...` to ignore the resulting value
[INFO] [stdout]     |
[INFO] [stdout] 119 |         let _ = &ZONE.zone_index.store(zone_index, Ordering::Relaxed);
[INFO] [stdout]     |         +++++++
[INFO] [stdout] 
[INFO] [stdout] 
[INFO] [stderr]    Compiling dynnsd v0.2.3 (/opt/rustwide/workdir)
[INFO] [stdout] warning: unused borrow that must be used
[INFO] [stdout]   --> src/client-main.rs:93:37
[INFO] [stdout]    |
[INFO] [stdout] 93 | ...                   &dynnsd_sockets.retain(|address| !address.eq(&sock_address_in));
[INFO] [stdout]    |                       ^^^^^^^^^^^^^^^^^^^^^^^^^^^^^^^^^^^^^^^^^^^^^^^^^^^^^^^^^^^^^^^ the borrow produces a value
[INFO] [stdout]    |
[INFO] [stdout]    = note: `#[warn(unused_must_use)]` on by default
[INFO] [stdout] help: use `let _ = ...` to ignore the resulting value
[INFO] [stdout]    |
[INFO] [stdout] 93 |                                     let _ = &dynnsd_sockets.retain(|address| !address.eq(&sock_address_in));
[INFO] [stdout]    |                                     +++++++
[INFO] [stdout] 
[INFO] [stdout] 
[INFO] [stdout] warning: non-local `impl` definition, `impl` blocks should be written at the same level as their item
[INFO] [stdout]   --> src/config.rs:70:10
[INFO] [stdout]    |
[INFO] [stdout] 70 | #[derive(Deserialize, Debug)]
[INFO] [stdout]    |          ^----------
[INFO] [stdout]    |          |
[INFO] [stdout]    |          `Deserialize` is not local
[INFO] [stdout]    |          move the `impl` block outside of this constant `_IMPL_DESERIALIZE_FOR_ServerConfig`
[INFO] [stdout] 71 | #[serde(default)]
[INFO] [stdout] 72 | pub struct ServerConfig {
[INFO] [stdout]    |            ------------ `ServerConfig` is not local
[INFO] [stdout]    |
[INFO] [stdout]    = note: the derive macro `Deserialize` defines the non-local `impl`, and may need to be changed
[INFO] [stdout]    = note: the derive macro `Deserialize` may come from an old version of the `serde_derive` crate, try updating your dependency with `cargo update -p serde_derive`
[INFO] [stdout]    = note: an `impl` is never scoped, even when it is nested inside an item, as it may impact type checking outside of that item, which can be the case if neither the trait or the self type are at the same nesting level as the `impl`
[INFO] [stdout]    = note: items in an anonymous const item (`const _: () = { ... }`) are treated as in the same scope as the anonymous const's declaration for the purpose of this lint
[INFO] [stdout]    = note: `#[warn(non_local_definitions)]` on by default
[INFO] [stdout]    = note: this warning originates in the derive macro `Deserialize` (in Nightly builds, run with -Z macro-backtrace for more info)
[INFO] [stdout] 
[INFO] [stdout] 
[INFO] [stdout] warning: non-local `impl` definition, `impl` blocks should be written at the same level as their item
[INFO] [stdout]    --> src/config.rs:164:10
[INFO] [stdout]     |
[INFO] [stdout] 164 | #[derive(Deserialize, Debug)]
[INFO] [stdout]     |          ^----------
[INFO] [stdout]     |          |
[INFO] [stdout]     |          `Deserialize` is not local
[INFO] [stdout]     |          move the `impl` block outside of this constant `_IMPL_DESERIALIZE_FOR_ClientConfig`
[INFO] [stdout] 165 | #[serde(default)]
[INFO] [stdout] 166 | pub struct ClientConfig {
[INFO] [stdout]     |            ------------ `ClientConfig` is not local
[INFO] [stdout]     |
[INFO] [stdout]     = note: the derive macro `Deserialize` defines the non-local `impl`, and may need to be changed
[INFO] [stdout]     = note: the derive macro `Deserialize` may come from an old version of the `serde_derive` crate, try updating your dependency with `cargo update -p serde_derive`
[INFO] [stdout]     = note: an `impl` is never scoped, even when it is nested inside an item, as it may impact type checking outside of that item, which can be the case if neither the trait or the self type are at the same nesting level as the `impl`
[INFO] [stdout]     = note: items in an anonymous const item (`const _: () = { ... }`) are treated as in the same scope as the anonymous const's declaration for the purpose of this lint
[INFO] [stdout]     = note: this warning originates in the derive macro `Deserialize` (in Nightly builds, run with -Z macro-backtrace for more info)
[INFO] [stdout] 
[INFO] [stdout] 
[INFO] [stdout] warning: unused borrow that must be used
[INFO] [stdout]    --> src/zone.rs:119:9
[INFO] [stdout]     |
[INFO] [stdout] 119 |         &ZONE.zone_index.store(zone_index, Ordering::Relaxed);
[INFO] [stdout]     |         ^^^^^^^^^^^^^^^^^^^^^^^^^^^^^^^^^^^^^^^^^^^^^^^^^^^^^ the borrow produces a value
[INFO] [stdout]     |
[INFO] [stdout]     = note: `#[warn(unused_must_use)]` on by default
[INFO] [stdout] help: use `let _ = ...` to ignore the resulting value
[INFO] [stdout]     |
[INFO] [stdout] 119 |         let _ = &ZONE.zone_index.store(zone_index, Ordering::Relaxed);
[INFO] [stdout]     |         +++++++
[INFO] [stdout] 
[INFO] [stdout] 
[INFO] [stderr]     Finished `test` profile [unoptimized + debuginfo] target(s) in 2.55s
[INFO] [stderr] warning: the following packages contain code that will be rejected by a future version of Rust: traitobject v0.1.0, typemap v0.3.3
[INFO] [stderr] note: to see what the problems were, use the option `--future-incompat-report`, or run `cargo report future-incompatibilities --id 1`
[INFO] running `Command { std: "docker" "inspect" "fc54a0eac5df87d108324b0378fa692834835c6edf4b4b6dc5e05602eb0d2ef7", kill_on_drop: false }`
[INFO] running `Command { std: "docker" "rm" "-f" "fc54a0eac5df87d108324b0378fa692834835c6edf4b4b6dc5e05602eb0d2ef7", kill_on_drop: false }`
[INFO] [stdout] fc54a0eac5df87d108324b0378fa692834835c6edf4b4b6dc5e05602eb0d2ef7
[INFO] running `Command { std: "docker" "create" "-v" "/var/lib/crater-agent-workspace/builds/worker-4-tc1/target:/opt/rustwide/target:rw,Z" "-v" "/var/lib/crater-agent-workspace/builds/worker-4-tc1/source:/opt/rustwide/workdir:ro,Z" "-v" "/var/lib/crater-agent-workspace/cargo-home:/opt/rustwide/cargo-home:ro,Z" "-v" "/var/lib/crater-agent-workspace/rustup-home:/opt/rustwide/rustup-home:ro,Z" "-e" "SOURCE_DIR=/opt/rustwide/workdir" "-e" "CARGO_TARGET_DIR=/opt/rustwide/target" "-e" "CARGO_INCREMENTAL=0" "-e" "RUST_BACKTRACE=full" "-e" "RUSTFLAGS=--cap-lints=warn" "-e" "RUSTDOCFLAGS=--cap-lints=warn" "-e" "CARGO_HOME=/opt/rustwide/cargo-home" "-e" "RUSTUP_HOME=/opt/rustwide/rustup-home" "-w" "/opt/rustwide/workdir" "-m" "1610612736" "--user" "0:0" "--network" "none" "ghcr.io/rust-lang/crates-build-env/linux@sha256:f3a9d4ad9d972b27faf3965f35b62e55ba32bbce8f20bc8fe909558a86702fde" "/opt/rustwide/cargo-home/bin/cargo" "+1.83.0" "test" "--frozen", kill_on_drop: false }`
[INFO] [stdout] 14b90021111bc3ff0313ec566c24eb80c57dbb38deee8a54631abc7f85eea333
[INFO] running `Command { std: "docker" "start" "-a" "14b90021111bc3ff0313ec566c24eb80c57dbb38deee8a54631abc7f85eea333", kill_on_drop: false }`
[INFO] [stderr] warning: non-local `impl` definition, `impl` blocks should be written at the same level as their item
[INFO] [stderr]   --> src/config.rs:70:10
[INFO] [stderr]    |
[INFO] [stderr] 70 | #[derive(Deserialize, Debug)]
[INFO] [stderr]    |          ^----------
[INFO] [stderr]    |          |
[INFO] [stderr]    |          `Deserialize` is not local
[INFO] [stderr]    |          move the `impl` block outside of this constant `_IMPL_DESERIALIZE_FOR_ServerConfig`
[INFO] [stderr] 71 | #[serde(default)]
[INFO] [stderr] 72 | pub struct ServerConfig {
[INFO] [stderr]    |            ------------ `ServerConfig` is not local
[INFO] [stderr]    |
[INFO] [stderr]    = note: the derive macro `Deserialize` defines the non-local `impl`, and may need to be changed
[INFO] [stderr]    = note: the derive macro `Deserialize` may come from an old version of the `serde_derive` crate, try updating your dependency with `cargo update -p serde_derive`
[INFO] [stderr]    = note: an `impl` is never scoped, even when it is nested inside an item, as it may impact type checking outside of that item, which can be the case if neither the trait or the self type are at the same nesting level as the `impl`
[INFO] [stderr]    = note: items in an anonymous const item (`const _: () = { ... }`) are treated as in the same scope as the anonymous const's declaration for the purpose of this lint
[INFO] [stderr]    = note: `#[warn(non_local_definitions)]` on by default
[INFO] [stderr]    = note: this warning originates in the derive macro `Deserialize` (in Nightly builds, run with -Z macro-backtrace for more info)
[INFO] [stderr] 
[INFO] [stderr] warning: non-local `impl` definition, `impl` blocks should be written at the same level as their item
[INFO] [stderr]    --> src/config.rs:164:10
[INFO] [stderr]     |
[INFO] [stderr] 164 | #[derive(Deserialize, Debug)]
[INFO] [stderr]     |          ^----------
[INFO] [stderr]     |          |
[INFO] [stderr]     |          `Deserialize` is not local
[INFO] [stderr]     |          move the `impl` block outside of this constant `_IMPL_DESERIALIZE_FOR_ClientConfig`
[INFO] [stderr] 165 | #[serde(default)]
[INFO] [stderr] 166 | pub struct ClientConfig {
[INFO] [stderr]     |            ------------ `ClientConfig` is not local
[INFO] [stderr]     |
[INFO] [stderr]     = note: the derive macro `Deserialize` defines the non-local `impl`, and may need to be changed
[INFO] [stderr]     = note: the derive macro `Deserialize` may come from an old version of the `serde_derive` crate, try updating your dependency with `cargo update -p serde_derive`
[INFO] [stderr]     = note: an `impl` is never scoped, even when it is nested inside an item, as it may impact type checking outside of that item, which can be the case if neither the trait or the self type are at the same nesting level as the `impl`
[INFO] [stderr]     = note: items in an anonymous const item (`const _: () = { ... }`) are treated as in the same scope as the anonymous const's declaration for the purpose of this lint
[INFO] [stderr]     = note: this warning originates in the derive macro `Deserialize` (in Nightly builds, run with -Z macro-backtrace for more info)
[INFO] [stderr] 
[INFO] [stderr] warning: unused borrow that must be used
[INFO] [stderr]    --> src/zone.rs:119:9
[INFO] [stderr]     |
[INFO] [stderr] 119 |         &ZONE.zone_index.store(zone_index, Ordering::Relaxed);
[INFO] [stderr]     |         ^^^^^^^^^^^^^^^^^^^^^^^^^^^^^^^^^^^^^^^^^^^^^^^^^^^^^ the borrow produces a value
[INFO] [stderr]     |
[INFO] [stderr]     = note: `#[warn(unused_must_use)]` on by default
[INFO] [stderr] help: use `let _ = ...` to ignore the resulting value
[INFO] [stderr]     |
[INFO] [stderr] 119 |         let _ = &ZONE.zone_index.store(zone_index, Ordering::Relaxed);
[INFO] [stderr]     |         +++++++
[INFO] [stderr] 
[INFO] [stderr] warning: `dynnsd` (lib) generated 3 warnings
[INFO] [stderr] warning: `dynnsd` (lib test) generated 3 warnings (3 duplicates)
[INFO] [stderr] warning: unused borrow that must be used
[INFO] [stderr]   --> src/client-main.rs:93:37
[INFO] [stderr]    |
[INFO] [stderr] 93 | ...                   &dynnsd_sockets.retain(|address| !address.eq(&sock_address_in));
[INFO] [stderr]    |                       ^^^^^^^^^^^^^^^^^^^^^^^^^^^^^^^^^^^^^^^^^^^^^^^^^^^^^^^^^^^^^^^ the borrow produces a value
[INFO] [stderr]    |
[INFO] [stderr]    = note: `#[warn(unused_must_use)]` on by default
[INFO] [stderr] help: use `let _ = ...` to ignore the resulting value
[INFO] [stderr]    |
[INFO] [stderr] 93 |                                     let _ = &dynnsd_sockets.retain(|address| !address.eq(&sock_address_in));
[INFO] [stderr]    |                                     +++++++
[INFO] [stderr] 
[INFO] [stderr] warning: `dynnsd` (bin "dynnsd-client" test) generated 1 warning
[INFO] [stderr]     Finished `test` profile [unoptimized + debuginfo] target(s) in 0.06s
[INFO] [stderr] warning: the following packages contain code that will be rejected by a future version of Rust: traitobject v0.1.0, typemap v0.3.3
[INFO] [stderr] note: to see what the problems were, use the option `--future-incompat-report`, or run `cargo report future-incompatibilities --id 1`
[INFO] [stderr]      Running unittests src/lib.rs (/opt/rustwide/target/debug/deps/dynnsd-6e353af6440309b1)
[INFO] [stdout] 
[INFO] [stdout] running 3 tests
[INFO] [stdout] test packet::tests::test_happy ... ok
[INFO] [stderr] log4rs: error deserializing appender file: Read-only file system (os error 30)
[INFO] [stdout] 2024-12-15T04:01:27 INFO cannot read nsd pid file (yet)
[INFO] [stdout] 2024-12-15T04:01:27 INFO cannot read nsd pid file (yet)
[INFO] [stdout] test config::tests::test_happy ... ok
[INFO] [stdout] 2024-12-15T04:01:27 ERROR ip update failed for home path=./etc/nsd/home.dyn.zone
[INFO] [stdout] 2024-12-15T04:01:27 ERROR ip update failed for myhost path=./etc/nsd/myhost.dyn.zone
[INFO] [stdout] 2024-12-15T04:01:27 ERROR ip update failed for otherhost path=./etc/nsd/otherhost.dyn.zone
[INFO] [stdout] test zone::tests::test_zone_file ... FAILED
[INFO] [stdout] 
[INFO] [stdout] failures:
[INFO] [stdout] 
[INFO] [stdout] ---- zone::tests::test_zone_file stdout ----
[INFO] [stdout] thread 'zone::tests::test_zone_file' panicked at src/zone.rs:140:23:
[INFO] [stdout] zone_merge failed
[INFO] [stdout] stack backtrace:
[INFO] [stdout]    0:     0x5c5196d6376a - std::backtrace_rs::backtrace::libunwind::trace::h5a5b8284f2d0c266
[INFO] [stdout]                                at /rustc/90b35a6239c3d8bdabc530a6a0816f7ff89a0aaf/library/std/src/../../backtrace/src/backtrace/libunwind.rs:116:5
[INFO] [stdout]    1:     0x5c5196d6376a - std::backtrace_rs::backtrace::trace_unsynchronized::h76d4f1c9b0b875e3
[INFO] [stdout]                                at /rustc/90b35a6239c3d8bdabc530a6a0816f7ff89a0aaf/library/std/src/../../backtrace/src/backtrace/mod.rs:66:5
[INFO] [stdout]    2:     0x5c5196d6376a - std::sys::backtrace::_print_fmt::hc4546b8364a537c6
[INFO] [stdout]                                at /rustc/90b35a6239c3d8bdabc530a6a0816f7ff89a0aaf/library/std/src/sys/backtrace.rs:66:9
[INFO] [stdout]    3:     0x5c5196d6376a - <std::sys::backtrace::BacktraceLock::print::DisplayBacktrace as core::fmt::Display>::fmt::h5b6bd5631a6d1f6b
[INFO] [stdout]                                at /rustc/90b35a6239c3d8bdabc530a6a0816f7ff89a0aaf/library/std/src/sys/backtrace.rs:39:26
[INFO] [stdout]    4:     0x5c5196d8b783 - core::fmt::rt::Argument::fmt::h270f6602a2b96f62
[INFO] [stdout]                                at /rustc/90b35a6239c3d8bdabc530a6a0816f7ff89a0aaf/library/core/src/fmt/rt.rs:177:76
[INFO] [stdout]    5:     0x5c5196d8b783 - core::fmt::write::h7550c97b06c86515
[INFO] [stdout]                                at /rustc/90b35a6239c3d8bdabc530a6a0816f7ff89a0aaf/library/core/src/fmt/mod.rs:1186:21
[INFO] [stdout]    6:     0x5c5196d605c3 - std::io::Write::write_fmt::h509ff860e5956e5e
[INFO] [stdout]                                at /rustc/90b35a6239c3d8bdabc530a6a0816f7ff89a0aaf/library/std/src/io/mod.rs:1839:15
[INFO] [stdout]    7:     0x5c5196d635b2 - std::sys::backtrace::BacktraceLock::print::h2395ccd2c84ba3aa
[INFO] [stdout]                                at /rustc/90b35a6239c3d8bdabc530a6a0816f7ff89a0aaf/library/std/src/sys/backtrace.rs:42:9
[INFO] [stdout]    8:     0x5c5196d64bca - std::panicking::default_hook::{{closure}}::he19d4c7230e07961
[INFO] [stdout]                                at /rustc/90b35a6239c3d8bdabc530a6a0816f7ff89a0aaf/library/std/src/panicking.rs:268:22
[INFO] [stdout]    9:     0x5c5196d649d4 - std::panicking::default_hook::hf614597d3c67bbdb
[INFO] [stdout]                                at /rustc/90b35a6239c3d8bdabc530a6a0816f7ff89a0aaf/library/std/src/panicking.rs:292:9
[INFO] [stdout]   10:     0x5c5196b3c0f9 - <alloc::boxed::Box<F,A> as core::ops::function::Fn<Args>>::call::h39b51ce4599c23d1
[INFO] [stdout]                                at /rustc/90b35a6239c3d8bdabc530a6a0816f7ff89a0aaf/library/alloc/src/boxed.rs:2468:9
[INFO] [stdout]   11:     0x5c5196b3c0f9 - test::test_main::{{closure}}::he977ae839a582784
[INFO] [stdout]                                at /rustc/90b35a6239c3d8bdabc530a6a0816f7ff89a0aaf/library/test/src/lib.rs:133:21
[INFO] [stdout]   12:     0x5c5196d65268 - <alloc::boxed::Box<F,A> as core::ops::function::Fn<Args>>::call::h9455091b6b06f9fb
[INFO] [stdout]                                at /rustc/90b35a6239c3d8bdabc530a6a0816f7ff89a0aaf/library/alloc/src/boxed.rs:2468:9
[INFO] [stdout]   13:     0x5c5196d65268 - std::panicking::rust_panic_with_hook::h8942133a8b252070
[INFO] [stdout]                                at /rustc/90b35a6239c3d8bdabc530a6a0816f7ff89a0aaf/library/std/src/panicking.rs:809:13
[INFO] [stdout]   14:     0x5c5196d11c1a - std::panicking::begin_panic::{{closure}}::hd5db9261413b17fc
[INFO] [stdout]                                at /rustc/90b35a6239c3d8bdabc530a6a0816f7ff89a0aaf/library/std/src/panicking.rs:738:9
[INFO] [stdout]   15:     0x5c5196d11b8a - std::sys::backtrace::__rust_end_short_backtrace::h2c6371f1bb3c33ea
[INFO] [stdout]                                at /rustc/90b35a6239c3d8bdabc530a6a0816f7ff89a0aaf/library/std/src/sys/backtrace.rs:170:18
[INFO] [stdout]   16:     0x5c5196d11bc3 - std::panicking::begin_panic::hb7fe6db9b42711df
[INFO] [stdout]                                at /rustc/90b35a6239c3d8bdabc530a6a0816f7ff89a0aaf/library/std/src/panicking.rs:737:5
[INFO] [stdout]   17:     0x5c5196af32b7 - dynnsd::zone::tests::test_zone_file::h8a386d5d53b3037b
[INFO] [stdout]                                at /opt/rustwide/workdir/src/zone.rs:140:23
[INFO] [stdout]   18:     0x5c5196af2f47 - dynnsd::zone::tests::test_zone_file::{{closure}}::h9877cd461a603ba7
[INFO] [stdout]                                at /opt/rustwide/workdir/src/zone.rs:132:24
[INFO] [stdout]   19:     0x5c5196ae62c6 - core::ops::function::FnOnce::call_once::ha29c976f55393089
[INFO] [stdout]                                at /rustc/90b35a6239c3d8bdabc530a6a0816f7ff89a0aaf/library/core/src/ops/function.rs:250:5
[INFO] [stdout]   20:     0x5c5196b40abb - core::ops::function::FnOnce::call_once::h109cf8051a59b34e
[INFO] [stdout]                                at /rustc/90b35a6239c3d8bdabc530a6a0816f7ff89a0aaf/library/core/src/ops/function.rs:250:5
[INFO] [stdout]   21:     0x5c5196b40abb - test::__rust_begin_short_backtrace::hf4fff89d377446ba
[INFO] [stdout]                                at /rustc/90b35a6239c3d8bdabc530a6a0816f7ff89a0aaf/library/test/src/lib.rs:621:18
[INFO] [stdout]   22:     0x5c5196b402f7 - test::run_test_in_process::{{closure}}::h0e39181dd7ee5a43
[INFO] [stdout]                                at /rustc/90b35a6239c3d8bdabc530a6a0816f7ff89a0aaf/library/test/src/lib.rs:644:60
[INFO] [stdout]   23:     0x5c5196b402f7 - <core::panic::unwind_safe::AssertUnwindSafe<F> as core::ops::function::FnOnce<()>>::call_once::hc5a66a30f0bdfd1f
[INFO] [stdout]                                at /rustc/90b35a6239c3d8bdabc530a6a0816f7ff89a0aaf/library/core/src/panic/unwind_safe.rs:272:9
[INFO] [stdout]   24:     0x5c5196b402f7 - std::panicking::try::do_call::h873b7cf639554a5e
[INFO] [stdout]                                at /rustc/90b35a6239c3d8bdabc530a6a0816f7ff89a0aaf/library/std/src/panicking.rs:557:40
[INFO] [stdout]   25:     0x5c5196b402f7 - std::panicking::try::hdb19862fad9c8bd1
[INFO] [stdout]                                at /rustc/90b35a6239c3d8bdabc530a6a0816f7ff89a0aaf/library/std/src/panicking.rs:520:19
[INFO] [stdout]   26:     0x5c5196b402f7 - std::panic::catch_unwind::h281fe732d236d260
[INFO] [stdout]                                at /rustc/90b35a6239c3d8bdabc530a6a0816f7ff89a0aaf/library/std/src/panic.rs:358:14
[INFO] [stdout]   27:     0x5c5196b402f7 - test::run_test_in_process::h949b6df8457ed338
[INFO] [stdout]                                at /rustc/90b35a6239c3d8bdabc530a6a0816f7ff89a0aaf/library/test/src/lib.rs:644:27
[INFO] [stdout]   28:     0x5c5196b402f7 - test::run_test::{{closure}}::h52c556a6d4740e10
[INFO] [stdout]                                at /rustc/90b35a6239c3d8bdabc530a6a0816f7ff89a0aaf/library/test/src/lib.rs:565:43
[INFO] [stdout]   29:     0x5c5196b055d4 - test::run_test::{{closure}}::h4237f6381c45ccb9
[INFO] [stdout]                                at /rustc/90b35a6239c3d8bdabc530a6a0816f7ff89a0aaf/library/test/src/lib.rs:595:41
[INFO] [stdout]   30:     0x5c5196b055d4 - std::sys::backtrace::__rust_begin_short_backtrace::h505c97a579eca628
[INFO] [stdout]                                at /rustc/90b35a6239c3d8bdabc530a6a0816f7ff89a0aaf/library/std/src/sys/backtrace.rs:154:18
[INFO] [stdout]   31:     0x5c5196b08c9e - std::thread::Builder::spawn_unchecked_::{{closure}}::{{closure}}::h9e86b2e2bc107ea3
[INFO] [stdout]                                at /rustc/90b35a6239c3d8bdabc530a6a0816f7ff89a0aaf/library/std/src/thread/mod.rs:538:17
[INFO] [stdout]   32:     0x5c5196b08c9e - <core::panic::unwind_safe::AssertUnwindSafe<F> as core::ops::function::FnOnce<()>>::call_once::h8b06ddb275ff4a25
[INFO] [stdout]                                at /rustc/90b35a6239c3d8bdabc530a6a0816f7ff89a0aaf/library/core/src/panic/unwind_safe.rs:272:9
[INFO] [stdout]   33:     0x5c5196b08c9e - std::panicking::try::do_call::hb26ecd7cd9a9355d
[INFO] [stdout]                                at /rustc/90b35a6239c3d8bdabc530a6a0816f7ff89a0aaf/library/std/src/panicking.rs:557:40
[INFO] [stdout]   34:     0x5c5196b08c9e - std::panicking::try::h8ddeca9d705f9069
[INFO] [stdout]                                at /rustc/90b35a6239c3d8bdabc530a6a0816f7ff89a0aaf/library/std/src/panicking.rs:520:19
[INFO] [stdout]   35:     0x5c5196b08c9e - std::panic::catch_unwind::h49e1c33078844c46
[INFO] [stdout]                                at /rustc/90b35a6239c3d8bdabc530a6a0816f7ff89a0aaf/library/std/src/panic.rs:358:14
[INFO] [stdout]   36:     0x5c5196b08c9e - std::thread::Builder::spawn_unchecked_::{{closure}}::h6073db6ff56ad35d
[INFO] [stdout]                                at /rustc/90b35a6239c3d8bdabc530a6a0816f7ff89a0aaf/library/std/src/thread/mod.rs:537:30
[INFO] [stdout]   37:     0x5c5196b08c9e - core::ops::function::FnOnce::call_once{{vtable.shim}}::h2c5a5f3779c774f1
[INFO] [stdout]                                at /rustc/90b35a6239c3d8bdabc530a6a0816f7ff89a0aaf/library/core/src/ops/function.rs:250:5
[INFO] [stdout]   38:     0x5c5196d69f1b - <alloc::boxed::Box<F,A> as core::ops::function::FnOnce<Args>>::call_once::hf75717d9f28faebf
[INFO] [stdout]                                at /rustc/90b35a6239c3d8bdabc530a6a0816f7ff89a0aaf/library/alloc/src/boxed.rs:2454:9
[INFO] [stdout]   39:     0x5c5196d69f1b - <alloc::boxed::Box<F,A> as core::ops::function::FnOnce<Args>>::call_once::h7bd883a5f3c5f3c1
[INFO] [stdout]                                at /rustc/90b35a6239c3d8bdabc530a6a0816f7ff89a0aaf/library/alloc/src/boxed.rs:2454:9
[INFO] [stdout]   40:     0x5c5196d69f1b - std::sys::pal::unix::thread::Thread::new::thread_start::hcc78f3943333fa94
[INFO] [stdout]                                at /rustc/90b35a6239c3d8bdabc530a6a0816f7ff89a0aaf/library/std/src/sys/pal/unix/thread.rs:105:17
[INFO] [stdout]   41:     0x773c0dbb3ac3 - <unknown>
[INFO] [stdout]   42:     0x773c0dc44a04 - clone
[INFO] [stdout]   43:                0x0 - <unknown>
[INFO] [stdout] 
[INFO] [stdout] 
[INFO] [stdout] failures:
[INFO] [stdout]     zone::tests::test_zone_file
[INFO] [stdout] 
[INFO] [stdout] test result: FAILED. 2 passed; 1 failed; 0 ignored; 0 measured; 0 filtered out; finished in 0.03s
[INFO] [stdout] 
[INFO] [stderr] error: test failed, to rerun pass `--lib`
[INFO] running `Command { std: "docker" "inspect" "14b90021111bc3ff0313ec566c24eb80c57dbb38deee8a54631abc7f85eea333", kill_on_drop: false }`
[INFO] running `Command { std: "docker" "rm" "-f" "14b90021111bc3ff0313ec566c24eb80c57dbb38deee8a54631abc7f85eea333", kill_on_drop: false }`
[INFO] [stdout] 14b90021111bc3ff0313ec566c24eb80c57dbb38deee8a54631abc7f85eea333
