[INFO] fetching crate dynamecs-app 0.0.10...
[INFO] testing dynamecs-app-0.0.10 against beta-2024-12-08 for beta-1.84.0-4-retry
[INFO] extracting crate dynamecs-app 0.0.10 into /workspace/builds/worker-3-tc2/source
[INFO] validating manifest of crates.io crate dynamecs-app 0.0.10 on toolchain beta-2024-12-08
[INFO] running `Command { std: CARGO_HOME="/workspace/cargo-home" RUSTUP_HOME="/workspace/rustup-home" "/workspace/cargo-home/bin/cargo" "+beta-2024-12-08" "metadata" "--manifest-path" "Cargo.toml" "--no-deps", kill_on_drop: false }`
[INFO] started tweaking crates.io crate dynamecs-app 0.0.10
[INFO] finished tweaking crates.io crate dynamecs-app 0.0.10
[INFO] tweaked toml for crates.io crate dynamecs-app 0.0.10 written to /workspace/builds/worker-3-tc2/source/Cargo.toml
[INFO] crate crates.io crate dynamecs-app 0.0.10 already has a lockfile, it will not be regenerated
[INFO] running `Command { std: CARGO_HOME="/workspace/cargo-home" RUSTUP_HOME="/workspace/rustup-home" "/workspace/cargo-home/bin/cargo" "+beta-2024-12-08" "fetch" "--manifest-path" "Cargo.toml", kill_on_drop: false }`
[INFO] running `Command { std: "docker" "create" "-v" "/var/lib/crater-agent-workspace/builds/worker-3-tc2/target:/opt/rustwide/target:rw,Z" "-v" "/var/lib/crater-agent-workspace/builds/worker-3-tc2/source:/opt/rustwide/workdir:ro,Z" "-v" "/var/lib/crater-agent-workspace/cargo-home:/opt/rustwide/cargo-home:ro,Z" "-v" "/var/lib/crater-agent-workspace/rustup-home:/opt/rustwide/rustup-home:ro,Z" "-e" "SOURCE_DIR=/opt/rustwide/workdir" "-e" "CARGO_TARGET_DIR=/opt/rustwide/target" "-e" "CARGO_HOME=/opt/rustwide/cargo-home" "-e" "RUSTUP_HOME=/opt/rustwide/rustup-home" "-w" "/opt/rustwide/workdir" "-m" "1610612736" "--user" "0:0" "--network" "none" "ghcr.io/rust-lang/crates-build-env/linux@sha256:f3a9d4ad9d972b27faf3965f35b62e55ba32bbce8f20bc8fe909558a86702fde" "/opt/rustwide/cargo-home/bin/cargo" "+beta-2024-12-08" "metadata" "--no-deps" "--format-version=1", kill_on_drop: false }`
[INFO] [stdout] 4a6852212c10855370e1a4d7ab77c53887511f70f94b8618017f0abcc76c4a8b
[INFO] running `Command { std: "docker" "start" "-a" "4a6852212c10855370e1a4d7ab77c53887511f70f94b8618017f0abcc76c4a8b", kill_on_drop: false }`
[INFO] running `Command { std: "docker" "inspect" "4a6852212c10855370e1a4d7ab77c53887511f70f94b8618017f0abcc76c4a8b", kill_on_drop: false }`
[INFO] running `Command { std: "docker" "rm" "-f" "4a6852212c10855370e1a4d7ab77c53887511f70f94b8618017f0abcc76c4a8b", kill_on_drop: false }`
[INFO] [stdout] 4a6852212c10855370e1a4d7ab77c53887511f70f94b8618017f0abcc76c4a8b
[INFO] running `Command { std: "docker" "create" "-v" "/var/lib/crater-agent-workspace/builds/worker-3-tc2/target:/opt/rustwide/target:rw,Z" "-v" "/var/lib/crater-agent-workspace/builds/worker-3-tc2/source:/opt/rustwide/workdir:ro,Z" "-v" "/var/lib/crater-agent-workspace/cargo-home:/opt/rustwide/cargo-home:ro,Z" "-v" "/var/lib/crater-agent-workspace/rustup-home:/opt/rustwide/rustup-home:ro,Z" "-e" "SOURCE_DIR=/opt/rustwide/workdir" "-e" "CARGO_TARGET_DIR=/opt/rustwide/target" "-e" "CARGO_INCREMENTAL=0" "-e" "RUST_BACKTRACE=full" "-e" "RUSTFLAGS=--cap-lints=warn" "-e" "RUSTDOCFLAGS=--cap-lints=warn" "-e" "CARGO_HOME=/opt/rustwide/cargo-home" "-e" "RUSTUP_HOME=/opt/rustwide/rustup-home" "-w" "/opt/rustwide/workdir" "-m" "1610612736" "--user" "0:0" "--network" "none" "ghcr.io/rust-lang/crates-build-env/linux@sha256:f3a9d4ad9d972b27faf3965f35b62e55ba32bbce8f20bc8fe909558a86702fde" "/opt/rustwide/cargo-home/bin/cargo" "+beta-2024-12-08" "build" "--frozen" "--message-format=json", kill_on_drop: false }`
[INFO] [stdout] 39350eaa9588af2508abf65326609840bafb587c9402195724f5b51b48c9c4c3
[INFO] running `Command { std: "docker" "start" "-a" "39350eaa9588af2508abf65326609840bafb587c9402195724f5b51b48c9c4c3", kill_on_drop: false }`
[INFO] [stderr]    Compiling proc-macro2 v1.0.54
[INFO] [stderr]    Compiling quote v1.0.26
[INFO] [stderr]    Compiling unicode-ident v1.0.6
[INFO] [stderr]    Compiling once_cell v1.17.1
[INFO] [stderr]    Compiling libc v0.2.147
[INFO] [stderr]    Compiling syn v1.0.109
[INFO] [stderr]    Compiling serde_derive v1.0.159
[INFO] [stderr]    Compiling serde v1.0.159
[INFO] [stderr]    Compiling io-lifetimes v1.0.11
[INFO] [stderr]    Compiling thiserror v1.0.38
[INFO] [stderr]    Compiling autocfg v1.1.0
[INFO] [stderr]    Compiling rustix v0.36.8
[INFO] [stderr]    Compiling ucd-trie v0.1.5
[INFO] [stderr]    Compiling linux-raw-sys v0.1.4
[INFO] [stderr]    Compiling utf8parse v0.2.1
[INFO] [stderr]    Compiling log v0.4.17
[INFO] [stderr]    Compiling anstyle-parse v0.2.1
[INFO] [stderr]    Compiling colorchoice v1.0.0
[INFO] [stderr]    Compiling serde_json v1.0.95
[INFO] [stderr]    Compiling tracing-core v0.1.30
[INFO] [stderr]    Compiling anstyle-query v1.0.0
[INFO] [stderr]    Compiling eyre v0.6.8
[INFO] [stderr]    Compiling num-traits v0.2.15
[INFO] [stderr]    Compiling num-integer v0.1.45
[INFO] [stderr]    Compiling crc32fast v1.3.2
[INFO] [stderr]    Compiling anstyle v1.0.1
[INFO] [stderr]    Compiling erased-serde v0.3.24
[INFO] [stderr]    Compiling ryu v1.0.12
[INFO] [stderr]    Compiling heck v0.4.1
[INFO] [stderr]    Compiling snap v1.1.0
[INFO] [stderr]    Compiling clap_lex v0.5.0
[INFO] [stderr]    Compiling strsim v0.10.0
[INFO] [stderr]    Compiling itoa v1.0.5
[INFO] [stderr]    Compiling indenter v0.3.3
[INFO] [stderr]    Compiling miniz_oxide v0.6.2
[INFO] [stderr]    Compiling nu-ansi-term v0.46.0
[INFO] [stderr]    Compiling thread_local v1.1.7
[INFO] [stderr]    Compiling sharded-slab v0.1.4
[INFO] [stderr]    Compiling smallvec v1.10.0
[INFO] [stderr]    Compiling iana-time-zone v0.1.53
[INFO] [stderr]    Compiling pin-project-lite v0.2.9
[INFO] [stderr]    Compiling tracing-log v0.1.3
[INFO] [stderr]    Compiling syn v2.0.11
[INFO] [stderr]    Compiling flate2 v1.0.25
[INFO] [stderr]    Compiling nix v0.26.2
[INFO] [stderr]    Compiling time v0.1.45
[INFO] [stderr]    Compiling chrono v0.4.23
[INFO] [stderr]    Compiling ctrlc v3.2.5
[INFO] [stderr]    Compiling is-terminal v0.4.4
[INFO] [stderr]    Compiling anstream v0.3.2
[INFO] [stderr]    Compiling clap_builder v4.3.11
[INFO] [stderr]    Compiling clap_derive v4.3.2
[INFO] [stderr]    Compiling thiserror-impl v1.0.38
[INFO] [stderr]    Compiling tracing-attributes v0.1.23
[INFO] [stderr]    Compiling clap v4.3.11
[INFO] [stderr]    Compiling tracing v0.1.37
[INFO] [stderr]    Compiling pest v2.5.5
[INFO] [stderr]    Compiling pest_meta v2.5.5
[INFO] [stderr]    Compiling pest_generator v2.5.5
[INFO] [stderr]    Compiling tracing-serde v0.1.3
[INFO] [stderr]    Compiling bincode v1.3.3
[INFO] [stderr]    Compiling serde_ignored v0.1.7
[INFO] [stderr]    Compiling pest_derive v2.5.5
[INFO] [stderr]    Compiling dynamecs v0.0.4
[INFO] [stderr]    Compiling tracing-subscriber v0.3.16
[INFO] [stderr]    Compiling json5 v0.4.1
[INFO] [stderr]    Compiling dynamecs-app v0.0.10 (/opt/rustwide/workdir)
[INFO] [stderr]     Finished `dev` profile [unoptimized + debuginfo] target(s) in 32.59s
[INFO] running `Command { std: "docker" "inspect" "39350eaa9588af2508abf65326609840bafb587c9402195724f5b51b48c9c4c3", kill_on_drop: false }`
[INFO] running `Command { std: "docker" "rm" "-f" "39350eaa9588af2508abf65326609840bafb587c9402195724f5b51b48c9c4c3", kill_on_drop: false }`
[INFO] [stdout] 39350eaa9588af2508abf65326609840bafb587c9402195724f5b51b48c9c4c3
[INFO] running `Command { std: "docker" "create" "-v" "/var/lib/crater-agent-workspace/builds/worker-3-tc2/target:/opt/rustwide/target:rw,Z" "-v" "/var/lib/crater-agent-workspace/builds/worker-3-tc2/source:/opt/rustwide/workdir:ro,Z" "-v" "/var/lib/crater-agent-workspace/cargo-home:/opt/rustwide/cargo-home:ro,Z" "-v" "/var/lib/crater-agent-workspace/rustup-home:/opt/rustwide/rustup-home:ro,Z" "-e" "SOURCE_DIR=/opt/rustwide/workdir" "-e" "CARGO_TARGET_DIR=/opt/rustwide/target" "-e" "CARGO_INCREMENTAL=0" "-e" "RUST_BACKTRACE=full" "-e" "RUSTFLAGS=--cap-lints=warn" "-e" "RUSTDOCFLAGS=--cap-lints=warn" "-e" "CARGO_HOME=/opt/rustwide/cargo-home" "-e" "RUSTUP_HOME=/opt/rustwide/rustup-home" "-w" "/opt/rustwide/workdir" "-m" "1610612736" "--user" "0:0" "--network" "none" "ghcr.io/rust-lang/crates-build-env/linux@sha256:f3a9d4ad9d972b27faf3965f35b62e55ba32bbce8f20bc8fe909558a86702fde" "/opt/rustwide/cargo-home/bin/cargo" "+beta-2024-12-08" "test" "--frozen" "--no-run" "--message-format=json", kill_on_drop: false }`
[INFO] [stdout] 96dbb17dfeee63acfc7ef63ca4451df0fd54b74652a3b3153ea3f87a63cbda50
[INFO] running `Command { std: "docker" "start" "-a" "96dbb17dfeee63acfc7ef63ca4451df0fd54b74652a3b3153ea3f87a63cbda50", kill_on_drop: false }`
[INFO] [stderr]    Compiling dynamecs-app v0.0.10 (/opt/rustwide/workdir)
[INFO] [stderr]     Finished `test` profile [unoptimized + debuginfo] target(s) in 3.78s
[INFO] running `Command { std: "docker" "inspect" "96dbb17dfeee63acfc7ef63ca4451df0fd54b74652a3b3153ea3f87a63cbda50", kill_on_drop: false }`
[INFO] running `Command { std: "docker" "rm" "-f" "96dbb17dfeee63acfc7ef63ca4451df0fd54b74652a3b3153ea3f87a63cbda50", kill_on_drop: false }`
[INFO] [stdout] 96dbb17dfeee63acfc7ef63ca4451df0fd54b74652a3b3153ea3f87a63cbda50
[INFO] running `Command { std: "docker" "create" "-v" "/var/lib/crater-agent-workspace/builds/worker-3-tc2/target:/opt/rustwide/target:rw,Z" "-v" "/var/lib/crater-agent-workspace/builds/worker-3-tc2/source:/opt/rustwide/workdir:ro,Z" "-v" "/var/lib/crater-agent-workspace/cargo-home:/opt/rustwide/cargo-home:ro,Z" "-v" "/var/lib/crater-agent-workspace/rustup-home:/opt/rustwide/rustup-home:ro,Z" "-e" "SOURCE_DIR=/opt/rustwide/workdir" "-e" "CARGO_TARGET_DIR=/opt/rustwide/target" "-e" "CARGO_INCREMENTAL=0" "-e" "RUST_BACKTRACE=full" "-e" "RUSTFLAGS=--cap-lints=warn" "-e" "RUSTDOCFLAGS=--cap-lints=warn" "-e" "CARGO_HOME=/opt/rustwide/cargo-home" "-e" "RUSTUP_HOME=/opt/rustwide/rustup-home" "-w" "/opt/rustwide/workdir" "-m" "1610612736" "--user" "0:0" "--network" "none" "ghcr.io/rust-lang/crates-build-env/linux@sha256:f3a9d4ad9d972b27faf3965f35b62e55ba32bbce8f20bc8fe909558a86702fde" "/opt/rustwide/cargo-home/bin/cargo" "+beta-2024-12-08" "test" "--frozen", kill_on_drop: false }`
[INFO] [stdout] daaca08159cf2f9cbcb388cbbfb9425964293d9db3caeff4253d7016da50c60c
[INFO] running `Command { std: "docker" "start" "-a" "daaca08159cf2f9cbcb388cbbfb9425964293d9db3caeff4253d7016da50c60c", kill_on_drop: false }`
[INFO] [stderr]     Finished `test` profile [unoptimized + debuginfo] target(s) in 0.11s
[INFO] [stderr]      Running unittests src/lib.rs (/opt/rustwide/target/debug/deps/dynamecs_app-ada4e3b2c6a82185)
[INFO] [stdout] 
[INFO] [stdout] running 3 tests
[INFO] [stdout] test config_override::tests::apply_config_override_object_override ... ok
[INFO] [stdout] test config_override::tests::test_basic_override ... ok
[INFO] [stdout] test config_override::tests::test_override_adjacently_tagged ... ok
[INFO] [stdout] 
[INFO] [stdout] test result: ok. 3 passed; 0 failed; 0 ignored; 0 measured; 0 filtered out; finished in 0.01s
[INFO] [stdout] 
[INFO] [stderr]    Doc-tests dynamecs_app
[INFO] [stdout] 
[INFO] [stdout] running 2 tests
[INFO] [stdout] test src/tracing_impl.rs - tracing_impl::setup_tracing (line 46) ... FAILED
[INFO] [stdout] test src/lib.rs - dynamecs_main (line 350) - compile ... ok
[INFO] [stdout] 
[INFO] [stdout] failures:
[INFO] [stdout] 
[INFO] [stdout] ---- src/tracing_impl.rs - tracing_impl::setup_tracing (line 46) stdout ----
[INFO] [stdout] error[E0308]: mismatched types
[INFO] [stdout]  --> src/tracing_impl.rs:51:14
[INFO] [stdout]   |
[INFO] [stdout] 7 | fn main() -> Result<(), Box<dyn Error>> {
[INFO] [stdout]   |    ----      ^^^^^^^^^^^^^^^^^^^^^^^^^^ expected `Result<(), Box<dyn Error>>`, found `()`
[INFO] [stdout]   |    |
[INFO] [stdout]   |    implicitly returns `()` as its body has no tail or `return` expression
[INFO] [stdout]   |
[INFO] [stdout]   = note:   expected enum `Result<(), Box<(dyn StdError + 'static)>>`
[INFO] [stdout]           found unit type `()`
[INFO] [stdout] 
[INFO] [stdout] error: aborting due to 1 previous error
[INFO] [stdout] 
[INFO] [stdout] For more information about this error, try `rustc --explain E0308`.
[INFO] [stdout] Couldn't compile the test.
[INFO] [stdout] 
[INFO] [stdout] failures:
[INFO] [stdout]     src/tracing_impl.rs - tracing_impl::setup_tracing (line 46)
[INFO] [stdout] 
[INFO] [stdout] test result: FAILED. 1 passed; 1 failed; 0 ignored; 0 measured; 0 filtered out; finished in 0.14s
[INFO] [stdout] 
[INFO] [stderr] error: doctest failed, to rerun pass `--doc`
[INFO] running `Command { std: "docker" "inspect" "daaca08159cf2f9cbcb388cbbfb9425964293d9db3caeff4253d7016da50c60c", kill_on_drop: false }`
[INFO] running `Command { std: "docker" "rm" "-f" "daaca08159cf2f9cbcb388cbbfb9425964293d9db3caeff4253d7016da50c60c", kill_on_drop: false }`
[INFO] [stdout] daaca08159cf2f9cbcb388cbbfb9425964293d9db3caeff4253d7016da50c60c
