[INFO] fetching crate duet_charter_lib 0.1.1...
[INFO] testing duet_charter_lib-0.1.1 against 1.83.0 for beta-1.84.0-4-retry
[INFO] extracting crate duet_charter_lib 0.1.1 into /workspace/builds/worker-4-tc1/source
[INFO] validating manifest of crates.io crate duet_charter_lib 0.1.1 on toolchain 1.83.0
[INFO] running `Command { std: CARGO_HOME="/workspace/cargo-home" RUSTUP_HOME="/workspace/rustup-home" "/workspace/cargo-home/bin/cargo" "+1.83.0" "metadata" "--manifest-path" "Cargo.toml" "--no-deps", kill_on_drop: false }`
[INFO] started tweaking crates.io crate duet_charter_lib 0.1.1
[INFO] finished tweaking crates.io crate duet_charter_lib 0.1.1
[INFO] tweaked toml for crates.io crate duet_charter_lib 0.1.1 written to /workspace/builds/worker-4-tc1/source/Cargo.toml
[INFO] running `Command { std: CARGO_HOME="/workspace/cargo-home" RUSTUP_HOME="/workspace/rustup-home" "/workspace/cargo-home/bin/cargo" "+1.83.0" "generate-lockfile" "--manifest-path" "Cargo.toml", kill_on_drop: false }`
[INFO] [stderr]     Updating crates.io index
[INFO] [stderr]      Locking 8 packages to latest compatible versions
[INFO] running `Command { std: CARGO_HOME="/workspace/cargo-home" RUSTUP_HOME="/workspace/rustup-home" "/workspace/cargo-home/bin/cargo" "+1.83.0" "fetch" "--manifest-path" "Cargo.toml", kill_on_drop: false }`
[INFO] running `Command { std: "docker" "create" "-v" "/var/lib/crater-agent-workspace/builds/worker-4-tc1/target:/opt/rustwide/target:rw,Z" "-v" "/var/lib/crater-agent-workspace/builds/worker-4-tc1/source:/opt/rustwide/workdir:ro,Z" "-v" "/var/lib/crater-agent-workspace/cargo-home:/opt/rustwide/cargo-home:ro,Z" "-v" "/var/lib/crater-agent-workspace/rustup-home:/opt/rustwide/rustup-home:ro,Z" "-e" "SOURCE_DIR=/opt/rustwide/workdir" "-e" "CARGO_TARGET_DIR=/opt/rustwide/target" "-e" "CARGO_HOME=/opt/rustwide/cargo-home" "-e" "RUSTUP_HOME=/opt/rustwide/rustup-home" "-w" "/opt/rustwide/workdir" "-m" "1610612736" "--user" "0:0" "--network" "none" "ghcr.io/rust-lang/crates-build-env/linux@sha256:f3a9d4ad9d972b27faf3965f35b62e55ba32bbce8f20bc8fe909558a86702fde" "/opt/rustwide/cargo-home/bin/cargo" "+1.83.0" "metadata" "--no-deps" "--format-version=1", kill_on_drop: false }`
[INFO] [stdout] f0c55c56b442c8870bb3ad5ae5671b9a6c1ebe7f69b08d004c9a8b0a0da80212
[INFO] running `Command { std: "docker" "start" "-a" "f0c55c56b442c8870bb3ad5ae5671b9a6c1ebe7f69b08d004c9a8b0a0da80212", kill_on_drop: false }`
[INFO] running `Command { std: "docker" "inspect" "f0c55c56b442c8870bb3ad5ae5671b9a6c1ebe7f69b08d004c9a8b0a0da80212", kill_on_drop: false }`
[INFO] running `Command { std: "docker" "rm" "-f" "f0c55c56b442c8870bb3ad5ae5671b9a6c1ebe7f69b08d004c9a8b0a0da80212", kill_on_drop: false }`
[INFO] [stdout] f0c55c56b442c8870bb3ad5ae5671b9a6c1ebe7f69b08d004c9a8b0a0da80212
[INFO] running `Command { std: "docker" "create" "-v" "/var/lib/crater-agent-workspace/builds/worker-4-tc1/target:/opt/rustwide/target:rw,Z" "-v" "/var/lib/crater-agent-workspace/builds/worker-4-tc1/source:/opt/rustwide/workdir:ro,Z" "-v" "/var/lib/crater-agent-workspace/cargo-home:/opt/rustwide/cargo-home:ro,Z" "-v" "/var/lib/crater-agent-workspace/rustup-home:/opt/rustwide/rustup-home:ro,Z" "-e" "SOURCE_DIR=/opt/rustwide/workdir" "-e" "CARGO_TARGET_DIR=/opt/rustwide/target" "-e" "CARGO_INCREMENTAL=0" "-e" "RUST_BACKTRACE=full" "-e" "RUSTFLAGS=--cap-lints=warn" "-e" "RUSTDOCFLAGS=--cap-lints=warn" "-e" "CARGO_HOME=/opt/rustwide/cargo-home" "-e" "RUSTUP_HOME=/opt/rustwide/rustup-home" "-w" "/opt/rustwide/workdir" "-m" "1610612736" "--user" "0:0" "--network" "none" "ghcr.io/rust-lang/crates-build-env/linux@sha256:f3a9d4ad9d972b27faf3965f35b62e55ba32bbce8f20bc8fe909558a86702fde" "/opt/rustwide/cargo-home/bin/cargo" "+1.83.0" "build" "--frozen" "--message-format=json", kill_on_drop: false }`
[INFO] [stdout] a6c6e248cf43e836510cc0dea98ad742708cc60d13630abd700814e76c5b0684
[INFO] running `Command { std: "docker" "start" "-a" "a6c6e248cf43e836510cc0dea98ad742708cc60d13630abd700814e76c5b0684", kill_on_drop: false }`
[INFO] [stderr]    Compiling memchr v2.7.4
[INFO] [stderr]    Compiling regex-syntax v0.8.5
[INFO] [stderr]    Compiling eyre v0.6.12
[INFO] [stderr]    Compiling indenter v0.3.3
[INFO] [stderr]    Compiling once_cell v1.20.2
[INFO] [stderr]    Compiling aho-corasick v1.1.3
[INFO] [stderr]    Compiling regex-automata v0.4.9
[INFO] [stderr]    Compiling regex v1.11.1
[INFO] [stderr]    Compiling duet_charter_lib v0.1.1 (/opt/rustwide/workdir)
[INFO] [stderr]     Finished `dev` profile [unoptimized + debuginfo] target(s) in 10.28s
[INFO] running `Command { std: "docker" "inspect" "a6c6e248cf43e836510cc0dea98ad742708cc60d13630abd700814e76c5b0684", kill_on_drop: false }`
[INFO] running `Command { std: "docker" "rm" "-f" "a6c6e248cf43e836510cc0dea98ad742708cc60d13630abd700814e76c5b0684", kill_on_drop: false }`
[INFO] [stdout] a6c6e248cf43e836510cc0dea98ad742708cc60d13630abd700814e76c5b0684
[INFO] running `Command { std: "docker" "create" "-v" "/var/lib/crater-agent-workspace/builds/worker-4-tc1/target:/opt/rustwide/target:rw,Z" "-v" "/var/lib/crater-agent-workspace/builds/worker-4-tc1/source:/opt/rustwide/workdir:ro,Z" "-v" "/var/lib/crater-agent-workspace/cargo-home:/opt/rustwide/cargo-home:ro,Z" "-v" "/var/lib/crater-agent-workspace/rustup-home:/opt/rustwide/rustup-home:ro,Z" "-e" "SOURCE_DIR=/opt/rustwide/workdir" "-e" "CARGO_TARGET_DIR=/opt/rustwide/target" "-e" "CARGO_INCREMENTAL=0" "-e" "RUST_BACKTRACE=full" "-e" "RUSTFLAGS=--cap-lints=warn" "-e" "RUSTDOCFLAGS=--cap-lints=warn" "-e" "CARGO_HOME=/opt/rustwide/cargo-home" "-e" "RUSTUP_HOME=/opt/rustwide/rustup-home" "-w" "/opt/rustwide/workdir" "-m" "1610612736" "--user" "0:0" "--network" "none" "ghcr.io/rust-lang/crates-build-env/linux@sha256:f3a9d4ad9d972b27faf3965f35b62e55ba32bbce8f20bc8fe909558a86702fde" "/opt/rustwide/cargo-home/bin/cargo" "+1.83.0" "test" "--frozen" "--no-run" "--message-format=json", kill_on_drop: false }`
[INFO] [stdout] 70d718c58affdfede3a3ce78959923c2681de31ea877b1929a9303852858e305
[INFO] running `Command { std: "docker" "start" "-a" "70d718c58affdfede3a3ce78959923c2681de31ea877b1929a9303852858e305", kill_on_drop: false }`
[INFO] [stderr]    Compiling duet_charter_lib v0.1.1 (/opt/rustwide/workdir)
[INFO] [stderr]     Finished `test` profile [unoptimized + debuginfo] target(s) in 2.01s
[INFO] running `Command { std: "docker" "inspect" "70d718c58affdfede3a3ce78959923c2681de31ea877b1929a9303852858e305", kill_on_drop: false }`
[INFO] running `Command { std: "docker" "rm" "-f" "70d718c58affdfede3a3ce78959923c2681de31ea877b1929a9303852858e305", kill_on_drop: false }`
[INFO] [stdout] 70d718c58affdfede3a3ce78959923c2681de31ea877b1929a9303852858e305
[INFO] running `Command { std: "docker" "create" "-v" "/var/lib/crater-agent-workspace/builds/worker-4-tc1/target:/opt/rustwide/target:rw,Z" "-v" "/var/lib/crater-agent-workspace/builds/worker-4-tc1/source:/opt/rustwide/workdir:ro,Z" "-v" "/var/lib/crater-agent-workspace/cargo-home:/opt/rustwide/cargo-home:ro,Z" "-v" "/var/lib/crater-agent-workspace/rustup-home:/opt/rustwide/rustup-home:ro,Z" "-e" "SOURCE_DIR=/opt/rustwide/workdir" "-e" "CARGO_TARGET_DIR=/opt/rustwide/target" "-e" "CARGO_INCREMENTAL=0" "-e" "RUST_BACKTRACE=full" "-e" "RUSTFLAGS=--cap-lints=warn" "-e" "RUSTDOCFLAGS=--cap-lints=warn" "-e" "CARGO_HOME=/opt/rustwide/cargo-home" "-e" "RUSTUP_HOME=/opt/rustwide/rustup-home" "-w" "/opt/rustwide/workdir" "-m" "1610612736" "--user" "0:0" "--network" "none" "ghcr.io/rust-lang/crates-build-env/linux@sha256:f3a9d4ad9d972b27faf3965f35b62e55ba32bbce8f20bc8fe909558a86702fde" "/opt/rustwide/cargo-home/bin/cargo" "+1.83.0" "test" "--frozen", kill_on_drop: false }`
[INFO] [stdout] 9a8d30b006b4a6e269b5d1836c503eed824c81018d54876296df5d5cdb59693b
[INFO] running `Command { std: "docker" "start" "-a" "9a8d30b006b4a6e269b5d1836c503eed824c81018d54876296df5d5cdb59693b", kill_on_drop: false }`
[INFO] [stderr]     Finished `test` profile [unoptimized + debuginfo] target(s) in 0.02s
[INFO] [stderr]      Running unittests src/lib.rs (/opt/rustwide/target/debug/deps/duet_charter_lib-fa877c7627ac2c8b)
[INFO] [stdout] 
[INFO] [stdout] running 3 tests
[INFO] [stdout] test phrases::test::phrase_loading ... FAILED
[INFO] [stdout] test chart::test::load_test ... FAILED
[INFO] [stdout] test phrases::test::phrase_to_string ... FAILED
[INFO] [stdout] 
[INFO] [stdout] failures:
[INFO] [stdout] 
[INFO] [stdout] ---- phrases::test::phrase_loading stdout ----
[INFO] [stdout] Error: No such file or directory (os error 2)
[INFO] [stdout] 
[INFO] [stdout] Location:
[INFO] [stdout]     src/phrases.rs:178:27
[INFO] [stdout] 
[INFO] [stdout] ---- chart::test::load_test stdout ----
[INFO] [stdout] Error: No such file or directory (os error 2)
[INFO] [stdout] 
[INFO] [stdout] Location:
[INFO] [stdout]     src/chart.rs:394:27
[INFO] [stdout] 
[INFO] [stdout] ---- phrases::test::phrase_to_string stdout ----
[INFO] [stdout] Error: No such file or directory (os error 2)
[INFO] [stdout] 
[INFO] [stdout] Location:
[INFO] [stdout]     src/phrases.rs:210:27
[INFO] [stdout] 
[INFO] [stdout] 
[INFO] [stdout] failures:
[INFO] [stdout]     chart::test::load_test
[INFO] [stdout]     phrases::test::phrase_loading
[INFO] [stdout]     phrases::test::phrase_to_string
[INFO] [stdout] 
[INFO] [stdout] test result: FAILED. 0 passed; 3 failed; 0 ignored; 0 measured; 0 filtered out; finished in 0.00s
[INFO] [stdout] 
[INFO] [stderr] error: test failed, to rerun pass `--lib`
[INFO] running `Command { std: "docker" "inspect" "9a8d30b006b4a6e269b5d1836c503eed824c81018d54876296df5d5cdb59693b", kill_on_drop: false }`
[INFO] running `Command { std: "docker" "rm" "-f" "9a8d30b006b4a6e269b5d1836c503eed824c81018d54876296df5d5cdb59693b", kill_on_drop: false }`
[INFO] [stdout] 9a8d30b006b4a6e269b5d1836c503eed824c81018d54876296df5d5cdb59693b
