[INFO] fetching crate dtn7-plus 0.7.2...
[INFO] testing dtn7-plus-0.7.2 against 1.83.0 for beta-1.84.0-4-retry
[INFO] extracting crate dtn7-plus 0.7.2 into /workspace/builds/worker-6-tc1/source
[INFO] validating manifest of crates.io crate dtn7-plus 0.7.2 on toolchain 1.83.0
[INFO] running `Command { std: CARGO_HOME="/workspace/cargo-home" RUSTUP_HOME="/workspace/rustup-home" "/workspace/cargo-home/bin/cargo" "+1.83.0" "metadata" "--manifest-path" "Cargo.toml" "--no-deps", kill_on_drop: false }`
[INFO] started tweaking crates.io crate dtn7-plus 0.7.2
[INFO] finished tweaking crates.io crate dtn7-plus 0.7.2
[INFO] tweaked toml for crates.io crate dtn7-plus 0.7.2 written to /workspace/builds/worker-6-tc1/source/Cargo.toml
[INFO] crate crates.io crate dtn7-plus 0.7.2 already has a lockfile, it will not be regenerated
[INFO] running `Command { std: CARGO_HOME="/workspace/cargo-home" RUSTUP_HOME="/workspace/rustup-home" "/workspace/cargo-home/bin/cargo" "+1.83.0" "fetch" "--manifest-path" "Cargo.toml", kill_on_drop: false }`
[INFO] [stderr]     Blocking waiting for file lock on package cache
[INFO] [stderr]     Updating crates.io index
[INFO] [stderr]     Blocking waiting for file lock on package cache
[INFO] [stderr]  Downloading crates ...
[INFO] [stderr]   Downloaded smaz v0.1.0
[INFO] [stderr]   Downloaded attohttpc v0.28.0
[INFO] [stderr]   Downloaded bp7 v0.10.6
[INFO] running `Command { std: "docker" "create" "-v" "/var/lib/crater-agent-workspace/builds/worker-6-tc1/target:/opt/rustwide/target:rw,Z" "-v" "/var/lib/crater-agent-workspace/builds/worker-6-tc1/source:/opt/rustwide/workdir:ro,Z" "-v" "/var/lib/crater-agent-workspace/cargo-home:/opt/rustwide/cargo-home:ro,Z" "-v" "/var/lib/crater-agent-workspace/rustup-home:/opt/rustwide/rustup-home:ro,Z" "-e" "SOURCE_DIR=/opt/rustwide/workdir" "-e" "CARGO_TARGET_DIR=/opt/rustwide/target" "-e" "CARGO_HOME=/opt/rustwide/cargo-home" "-e" "RUSTUP_HOME=/opt/rustwide/rustup-home" "-w" "/opt/rustwide/workdir" "-m" "1610612736" "--user" "0:0" "--network" "none" "ghcr.io/rust-lang/crates-build-env/linux@sha256:f3a9d4ad9d972b27faf3965f35b62e55ba32bbce8f20bc8fe909558a86702fde" "/opt/rustwide/cargo-home/bin/cargo" "+1.83.0" "metadata" "--no-deps" "--format-version=1", kill_on_drop: false }`
[INFO] [stdout] 599d3bd9628768d9214f31b37de397131ed58f64cfa7df2d2c3752f4ebf73c90
[INFO] running `Command { std: "docker" "start" "-a" "599d3bd9628768d9214f31b37de397131ed58f64cfa7df2d2c3752f4ebf73c90", kill_on_drop: false }`
[INFO] running `Command { std: "docker" "inspect" "599d3bd9628768d9214f31b37de397131ed58f64cfa7df2d2c3752f4ebf73c90", kill_on_drop: false }`
[INFO] running `Command { std: "docker" "rm" "-f" "599d3bd9628768d9214f31b37de397131ed58f64cfa7df2d2c3752f4ebf73c90", kill_on_drop: false }`
[INFO] [stdout] 599d3bd9628768d9214f31b37de397131ed58f64cfa7df2d2c3752f4ebf73c90
[INFO] running `Command { std: "docker" "create" "-v" "/var/lib/crater-agent-workspace/builds/worker-6-tc1/target:/opt/rustwide/target:rw,Z" "-v" "/var/lib/crater-agent-workspace/builds/worker-6-tc1/source:/opt/rustwide/workdir:ro,Z" "-v" "/var/lib/crater-agent-workspace/cargo-home:/opt/rustwide/cargo-home:ro,Z" "-v" "/var/lib/crater-agent-workspace/rustup-home:/opt/rustwide/rustup-home:ro,Z" "-e" "SOURCE_DIR=/opt/rustwide/workdir" "-e" "CARGO_TARGET_DIR=/opt/rustwide/target" "-e" "CARGO_INCREMENTAL=0" "-e" "RUST_BACKTRACE=full" "-e" "RUSTFLAGS=--cap-lints=warn" "-e" "RUSTDOCFLAGS=--cap-lints=warn" "-e" "CARGO_HOME=/opt/rustwide/cargo-home" "-e" "RUSTUP_HOME=/opt/rustwide/rustup-home" "-w" "/opt/rustwide/workdir" "-m" "1610612736" "--user" "0:0" "--network" "none" "ghcr.io/rust-lang/crates-build-env/linux@sha256:f3a9d4ad9d972b27faf3965f35b62e55ba32bbce8f20bc8fe909558a86702fde" "/opt/rustwide/cargo-home/bin/cargo" "+1.83.0" "build" "--frozen" "--message-format=json", kill_on_drop: false }`
[INFO] [stdout] 7ab335b7d2edf73590bd11406ad912d6fa9312978dd7354d30c01140fdfd9c5f
[INFO] running `Command { std: "docker" "start" "-a" "7ab335b7d2edf73590bd11406ad912d6fa9312978dd7354d30c01140fdfd9c5f", kill_on_drop: false }`
[INFO] [stderr]    Compiling proc-macro2 v1.0.79
[INFO] [stderr]    Compiling unicode-ident v1.0.12
[INFO] [stderr]    Compiling version_check v0.9.4
[INFO] [stderr]    Compiling libc v0.2.153
[INFO] [stderr]    Compiling cfg-if v1.0.0
[INFO] [stderr]    Compiling typenum v1.17.0
[INFO] [stderr]    Compiling serde v1.0.197
[INFO] [stderr]    Compiling tinyvec_macros v0.1.1
[INFO] [stderr]    Compiling syn v1.0.109
[INFO] [stderr]    Compiling tinyvec v1.6.0
[INFO] [stderr]    Compiling itoa v1.0.11
[INFO] [stderr]    Compiling thiserror v1.0.58
[INFO] [stderr]    Compiling unicode-bidi v0.3.15
[INFO] [stderr]    Compiling percent-encoding v2.3.1
[INFO] [stderr]    Compiling generic-array v0.14.7
[INFO] [stderr]    Compiling proc-macro-error-attr v1.0.4
[INFO] [stderr]    Compiling proc-macro-error v1.0.4
[INFO] [stderr]    Compiling autocfg v1.2.0
[INFO] [stderr]    Compiling unicode-normalization v0.1.23
[INFO] [stderr]    Compiling quote v1.0.36
[INFO] [stderr]    Compiling form_urlencoded v1.2.1
[INFO] [stderr]    Compiling syn v2.0.58
[INFO] [stderr]    Compiling indexmap v1.9.3
[INFO] [stderr]    Compiling getrandom v0.2.14
[INFO] [stderr]    Compiling idna v0.5.0
[INFO] [stderr]    Compiling bytes v1.6.0
[INFO] [stderr]    Compiling fnv v1.0.7
[INFO] [stderr]    Compiling rand_core v0.6.4
[INFO] [stderr]    Compiling ppv-lite86 v0.2.17
[INFO] [stderr]    Compiling httparse v1.8.0
[INFO] [stderr]    Compiling serde_json v1.0.115
[INFO] [stderr]    Compiling url v2.5.0
[INFO] [stderr]    Compiling rand_chacha v0.3.1
[INFO] [stderr]    Compiling http v1.1.0
[INFO] [stderr]    Compiling hashbrown v0.12.3
[INFO] [stderr]    Compiling crypto-common v0.1.6
[INFO] [stderr]    Compiling block-buffer v0.10.4
[INFO] [stderr]    Compiling digest v0.10.7
[INFO] [stderr]    Compiling anyhow v1.0.82
[INFO] [stderr]    Compiling os_str_bytes v6.6.1
[INFO] [stderr]    Compiling half v1.8.3
[INFO] [stderr]    Compiling cpufeatures v0.2.12
[INFO] [stderr]    Compiling ryu v1.0.17
[INFO] [stderr]    Compiling crc-catalog v2.4.0
[INFO] [stderr]    Compiling heck v0.4.1
[INFO] [stderr]    Compiling log v0.4.21
[INFO] [stderr]    Compiling crc v3.2.1
[INFO] [stderr]    Compiling sha1 v0.10.6
[INFO] [stderr]    Compiling clap_lex v0.2.4
[INFO] [stderr]    Compiling rand v0.8.5
[INFO] [stderr]    Compiling nanorand v0.7.0
[INFO] [stderr]    Compiling atty v0.2.14
[INFO] [stderr]    Compiling instant v0.1.12
[INFO] [stderr]    Compiling byteorder v1.5.0
[INFO] [stderr]    Compiling humantime v2.1.0
[INFO] [stderr]    Compiling strsim v0.10.0
[INFO] [stderr]    Compiling textwrap v0.16.1
[INFO] [stderr]    Compiling bitflags v1.3.2
[INFO] [stderr]    Compiling data-encoding v2.5.0
[INFO] [stderr]    Compiling termcolor v1.4.1
[INFO] [stderr]    Compiling utf-8 v0.7.6
[INFO] [stderr]    Compiling once_cell v1.19.0
[INFO] [stderr]    Compiling lazy_static v1.4.0
[INFO] [stderr]    Compiling attohttpc v0.28.0
[INFO] [stderr]    Compiling smaz v0.1.0
[INFO] [stderr]    Compiling base64 v0.22.0
[INFO] [stderr]    Compiling clap_derive v3.2.25
[INFO] [stderr]    Compiling derive-try-from-primitive v1.0.0
[INFO] [stderr]    Compiling serde_derive v1.0.197
[INFO] [stderr]    Compiling thiserror-impl v1.0.58
[INFO] [stderr]    Compiling tungstenite v0.21.0
[INFO] [stderr]    Compiling clap v3.2.25
[INFO] [stderr]    Compiling bitflags v2.5.0
[INFO] [stderr]    Compiling serde_bytes v0.11.14
[INFO] [stderr]    Compiling serde_cbor v0.11.2
[INFO] [stderr]    Compiling uuid v1.8.0
[INFO] [stderr]    Compiling bp7 v0.10.6
[INFO] [stderr]    Compiling dtn7-plus v0.7.2 (/opt/rustwide/workdir)
[INFO] [stdout] warning: use of deprecated function `base64::decode`: Use Engine::decode
[INFO] [stdout]   --> src/serde.rs:54:29
[INFO] [stdout]    |
[INFO] [stdout] 54 |                     base64::decode(v).map_err(serde::de::Error::custom)
[INFO] [stdout]    |                             ^^^^^^
[INFO] [stdout]    |
[INFO] [stdout]    = note: `#[warn(deprecated)]` on by default
[INFO] [stdout] 
[INFO] [stdout] 
[INFO] [stdout] warning: use of deprecated method `tungstenite::WebSocket::<Stream>::write_message`: Use `send`
[INFO] [stdout]    --> src/client/mod.rs:133:21
[INFO] [stdout]     |
[INFO] [stdout] 133 |         self.socket.write_message(Message::text(txt))?;
[INFO] [stdout]     |                     ^^^^^^^^^^^^^
[INFO] [stdout] 
[INFO] [stdout] 
[INFO] [stdout] warning: use of deprecated method `tungstenite::WebSocket::<Stream>::write_message`: Use `send`
[INFO] [stdout]    --> src/client/mod.rs:142:21
[INFO] [stdout]     |
[INFO] [stdout] 142 |         self.socket.write_message(Message::binary(bin))?;
[INFO] [stdout]     |                     ^^^^^^^^^^^^^
[INFO] [stdout] 
[INFO] [stdout] 
[INFO] [stdout] warning: use of deprecated method `tungstenite::WebSocket::<Stream>::read_message`: Use `read`
[INFO] [stdout]    --> src/client/mod.rs:150:24
[INFO] [stdout]     |
[INFO] [stdout] 150 |         Ok(self.socket.read_message()?)
[INFO] [stdout]     |                        ^^^^^^^^^^^^
[INFO] [stdout] 
[INFO] [stdout] 
[INFO] [stdout] warning: use of deprecated method `tungstenite::WebSocket::<Stream>::read_message`: Use `read`
[INFO] [stdout]    --> src/client/mod.rs:155:31
[INFO] [stdout]     |
[INFO] [stdout] 155 |         let msg = self.socket.read_message()?;
[INFO] [stdout]     |                               ^^^^^^^^^^^^
[INFO] [stdout] 
[INFO] [stdout] 
[INFO] [stdout] warning: use of deprecated method `tungstenite::WebSocket::<Stream>::read_message`: Use `read`
[INFO] [stdout]    --> src/client/mod.rs:164:31
[INFO] [stdout]     |
[INFO] [stdout] 164 |         let msg = self.socket.read_message()?;
[INFO] [stdout]     |                               ^^^^^^^^^^^^
[INFO] [stdout] 
[INFO] [stdout] 
[INFO] [stderr]     Finished `dev` profile [unoptimized + debuginfo] target(s) in 55.35s
[INFO] running `Command { std: "docker" "inspect" "7ab335b7d2edf73590bd11406ad912d6fa9312978dd7354d30c01140fdfd9c5f", kill_on_drop: false }`
[INFO] running `Command { std: "docker" "rm" "-f" "7ab335b7d2edf73590bd11406ad912d6fa9312978dd7354d30c01140fdfd9c5f", kill_on_drop: false }`
[INFO] [stdout] 7ab335b7d2edf73590bd11406ad912d6fa9312978dd7354d30c01140fdfd9c5f
[INFO] running `Command { std: "docker" "create" "-v" "/var/lib/crater-agent-workspace/builds/worker-6-tc1/target:/opt/rustwide/target:rw,Z" "-v" "/var/lib/crater-agent-workspace/builds/worker-6-tc1/source:/opt/rustwide/workdir:ro,Z" "-v" "/var/lib/crater-agent-workspace/cargo-home:/opt/rustwide/cargo-home:ro,Z" "-v" "/var/lib/crater-agent-workspace/rustup-home:/opt/rustwide/rustup-home:ro,Z" "-e" "SOURCE_DIR=/opt/rustwide/workdir" "-e" "CARGO_TARGET_DIR=/opt/rustwide/target" "-e" "CARGO_INCREMENTAL=0" "-e" "RUST_BACKTRACE=full" "-e" "RUSTFLAGS=--cap-lints=warn" "-e" "RUSTDOCFLAGS=--cap-lints=warn" "-e" "CARGO_HOME=/opt/rustwide/cargo-home" "-e" "RUSTUP_HOME=/opt/rustwide/rustup-home" "-w" "/opt/rustwide/workdir" "-m" "1610612736" "--user" "0:0" "--network" "none" "ghcr.io/rust-lang/crates-build-env/linux@sha256:f3a9d4ad9d972b27faf3965f35b62e55ba32bbce8f20bc8fe909558a86702fde" "/opt/rustwide/cargo-home/bin/cargo" "+1.83.0" "test" "--frozen" "--no-run" "--message-format=json", kill_on_drop: false }`
[INFO] [stdout] 2dde3f13a6423e2d7b99d446c9aad2cfae85c2bc5aa47190c91d1a57cc811432
[INFO] running `Command { std: "docker" "start" "-a" "2dde3f13a6423e2d7b99d446c9aad2cfae85c2bc5aa47190c91d1a57cc811432", kill_on_drop: false }`
[INFO] [stdout] warning: use of deprecated function `base64::decode`: Use Engine::decode
[INFO] [stdout]   --> src/serde.rs:54:29
[INFO] [stdout]    |
[INFO] [stdout] 54 |                     base64::decode(v).map_err(serde::de::Error::custom)
[INFO] [stdout]    |                             ^^^^^^
[INFO] [stdout]    |
[INFO] [stdout]    = note: `#[warn(deprecated)]` on by default
[INFO] [stdout] 
[INFO] [stdout] 
[INFO] [stdout] warning: use of deprecated method `tungstenite::WebSocket::<Stream>::write_message`: Use `send`
[INFO] [stdout]    --> src/client/mod.rs:133:21
[INFO] [stdout]     |
[INFO] [stdout] 133 |         self.socket.write_message(Message::text(txt))?;
[INFO] [stdout]     |                     ^^^^^^^^^^^^^
[INFO] [stdout] 
[INFO] [stdout] 
[INFO] [stdout] warning: use of deprecated method `tungstenite::WebSocket::<Stream>::write_message`: Use `send`
[INFO] [stdout]    --> src/client/mod.rs:142:21
[INFO] [stdout]     |
[INFO] [stdout] 142 |         self.socket.write_message(Message::binary(bin))?;
[INFO] [stdout]     |                     ^^^^^^^^^^^^^
[INFO] [stdout] 
[INFO] [stdout] 
[INFO] [stdout] warning: use of deprecated method `tungstenite::WebSocket::<Stream>::read_message`: Use `read`
[INFO] [stdout]    --> src/client/mod.rs:150:24
[INFO] [stdout]     |
[INFO] [stdout] 150 |         Ok(self.socket.read_message()?)
[INFO] [stdout]     |                        ^^^^^^^^^^^^
[INFO] [stdout] 
[INFO] [stdout] 
[INFO] [stdout] warning: use of deprecated method `tungstenite::WebSocket::<Stream>::read_message`: Use `read`
[INFO] [stdout]    --> src/client/mod.rs:155:31
[INFO] [stdout]     |
[INFO] [stdout] 155 |         let msg = self.socket.read_message()?;
[INFO] [stdout]     |                               ^^^^^^^^^^^^
[INFO] [stdout] 
[INFO] [stdout] 
[INFO] [stderr]    Compiling dtn7-plus v0.7.2 (/opt/rustwide/workdir)
[INFO] [stdout] warning: use of deprecated method `tungstenite::WebSocket::<Stream>::read_message`: Use `read`
[INFO] [stdout]    --> src/client/mod.rs:164:31
[INFO] [stdout]     |
[INFO] [stdout] 164 |         let msg = self.socket.read_message()?;
[INFO] [stdout]     |                               ^^^^^^^^^^^^
[INFO] [stdout] 
[INFO] [stdout] 
[INFO] [stdout] warning: use of deprecated function `base64::decode`: Use Engine::decode
[INFO] [stdout]   --> src/serde.rs:54:29
[INFO] [stdout]    |
[INFO] [stdout] 54 |                     base64::decode(v).map_err(serde::de::Error::custom)
[INFO] [stdout]    |                             ^^^^^^
[INFO] [stdout]    |
[INFO] [stdout]    = note: `#[warn(deprecated)]` on by default
[INFO] [stdout] 
[INFO] [stdout] 
[INFO] [stdout] warning: use of deprecated method `tungstenite::WebSocket::<Stream>::write_message`: Use `send`
[INFO] [stdout]    --> src/client/mod.rs:133:21
[INFO] [stdout]     |
[INFO] [stdout] 133 |         self.socket.write_message(Message::text(txt))?;
[INFO] [stdout]     |                     ^^^^^^^^^^^^^
[INFO] [stdout] 
[INFO] [stdout] 
[INFO] [stdout] warning: use of deprecated method `tungstenite::WebSocket::<Stream>::write_message`: Use `send`
[INFO] [stdout]    --> src/client/mod.rs:142:21
[INFO] [stdout]     |
[INFO] [stdout] 142 |         self.socket.write_message(Message::binary(bin))?;
[INFO] [stdout]     |                     ^^^^^^^^^^^^^
[INFO] [stdout] 
[INFO] [stdout] 
[INFO] [stdout] warning: use of deprecated method `tungstenite::WebSocket::<Stream>::read_message`: Use `read`
[INFO] [stdout]    --> src/client/mod.rs:150:24
[INFO] [stdout]     |
[INFO] [stdout] 150 |         Ok(self.socket.read_message()?)
[INFO] [stdout]     |                        ^^^^^^^^^^^^
[INFO] [stdout] 
[INFO] [stdout] 
[INFO] [stdout] warning: use of deprecated method `tungstenite::WebSocket::<Stream>::read_message`: Use `read`
[INFO] [stdout]    --> src/client/mod.rs:155:31
[INFO] [stdout]     |
[INFO] [stdout] 155 |         let msg = self.socket.read_message()?;
[INFO] [stdout]     |                               ^^^^^^^^^^^^
[INFO] [stdout] 
[INFO] [stdout] 
[INFO] [stdout] warning: use of deprecated method `tungstenite::WebSocket::<Stream>::read_message`: Use `read`
[INFO] [stdout]    --> src/client/mod.rs:164:31
[INFO] [stdout]     |
[INFO] [stdout] 164 |         let msg = self.socket.read_message()?;
[INFO] [stdout]     |                               ^^^^^^^^^^^^
[INFO] [stdout] 
[INFO] [stdout] 
[INFO] [stderr]     Finished `test` profile [unoptimized + debuginfo] target(s) in 4.73s
[INFO] running `Command { std: "docker" "inspect" "2dde3f13a6423e2d7b99d446c9aad2cfae85c2bc5aa47190c91d1a57cc811432", kill_on_drop: false }`
[INFO] running `Command { std: "docker" "rm" "-f" "2dde3f13a6423e2d7b99d446c9aad2cfae85c2bc5aa47190c91d1a57cc811432", kill_on_drop: false }`
[INFO] [stdout] 2dde3f13a6423e2d7b99d446c9aad2cfae85c2bc5aa47190c91d1a57cc811432
[INFO] running `Command { std: "docker" "create" "-v" "/var/lib/crater-agent-workspace/builds/worker-6-tc1/target:/opt/rustwide/target:rw,Z" "-v" "/var/lib/crater-agent-workspace/builds/worker-6-tc1/source:/opt/rustwide/workdir:ro,Z" "-v" "/var/lib/crater-agent-workspace/cargo-home:/opt/rustwide/cargo-home:ro,Z" "-v" "/var/lib/crater-agent-workspace/rustup-home:/opt/rustwide/rustup-home:ro,Z" "-e" "SOURCE_DIR=/opt/rustwide/workdir" "-e" "CARGO_TARGET_DIR=/opt/rustwide/target" "-e" "CARGO_INCREMENTAL=0" "-e" "RUST_BACKTRACE=full" "-e" "RUSTFLAGS=--cap-lints=warn" "-e" "RUSTDOCFLAGS=--cap-lints=warn" "-e" "CARGO_HOME=/opt/rustwide/cargo-home" "-e" "RUSTUP_HOME=/opt/rustwide/rustup-home" "-w" "/opt/rustwide/workdir" "-m" "1610612736" "--user" "0:0" "--network" "none" "ghcr.io/rust-lang/crates-build-env/linux@sha256:f3a9d4ad9d972b27faf3965f35b62e55ba32bbce8f20bc8fe909558a86702fde" "/opt/rustwide/cargo-home/bin/cargo" "+1.83.0" "test" "--frozen", kill_on_drop: false }`
[INFO] [stdout] db749efabf73f179e62366b4b4a36453942160479d649debd3fdcdcf35ba4523
[INFO] running `Command { std: "docker" "start" "-a" "db749efabf73f179e62366b4b4a36453942160479d649debd3fdcdcf35ba4523", kill_on_drop: false }`
[INFO] [stderr] warning: use of deprecated function `base64::decode`: Use Engine::decode
[INFO] [stderr]   --> src/serde.rs:54:29
[INFO] [stderr]    |
[INFO] [stderr] 54 |                     base64::decode(v).map_err(serde::de::Error::custom)
[INFO] [stderr]    |                             ^^^^^^
[INFO] [stderr]    |
[INFO] [stderr]    = note: `#[warn(deprecated)]` on by default
[INFO] [stderr] 
[INFO] [stderr] warning: use of deprecated method `tungstenite::WebSocket::<Stream>::write_message`: Use `send`
[INFO] [stderr]    --> src/client/mod.rs:133:21
[INFO] [stderr]     |
[INFO] [stderr] 133 |         self.socket.write_message(Message::text(txt))?;
[INFO] [stderr]     |                     ^^^^^^^^^^^^^
[INFO] [stderr] 
[INFO] [stderr] warning: use of deprecated method `tungstenite::WebSocket::<Stream>::write_message`: Use `send`
[INFO] [stderr]    --> src/client/mod.rs:142:21
[INFO] [stderr]     |
[INFO] [stderr] 142 |         self.socket.write_message(Message::binary(bin))?;
[INFO] [stderr]     |                     ^^^^^^^^^^^^^
[INFO] [stderr] 
[INFO] [stderr] warning: use of deprecated method `tungstenite::WebSocket::<Stream>::read_message`: Use `read`
[INFO] [stderr]    --> src/client/mod.rs:150:24
[INFO] [stderr]     |
[INFO] [stderr] 150 |         Ok(self.socket.read_message()?)
[INFO] [stderr]     |                        ^^^^^^^^^^^^
[INFO] [stderr] 
[INFO] [stderr] warning: use of deprecated method `tungstenite::WebSocket::<Stream>::read_message`: Use `read`
[INFO] [stderr]    --> src/client/mod.rs:155:31
[INFO] [stderr]     |
[INFO] [stderr] 155 |         let msg = self.socket.read_message()?;
[INFO] [stderr]     |                               ^^^^^^^^^^^^
[INFO] [stderr] 
[INFO] [stderr] warning: use of deprecated method `tungstenite::WebSocket::<Stream>::read_message`: Use `read`
[INFO] [stderr]    --> src/client/mod.rs:164:31
[INFO] [stderr]     |
[INFO] [stderr] 164 |         let msg = self.socket.read_message()?;
[INFO] [stderr]     |                               ^^^^^^^^^^^^
[INFO] [stderr] 
[INFO] [stderr] warning: `dtn7-plus` (lib) generated 6 warnings
[INFO] [stderr] warning: `dtn7-plus` (lib test) generated 6 warnings (6 duplicates)
[INFO] [stderr]     Finished `test` profile [unoptimized + debuginfo] target(s) in 0.15s
[INFO] [stderr]      Running unittests src/lib.rs (/opt/rustwide/target/debug/deps/dtn7_plus-0b8b15d6aaa75b81)
[INFO] [stdout] 
[INFO] [stdout] running 17 tests
[INFO] [stdout] test location::block::tests::test_locblock_data_fence_ellipse_roundtrip ... ok
[INFO] [stdout] test location::block::tests::test_locblock_data_fence_rect_roundtrip ... ok
[INFO] [stdout] test location::block::tests::test_locblock_data_position_roundtrip ... ok
[INFO] [stdout] test location::block::tests::test_locblock_data_trace_roundtrip ... ok
[INFO] [stdout] test location::loc::tests::test_loc_human_roundtrip ... ok
[INFO] [stdout] test location::loc::tests::test_loc_lonlat_roundtrip ... ok
[INFO] [stdout] test location::loc::tests::test_loc_wfw_roundtrip ... ok
[INFO] [stdout] test location::loc::tests::test_loc_xy_roundtrip ... ok
[INFO] [stdout] test news::tests::test_invalid_bundles ... ok
[INFO] [stdout] test news::tests::test_news_new_uncompressed ... ok
[INFO] [stdout] test news::tests::test_news_new_compressed ... ok
[INFO] [stdout] test news::tests::test_news_reply ... ok
[INFO] [stdout] test sms::tests::test_invalid_bundles ... ok
[INFO] [stdout] test sms::tests::test_pureness ... ok
[INFO] [stdout] test sms::tests::test_sms_new_uncompressed ... ok
[INFO] [stdout] test location::block::tests::test_cblock_location_roundtrip ... ok
[INFO] [stdout] test sms::tests::test_sms_new_compressed ... ok
[INFO] [stdout] 
[INFO] [stdout] test result: ok. 17 passed; 0 failed; 0 ignored; 0 measured; 0 filtered out; finished in 0.00s
[INFO] [stdout] 
[INFO] [stderr]      Running unittests src/bin/d7news.rs (/opt/rustwide/target/debug/deps/d7news-49ffe031c5990978)
[INFO] [stdout] 
[INFO] [stdout] running 0 tests
[INFO] [stdout] 
[INFO] [stdout] test result: ok. 0 passed; 0 failed; 0 ignored; 0 measured; 0 filtered out; finished in 0.00s
[INFO] [stdout] 
[INFO] [stderr]      Running unittests src/bin/dtngpslogger.rs (/opt/rustwide/target/debug/deps/dtngpslogger-5d0f83b265e9d2cb)
[INFO] [stdout] 
[INFO] [stdout] running 0 tests
[INFO] [stdout] 
[INFO] [stdout] test result: ok. 0 passed; 0 failed; 0 ignored; 0 measured; 0 filtered out; finished in 0.00s
[INFO] [stdout] 
[INFO] [stderr]      Running unittests src/bin/dtngpsreceiver.rs (/opt/rustwide/target/debug/deps/dtngpsreceiver-f09996010592f7b1)
[INFO] [stdout] 
[INFO] [stdout] running 0 tests
[INFO] [stdout] 
[INFO] [stdout] test result: ok. 0 passed; 0 failed; 0 ignored; 0 measured; 0 filtered out; finished in 0.00s
[INFO] [stdout] 
[INFO] [stderr]    Doc-tests dtn7_plus
[INFO] [stdout] 
[INFO] [stdout] running 1 test
[INFO] [stdout] test src/client/mod.rs - client (line 5) ... FAILED
[INFO] [stdout] 
[INFO] [stdout] failures:
[INFO] [stdout] 
[INFO] [stdout] ---- src/client/mod.rs - client (line 5) stdout ----
[INFO] [stdout] Test executable failed (exit status: 101).
[INFO] [stdout] 
[INFO] [stdout] stderr:
[INFO] [stdout] thread 'main' panicked at src/client/mod.rs:13:41:
[INFO] [stdout] called `Result::unwrap()` on an `Err` value: Http(Error(Io(Os { code: 111, kind: ConnectionRefused, message: "Connection refused" })))
[INFO] [stdout] stack backtrace:
[INFO] [stdout]    0:     0x5c597783232a - std::backtrace_rs::backtrace::libunwind::trace::h5a5b8284f2d0c266
[INFO] [stdout]                                at /rustc/90b35a6239c3d8bdabc530a6a0816f7ff89a0aaf/library/std/src/../../backtrace/src/backtrace/libunwind.rs:116:5
[INFO] [stdout]    1:     0x5c597783232a - std::backtrace_rs::backtrace::trace_unsynchronized::h76d4f1c9b0b875e3
[INFO] [stdout]                                at /rustc/90b35a6239c3d8bdabc530a6a0816f7ff89a0aaf/library/std/src/../../backtrace/src/backtrace/mod.rs:66:5
[INFO] [stdout]    2:     0x5c597783232a - std::sys::backtrace::_print_fmt::hc4546b8364a537c6
[INFO] [stdout]                                at /rustc/90b35a6239c3d8bdabc530a6a0816f7ff89a0aaf/library/std/src/sys/backtrace.rs:66:9
[INFO] [stdout]    3:     0x5c597783232a - <std::sys::backtrace::BacktraceLock::print::DisplayBacktrace as core::fmt::Display>::fmt::h5b6bd5631a6d1f6b
[INFO] [stdout]                                at /rustc/90b35a6239c3d8bdabc530a6a0816f7ff89a0aaf/library/std/src/sys/backtrace.rs:39:26
[INFO] [stdout]    4:     0x5c5977852073 - core::fmt::rt::Argument::fmt::h270f6602a2b96f62
[INFO] [stdout]                                at /rustc/90b35a6239c3d8bdabc530a6a0816f7ff89a0aaf/library/core/src/fmt/rt.rs:177:76
[INFO] [stdout]    5:     0x5c5977852073 - core::fmt::write::h7550c97b06c86515
[INFO] [stdout]                                at /rustc/90b35a6239c3d8bdabc530a6a0816f7ff89a0aaf/library/core/src/fmt/mod.rs:1186:21
[INFO] [stdout]    6:     0x5c597782f213 - std::io::Write::write_fmt::h7b09c64fe0be9c84
[INFO] [stdout]                                at /rustc/90b35a6239c3d8bdabc530a6a0816f7ff89a0aaf/library/std/src/io/mod.rs:1839:15
[INFO] [stdout]    7:     0x5c5977832172 - std::sys::backtrace::BacktraceLock::print::h2395ccd2c84ba3aa
[INFO] [stdout]                                at /rustc/90b35a6239c3d8bdabc530a6a0816f7ff89a0aaf/library/std/src/sys/backtrace.rs:42:9
[INFO] [stdout]    8:     0x5c597783311c - std::panicking::default_hook::{{closure}}::he19d4c7230e07961
[INFO] [stdout]                                at /rustc/90b35a6239c3d8bdabc530a6a0816f7ff89a0aaf/library/std/src/panicking.rs:268:22
[INFO] [stdout]    9:     0x5c5977832f62 - std::panicking::default_hook::hf614597d3c67bbdb
[INFO] [stdout]                                at /rustc/90b35a6239c3d8bdabc530a6a0816f7ff89a0aaf/library/std/src/panicking.rs:295:9
[INFO] [stdout]   10:     0x5c59778336f7 - std::panicking::rust_panic_with_hook::h8942133a8b252070
[INFO] [stdout]                                at /rustc/90b35a6239c3d8bdabc530a6a0816f7ff89a0aaf/library/std/src/panicking.rs:801:13
[INFO] [stdout]   11:     0x5c597783358a - std::panicking::begin_panic_handler::{{closure}}::hb5f5963570096b29
[INFO] [stdout]                                at /rustc/90b35a6239c3d8bdabc530a6a0816f7ff89a0aaf/library/std/src/panicking.rs:674:13
[INFO] [stdout]   12:     0x5c5977832809 - std::sys::backtrace::__rust_end_short_backtrace::h6208cedc1922feda
[INFO] [stdout]                                at /rustc/90b35a6239c3d8bdabc530a6a0816f7ff89a0aaf/library/std/src/sys/backtrace.rs:170:18
[INFO] [stdout]   13:     0x5c597783321c - rust_begin_unwind
[INFO] [stdout]                                at /rustc/90b35a6239c3d8bdabc530a6a0816f7ff89a0aaf/library/std/src/panicking.rs:665:5
[INFO] [stdout]   14:     0x5c597774b5d0 - core::panicking::panic_fmt::h0c3082644d1bf418
[INFO] [stdout]                                at /rustc/90b35a6239c3d8bdabc530a6a0816f7ff89a0aaf/library/core/src/panicking.rs:74:14
[INFO] [stdout]   15:     0x5c597774b9e6 - core::result::unwrap_failed::hd20b4aa073bda1e2
[INFO] [stdout]                                at /rustc/90b35a6239c3d8bdabc530a6a0816f7ff89a0aaf/library/core/src/result.rs:1700:5
[INFO] [stdout]   16:     0x5c597774c58a - rust_out::main::h86d391cc11b8a827
[INFO] [stdout]   17:     0x5c597774c0d3 - core::ops::function::FnOnce::call_once::hd1e0b33d350e8c2e
[INFO] [stdout]   18:     0x5c597774c0a6 - std::sys::backtrace::__rust_begin_short_backtrace::hb7c4fd168269da08
[INFO] [stdout]   19:     0x5c597774c089 - std::rt::lang_start::{{closure}}::h7630186e3858a44d
[INFO] [stdout]   20:     0x5c597782cb0e - core::ops::function::impls::<impl core::ops::function::FnOnce<A> for &F>::call_once::hfdb85f4ee94732d3
[INFO] [stdout]                                at /rustc/90b35a6239c3d8bdabc530a6a0816f7ff89a0aaf/library/core/src/ops/function.rs:284:13
[INFO] [stdout]   21:     0x5c597782cb0e - std::panicking::try::do_call::h6e577310f330cbef
[INFO] [stdout]                                at /rustc/90b35a6239c3d8bdabc530a6a0816f7ff89a0aaf/library/std/src/panicking.rs:557:40
[INFO] [stdout]   22:     0x5c597782cb0e - std::panicking::try::ha588d438267d2645
[INFO] [stdout]                                at /rustc/90b35a6239c3d8bdabc530a6a0816f7ff89a0aaf/library/std/src/panicking.rs:520:19
[INFO] [stdout]   23:     0x5c597782cb0e - std::panic::catch_unwind::h429fda1e025f26d9
[INFO] [stdout]                                at /rustc/90b35a6239c3d8bdabc530a6a0816f7ff89a0aaf/library/std/src/panic.rs:358:14
[INFO] [stdout]   24:     0x5c597782cb0e - std::rt::lang_start_internal::{{closure}}::h7b731265e841c4bf
[INFO] [stdout]                                at /rustc/90b35a6239c3d8bdabc530a6a0816f7ff89a0aaf/library/std/src/rt.rs:174:48
[INFO] [stdout]   25:     0x5c597782cb0e - std::panicking::try::do_call::hc0f6a675b7ae5a36
[INFO] [stdout]                                at /rustc/90b35a6239c3d8bdabc530a6a0816f7ff89a0aaf/library/std/src/panicking.rs:557:40
[INFO] [stdout]   26:     0x5c597782cb0e - std::panicking::try::h4c93b7ff0671f1ff
[INFO] [stdout]                                at /rustc/90b35a6239c3d8bdabc530a6a0816f7ff89a0aaf/library/std/src/panicking.rs:520:19
[INFO] [stdout]   27:     0x5c597782cb0e - std::panic::catch_unwind::hcc1e154961d16ce6
[INFO] [stdout]                                at /rustc/90b35a6239c3d8bdabc530a6a0816f7ff89a0aaf/library/std/src/panic.rs:358:14
[INFO] [stdout]   28:     0x5c597782cb0e - std::rt::lang_start_internal::h1c66660c99c8424c
[INFO] [stdout]                                at /rustc/90b35a6239c3d8bdabc530a6a0816f7ff89a0aaf/library/std/src/rt.rs:174:20
[INFO] [stdout]   29:     0x5c597774c067 - std::rt::lang_start::hcdb31f4834f76b8c
[INFO] [stdout]   30:     0x5c597774c825 - main
[INFO] [stdout]   31:     0x76661f78fd90 - <unknown>
[INFO] [stdout]   32:     0x76661f78fe40 - __libc_start_main
[INFO] [stdout]   33:     0x5c597774bf25 - _start
[INFO] [stdout]   34:                0x0 - <unknown>
[INFO] [stdout] 
[INFO] [stdout] 
[INFO] [stdout] 
[INFO] [stdout] failures:
[INFO] [stdout]     src/client/mod.rs - client (line 5)
[INFO] [stdout] 
[INFO] [stdout] test result: FAILED. 0 passed; 1 failed; 0 ignored; 0 measured; 0 filtered out; finished in 1.40s
[INFO] [stdout] 
[INFO] [stderr] error: doctest failed, to rerun pass `--doc`
[INFO] running `Command { std: "docker" "inspect" "db749efabf73f179e62366b4b4a36453942160479d649debd3fdcdcf35ba4523", kill_on_drop: false }`
[INFO] running `Command { std: "docker" "rm" "-f" "db749efabf73f179e62366b4b4a36453942160479d649debd3fdcdcf35ba4523", kill_on_drop: false }`
[INFO] [stdout] db749efabf73f179e62366b4b4a36453942160479d649debd3fdcdcf35ba4523
