[INFO] fetching crate dtgrep 0.1.2...
[INFO] testing dtgrep-0.1.2 against 1.83.0 for beta-1.84.0-4-retry
[INFO] extracting crate dtgrep 0.1.2 into /workspace/builds/worker-4-tc1/source
[INFO] validating manifest of crates.io crate dtgrep 0.1.2 on toolchain 1.83.0
[INFO] running `Command { std: CARGO_HOME="/workspace/cargo-home" RUSTUP_HOME="/workspace/rustup-home" "/workspace/cargo-home/bin/cargo" "+1.83.0" "metadata" "--manifest-path" "Cargo.toml" "--no-deps", kill_on_drop: false }`
[INFO] started tweaking crates.io crate dtgrep 0.1.2
[INFO] finished tweaking crates.io crate dtgrep 0.1.2
[INFO] tweaked toml for crates.io crate dtgrep 0.1.2 written to /workspace/builds/worker-4-tc1/source/Cargo.toml
[INFO] crate crates.io crate dtgrep 0.1.2 already has a lockfile, it will not be regenerated
[INFO] running `Command { std: CARGO_HOME="/workspace/cargo-home" RUSTUP_HOME="/workspace/rustup-home" "/workspace/cargo-home/bin/cargo" "+1.83.0" "fetch" "--manifest-path" "Cargo.toml", kill_on_drop: false }`
[INFO] running `Command { std: "docker" "create" "-v" "/var/lib/crater-agent-workspace/builds/worker-4-tc1/target:/opt/rustwide/target:rw,Z" "-v" "/var/lib/crater-agent-workspace/builds/worker-4-tc1/source:/opt/rustwide/workdir:ro,Z" "-v" "/var/lib/crater-agent-workspace/cargo-home:/opt/rustwide/cargo-home:ro,Z" "-v" "/var/lib/crater-agent-workspace/rustup-home:/opt/rustwide/rustup-home:ro,Z" "-e" "SOURCE_DIR=/opt/rustwide/workdir" "-e" "CARGO_TARGET_DIR=/opt/rustwide/target" "-e" "CARGO_HOME=/opt/rustwide/cargo-home" "-e" "RUSTUP_HOME=/opt/rustwide/rustup-home" "-w" "/opt/rustwide/workdir" "-m" "1610612736" "--user" "0:0" "--network" "none" "ghcr.io/rust-lang/crates-build-env/linux@sha256:f3a9d4ad9d972b27faf3965f35b62e55ba32bbce8f20bc8fe909558a86702fde" "/opt/rustwide/cargo-home/bin/cargo" "+1.83.0" "metadata" "--no-deps" "--format-version=1", kill_on_drop: false }`
[INFO] [stdout] ce624e33fe2dba9e12d28d672a45105957b27029622d3d0dd62717a531c26780
[INFO] running `Command { std: "docker" "start" "-a" "ce624e33fe2dba9e12d28d672a45105957b27029622d3d0dd62717a531c26780", kill_on_drop: false }`
[INFO] running `Command { std: "docker" "inspect" "ce624e33fe2dba9e12d28d672a45105957b27029622d3d0dd62717a531c26780", kill_on_drop: false }`
[INFO] running `Command { std: "docker" "rm" "-f" "ce624e33fe2dba9e12d28d672a45105957b27029622d3d0dd62717a531c26780", kill_on_drop: false }`
[INFO] [stdout] ce624e33fe2dba9e12d28d672a45105957b27029622d3d0dd62717a531c26780
[INFO] running `Command { std: "docker" "create" "-v" "/var/lib/crater-agent-workspace/builds/worker-4-tc1/target:/opt/rustwide/target:rw,Z" "-v" "/var/lib/crater-agent-workspace/builds/worker-4-tc1/source:/opt/rustwide/workdir:ro,Z" "-v" "/var/lib/crater-agent-workspace/cargo-home:/opt/rustwide/cargo-home:ro,Z" "-v" "/var/lib/crater-agent-workspace/rustup-home:/opt/rustwide/rustup-home:ro,Z" "-e" "SOURCE_DIR=/opt/rustwide/workdir" "-e" "CARGO_TARGET_DIR=/opt/rustwide/target" "-e" "CARGO_INCREMENTAL=0" "-e" "RUST_BACKTRACE=full" "-e" "RUSTFLAGS=--cap-lints=warn" "-e" "RUSTDOCFLAGS=--cap-lints=warn" "-e" "CARGO_HOME=/opt/rustwide/cargo-home" "-e" "RUSTUP_HOME=/opt/rustwide/rustup-home" "-w" "/opt/rustwide/workdir" "-m" "1610612736" "--user" "0:0" "--network" "none" "ghcr.io/rust-lang/crates-build-env/linux@sha256:f3a9d4ad9d972b27faf3965f35b62e55ba32bbce8f20bc8fe909558a86702fde" "/opt/rustwide/cargo-home/bin/cargo" "+1.83.0" "build" "--frozen" "--message-format=json", kill_on_drop: false }`
[INFO] [stdout] d23bca57ca5110fb5939627707c0e5e8d1c9f5da1db4388f50b1ac12a87ec2e3
[INFO] running `Command { std: "docker" "start" "-a" "d23bca57ca5110fb5939627707c0e5e8d1c9f5da1db4388f50b1ac12a87ec2e3", kill_on_drop: false }`
[INFO] [stderr]    Compiling dtgrep v0.1.2 (/opt/rustwide/workdir)
[INFO] [stderr]     Finished `dev` profile [unoptimized + debuginfo] target(s) in 0.57s
[INFO] running `Command { std: "docker" "inspect" "d23bca57ca5110fb5939627707c0e5e8d1c9f5da1db4388f50b1ac12a87ec2e3", kill_on_drop: false }`
[INFO] running `Command { std: "docker" "rm" "-f" "d23bca57ca5110fb5939627707c0e5e8d1c9f5da1db4388f50b1ac12a87ec2e3", kill_on_drop: false }`
[INFO] [stdout] d23bca57ca5110fb5939627707c0e5e8d1c9f5da1db4388f50b1ac12a87ec2e3
[INFO] running `Command { std: "docker" "create" "-v" "/var/lib/crater-agent-workspace/builds/worker-4-tc1/target:/opt/rustwide/target:rw,Z" "-v" "/var/lib/crater-agent-workspace/builds/worker-4-tc1/source:/opt/rustwide/workdir:ro,Z" "-v" "/var/lib/crater-agent-workspace/cargo-home:/opt/rustwide/cargo-home:ro,Z" "-v" "/var/lib/crater-agent-workspace/rustup-home:/opt/rustwide/rustup-home:ro,Z" "-e" "SOURCE_DIR=/opt/rustwide/workdir" "-e" "CARGO_TARGET_DIR=/opt/rustwide/target" "-e" "CARGO_INCREMENTAL=0" "-e" "RUST_BACKTRACE=full" "-e" "RUSTFLAGS=--cap-lints=warn" "-e" "RUSTDOCFLAGS=--cap-lints=warn" "-e" "CARGO_HOME=/opt/rustwide/cargo-home" "-e" "RUSTUP_HOME=/opt/rustwide/rustup-home" "-w" "/opt/rustwide/workdir" "-m" "1610612736" "--user" "0:0" "--network" "none" "ghcr.io/rust-lang/crates-build-env/linux@sha256:f3a9d4ad9d972b27faf3965f35b62e55ba32bbce8f20bc8fe909558a86702fde" "/opt/rustwide/cargo-home/bin/cargo" "+1.83.0" "test" "--frozen" "--no-run" "--message-format=json", kill_on_drop: false }`
[INFO] [stdout] db3153b02045a4550ec139de36d09dc4aebceddff1da18a4dd20a1ed2c37a86e
[INFO] running `Command { std: "docker" "start" "-a" "db3153b02045a4550ec139de36d09dc4aebceddff1da18a4dd20a1ed2c37a86e", kill_on_drop: false }`
[INFO] [stderr]    Compiling dtgrep v0.1.2 (/opt/rustwide/workdir)
[INFO] [stdout] warning: function `case_insensitive` is never used
[INFO] [stdout]    --> src/lib.rs:121:8
[INFO] [stdout]     |
[INFO] [stdout] 121 |     fn case_insensitive() {
[INFO] [stdout]     |        ^^^^^^^^^^^^^^^^
[INFO] [stdout]     |
[INFO] [stdout]     = note: `#[warn(dead_code)]` on by default
[INFO] [stdout] 
[INFO] [stdout] 
[INFO] [stderr]     Finished `test` profile [unoptimized + debuginfo] target(s) in 0.50s
[INFO] running `Command { std: "docker" "inspect" "db3153b02045a4550ec139de36d09dc4aebceddff1da18a4dd20a1ed2c37a86e", kill_on_drop: false }`
[INFO] running `Command { std: "docker" "rm" "-f" "db3153b02045a4550ec139de36d09dc4aebceddff1da18a4dd20a1ed2c37a86e", kill_on_drop: false }`
[INFO] [stdout] db3153b02045a4550ec139de36d09dc4aebceddff1da18a4dd20a1ed2c37a86e
[INFO] running `Command { std: "docker" "create" "-v" "/var/lib/crater-agent-workspace/builds/worker-4-tc1/target:/opt/rustwide/target:rw,Z" "-v" "/var/lib/crater-agent-workspace/builds/worker-4-tc1/source:/opt/rustwide/workdir:ro,Z" "-v" "/var/lib/crater-agent-workspace/cargo-home:/opt/rustwide/cargo-home:ro,Z" "-v" "/var/lib/crater-agent-workspace/rustup-home:/opt/rustwide/rustup-home:ro,Z" "-e" "SOURCE_DIR=/opt/rustwide/workdir" "-e" "CARGO_TARGET_DIR=/opt/rustwide/target" "-e" "CARGO_INCREMENTAL=0" "-e" "RUST_BACKTRACE=full" "-e" "RUSTFLAGS=--cap-lints=warn" "-e" "RUSTDOCFLAGS=--cap-lints=warn" "-e" "CARGO_HOME=/opt/rustwide/cargo-home" "-e" "RUSTUP_HOME=/opt/rustwide/rustup-home" "-w" "/opt/rustwide/workdir" "-m" "1610612736" "--user" "0:0" "--network" "none" "ghcr.io/rust-lang/crates-build-env/linux@sha256:f3a9d4ad9d972b27faf3965f35b62e55ba32bbce8f20bc8fe909558a86702fde" "/opt/rustwide/cargo-home/bin/cargo" "+1.83.0" "test" "--frozen", kill_on_drop: false }`
[INFO] [stdout] 9e56b5604f513261c4e0c0247ffd801c24baac425e717cd012fc71a82ca739bd
[INFO] running `Command { std: "docker" "start" "-a" "9e56b5604f513261c4e0c0247ffd801c24baac425e717cd012fc71a82ca739bd", kill_on_drop: false }`
[INFO] [stderr] warning: function `case_insensitive` is never used
[INFO] [stderr]    --> src/lib.rs:121:8
[INFO] [stderr]     |
[INFO] [stderr] 121 |     fn case_insensitive() {
[INFO] [stderr]     |        ^^^^^^^^^^^^^^^^
[INFO] [stderr]     |
[INFO] [stderr]     = note: `#[warn(dead_code)]` on by default
[INFO] [stderr] 
[INFO] [stderr] warning: `dtgrep` (lib test) generated 1 warning
[INFO] [stderr]     Finished `test` profile [unoptimized + debuginfo] target(s) in 0.01s
[INFO] [stderr]      Running unittests src/lib.rs (/opt/rustwide/target/debug/deps/dtgrep-4ab0aaa03c24a062)
[INFO] [stdout] 
[INFO] [stdout] running 1 test
[INFO] [stdout] test tests::case_sensitive ... ok
[INFO] [stdout] 
[INFO] [stdout] test result: ok. 1 passed; 0 failed; 0 ignored; 0 measured; 0 filtered out; finished in 0.00s
[INFO] [stdout] 
[INFO] [stderr]      Running unittests src/main.rs (/opt/rustwide/target/debug/deps/dtgrep-113b056003023154)
[INFO] [stdout] 
[INFO] [stdout] running 0 tests
[INFO] [stdout] 
[INFO] [stderr]    Doc-tests dtgrep
[INFO] [stdout] test result: ok. 0 passed; 0 failed; 0 ignored; 0 measured; 0 filtered out; finished in 0.00s
[INFO] [stdout] 
[INFO] [stdout] 
[INFO] [stdout] running 3 tests
[INFO] [stdout] test src/lib.rs - search (line 73) ... FAILED
[INFO] [stdout] test src/lib.rs - search_case_insensitive (line 90) ... FAILED
[INFO] [stdout] test src/lib.rs - run (line 53) ... ok
[INFO] [stdout] 
[INFO] [stdout] failures:
[INFO] [stdout] 
[INFO] [stdout] ---- src/lib.rs - search (line 73) stdout ----
[INFO] [stdout] error[E0425]: cannot find function `search` in this scope
[INFO] [stdout]  --> src/lib.rs:77:1
[INFO] [stderr] error: doctest failed, to rerun pass `--doc`
[INFO] [stdout]   |
[INFO] [stdout] 6 | search(qeury, content);
[INFO] [stdout]   | ^^^^^^ not found in this scope
[INFO] [stdout]   |
[INFO] [stdout] help: consider importing this function
[INFO] [stdout]   |
[INFO] [stdout] 2 + use dtgrep::search;
[INFO] [stdout]   |
[INFO] [stdout] 
[INFO] [stdout] error: aborting due to 1 previous error
[INFO] [stdout] 
[INFO] [stdout] For more information about this error, try `rustc --explain E0425`.
[INFO] [stdout] Couldn't compile the test.
[INFO] [stdout] ---- src/lib.rs - search_case_insensitive (line 90) stdout ----
[INFO] [stdout] error[E0425]: cannot find function `search_case_insensitive` in this scope
[INFO] [stdout]  --> src/lib.rs:94:1
[INFO] [stdout]   |
[INFO] [stdout] 6 | search_case_insensitive(qeury, content);
[INFO] [stdout]   | ^^^^^^^^^^^^^^^^^^^^^^^ not found in this scope
[INFO] [stdout]   |
[INFO] [stdout] help: consider importing this function
[INFO] [stdout]   |
[INFO] [stdout] 2 + use dtgrep::search_case_insensitive;
[INFO] [stdout]   |
[INFO] [stdout] 
[INFO] [stdout] error: aborting due to 1 previous error
[INFO] [stdout] 
[INFO] [stdout] For more information about this error, try `rustc --explain E0425`.
[INFO] [stdout] Couldn't compile the test.
[INFO] [stdout] 
[INFO] [stdout] failures:
[INFO] [stdout]     src/lib.rs - search (line 73)
[INFO] [stdout]     src/lib.rs - search_case_insensitive (line 90)
[INFO] [stdout] 
[INFO] [stdout] test result: FAILED. 1 passed; 2 failed; 0 ignored; 0 measured; 0 filtered out; finished in 0.29s
[INFO] [stdout] 
[INFO] running `Command { std: "docker" "inspect" "9e56b5604f513261c4e0c0247ffd801c24baac425e717cd012fc71a82ca739bd", kill_on_drop: false }`
[INFO] running `Command { std: "docker" "rm" "-f" "9e56b5604f513261c4e0c0247ffd801c24baac425e717cd012fc71a82ca739bd", kill_on_drop: false }`
[INFO] [stdout] 9e56b5604f513261c4e0c0247ffd801c24baac425e717cd012fc71a82ca739bd
