[INFO] fetching crate dtd-parser 0.1.0-alpha3...
[INFO] testing dtd-parser-0.1.0-alpha3 against 1.83.0 for beta-1.84.0-4-retry
[INFO] extracting crate dtd-parser 0.1.0-alpha3 into /workspace/builds/worker-6-tc1/source
[INFO] validating manifest of crates.io crate dtd-parser 0.1.0-alpha3 on toolchain 1.83.0
[INFO] running `Command { std: CARGO_HOME="/workspace/cargo-home" RUSTUP_HOME="/workspace/rustup-home" "/workspace/cargo-home/bin/cargo" "+1.83.0" "metadata" "--manifest-path" "Cargo.toml" "--no-deps", kill_on_drop: false }`
[INFO] started tweaking crates.io crate dtd-parser 0.1.0-alpha3
[INFO] finished tweaking crates.io crate dtd-parser 0.1.0-alpha3
[INFO] tweaked toml for crates.io crate dtd-parser 0.1.0-alpha3 written to /workspace/builds/worker-6-tc1/source/Cargo.toml
[INFO] running `Command { std: CARGO_HOME="/workspace/cargo-home" RUSTUP_HOME="/workspace/rustup-home" "/workspace/cargo-home/bin/cargo" "+1.83.0" "generate-lockfile" "--manifest-path" "Cargo.toml", kill_on_drop: false }`
[INFO] [stderr]     Updating crates.io index
[INFO] [stderr]      Locking 36 packages to latest compatible versions
[INFO] [stderr]       Adding derive_more v0.99.18 (available: v1.0.0)
[INFO] [stderr]       Adding indexmap v1.9.3 (available: v2.7.0)
[INFO] [stderr]       Adding memchr v2.3.4 (available: v2.7.4)
[INFO] [stderr]       Adding nom v6.2.2 (available: v7.1.3)
[INFO] [stderr]       Adding nom-greedyerror v0.3.1 (available: v0.5.0)
[INFO] [stderr]       Adding nom-tracable v0.7.0 (available: v0.9.1)
[INFO] [stderr]       Adding nom_locate v3.0.2 (available: v4.2.0)
[INFO] running `Command { std: CARGO_HOME="/workspace/cargo-home" RUSTUP_HOME="/workspace/rustup-home" "/workspace/cargo-home/bin/cargo" "+1.83.0" "fetch" "--manifest-path" "Cargo.toml", kill_on_drop: false }`
[INFO] [stderr]  Downloading crates ...
[INFO] [stderr]   Downloaded nom-tracable v0.7.0
[INFO] [stderr]   Downloaded nom_locate v2.1.0
[INFO] [stderr]   Downloaded nom-tracable-macros v0.7.0
[INFO] [stderr]   Downloaded nom_locate v3.0.2
[INFO] [stderr]   Downloaded nom-greedyerror v0.3.1
[INFO] running `Command { std: "docker" "create" "-v" "/var/lib/crater-agent-workspace/builds/worker-6-tc1/target:/opt/rustwide/target:rw,Z" "-v" "/var/lib/crater-agent-workspace/builds/worker-6-tc1/source:/opt/rustwide/workdir:ro,Z" "-v" "/var/lib/crater-agent-workspace/cargo-home:/opt/rustwide/cargo-home:ro,Z" "-v" "/var/lib/crater-agent-workspace/rustup-home:/opt/rustwide/rustup-home:ro,Z" "-e" "SOURCE_DIR=/opt/rustwide/workdir" "-e" "CARGO_TARGET_DIR=/opt/rustwide/target" "-e" "CARGO_HOME=/opt/rustwide/cargo-home" "-e" "RUSTUP_HOME=/opt/rustwide/rustup-home" "-w" "/opt/rustwide/workdir" "-m" "1610612736" "--user" "0:0" "--network" "none" "ghcr.io/rust-lang/crates-build-env/linux@sha256:f3a9d4ad9d972b27faf3965f35b62e55ba32bbce8f20bc8fe909558a86702fde" "/opt/rustwide/cargo-home/bin/cargo" "+1.83.0" "metadata" "--no-deps" "--format-version=1", kill_on_drop: false }`
[INFO] [stdout] ef38d8695f1f11091078b46c5233276fe01bee48c05e846657c1de136b9b4639
[INFO] running `Command { std: "docker" "start" "-a" "ef38d8695f1f11091078b46c5233276fe01bee48c05e846657c1de136b9b4639", kill_on_drop: false }`
[INFO] running `Command { std: "docker" "inspect" "ef38d8695f1f11091078b46c5233276fe01bee48c05e846657c1de136b9b4639", kill_on_drop: false }`
[INFO] running `Command { std: "docker" "rm" "-f" "ef38d8695f1f11091078b46c5233276fe01bee48c05e846657c1de136b9b4639", kill_on_drop: false }`
[INFO] [stdout] ef38d8695f1f11091078b46c5233276fe01bee48c05e846657c1de136b9b4639
[INFO] running `Command { std: "docker" "create" "-v" "/var/lib/crater-agent-workspace/builds/worker-6-tc1/target:/opt/rustwide/target:rw,Z" "-v" "/var/lib/crater-agent-workspace/builds/worker-6-tc1/source:/opt/rustwide/workdir:ro,Z" "-v" "/var/lib/crater-agent-workspace/cargo-home:/opt/rustwide/cargo-home:ro,Z" "-v" "/var/lib/crater-agent-workspace/rustup-home:/opt/rustwide/rustup-home:ro,Z" "-e" "SOURCE_DIR=/opt/rustwide/workdir" "-e" "CARGO_TARGET_DIR=/opt/rustwide/target" "-e" "CARGO_INCREMENTAL=0" "-e" "RUST_BACKTRACE=full" "-e" "RUSTFLAGS=--cap-lints=warn" "-e" "RUSTDOCFLAGS=--cap-lints=warn" "-e" "CARGO_HOME=/opt/rustwide/cargo-home" "-e" "RUSTUP_HOME=/opt/rustwide/rustup-home" "-w" "/opt/rustwide/workdir" "-m" "1610612736" "--user" "0:0" "--network" "none" "ghcr.io/rust-lang/crates-build-env/linux@sha256:f3a9d4ad9d972b27faf3965f35b62e55ba32bbce8f20bc8fe909558a86702fde" "/opt/rustwide/cargo-home/bin/cargo" "+1.83.0" "build" "--frozen" "--message-format=json", kill_on_drop: false }`
[INFO] [stdout] ec9804d08a3929f4230b08b8536c2ae6444b2448d18dbe035919f9da207b6207
[INFO] running `Command { std: "docker" "start" "-a" "ec9804d08a3929f4230b08b8536c2ae6444b2448d18dbe035919f9da207b6207", kill_on_drop: false }`
[INFO] [stderr]    Compiling version_check v0.9.5
[INFO] [stderr]    Compiling memchr v2.3.4
[INFO] [stderr]    Compiling lexical-core v0.7.6
[INFO] [stderr]    Compiling static_assertions v1.1.0
[INFO] [stderr]    Compiling cfg-if v1.0.0
[INFO] [stderr]    Compiling arrayvec v0.5.2
[INFO] [stderr]    Compiling bitflags v1.3.2
[INFO] [stderr]    Compiling proc-macro2 v1.0.92
[INFO] [stderr]    Compiling ryu v1.0.18
[INFO] [stderr]    Compiling radium v0.5.3
[INFO] [stderr]    Compiling unicode-ident v1.0.14
[INFO] [stderr]    Compiling funty v1.1.0
[INFO] [stderr]    Compiling wyz v0.2.0
[INFO] [stderr]    Compiling tap v1.0.1
[INFO] [stderr]    Compiling syn v1.0.109
[INFO] [stderr]    Compiling bytecount v0.6.8
[INFO] [stderr]    Compiling autocfg v1.4.0
[INFO] [stderr]    Compiling bytecount v0.3.2
[INFO] [stderr]    Compiling hashbrown v0.12.3
[INFO] [stderr]    Compiling convert_case v0.4.0
[INFO] [stderr]    Compiling either v1.13.0
[INFO] [stderr]    Compiling nom v5.1.3
[INFO] [stderr]    Compiling nom v6.2.2
[INFO] [stderr]    Compiling bitvec v0.19.6
[INFO] [stderr]    Compiling indexmap v1.9.3
[INFO] [stderr]    Compiling quote v1.0.37
[INFO] [stderr]    Compiling syn v2.0.90
[INFO] [stderr]    Compiling nom_locate v1.0.0
[INFO] [stderr]    Compiling nom_locate v2.1.0
[INFO] [stderr]    Compiling derive_more v0.99.18
[INFO] [stderr]    Compiling nom_locate v3.0.2
[INFO] [stderr]    Compiling nom-greedyerror v0.3.1
[INFO] [stderr]    Compiling nom-tracable-macros v0.7.0
[INFO] [stderr]    Compiling nom-tracable v0.7.0
[INFO] [stderr]    Compiling dtd-parser v0.1.0-alpha3 (/opt/rustwide/workdir)
[INFO] [stdout] warning: function `dbg_dmp` is never used
[INFO] [stdout]   --> src/lib.rs:42:4
[INFO] [stdout]    |
[INFO] [stdout] 42 | fn dbg_dmp<'i, F, O, E: std::fmt::Debug>(
[INFO] [stdout]    |    ^^^^^^^
[INFO] [stdout]    |
[INFO] [stdout]    = note: `#[warn(dead_code)]` on by default
[INFO] [stdout] 
[INFO] [stdout] 
[INFO] [stdout] warning: function `nmtokens` is never used
[INFO] [stdout]    --> src/lib.rs:216:4
[INFO] [stdout]     |
[INFO] [stdout] 216 | fn nmtokens(i: Span) -> Result<Vec<Nmtoken>> {
[INFO] [stdout]     |    ^^^^^^^^
[INFO] [stdout] 
[INFO] [stdout] 
[INFO] [stdout] warning: function `map_name` is never used
[INFO] [stdout]    --> src/lib.rs:234:4
[INFO] [stdout]     |
[INFO] [stdout] 234 | fn map_name(i: Span) -> Result<NameOrReference> {
[INFO] [stdout]     |    ^^^^^^^^
[INFO] [stdout] 
[INFO] [stdout] 
[INFO] [stdout] warning: function `map_pereference` is never used
[INFO] [stdout]    --> src/lib.rs:239:4
[INFO] [stdout]     |
[INFO] [stdout] 239 | fn map_pereference(i: Span) -> Result<NameOrReference> {
[INFO] [stdout]     |    ^^^^^^^^^^^^^^^
[INFO] [stdout] 
[INFO] [stdout] 
[INFO] [stdout] warning: function `name_or_reference` is never used
[INFO] [stdout]    --> src/lib.rs:244:4
[INFO] [stdout]     |
[INFO] [stdout] 244 | fn name_or_reference(i: Span) -> Result<NameOrReference> {
[INFO] [stdout]     |    ^^^^^^^^^^^^^^^^^
[INFO] [stdout] 
[INFO] [stdout] 
[INFO] [stderr]     Finished `dev` profile [unoptimized + debuginfo] target(s) in 9.90s
[INFO] running `Command { std: "docker" "inspect" "ec9804d08a3929f4230b08b8536c2ae6444b2448d18dbe035919f9da207b6207", kill_on_drop: false }`
[INFO] running `Command { std: "docker" "rm" "-f" "ec9804d08a3929f4230b08b8536c2ae6444b2448d18dbe035919f9da207b6207", kill_on_drop: false }`
[INFO] [stdout] ec9804d08a3929f4230b08b8536c2ae6444b2448d18dbe035919f9da207b6207
[INFO] running `Command { std: "docker" "create" "-v" "/var/lib/crater-agent-workspace/builds/worker-6-tc1/target:/opt/rustwide/target:rw,Z" "-v" "/var/lib/crater-agent-workspace/builds/worker-6-tc1/source:/opt/rustwide/workdir:ro,Z" "-v" "/var/lib/crater-agent-workspace/cargo-home:/opt/rustwide/cargo-home:ro,Z" "-v" "/var/lib/crater-agent-workspace/rustup-home:/opt/rustwide/rustup-home:ro,Z" "-e" "SOURCE_DIR=/opt/rustwide/workdir" "-e" "CARGO_TARGET_DIR=/opt/rustwide/target" "-e" "CARGO_INCREMENTAL=0" "-e" "RUST_BACKTRACE=full" "-e" "RUSTFLAGS=--cap-lints=warn" "-e" "RUSTDOCFLAGS=--cap-lints=warn" "-e" "CARGO_HOME=/opt/rustwide/cargo-home" "-e" "RUSTUP_HOME=/opt/rustwide/rustup-home" "-w" "/opt/rustwide/workdir" "-m" "1610612736" "--user" "0:0" "--network" "none" "ghcr.io/rust-lang/crates-build-env/linux@sha256:f3a9d4ad9d972b27faf3965f35b62e55ba32bbce8f20bc8fe909558a86702fde" "/opt/rustwide/cargo-home/bin/cargo" "+1.83.0" "test" "--frozen" "--no-run" "--message-format=json", kill_on_drop: false }`
[INFO] [stdout] 1de9737c44f6dd4c8b110cb824974e4b87b7c3feba6e7175861a56cc3a4ebf10
[INFO] running `Command { std: "docker" "start" "-a" "1de9737c44f6dd4c8b110cb824974e4b87b7c3feba6e7175861a56cc3a4ebf10", kill_on_drop: false }`
[INFO] [stderr]    Compiling dtd-parser v0.1.0-alpha3 (/opt/rustwide/workdir)
[INFO] [stdout] warning: function `dbg_dmp` is never used
[INFO] [stdout]   --> src/lib.rs:42:4
[INFO] [stdout]    |
[INFO] [stdout] 42 | fn dbg_dmp<'i, F, O, E: std::fmt::Debug>(
[INFO] [stdout]    |    ^^^^^^^
[INFO] [stdout]    |
[INFO] [stdout]    = note: `#[warn(dead_code)]` on by default
[INFO] [stdout] 
[INFO] [stdout] 
[INFO] [stdout] warning: function `nmtokens` is never used
[INFO] [stdout]    --> src/lib.rs:216:4
[INFO] [stdout]     |
[INFO] [stdout] 216 | fn nmtokens(i: Span) -> Result<Vec<Nmtoken>> {
[INFO] [stdout]     |    ^^^^^^^^
[INFO] [stdout] 
[INFO] [stdout] 
[INFO] [stdout] warning: function `map_name` is never used
[INFO] [stdout]    --> src/lib.rs:234:4
[INFO] [stdout]     |
[INFO] [stdout] 234 | fn map_name(i: Span) -> Result<NameOrReference> {
[INFO] [stdout]     |    ^^^^^^^^
[INFO] [stdout] 
[INFO] [stdout] 
[INFO] [stdout] warning: function `map_pereference` is never used
[INFO] [stdout]    --> src/lib.rs:239:4
[INFO] [stdout]     |
[INFO] [stdout] 239 | fn map_pereference(i: Span) -> Result<NameOrReference> {
[INFO] [stdout]     |    ^^^^^^^^^^^^^^^
[INFO] [stdout] 
[INFO] [stdout] 
[INFO] [stdout] warning: function `name_or_reference` is never used
[INFO] [stdout]    --> src/lib.rs:244:4
[INFO] [stdout]     |
[INFO] [stdout] 244 | fn name_or_reference(i: Span) -> Result<NameOrReference> {
[INFO] [stdout]     |    ^^^^^^^^^^^^^^^^^
[INFO] [stdout] 
[INFO] [stdout] 
[INFO] [stdout] warning: unused import: `mixed`
[INFO] [stdout]    --> src/element.rs:299:41
[INFO] [stdout]     |
[INFO] [stdout] 299 |     use super::{children, element_decl, mixed};
[INFO] [stdout]     |                                         ^^^^^
[INFO] [stdout]     |
[INFO] [stdout]     = note: `#[warn(unused_imports)]` on by default
[INFO] [stdout] 
[INFO] [stdout] 
[INFO] [stdout] warning: function `dbg_dmp` is never used
[INFO] [stdout]   --> src/lib.rs:42:4
[INFO] [stdout]    |
[INFO] [stdout] 42 | fn dbg_dmp<'i, F, O, E: std::fmt::Debug>(
[INFO] [stdout]    |    ^^^^^^^
[INFO] [stdout]    |
[INFO] [stdout]    = note: `#[warn(dead_code)]` on by default
[INFO] [stdout] 
[INFO] [stdout] 
[INFO] [stdout] warning: function `nmtokens` is never used
[INFO] [stdout]    --> src/lib.rs:216:4
[INFO] [stdout]     |
[INFO] [stdout] 216 | fn nmtokens(i: Span) -> Result<Vec<Nmtoken>> {
[INFO] [stdout]     |    ^^^^^^^^
[INFO] [stdout] 
[INFO] [stdout] 
[INFO] [stdout] warning: function `map_name` is never used
[INFO] [stdout]    --> src/lib.rs:234:4
[INFO] [stdout]     |
[INFO] [stdout] 234 | fn map_name(i: Span) -> Result<NameOrReference> {
[INFO] [stdout]     |    ^^^^^^^^
[INFO] [stdout] 
[INFO] [stdout] 
[INFO] [stdout] warning: function `map_pereference` is never used
[INFO] [stdout]    --> src/lib.rs:239:4
[INFO] [stdout]     |
[INFO] [stdout] 239 | fn map_pereference(i: Span) -> Result<NameOrReference> {
[INFO] [stdout]     |    ^^^^^^^^^^^^^^^
[INFO] [stdout] 
[INFO] [stdout] 
[INFO] [stdout] warning: function `name_or_reference` is never used
[INFO] [stdout]    --> src/lib.rs:244:4
[INFO] [stdout]     |
[INFO] [stdout] 244 | fn name_or_reference(i: Span) -> Result<NameOrReference> {
[INFO] [stdout]     |    ^^^^^^^^^^^^^^^^^
[INFO] [stdout] 
[INFO] [stdout] 
[INFO] [stderr]     Finished `test` profile [unoptimized + debuginfo] target(s) in 2.27s
[INFO] running `Command { std: "docker" "inspect" "1de9737c44f6dd4c8b110cb824974e4b87b7c3feba6e7175861a56cc3a4ebf10", kill_on_drop: false }`
[INFO] running `Command { std: "docker" "rm" "-f" "1de9737c44f6dd4c8b110cb824974e4b87b7c3feba6e7175861a56cc3a4ebf10", kill_on_drop: false }`
[INFO] [stdout] 1de9737c44f6dd4c8b110cb824974e4b87b7c3feba6e7175861a56cc3a4ebf10
[INFO] running `Command { std: "docker" "create" "-v" "/var/lib/crater-agent-workspace/builds/worker-6-tc1/target:/opt/rustwide/target:rw,Z" "-v" "/var/lib/crater-agent-workspace/builds/worker-6-tc1/source:/opt/rustwide/workdir:ro,Z" "-v" "/var/lib/crater-agent-workspace/cargo-home:/opt/rustwide/cargo-home:ro,Z" "-v" "/var/lib/crater-agent-workspace/rustup-home:/opt/rustwide/rustup-home:ro,Z" "-e" "SOURCE_DIR=/opt/rustwide/workdir" "-e" "CARGO_TARGET_DIR=/opt/rustwide/target" "-e" "CARGO_INCREMENTAL=0" "-e" "RUST_BACKTRACE=full" "-e" "RUSTFLAGS=--cap-lints=warn" "-e" "RUSTDOCFLAGS=--cap-lints=warn" "-e" "CARGO_HOME=/opt/rustwide/cargo-home" "-e" "RUSTUP_HOME=/opt/rustwide/rustup-home" "-w" "/opt/rustwide/workdir" "-m" "1610612736" "--user" "0:0" "--network" "none" "ghcr.io/rust-lang/crates-build-env/linux@sha256:f3a9d4ad9d972b27faf3965f35b62e55ba32bbce8f20bc8fe909558a86702fde" "/opt/rustwide/cargo-home/bin/cargo" "+1.83.0" "test" "--frozen", kill_on_drop: false }`
[INFO] [stdout] 65381adb22cfbe7c44019d2e74de09974ecbe6c5efd7ab50679a9d79cf977de9
[INFO] running `Command { std: "docker" "start" "-a" "65381adb22cfbe7c44019d2e74de09974ecbe6c5efd7ab50679a9d79cf977de9", kill_on_drop: false }`
[INFO] [stderr] warning: function `dbg_dmp` is never used
[INFO] [stderr]   --> src/lib.rs:42:4
[INFO] [stderr]    |
[INFO] [stderr] 42 | fn dbg_dmp<'i, F, O, E: std::fmt::Debug>(
[INFO] [stderr]    |    ^^^^^^^
[INFO] [stderr]    |
[INFO] [stderr]    = note: `#[warn(dead_code)]` on by default
[INFO] [stderr] 
[INFO] [stderr] warning: function `nmtokens` is never used
[INFO] [stderr]    --> src/lib.rs:216:4
[INFO] [stderr]     |
[INFO] [stderr] 216 | fn nmtokens(i: Span) -> Result<Vec<Nmtoken>> {
[INFO] [stderr]     |    ^^^^^^^^
[INFO] [stderr] 
[INFO] [stderr] warning: function `map_name` is never used
[INFO] [stderr]    --> src/lib.rs:234:4
[INFO] [stderr]     |
[INFO] [stderr] 234 | fn map_name(i: Span) -> Result<NameOrReference> {
[INFO] [stderr]     |    ^^^^^^^^
[INFO] [stderr] 
[INFO] [stderr] warning: function `map_pereference` is never used
[INFO] [stderr]    --> src/lib.rs:239:4
[INFO] [stderr]     |
[INFO] [stderr] 239 | fn map_pereference(i: Span) -> Result<NameOrReference> {
[INFO] [stderr]     |    ^^^^^^^^^^^^^^^
[INFO] [stderr] 
[INFO] [stderr] warning: function `name_or_reference` is never used
[INFO] [stderr]    --> src/lib.rs:244:4
[INFO] [stderr]     |
[INFO] [stderr] 244 | fn name_or_reference(i: Span) -> Result<NameOrReference> {
[INFO] [stderr]     |    ^^^^^^^^^^^^^^^^^
[INFO] [stderr] 
[INFO] [stderr] warning: `dtd-parser` (lib) generated 5 warnings
[INFO] [stderr] warning: unused import: `mixed`
[INFO] [stderr]    --> src/element.rs:299:41
[INFO] [stderr]     |
[INFO] [stderr] 299 |     use super::{children, element_decl, mixed};
[INFO] [stderr]     |                                         ^^^^^
[INFO] [stderr]     |
[INFO] [stderr]     = note: `#[warn(unused_imports)]` on by default
[INFO] [stderr] 
[INFO] [stderr] warning: `dtd-parser` (lib test) generated 6 warnings (5 duplicates) (run `cargo fix --lib -p dtd-parser --tests` to apply 1 suggestion)
[INFO] [stderr]     Finished `test` profile [unoptimized + debuginfo] target(s) in 0.06s
[INFO] [stderr]      Running unittests src/lib.rs (/opt/rustwide/target/debug/deps/dtd_parser-a020d638155551b3)
[INFO] [stdout] 
[INFO] [stdout] running 15 tests
[INFO] [stdout] test attlist::tests::test_attlist_1 ... ok
[INFO] [stdout] test element::tests::test_child ... ok
[INFO] [stdout] test attlist::tests::test_attlist_3 ... ok
[INFO] [stdout] test element::tests::test_element_decl_multiline ... ok
[INFO] [stdout] test tests::test_comment_decl ... ok
[INFO] [stdout] test entity::tests::test_external_entity_parse ... ok
[INFO] [stdout] test entity::tests::test_entity_multiline ... ok
[INFO] [stdout] test element::tests::test_element_decl_multiline2 ... ok
[INFO] [stdout] test tests::test_pereference ... ok
[INFO] [stdout] test element::tests::test_mixed_simple ... ok
[INFO] [stdout] test attlist::tests::test_attlist_4 ... ok
[INFO] [stdout] test entity::tests::test_internal_entity_parse ... ok
[INFO] [stdout] test entity::tests::test_external_entity_parse_2 ... ok
[INFO] [stdout] test attlist::tests::test_attlist_2 ... ok
[INFO] [stdout] test element::tests::test_element_decl ... FAILED
[INFO] [stdout] 
[INFO] [stdout] failures:
[INFO] [stdout] 
[INFO] [stdout] ---- element::tests::test_element_decl stdout ----
[INFO] [stdout] thread 'element::tests::test_element_decl' panicked at src/element.rs:317:9:
[INFO] [stdout] 0: at line 0, in Tag:
[INFO] [stdout] <!ELEMENT p (#PCDATA|a|ul|b|i|em)*>
[INFO] [stdout] ^
[INFO] [stdout] 
[INFO] [stdout] 1: at line 0, in Alt:
[INFO] [stdout] <!ELEMENT p (#PCDATA|a|ul|b|i|em)*>
[INFO] [stdout] ^
[INFO] [stdout] 
[INFO] [stdout] 2: at line 0, in Alt:
[INFO] [stdout] <!ELEMENT p (#PCDATA|a|ul|b|i|em)*>
[INFO] [stdout] ^
[INFO] [stdout] 
[INFO] [stdout] 
[INFO] [stdout] stack backtrace:
[INFO] [stdout]    0:     0x570fee751b4a - std::backtrace_rs::backtrace::libunwind::trace::h5a5b8284f2d0c266
[INFO] [stdout]                                at /rustc/90b35a6239c3d8bdabc530a6a0816f7ff89a0aaf/library/std/src/../../backtrace/src/backtrace/libunwind.rs:116:5
[INFO] [stdout]    1:     0x570fee751b4a - std::backtrace_rs::backtrace::trace_unsynchronized::h76d4f1c9b0b875e3
[INFO] [stdout]                                at /rustc/90b35a6239c3d8bdabc530a6a0816f7ff89a0aaf/library/std/src/../../backtrace/src/backtrace/mod.rs:66:5
[INFO] [stdout]    2:     0x570fee751b4a - std::sys::backtrace::_print_fmt::hc4546b8364a537c6
[INFO] [stdout]                                at /rustc/90b35a6239c3d8bdabc530a6a0816f7ff89a0aaf/library/std/src/sys/backtrace.rs:66:9
[INFO] [stdout]    3:     0x570fee751b4a - <std::sys::backtrace::BacktraceLock::print::DisplayBacktrace as core::fmt::Display>::fmt::h5b6bd5631a6d1f6b
[INFO] [stdout]                                at /rustc/90b35a6239c3d8bdabc530a6a0816f7ff89a0aaf/library/std/src/sys/backtrace.rs:39:26
[INFO] [stdout]    4:     0x570fee776fa3 - core::fmt::rt::Argument::fmt::h270f6602a2b96f62
[INFO] [stdout]                                at /rustc/90b35a6239c3d8bdabc530a6a0816f7ff89a0aaf/library/core/src/fmt/rt.rs:177:76
[INFO] [stdout]    5:     0x570fee776fa3 - core::fmt::write::h7550c97b06c86515
[INFO] [stdout]                                at /rustc/90b35a6239c3d8bdabc530a6a0816f7ff89a0aaf/library/core/src/fmt/mod.rs:1186:21
[INFO] [stdout]    6:     0x570fee74ed13 - std::io::Write::write_fmt::h509ff860e5956e5e
[INFO] [stdout]                                at /rustc/90b35a6239c3d8bdabc530a6a0816f7ff89a0aaf/library/std/src/io/mod.rs:1839:15
[INFO] [stdout]    7:     0x570fee751992 - std::sys::backtrace::BacktraceLock::print::h2395ccd2c84ba3aa
[INFO] [stdout]                                at /rustc/90b35a6239c3d8bdabc530a6a0816f7ff89a0aaf/library/std/src/sys/backtrace.rs:42:9
[INFO] [stdout]    8:     0x570fee752faa - std::panicking::default_hook::{{closure}}::he19d4c7230e07961
[INFO] [stdout]                                at /rustc/90b35a6239c3d8bdabc530a6a0816f7ff89a0aaf/library/std/src/panicking.rs:268:22
[INFO] [stdout]    9:     0x570fee752db4 - std::panicking::default_hook::hf614597d3c67bbdb
[INFO] [stdout]                                at /rustc/90b35a6239c3d8bdabc530a6a0816f7ff89a0aaf/library/std/src/panicking.rs:292:9
[INFO] [stdout]   10:     0x570fee714fe9 - <alloc::boxed::Box<F,A> as core::ops::function::Fn<Args>>::call::h39b51ce4599c23d1
[INFO] [stdout]                                at /rustc/90b35a6239c3d8bdabc530a6a0816f7ff89a0aaf/library/alloc/src/boxed.rs:2468:9
[INFO] [stdout]   11:     0x570fee714fe9 - test::test_main::{{closure}}::he977ae839a582784
[INFO] [stdout]                                at /rustc/90b35a6239c3d8bdabc530a6a0816f7ff89a0aaf/library/test/src/lib.rs:133:21
[INFO] [stdout]   12:     0x570fee753648 - <alloc::boxed::Box<F,A> as core::ops::function::Fn<Args>>::call::h9455091b6b06f9fb
[INFO] [stdout]                                at /rustc/90b35a6239c3d8bdabc530a6a0816f7ff89a0aaf/library/alloc/src/boxed.rs:2468:9
[INFO] [stdout]   13:     0x570fee753648 - std::panicking::rust_panic_with_hook::h8942133a8b252070
[INFO] [stdout]                                at /rustc/90b35a6239c3d8bdabc530a6a0816f7ff89a0aaf/library/std/src/panicking.rs:809:13
[INFO] [stdout]   14:     0x570fee75340a - std::panicking::begin_panic_handler::{{closure}}::hb5f5963570096b29
[INFO] [stdout]                                at /rustc/90b35a6239c3d8bdabc530a6a0816f7ff89a0aaf/library/std/src/panicking.rs:674:13
[INFO] [stdout]   15:     0x570fee752029 - std::sys::backtrace::__rust_end_short_backtrace::h6208cedc1922feda
[INFO] [stdout]                                at /rustc/90b35a6239c3d8bdabc530a6a0816f7ff89a0aaf/library/std/src/sys/backtrace.rs:170:18
[INFO] [stdout]   16:     0x570fee75309c - rust_begin_unwind
[INFO] [stdout]                                at /rustc/90b35a6239c3d8bdabc530a6a0816f7ff89a0aaf/library/std/src/panicking.rs:665:5
[INFO] [stdout]   17:     0x570fee683fd0 - core::panicking::panic_fmt::h0c3082644d1bf418
[INFO] [stdout]                                at /rustc/90b35a6239c3d8bdabc530a6a0816f7ff89a0aaf/library/core/src/panicking.rs:74:14
[INFO] [stdout]   18:     0x570fee6ccfc3 - core::panicking::panic_display::hcf8f3a3a3e4ae1d8
[INFO] [stdout]                                at /rustc/90b35a6239c3d8bdabc530a6a0816f7ff89a0aaf/library/core/src/panicking.rs:264:5
[INFO] [stdout]   19:     0x570fee6b0c5d - dtd_parser::element::tests::test_element_decl::h8037066b53841e6a
[INFO] [stdout]                                at /opt/rustwide/workdir/src/lib.rs:613:17
[INFO] [stdout]   20:     0x570fee6b0877 - dtd_parser::element::tests::test_element_decl::{{closure}}::h261c242f6639e5a4
[INFO] [stdout]                                at /opt/rustwide/workdir/src/element.rs:306:27
[INFO] [stdout]   21:     0x570fee6b5586 - core::ops::function::FnOnce::call_once::h9599cf25d44b424b
[INFO] [stdout]                                at /rustc/90b35a6239c3d8bdabc530a6a0816f7ff89a0aaf/library/core/src/ops/function.rs:250:5
[INFO] [stdout]   22:     0x570fee7199ab - core::ops::function::FnOnce::call_once::h109cf8051a59b34e
[INFO] [stdout]                                at /rustc/90b35a6239c3d8bdabc530a6a0816f7ff89a0aaf/library/core/src/ops/function.rs:250:5
[INFO] [stdout]   23:     0x570fee7199ab - test::__rust_begin_short_backtrace::hf4fff89d377446ba
[INFO] [stdout]                                at /rustc/90b35a6239c3d8bdabc530a6a0816f7ff89a0aaf/library/test/src/lib.rs:621:18
[INFO] [stdout]   24:     0x570fee7191e7 - test::run_test_in_process::{{closure}}::h0e39181dd7ee5a43
[INFO] [stdout]                                at /rustc/90b35a6239c3d8bdabc530a6a0816f7ff89a0aaf/library/test/src/lib.rs:644:60
[INFO] [stdout]   25:     0x570fee7191e7 - <core::panic::unwind_safe::AssertUnwindSafe<F> as core::ops::function::FnOnce<()>>::call_once::hc5a66a30f0bdfd1f
[INFO] [stdout]                                at /rustc/90b35a6239c3d8bdabc530a6a0816f7ff89a0aaf/library/core/src/panic/unwind_safe.rs:272:9
[INFO] [stdout]   26:     0x570fee7191e7 - std::panicking::try::do_call::h873b7cf639554a5e
[INFO] [stdout]                                at /rustc/90b35a6239c3d8bdabc530a6a0816f7ff89a0aaf/library/std/src/panicking.rs:557:40
[INFO] [stdout]   27:     0x570fee7191e7 - std::panicking::try::hdb19862fad9c8bd1
[INFO] [stdout]                                at /rustc/90b35a6239c3d8bdabc530a6a0816f7ff89a0aaf/library/std/src/panicking.rs:520:19
[INFO] [stdout]   28:     0x570fee7191e7 - std::panic::catch_unwind::h281fe732d236d260
[INFO] [stdout]                                at /rustc/90b35a6239c3d8bdabc530a6a0816f7ff89a0aaf/library/std/src/panic.rs:358:14
[INFO] [stdout]   29:     0x570fee7191e7 - test::run_test_in_process::h949b6df8457ed338
[INFO] [stdout]                                at /rustc/90b35a6239c3d8bdabc530a6a0816f7ff89a0aaf/library/test/src/lib.rs:644:27
[INFO] [stdout]   30:     0x570fee7191e7 - test::run_test::{{closure}}::h52c556a6d4740e10
[INFO] [stdout]                                at /rustc/90b35a6239c3d8bdabc530a6a0816f7ff89a0aaf/library/test/src/lib.rs:565:43
[INFO] [stdout]   31:     0x570fee6de4c4 - test::run_test::{{closure}}::h4237f6381c45ccb9
[INFO] [stdout]                                at /rustc/90b35a6239c3d8bdabc530a6a0816f7ff89a0aaf/library/test/src/lib.rs:595:41
[INFO] [stdout]   32:     0x570fee6de4c4 - std::sys::backtrace::__rust_begin_short_backtrace::h505c97a579eca628
[INFO] [stdout]                                at /rustc/90b35a6239c3d8bdabc530a6a0816f7ff89a0aaf/library/std/src/sys/backtrace.rs:154:18
[INFO] [stdout]   33:     0x570fee6e1b8e - std::thread::Builder::spawn_unchecked_::{{closure}}::{{closure}}::h9e86b2e2bc107ea3
[INFO] [stdout]                                at /rustc/90b35a6239c3d8bdabc530a6a0816f7ff89a0aaf/library/std/src/thread/mod.rs:538:17
[INFO] [stdout]   34:     0x570fee6e1b8e - <core::panic::unwind_safe::AssertUnwindSafe<F> as core::ops::function::FnOnce<()>>::call_once::h8b06ddb275ff4a25
[INFO] [stdout]                                at /rustc/90b35a6239c3d8bdabc530a6a0816f7ff89a0aaf/library/core/src/panic/unwind_safe.rs:272:9
[INFO] [stdout]   35:     0x570fee6e1b8e - std::panicking::try::do_call::hb26ecd7cd9a9355d
[INFO] [stdout]                                at /rustc/90b35a6239c3d8bdabc530a6a0816f7ff89a0aaf/library/std/src/panicking.rs:557:40
[INFO] [stdout]   36:     0x570fee6e1b8e - std::panicking::try::h8ddeca9d705f9069
[INFO] [stdout]                                at /rustc/90b35a6239c3d8bdabc530a6a0816f7ff89a0aaf/library/std/src/panicking.rs:520:19
[INFO] [stdout]   37:     0x570fee6e1b8e - std::panic::catch_unwind::h49e1c33078844c46
[INFO] [stdout]                                at /rustc/90b35a6239c3d8bdabc530a6a0816f7ff89a0aaf/library/std/src/panic.rs:358:14
[INFO] [stdout]   38:     0x570fee6e1b8e - std::thread::Builder::spawn_unchecked_::{{closure}}::h6073db6ff56ad35d
[INFO] [stdout]                                at /rustc/90b35a6239c3d8bdabc530a6a0816f7ff89a0aaf/library/std/src/thread/mod.rs:537:30
[INFO] [stdout]   39:     0x570fee6e1b8e - core::ops::function::FnOnce::call_once{{vtable.shim}}::h2c5a5f3779c774f1
[INFO] [stdout]                                at /rustc/90b35a6239c3d8bdabc530a6a0816f7ff89a0aaf/library/core/src/ops/function.rs:250:5
[INFO] [stdout]   40:     0x570fee75739b - <alloc::boxed::Box<F,A> as core::ops::function::FnOnce<Args>>::call_once::hf75717d9f28faebf
[INFO] [stdout]                                at /rustc/90b35a6239c3d8bdabc530a6a0816f7ff89a0aaf/library/alloc/src/boxed.rs:2454:9
[INFO] [stdout]   41:     0x570fee75739b - <alloc::boxed::Box<F,A> as core::ops::function::FnOnce<Args>>::call_once::h7bd883a5f3c5f3c1
[INFO] [stdout]                                at /rustc/90b35a6239c3d8bdabc530a6a0816f7ff89a0aaf/library/alloc/src/boxed.rs:2454:9
[INFO] [stdout]   42:     0x570fee75739b - std::sys::pal::unix::thread::Thread::new::thread_start::hcc78f3943333fa94
[INFO] [stdout]                                at /rustc/90b35a6239c3d8bdabc530a6a0816f7ff89a0aaf/library/std/src/sys/pal/unix/thread.rs:105:17
[INFO] [stdout]   43:     0x76dfd3daaac3 - <unknown>
[INFO] [stdout]   44:     0x76dfd3e3ba04 - clone
[INFO] [stdout]   45:                0x0 - <unknown>
[INFO] [stdout] 
[INFO] [stdout] 
[INFO] [stdout] failures:
[INFO] [stdout]     element::tests::test_element_decl
[INFO] [stdout] 
[INFO] [stdout] test result: FAILED. 14 passed; 1 failed; 0 ignored; 0 measured; 0 filtered out; finished in 0.04s
[INFO] [stdout] 
[INFO] [stderr] error: test failed, to rerun pass `--lib`
[INFO] running `Command { std: "docker" "inspect" "65381adb22cfbe7c44019d2e74de09974ecbe6c5efd7ab50679a9d79cf977de9", kill_on_drop: false }`
[INFO] running `Command { std: "docker" "rm" "-f" "65381adb22cfbe7c44019d2e74de09974ecbe6c5efd7ab50679a9d79cf977de9", kill_on_drop: false }`
[INFO] [stdout] 65381adb22cfbe7c44019d2e74de09974ecbe6c5efd7ab50679a9d79cf977de9
