[INFO] fetching crate drug-extraction-core 0.1.2...
[INFO] testing drug-extraction-core-0.1.2 against 1.83.0 for beta-1.84.0-4-retry
[INFO] extracting crate drug-extraction-core 0.1.2 into /workspace/builds/worker-5-tc1/source
[INFO] validating manifest of crates.io crate drug-extraction-core 0.1.2 on toolchain 1.83.0
[INFO] running `Command { std: CARGO_HOME="/workspace/cargo-home" RUSTUP_HOME="/workspace/rustup-home" "/workspace/cargo-home/bin/cargo" "+1.83.0" "metadata" "--manifest-path" "Cargo.toml" "--no-deps", kill_on_drop: false }`
[INFO] started tweaking crates.io crate drug-extraction-core 0.1.2
[INFO] finished tweaking crates.io crate drug-extraction-core 0.1.2
[INFO] tweaked toml for crates.io crate drug-extraction-core 0.1.2 written to /workspace/builds/worker-5-tc1/source/Cargo.toml
[INFO] running `Command { std: CARGO_HOME="/workspace/cargo-home" RUSTUP_HOME="/workspace/rustup-home" "/workspace/cargo-home/bin/cargo" "+1.83.0" "generate-lockfile" "--manifest-path" "Cargo.toml", kill_on_drop: false }`
[INFO] [stderr]     Blocking waiting for file lock on package cache
[INFO] [stderr]     Updating crates.io index
[INFO] [stderr]      Locking 46 packages to latest compatible versions
[INFO] [stderr]       Adding itertools v0.10.5 (available: v0.13.0)
[INFO] [stderr]       Adding strsim v0.10.0 (available: v0.11.1)
[INFO] running `Command { std: CARGO_HOME="/workspace/cargo-home" RUSTUP_HOME="/workspace/rustup-home" "/workspace/cargo-home/bin/cargo" "+1.83.0" "fetch" "--manifest-path" "Cargo.toml", kill_on_drop: false }`
[INFO] [stderr]     Blocking waiting for file lock on package cache
[INFO] [stderr]     Blocking waiting for file lock on package cache
[INFO] [stderr]  Downloading crates ...
[INFO] [stderr]   Downloaded wasm-bindgen-test v0.3.49
[INFO] [stderr]   Downloaded minicov v0.3.7
[INFO] [stderr]   Downloaded wasm-bindgen-test-macro v0.3.49
[INFO] running `Command { std: "docker" "create" "-v" "/var/lib/crater-agent-workspace/builds/worker-5-tc1/target:/opt/rustwide/target:rw,Z" "-v" "/var/lib/crater-agent-workspace/builds/worker-5-tc1/source:/opt/rustwide/workdir:ro,Z" "-v" "/var/lib/crater-agent-workspace/cargo-home:/opt/rustwide/cargo-home:ro,Z" "-v" "/var/lib/crater-agent-workspace/rustup-home:/opt/rustwide/rustup-home:ro,Z" "-e" "SOURCE_DIR=/opt/rustwide/workdir" "-e" "CARGO_TARGET_DIR=/opt/rustwide/target" "-e" "CARGO_HOME=/opt/rustwide/cargo-home" "-e" "RUSTUP_HOME=/opt/rustwide/rustup-home" "-w" "/opt/rustwide/workdir" "-m" "1610612736" "--user" "0:0" "--network" "none" "ghcr.io/rust-lang/crates-build-env/linux@sha256:f3a9d4ad9d972b27faf3965f35b62e55ba32bbce8f20bc8fe909558a86702fde" "/opt/rustwide/cargo-home/bin/cargo" "+1.83.0" "metadata" "--no-deps" "--format-version=1", kill_on_drop: false }`
[INFO] [stdout] 04c5894b08d3b1ac6feb916082cb065e13821955f0bfa173c9845880c2825990
[INFO] running `Command { std: "docker" "start" "-a" "04c5894b08d3b1ac6feb916082cb065e13821955f0bfa173c9845880c2825990", kill_on_drop: false }`
[INFO] running `Command { std: "docker" "inspect" "04c5894b08d3b1ac6feb916082cb065e13821955f0bfa173c9845880c2825990", kill_on_drop: false }`
[INFO] running `Command { std: "docker" "rm" "-f" "04c5894b08d3b1ac6feb916082cb065e13821955f0bfa173c9845880c2825990", kill_on_drop: false }`
[INFO] [stdout] 04c5894b08d3b1ac6feb916082cb065e13821955f0bfa173c9845880c2825990
[INFO] running `Command { std: "docker" "create" "-v" "/var/lib/crater-agent-workspace/builds/worker-5-tc1/target:/opt/rustwide/target:rw,Z" "-v" "/var/lib/crater-agent-workspace/builds/worker-5-tc1/source:/opt/rustwide/workdir:ro,Z" "-v" "/var/lib/crater-agent-workspace/cargo-home:/opt/rustwide/cargo-home:ro,Z" "-v" "/var/lib/crater-agent-workspace/rustup-home:/opt/rustwide/rustup-home:ro,Z" "-e" "SOURCE_DIR=/opt/rustwide/workdir" "-e" "CARGO_TARGET_DIR=/opt/rustwide/target" "-e" "CARGO_INCREMENTAL=0" "-e" "RUST_BACKTRACE=full" "-e" "RUSTFLAGS=--cap-lints=warn" "-e" "RUSTDOCFLAGS=--cap-lints=warn" "-e" "CARGO_HOME=/opt/rustwide/cargo-home" "-e" "RUSTUP_HOME=/opt/rustwide/rustup-home" "-w" "/opt/rustwide/workdir" "-m" "1610612736" "--user" "0:0" "--network" "none" "ghcr.io/rust-lang/crates-build-env/linux@sha256:f3a9d4ad9d972b27faf3965f35b62e55ba32bbce8f20bc8fe909558a86702fde" "/opt/rustwide/cargo-home/bin/cargo" "+1.83.0" "build" "--frozen" "--message-format=json", kill_on_drop: false }`
[INFO] [stdout] b35cf4441dc4723ffbf945a76ee2a62e97ee2561a1ddc2b01b45a1ea3afbcc01
[INFO] running `Command { std: "docker" "start" "-a" "b35cf4441dc4723ffbf945a76ee2a62e97ee2561a1ddc2b01b45a1ea3afbcc01", kill_on_drop: false }`
[INFO] [stderr]    Compiling serde v1.0.216
[INFO] [stderr]    Compiling memchr v2.7.4
[INFO] [stderr]    Compiling ryu v1.0.18
[INFO] [stderr]    Compiling serde_json v1.0.133
[INFO] [stderr]    Compiling itoa v1.0.14
[INFO] [stderr]    Compiling either v1.13.0
[INFO] [stderr]    Compiling itertools v0.10.5
[INFO] [stderr]    Compiling csv-core v0.1.11
[INFO] [stderr]    Compiling csv v1.3.1
[INFO] [stderr]    Compiling drug-extraction-core v0.1.2 (/opt/rustwide/workdir)
[INFO] [stderr]     Finished `dev` profile [unoptimized + debuginfo] target(s) in 8.46s
[INFO] running `Command { std: "docker" "inspect" "b35cf4441dc4723ffbf945a76ee2a62e97ee2561a1ddc2b01b45a1ea3afbcc01", kill_on_drop: false }`
[INFO] running `Command { std: "docker" "rm" "-f" "b35cf4441dc4723ffbf945a76ee2a62e97ee2561a1ddc2b01b45a1ea3afbcc01", kill_on_drop: false }`
[INFO] [stdout] b35cf4441dc4723ffbf945a76ee2a62e97ee2561a1ddc2b01b45a1ea3afbcc01
[INFO] running `Command { std: "docker" "create" "-v" "/var/lib/crater-agent-workspace/builds/worker-5-tc1/target:/opt/rustwide/target:rw,Z" "-v" "/var/lib/crater-agent-workspace/builds/worker-5-tc1/source:/opt/rustwide/workdir:ro,Z" "-v" "/var/lib/crater-agent-workspace/cargo-home:/opt/rustwide/cargo-home:ro,Z" "-v" "/var/lib/crater-agent-workspace/rustup-home:/opt/rustwide/rustup-home:ro,Z" "-e" "SOURCE_DIR=/opt/rustwide/workdir" "-e" "CARGO_TARGET_DIR=/opt/rustwide/target" "-e" "CARGO_INCREMENTAL=0" "-e" "RUST_BACKTRACE=full" "-e" "RUSTFLAGS=--cap-lints=warn" "-e" "RUSTDOCFLAGS=--cap-lints=warn" "-e" "CARGO_HOME=/opt/rustwide/cargo-home" "-e" "RUSTUP_HOME=/opt/rustwide/rustup-home" "-w" "/opt/rustwide/workdir" "-m" "1610612736" "--user" "0:0" "--network" "none" "ghcr.io/rust-lang/crates-build-env/linux@sha256:f3a9d4ad9d972b27faf3965f35b62e55ba32bbce8f20bc8fe909558a86702fde" "/opt/rustwide/cargo-home/bin/cargo" "+1.83.0" "test" "--frozen" "--no-run" "--message-format=json", kill_on_drop: false }`
[INFO] [stdout] 23505538800d9837a4ff9a092b71461c84887ff62ce3e1aeff8de87b689fcdf2
[INFO] running `Command { std: "docker" "start" "-a" "23505538800d9837a4ff9a092b71461c84887ff62ce3e1aeff8de87b689fcdf2", kill_on_drop: false }`
[INFO] [stderr]    Compiling proc-macro2 v1.0.92
[INFO] [stderr]    Compiling wasm-bindgen-shared v0.2.99
[INFO] [stderr]    Compiling log v0.4.22
[INFO] [stderr]    Compiling bumpalo v3.16.0
[INFO] [stderr]    Compiling wasm-bindgen v0.2.99
[INFO] [stderr]    Compiling once_cell v1.20.2
[INFO] [stderr]    Compiling scoped-tls v1.0.1
[INFO] [stderr]    Compiling quote v1.0.37
[INFO] [stderr]    Compiling syn v2.0.90
[INFO] [stderr]    Compiling wasm-bindgen-backend v0.2.99
[INFO] [stderr]    Compiling serde_derive v1.0.216
[INFO] [stderr]    Compiling wasm-bindgen-test-macro v0.3.49
[INFO] [stderr]    Compiling wasm-bindgen-macro-support v0.2.99
[INFO] [stderr]    Compiling wasm-bindgen-macro v0.2.99
[INFO] [stderr]    Compiling serde v1.0.216
[INFO] [stderr]    Compiling js-sys v0.3.76
[INFO] [stderr]    Compiling csv v1.3.1
[INFO] [stderr]    Compiling serde_json v1.0.133
[INFO] [stderr]    Compiling wasm-bindgen-futures v0.4.49
[INFO] [stderr]    Compiling wasm-bindgen-test v0.3.49
[INFO] [stderr]    Compiling drug-extraction-core v0.1.2 (/opt/rustwide/workdir)
[INFO] [stderr]     Finished `test` profile [unoptimized + debuginfo] target(s) in 23.53s
[INFO] running `Command { std: "docker" "inspect" "23505538800d9837a4ff9a092b71461c84887ff62ce3e1aeff8de87b689fcdf2", kill_on_drop: false }`
[INFO] running `Command { std: "docker" "rm" "-f" "23505538800d9837a4ff9a092b71461c84887ff62ce3e1aeff8de87b689fcdf2", kill_on_drop: false }`
[INFO] [stdout] 23505538800d9837a4ff9a092b71461c84887ff62ce3e1aeff8de87b689fcdf2
[INFO] running `Command { std: "docker" "create" "-v" "/var/lib/crater-agent-workspace/builds/worker-5-tc1/target:/opt/rustwide/target:rw,Z" "-v" "/var/lib/crater-agent-workspace/builds/worker-5-tc1/source:/opt/rustwide/workdir:ro,Z" "-v" "/var/lib/crater-agent-workspace/cargo-home:/opt/rustwide/cargo-home:ro,Z" "-v" "/var/lib/crater-agent-workspace/rustup-home:/opt/rustwide/rustup-home:ro,Z" "-e" "SOURCE_DIR=/opt/rustwide/workdir" "-e" "CARGO_TARGET_DIR=/opt/rustwide/target" "-e" "CARGO_INCREMENTAL=0" "-e" "RUST_BACKTRACE=full" "-e" "RUSTFLAGS=--cap-lints=warn" "-e" "RUSTDOCFLAGS=--cap-lints=warn" "-e" "CARGO_HOME=/opt/rustwide/cargo-home" "-e" "RUSTUP_HOME=/opt/rustwide/rustup-home" "-w" "/opt/rustwide/workdir" "-m" "1610612736" "--user" "0:0" "--network" "none" "ghcr.io/rust-lang/crates-build-env/linux@sha256:f3a9d4ad9d972b27faf3965f35b62e55ba32bbce8f20bc8fe909558a86702fde" "/opt/rustwide/cargo-home/bin/cargo" "+1.83.0" "test" "--frozen", kill_on_drop: false }`
[INFO] [stdout] 62198b5b5cfcba2061e876e5c83f66dbe750e667a599e6ca494b66e76ef89e6b
[INFO] running `Command { std: "docker" "start" "-a" "62198b5b5cfcba2061e876e5c83f66dbe750e667a599e6ca494b66e76ef89e6b", kill_on_drop: false }`
[INFO] [stderr]     Finished `test` profile [unoptimized + debuginfo] target(s) in 0.07s
[INFO] [stderr]      Running unittests src/lib.rs (/opt/rustwide/target/debug/deps/drug_extraction_core-d32a749c6ff00770)
[INFO] [stdout] 
[INFO] [stdout] running 1 test
[INFO] [stdout] test tests::test_parens ... ok
[INFO] [stdout] 
[INFO] [stdout] test result: ok. 1 passed; 0 failed; 0 ignored; 0 measured; 0 filtered out; finished in 0.00s
[INFO] [stdout] 
[INFO] [stderr]    Doc-tests drug_extraction_core
[INFO] [stdout] 
[INFO] [stdout] running 2 tests
[INFO] [stdout] test src/lib.rs - DrugSearch::scan (line 485) ... FAILED
[INFO] [stdout] test src/lib.rs - SimpleSearch::scan (line 326) ... FAILED
[INFO] [stdout] 
[INFO] [stdout] failures:
[INFO] [stdout] 
[INFO] [stdout] ---- src/lib.rs - DrugSearch::scan (line 485) stdout ----
[INFO] [stdout] error[E0433]: failed to resolve: use of undeclared type `DrugSearch`
[INFO] [stdout]  --> src/lib.rs:486:14
[INFO] [stdout]   |
[INFO] [stdout] 3 | let search = DrugSearch::new(Algorithm::Levenshtein, levenshtein, None, None, &["hello", "world"]);
[INFO] [stdout]   |              ^^^^^^^^^^ use of undeclared type `DrugSearch`
[INFO] [stdout]   |
[INFO] [stdout] help: consider importing this struct
[INFO] [stdout]   |
[INFO] [stdout] 2 + use drug_extraction_core::DrugSearch;
[INFO] [stdout]   |
[INFO] [stdout] 
[INFO] [stdout] error[E0433]: failed to resolve: use of undeclared type `Algorithm`
[INFO] [stdout]  --> src/lib.rs:486:30
[INFO] [stdout]   |
[INFO] [stdout] 3 | let search = DrugSearch::new(Algorithm::Levenshtein, levenshtein, None, None, &["hello", "world"]);
[INFO] [stdout]   |                              ^^^^^^^^^ use of undeclared type `Algorithm`
[INFO] [stdout]   |
[INFO] [stdout] help: consider importing this enum
[INFO] [stdout]   |
[INFO] [stdout] 2 + use drug_extraction_core::Algorithm;
[INFO] [stdout]   |
[INFO] [stdout] 
[INFO] [stdout] error[E0425]: cannot find value `levenshtein` in this scope
[INFO] [stdout]  --> src/lib.rs:486:54
[INFO] [stdout]   |
[INFO] [stdout] 3 | let search = DrugSearch::new(Algorithm::Levenshtein, levenshtein, None, None, &["hello", "world"]);
[INFO] [stdout]   |                                                      ^^^^^^^^^^^ not found in this scope
[INFO] [stdout]   |
[INFO] [stdout] help: consider importing this function
[INFO] [stdout]   |
[INFO] [stdout] 2 + use strsim::levenshtein;
[INFO] [stdout]   |
[INFO] [stdout] 
[INFO] [stdout] error: aborting due to 3 previous errors
[INFO] [stdout] 
[INFO] [stdout] Some errors have detailed explanations: E0425, E0433.
[INFO] [stdout] For more information about an error, try `rustc --explain E0425`.
[INFO] [stdout] Couldn't compile the test.
[INFO] [stdout] ---- src/lib.rs - SimpleSearch::scan (line 326) stdout ----
[INFO] [stdout] error[E0433]: failed to resolve: use of undeclared type `SimpleSearch`
[INFO] [stdout]  --> src/lib.rs:327:14
[INFO] [stdout]   |
[INFO] [stdout] 3 | let search = SimpleSearch::new(Algorithm::Levenshtein, levenshtein, None, None, &["hello", "world"]);
[INFO] [stdout]   |              ^^^^^^^^^^^^ use of undeclared type `SimpleSearch`
[INFO] [stdout]   |
[INFO] [stdout] help: consider importing this struct
[INFO] [stdout]   |
[INFO] [stdout] 2 + use drug_extraction_core::SimpleSearch;
[INFO] [stdout]   |
[INFO] [stdout] 
[INFO] [stdout] error[E0433]: failed to resolve: use of undeclared type `Algorithm`
[INFO] [stdout]  --> src/lib.rs:327:32
[INFO] [stdout]   |
[INFO] [stdout] 3 | let search = SimpleSearch::new(Algorithm::Levenshtein, levenshtein, None, None, &["hello", "world"]);
[INFO] [stdout]   |                                ^^^^^^^^^ use of undeclared type `Algorithm`
[INFO] [stdout]   |
[INFO] [stdout] help: consider importing this enum
[INFO] [stdout]   |
[INFO] [stdout] 2 + use drug_extraction_core::Algorithm;
[INFO] [stdout]   |
[INFO] [stdout] 
[INFO] [stdout] error[E0425]: cannot find value `levenshtein` in this scope
[INFO] [stdout]  --> src/lib.rs:327:56
[INFO] [stdout]   |
[INFO] [stdout] 3 | let search = SimpleSearch::new(Algorithm::Levenshtein, levenshtein, None, None, &["hello", "world"]);
[INFO] [stdout]   |                                                        ^^^^^^^^^^^ not found in this scope
[INFO] [stdout]   |
[INFO] [stdout] help: consider importing this function
[INFO] [stdout]   |
[INFO] [stdout] 2 + use strsim::levenshtein;
[INFO] [stdout]   |
[INFO] [stdout] 
[INFO] [stdout] error: aborting due to 3 previous errors
[INFO] [stdout] 
[INFO] [stdout] Some errors have detailed explanations: E0425, E0433.
[INFO] [stdout] For more information about an error, try `rustc --explain E0425`.
[INFO] [stdout] Couldn't compile the test.
[INFO] [stdout] 
[INFO] [stdout] failures:
[INFO] [stdout]     src/lib.rs - DrugSearch::scan (line 485)
[INFO] [stdout]     src/lib.rs - SimpleSearch::scan (line 326)
[INFO] [stdout] 
[INFO] [stdout] test result: FAILED. 0 passed; 2 failed; 0 ignored; 0 measured; 0 filtered out; finished in 0.17s
[INFO] [stdout] 
[INFO] [stderr] error: doctest failed, to rerun pass `--doc`
[INFO] running `Command { std: "docker" "inspect" "62198b5b5cfcba2061e876e5c83f66dbe750e667a599e6ca494b66e76ef89e6b", kill_on_drop: false }`
[INFO] running `Command { std: "docker" "rm" "-f" "62198b5b5cfcba2061e876e5c83f66dbe750e667a599e6ca494b66e76ef89e6b", kill_on_drop: false }`
[INFO] [stdout] 62198b5b5cfcba2061e876e5c83f66dbe750e667a599e6ca494b66e76ef89e6b
