[INFO] fetching crate double-int 0.1.0...
[INFO] testing double-int-0.1.0 against 1.83.0 for beta-1.84.0-4-retry
[INFO] extracting crate double-int 0.1.0 into /workspace/builds/worker-3-tc1/source
[INFO] validating manifest of crates.io crate double-int 0.1.0 on toolchain 1.83.0
[INFO] running `Command { std: CARGO_HOME="/workspace/cargo-home" RUSTUP_HOME="/workspace/rustup-home" "/workspace/cargo-home/bin/cargo" "+1.83.0" "metadata" "--manifest-path" "Cargo.toml" "--no-deps", kill_on_drop: false }`
[INFO] started tweaking crates.io crate double-int 0.1.0
[INFO] finished tweaking crates.io crate double-int 0.1.0
[INFO] tweaked toml for crates.io crate double-int 0.1.0 written to /workspace/builds/worker-3-tc1/source/Cargo.toml
[INFO] running `Command { std: CARGO_HOME="/workspace/cargo-home" RUSTUP_HOME="/workspace/rustup-home" "/workspace/cargo-home/bin/cargo" "+1.83.0" "generate-lockfile" "--manifest-path" "Cargo.toml", kill_on_drop: false }`
[INFO] [stderr]     Updating crates.io index
[INFO] [stderr]      Locking 6 packages to latest compatible versions
[INFO] running `Command { std: CARGO_HOME="/workspace/cargo-home" RUSTUP_HOME="/workspace/rustup-home" "/workspace/cargo-home/bin/cargo" "+1.83.0" "fetch" "--manifest-path" "Cargo.toml", kill_on_drop: false }`
[INFO] running `Command { std: "docker" "create" "-v" "/var/lib/crater-agent-workspace/builds/worker-3-tc1/target:/opt/rustwide/target:rw,Z" "-v" "/var/lib/crater-agent-workspace/builds/worker-3-tc1/source:/opt/rustwide/workdir:ro,Z" "-v" "/var/lib/crater-agent-workspace/cargo-home:/opt/rustwide/cargo-home:ro,Z" "-v" "/var/lib/crater-agent-workspace/rustup-home:/opt/rustwide/rustup-home:ro,Z" "-e" "SOURCE_DIR=/opt/rustwide/workdir" "-e" "CARGO_TARGET_DIR=/opt/rustwide/target" "-e" "CARGO_HOME=/opt/rustwide/cargo-home" "-e" "RUSTUP_HOME=/opt/rustwide/rustup-home" "-w" "/opt/rustwide/workdir" "-m" "1610612736" "--user" "0:0" "--network" "none" "ghcr.io/rust-lang/crates-build-env/linux@sha256:f3a9d4ad9d972b27faf3965f35b62e55ba32bbce8f20bc8fe909558a86702fde" "/opt/rustwide/cargo-home/bin/cargo" "+1.83.0" "metadata" "--no-deps" "--format-version=1", kill_on_drop: false }`
[INFO] [stdout] d27909d6d963407143f93ccc9febff3fe2187abf8984a91fef46596d499a7a17
[INFO] running `Command { std: "docker" "start" "-a" "d27909d6d963407143f93ccc9febff3fe2187abf8984a91fef46596d499a7a17", kill_on_drop: false }`
[INFO] running `Command { std: "docker" "inspect" "d27909d6d963407143f93ccc9febff3fe2187abf8984a91fef46596d499a7a17", kill_on_drop: false }`
[INFO] running `Command { std: "docker" "rm" "-f" "d27909d6d963407143f93ccc9febff3fe2187abf8984a91fef46596d499a7a17", kill_on_drop: false }`
[INFO] [stdout] d27909d6d963407143f93ccc9febff3fe2187abf8984a91fef46596d499a7a17
[INFO] running `Command { std: "docker" "create" "-v" "/var/lib/crater-agent-workspace/builds/worker-3-tc1/target:/opt/rustwide/target:rw,Z" "-v" "/var/lib/crater-agent-workspace/builds/worker-3-tc1/source:/opt/rustwide/workdir:ro,Z" "-v" "/var/lib/crater-agent-workspace/cargo-home:/opt/rustwide/cargo-home:ro,Z" "-v" "/var/lib/crater-agent-workspace/rustup-home:/opt/rustwide/rustup-home:ro,Z" "-e" "SOURCE_DIR=/opt/rustwide/workdir" "-e" "CARGO_TARGET_DIR=/opt/rustwide/target" "-e" "CARGO_INCREMENTAL=0" "-e" "RUST_BACKTRACE=full" "-e" "RUSTFLAGS=--cap-lints=warn" "-e" "RUSTDOCFLAGS=--cap-lints=warn" "-e" "CARGO_HOME=/opt/rustwide/cargo-home" "-e" "RUSTUP_HOME=/opt/rustwide/rustup-home" "-w" "/opt/rustwide/workdir" "-m" "1610612736" "--user" "0:0" "--network" "none" "ghcr.io/rust-lang/crates-build-env/linux@sha256:f3a9d4ad9d972b27faf3965f35b62e55ba32bbce8f20bc8fe909558a86702fde" "/opt/rustwide/cargo-home/bin/cargo" "+1.83.0" "build" "--frozen" "--message-format=json", kill_on_drop: false }`
[INFO] [stdout] 2d356140acbfbbbca59ed6590d3552ac74986f758e42714c9f732a9d48a21b16
[INFO] running `Command { std: "docker" "start" "-a" "2d356140acbfbbbca59ed6590d3552ac74986f758e42714c9f732a9d48a21b16", kill_on_drop: false }`
[INFO] [stderr]    Compiling serde v1.0.216
[INFO] [stderr]    Compiling double-int v0.1.0 (/opt/rustwide/workdir)
[INFO] [stderr]     Finished `dev` profile [unoptimized + debuginfo] target(s) in 3.19s
[INFO] running `Command { std: "docker" "inspect" "2d356140acbfbbbca59ed6590d3552ac74986f758e42714c9f732a9d48a21b16", kill_on_drop: false }`
[INFO] running `Command { std: "docker" "rm" "-f" "2d356140acbfbbbca59ed6590d3552ac74986f758e42714c9f732a9d48a21b16", kill_on_drop: false }`
[INFO] [stdout] 2d356140acbfbbbca59ed6590d3552ac74986f758e42714c9f732a9d48a21b16
[INFO] running `Command { std: "docker" "create" "-v" "/var/lib/crater-agent-workspace/builds/worker-3-tc1/target:/opt/rustwide/target:rw,Z" "-v" "/var/lib/crater-agent-workspace/builds/worker-3-tc1/source:/opt/rustwide/workdir:ro,Z" "-v" "/var/lib/crater-agent-workspace/cargo-home:/opt/rustwide/cargo-home:ro,Z" "-v" "/var/lib/crater-agent-workspace/rustup-home:/opt/rustwide/rustup-home:ro,Z" "-e" "SOURCE_DIR=/opt/rustwide/workdir" "-e" "CARGO_TARGET_DIR=/opt/rustwide/target" "-e" "CARGO_INCREMENTAL=0" "-e" "RUST_BACKTRACE=full" "-e" "RUSTFLAGS=--cap-lints=warn" "-e" "RUSTDOCFLAGS=--cap-lints=warn" "-e" "CARGO_HOME=/opt/rustwide/cargo-home" "-e" "RUSTUP_HOME=/opt/rustwide/rustup-home" "-w" "/opt/rustwide/workdir" "-m" "1610612736" "--user" "0:0" "--network" "none" "ghcr.io/rust-lang/crates-build-env/linux@sha256:f3a9d4ad9d972b27faf3965f35b62e55ba32bbce8f20bc8fe909558a86702fde" "/opt/rustwide/cargo-home/bin/cargo" "+1.83.0" "test" "--frozen" "--no-run" "--message-format=json", kill_on_drop: false }`
[INFO] [stdout] f74c440ec8b2c7e4e6e0a1d6a59a819596be2406dbc62c59c404f71cde1a7fa3
[INFO] running `Command { std: "docker" "start" "-a" "f74c440ec8b2c7e4e6e0a1d6a59a819596be2406dbc62c59c404f71cde1a7fa3", kill_on_drop: false }`
[INFO] [stderr]    Compiling double-int v0.1.0 (/opt/rustwide/workdir)
[INFO] [stderr]     Finished `test` profile [unoptimized + debuginfo] target(s) in 0.40s
[INFO] running `Command { std: "docker" "inspect" "f74c440ec8b2c7e4e6e0a1d6a59a819596be2406dbc62c59c404f71cde1a7fa3", kill_on_drop: false }`
[INFO] running `Command { std: "docker" "rm" "-f" "f74c440ec8b2c7e4e6e0a1d6a59a819596be2406dbc62c59c404f71cde1a7fa3", kill_on_drop: false }`
[INFO] [stdout] f74c440ec8b2c7e4e6e0a1d6a59a819596be2406dbc62c59c404f71cde1a7fa3
[INFO] running `Command { std: "docker" "create" "-v" "/var/lib/crater-agent-workspace/builds/worker-3-tc1/target:/opt/rustwide/target:rw,Z" "-v" "/var/lib/crater-agent-workspace/builds/worker-3-tc1/source:/opt/rustwide/workdir:ro,Z" "-v" "/var/lib/crater-agent-workspace/cargo-home:/opt/rustwide/cargo-home:ro,Z" "-v" "/var/lib/crater-agent-workspace/rustup-home:/opt/rustwide/rustup-home:ro,Z" "-e" "SOURCE_DIR=/opt/rustwide/workdir" "-e" "CARGO_TARGET_DIR=/opt/rustwide/target" "-e" "CARGO_INCREMENTAL=0" "-e" "RUST_BACKTRACE=full" "-e" "RUSTFLAGS=--cap-lints=warn" "-e" "RUSTDOCFLAGS=--cap-lints=warn" "-e" "CARGO_HOME=/opt/rustwide/cargo-home" "-e" "RUSTUP_HOME=/opt/rustwide/rustup-home" "-w" "/opt/rustwide/workdir" "-m" "1610612736" "--user" "0:0" "--network" "none" "ghcr.io/rust-lang/crates-build-env/linux@sha256:f3a9d4ad9d972b27faf3965f35b62e55ba32bbce8f20bc8fe909558a86702fde" "/opt/rustwide/cargo-home/bin/cargo" "+1.83.0" "test" "--frozen", kill_on_drop: false }`
[INFO] [stdout] 6d4608f66c75eb8af3d3e35e146c286cfca89a37b78c617f5a98bb9a2de77b33
[INFO] running `Command { std: "docker" "start" "-a" "6d4608f66c75eb8af3d3e35e146c286cfca89a37b78c617f5a98bb9a2de77b33", kill_on_drop: false }`
[INFO] [stderr]     Finished `test` profile [unoptimized + debuginfo] target(s) in 0.01s
[INFO] [stderr]      Running unittests src/lib.rs (/opt/rustwide/target/debug/deps/double_int-260a23ef2707d9cc)
[INFO] [stdout] 
[INFO] [stdout] running 0 tests
[INFO] [stdout] 
[INFO] [stdout] test result: ok. 0 passed; 0 failed; 0 ignored; 0 measured; 0 filtered out; finished in 0.00s
[INFO] [stdout] 
[INFO] [stderr]    Doc-tests double_int
[INFO] [stdout] 
[INFO] [stdout] running 2 tests
[INFO] [stdout] test src/lib.rs - (line 9) ... FAILED
[INFO] [stdout] test src/lib.rs - DoubleInt (line 45) ... FAILED
[INFO] [stdout] 
[INFO] [stdout] failures:
[INFO] [stdout] 
[INFO] [stdout] ---- src/lib.rs - (line 9) stdout ----
[INFO] [stdout] error[E0433]: failed to resolve: could not find `Deserialize` in `serde`
[INFO] [stdout]    --> src/lib.rs:12:24
[INFO] [stdout]     |
[INFO] [stdout] 6   | #[derive(Debug, serde::Deserialize)]
[INFO] [stdout]     |                        ^^^^^^^^^^^ could not find `Deserialize` in `serde`
[INFO] [stdout]     |
[INFO] [stdout] note: found an item that was configured out
[INFO] [stdout]    --> /opt/rustwide/cargo-home/registry/src/index.crates.io-6f17d22bba15001f/serde-1.0.216/src/lib.rs:343:24
[INFO] [stdout]     |
[INFO] [stdout] 343 | pub use serde_derive::{Deserialize, Serialize};
[INFO] [stdout]     |                        ^^^^^^^^^^^
[INFO] [stdout] note: the item is gated behind the `serde_derive` feature
[INFO] [stdout]    --> /opt/rustwide/cargo-home/registry/src/index.crates.io-6f17d22bba15001f/serde-1.0.216/src/lib.rs:341:7
[INFO] [stdout]     |
[INFO] [stdout] 341 | #[cfg(feature = "serde_derive")]
[INFO] [stdout]     |       ^^^^^^^^^^^^^^^^^^^^^^^^
[INFO] [stdout] 
[INFO] [stdout] error[E0433]: failed to resolve: use of undeclared crate or module `toml`
[INFO] [stdout]   --> src/lib.rs:17:14
[INFO] [stdout]    |
[INFO] [stdout] 11 | let config = toml::from_str::<Config>(r#"
[INFO] [stdout]    |              ^^^^ use of undeclared crate or module `toml`
[INFO] [stdout] 
[INFO] [stdout] error[E0433]: failed to resolve: use of undeclared crate or module `toml`
[INFO] [stdout]   --> src/lib.rs:22:14
[INFO] [stdout]    |
[INFO] [stdout] 16 | let config = toml::from_str::<Config>(r#"
[INFO] [stdout]    |              ^^^^ use of undeclared crate or module `toml`
[INFO] [stdout] 
[INFO] [stdout] error[E0433]: failed to resolve: use of undeclared crate or module `toml`
[INFO] [stdout]   --> src/lib.rs:29:14
[INFO] [stdout]    |
[INFO] [stdout] 23 | let config = toml::from_str::<Config>(r#"
[INFO] [stdout]    |              ^^^^ use of undeclared crate or module `toml`
[INFO] [stdout] 
[INFO] [stdout] error: aborting due to 4 previous errors
[INFO] [stdout] 
[INFO] [stdout] For more information about this error, try `rustc --explain E0433`.
[INFO] [stdout] Couldn't compile the test.
[INFO] [stdout] ---- src/lib.rs - DoubleInt (line 45) stdout ----
[INFO] [stdout] error[E0433]: failed to resolve: use of undeclared crate or module `serde_json`
[INFO] [stdout]  --> src/lib.rs:48:5
[INFO] [stdout]   |
[INFO] [stdout] 6 |     serde_json::from_str::<double_int::DoubleInt>("42").unwrap(),
[INFO] [stdout]   |     ^^^^^^^^^^ use of undeclared crate or module `serde_json`
[INFO] [stdout] 
[INFO] [stdout] error[E0433]: failed to resolve: use of undeclared crate or module `serde_json`
[INFO] [stdout]   --> src/lib.rs:52:1
[INFO] [stdout]    |
[INFO] [stdout] 10 | serde_json::from_str::<double_int::DoubleInt>("4.2").unwrap_err();
[INFO] [stdout]    | ^^^^^^^^^^ use of undeclared crate or module `serde_json`
[INFO] [stdout] 
[INFO] [stdout] error[E0433]: failed to resolve: use of undeclared crate or module `serde_json`
[INFO] [stdout]   --> src/lib.rs:53:1
[INFO] [stdout]    |
[INFO] [stdout] 11 | serde_json::from_str::<double_int::DoubleInt>("36028797018963968").unwrap_err();
[INFO] [stdout]    | ^^^^^^^^^^ use of undeclared crate or module `serde_json`
[INFO] [stdout] 
[INFO] [stdout] error: aborting due to 3 previous errors
[INFO] [stdout] 
[INFO] [stdout] For more information about this error, try `rustc --explain E0433`.
[INFO] [stdout] Couldn't compile the test.
[INFO] [stdout] 
[INFO] [stdout] failures:
[INFO] [stdout]     src/lib.rs - (line 9)
[INFO] [stdout]     src/lib.rs - DoubleInt (line 45)
[INFO] [stdout] 
[INFO] [stdout] test result: FAILED. 0 passed; 2 failed; 0 ignored; 0 measured; 0 filtered out; finished in 0.13s
[INFO] [stdout] 
[INFO] [stderr] error: doctest failed, to rerun pass `--doc`
[INFO] running `Command { std: "docker" "inspect" "6d4608f66c75eb8af3d3e35e146c286cfca89a37b78c617f5a98bb9a2de77b33", kill_on_drop: false }`
[INFO] running `Command { std: "docker" "rm" "-f" "6d4608f66c75eb8af3d3e35e146c286cfca89a37b78c617f5a98bb9a2de77b33", kill_on_drop: false }`
[INFO] [stdout] 6d4608f66c75eb8af3d3e35e146c286cfca89a37b78c617f5a98bb9a2de77b33
