[INFO] fetching crate dotnetdll 0.0.4...
[INFO] testing dotnetdll-0.0.4 against 1.83.0 for beta-1.84.0-4-retry
[INFO] extracting crate dotnetdll 0.0.4 into /workspace/builds/worker-3-tc1/source
[INFO] validating manifest of crates.io crate dotnetdll 0.0.4 on toolchain 1.83.0
[INFO] running `Command { std: CARGO_HOME="/workspace/cargo-home" RUSTUP_HOME="/workspace/rustup-home" "/workspace/cargo-home/bin/cargo" "+1.83.0" "metadata" "--manifest-path" "Cargo.toml" "--no-deps", kill_on_drop: false }`
[INFO] removed /workspace/builds/worker-3-tc1/source/.cargo/config.toml
[INFO] started tweaking crates.io crate dotnetdll 0.0.4
[INFO] finished tweaking crates.io crate dotnetdll 0.0.4
[INFO] tweaked toml for crates.io crate dotnetdll 0.0.4 written to /workspace/builds/worker-3-tc1/source/Cargo.toml
[INFO] running `Command { std: CARGO_HOME="/workspace/cargo-home" RUSTUP_HOME="/workspace/rustup-home" "/workspace/cargo-home/bin/cargo" "+1.83.0" "generate-lockfile" "--manifest-path" "Cargo.toml", kill_on_drop: false }`
[INFO] [stderr]     Updating crates.io index
[INFO] [stderr]      Locking 68 packages to latest compatible versions
[INFO] [stderr]       Adding bitfield v0.14.0 (available: v0.17.0)
[INFO] [stderr]       Adding object v0.32.2 (available: v0.36.5)
[INFO] [stderr]       Adding scroll v0.11.0 (available: v0.12.0)
[INFO] [stderr]       Adding thiserror v1.0.69 (available: v2.0.7)
[INFO] running `Command { std: CARGO_HOME="/workspace/cargo-home" RUSTUP_HOME="/workspace/rustup-home" "/workspace/cargo-home/bin/cargo" "+1.83.0" "fetch" "--manifest-path" "Cargo.toml", kill_on_drop: false }`
[INFO] [stderr]  Downloading crates ...
[INFO] [stderr]   Downloaded scroll-buffer v0.3.1
[INFO] [stderr]   Downloaded dotnetdll-macros v0.0.1
[INFO] running `Command { std: "docker" "create" "-v" "/var/lib/crater-agent-workspace/builds/worker-3-tc1/target:/opt/rustwide/target:rw,Z" "-v" "/var/lib/crater-agent-workspace/builds/worker-3-tc1/source:/opt/rustwide/workdir:ro,Z" "-v" "/var/lib/crater-agent-workspace/cargo-home:/opt/rustwide/cargo-home:ro,Z" "-v" "/var/lib/crater-agent-workspace/rustup-home:/opt/rustwide/rustup-home:ro,Z" "-e" "SOURCE_DIR=/opt/rustwide/workdir" "-e" "CARGO_TARGET_DIR=/opt/rustwide/target" "-e" "CARGO_HOME=/opt/rustwide/cargo-home" "-e" "RUSTUP_HOME=/opt/rustwide/rustup-home" "-w" "/opt/rustwide/workdir" "-m" "1610612736" "--user" "0:0" "--network" "none" "ghcr.io/rust-lang/crates-build-env/linux@sha256:f3a9d4ad9d972b27faf3965f35b62e55ba32bbce8f20bc8fe909558a86702fde" "/opt/rustwide/cargo-home/bin/cargo" "+1.83.0" "metadata" "--no-deps" "--format-version=1", kill_on_drop: false }`
[INFO] [stdout] 052c5b242e48e49806af7685d27435ba78e4b1d90fe37df3f117c08a97133fe2
[INFO] running `Command { std: "docker" "start" "-a" "052c5b242e48e49806af7685d27435ba78e4b1d90fe37df3f117c08a97133fe2", kill_on_drop: false }`
[INFO] running `Command { std: "docker" "inspect" "052c5b242e48e49806af7685d27435ba78e4b1d90fe37df3f117c08a97133fe2", kill_on_drop: false }`
[INFO] running `Command { std: "docker" "rm" "-f" "052c5b242e48e49806af7685d27435ba78e4b1d90fe37df3f117c08a97133fe2", kill_on_drop: false }`
[INFO] [stdout] 052c5b242e48e49806af7685d27435ba78e4b1d90fe37df3f117c08a97133fe2
[INFO] running `Command { std: "docker" "create" "-v" "/var/lib/crater-agent-workspace/builds/worker-3-tc1/target:/opt/rustwide/target:rw,Z" "-v" "/var/lib/crater-agent-workspace/builds/worker-3-tc1/source:/opt/rustwide/workdir:ro,Z" "-v" "/var/lib/crater-agent-workspace/cargo-home:/opt/rustwide/cargo-home:ro,Z" "-v" "/var/lib/crater-agent-workspace/rustup-home:/opt/rustwide/rustup-home:ro,Z" "-e" "SOURCE_DIR=/opt/rustwide/workdir" "-e" "CARGO_TARGET_DIR=/opt/rustwide/target" "-e" "CARGO_INCREMENTAL=0" "-e" "RUST_BACKTRACE=full" "-e" "RUSTFLAGS=--cap-lints=warn" "-e" "RUSTDOCFLAGS=--cap-lints=warn" "-e" "CARGO_HOME=/opt/rustwide/cargo-home" "-e" "RUSTUP_HOME=/opt/rustwide/rustup-home" "-w" "/opt/rustwide/workdir" "-m" "1610612736" "--user" "0:0" "--network" "none" "ghcr.io/rust-lang/crates-build-env/linux@sha256:f3a9d4ad9d972b27faf3965f35b62e55ba32bbce8f20bc8fe909558a86702fde" "/opt/rustwide/cargo-home/bin/cargo" "+1.83.0" "build" "--frozen" "--message-format=json", kill_on_drop: false }`
[INFO] [stdout] c9d5ed2f3eeaf1397e3bf3dad60ea7eb6506cfec6d647d481377be910e4d9db8
[INFO] running `Command { std: "docker" "start" "-a" "c9d5ed2f3eeaf1397e3bf3dad60ea7eb6506cfec6d647d481377be910e4d9db8", kill_on_drop: false }`
[INFO] [stderr]    Compiling proc-macro2 v1.0.92
[INFO] [stderr]    Compiling unicode-ident v1.0.14
[INFO] [stderr]    Compiling cfg-if v1.0.0
[INFO] [stderr]    Compiling once_cell v1.20.2
[INFO] [stderr]    Compiling version_check v0.9.5
[INFO] [stderr]    Compiling adler2 v2.0.0
[INFO] [stderr]    Compiling static_assertions v1.1.0
[INFO] [stderr]    Compiling zerocopy v0.7.35
[INFO] [stderr]    Compiling syn v1.0.109
[INFO] [stderr]    Compiling autocfg v1.4.0
[INFO] [stderr]    Compiling radium v0.7.0
[INFO] [stderr]    Compiling miniz_oxide v0.8.0
[INFO] [stderr]    Compiling twox-hash v1.6.3
[INFO] [stderr]    Compiling ahash v0.8.11
[INFO] [stderr]    Compiling crc32fast v1.4.2
[INFO] [stderr]    Compiling equivalent v1.0.1
[INFO] [stderr]    Compiling hashbrown v0.15.2
[INFO] [stderr]    Compiling byteorder v1.5.0
[INFO] [stderr]    Compiling paste v1.0.15
[INFO] [stderr]    Compiling num-traits v0.2.19
[INFO] [stderr]    Compiling tap v1.0.1
[INFO] [stderr]    Compiling thiserror v1.0.69
[INFO] [stderr]    Compiling wyz v0.5.1
[INFO] [stderr]    Compiling flate2 v1.0.35
[INFO] [stderr]    Compiling hashbrown v0.14.5
[INFO] [stderr]    Compiling tracing-core v0.1.33
[INFO] [stderr]    Compiling quote v1.0.37
[INFO] [stderr]    Compiling memchr v2.7.4
[INFO] [stderr]    Compiling syn v2.0.90
[INFO] [stderr]    Compiling indexmap v2.7.0
[INFO] [stderr]    Compiling funty v2.0.0
[INFO] [stderr]    Compiling pin-project-lite v0.2.15
[INFO] [stderr]    Compiling heck v0.4.1
[INFO] [stderr]    Compiling bitfield v0.14.0
[INFO] [stderr]    Compiling bitvec v1.0.1
[INFO] [stderr]    Compiling dotnetdll-macros v0.0.1
[INFO] [stderr]    Compiling derive_more v0.99.18
[INFO] [stderr]    Compiling scroll_derive v0.11.1
[INFO] [stderr]    Compiling tracing-attributes v0.1.28
[INFO] [stderr]    Compiling thiserror-impl v1.0.69
[INFO] [stderr]    Compiling num-derive v0.4.2
[INFO] [stderr]    Compiling scroll v0.11.0
[INFO] [stderr]    Compiling scroll-buffer v0.3.1
[INFO] [stderr]    Compiling ruzstd v0.5.0
[INFO] [stderr]    Compiling tracing v0.1.41
[INFO] [stderr]    Compiling object v0.32.2
[INFO] [stderr]    Compiling dotnetdll v0.0.4 (/opt/rustwide/workdir)
[INFO] [stderr]     Finished `dev` profile [unoptimized + debuginfo] target(s) in 57.91s
[INFO] running `Command { std: "docker" "inspect" "c9d5ed2f3eeaf1397e3bf3dad60ea7eb6506cfec6d647d481377be910e4d9db8", kill_on_drop: false }`
[INFO] running `Command { std: "docker" "rm" "-f" "c9d5ed2f3eeaf1397e3bf3dad60ea7eb6506cfec6d647d481377be910e4d9db8", kill_on_drop: false }`
[INFO] [stdout] c9d5ed2f3eeaf1397e3bf3dad60ea7eb6506cfec6d647d481377be910e4d9db8
[INFO] running `Command { std: "docker" "create" "-v" "/var/lib/crater-agent-workspace/builds/worker-3-tc1/target:/opt/rustwide/target:rw,Z" "-v" "/var/lib/crater-agent-workspace/builds/worker-3-tc1/source:/opt/rustwide/workdir:ro,Z" "-v" "/var/lib/crater-agent-workspace/cargo-home:/opt/rustwide/cargo-home:ro,Z" "-v" "/var/lib/crater-agent-workspace/rustup-home:/opt/rustwide/rustup-home:ro,Z" "-e" "SOURCE_DIR=/opt/rustwide/workdir" "-e" "CARGO_TARGET_DIR=/opt/rustwide/target" "-e" "CARGO_INCREMENTAL=0" "-e" "RUST_BACKTRACE=full" "-e" "RUSTFLAGS=--cap-lints=warn" "-e" "RUSTDOCFLAGS=--cap-lints=warn" "-e" "CARGO_HOME=/opt/rustwide/cargo-home" "-e" "RUSTUP_HOME=/opt/rustwide/rustup-home" "-w" "/opt/rustwide/workdir" "-m" "1610612736" "--user" "0:0" "--network" "none" "ghcr.io/rust-lang/crates-build-env/linux@sha256:f3a9d4ad9d972b27faf3965f35b62e55ba32bbce8f20bc8fe909558a86702fde" "/opt/rustwide/cargo-home/bin/cargo" "+1.83.0" "test" "--frozen" "--no-run" "--message-format=json", kill_on_drop: false }`
[INFO] [stdout] 912b3d1302bdc8891883a7e71bbdf06c763ee7d5bb0c2ab95833aa455a17c575
[INFO] running `Command { std: "docker" "start" "-a" "912b3d1302bdc8891883a7e71bbdf06c763ee7d5bb0c2ab95833aa455a17c575", kill_on_drop: false }`
[INFO] [stderr]    Compiling rustix v0.38.42
[INFO] [stderr]    Compiling aho-corasick v1.1.3
[INFO] [stderr]    Compiling regex-syntax v0.8.5
[INFO] [stderr]    Compiling bitflags v2.6.0
[INFO] [stderr]    Compiling linux-raw-sys v0.4.14
[INFO] [stderr]    Compiling fastrand v2.3.0
[INFO] [stderr]    Compiling regex-automata v0.4.9
[INFO] [stderr]    Compiling tempfile v3.14.0
[INFO] [stderr]    Compiling regex v1.11.1
[INFO] [stderr]    Compiling dotnetdll v0.0.4 (/opt/rustwide/workdir)
[INFO] [stdout] warning: unused variable: `to_string`
[INFO] [stdout]    --> tests/generics.rs:235:17
[INFO] [stdout]     |
[INFO] [stdout] 235 |             let to_string = ctx.resolution.push_method(
[INFO] [stdout]     |                 ^^^^^^^^^ help: if this is intentional, prefix it with an underscore: `_to_string`
[INFO] [stdout]     |
[INFO] [stdout]     = note: `#[warn(unused_variables)]` on by default
[INFO] [stdout] 
[INFO] [stdout] 
[INFO] [stderr]     Finished `test` profile [unoptimized + debuginfo] target(s) in 39.62s
[INFO] running `Command { std: "docker" "inspect" "912b3d1302bdc8891883a7e71bbdf06c763ee7d5bb0c2ab95833aa455a17c575", kill_on_drop: false }`
[INFO] running `Command { std: "docker" "rm" "-f" "912b3d1302bdc8891883a7e71bbdf06c763ee7d5bb0c2ab95833aa455a17c575", kill_on_drop: false }`
[INFO] [stdout] 912b3d1302bdc8891883a7e71bbdf06c763ee7d5bb0c2ab95833aa455a17c575
[INFO] running `Command { std: "docker" "create" "-v" "/var/lib/crater-agent-workspace/builds/worker-3-tc1/target:/opt/rustwide/target:rw,Z" "-v" "/var/lib/crater-agent-workspace/builds/worker-3-tc1/source:/opt/rustwide/workdir:ro,Z" "-v" "/var/lib/crater-agent-workspace/cargo-home:/opt/rustwide/cargo-home:ro,Z" "-v" "/var/lib/crater-agent-workspace/rustup-home:/opt/rustwide/rustup-home:ro,Z" "-e" "SOURCE_DIR=/opt/rustwide/workdir" "-e" "CARGO_TARGET_DIR=/opt/rustwide/target" "-e" "CARGO_INCREMENTAL=0" "-e" "RUST_BACKTRACE=full" "-e" "RUSTFLAGS=--cap-lints=warn" "-e" "RUSTDOCFLAGS=--cap-lints=warn" "-e" "CARGO_HOME=/opt/rustwide/cargo-home" "-e" "RUSTUP_HOME=/opt/rustwide/rustup-home" "-w" "/opt/rustwide/workdir" "-m" "1610612736" "--user" "0:0" "--network" "none" "ghcr.io/rust-lang/crates-build-env/linux@sha256:f3a9d4ad9d972b27faf3965f35b62e55ba32bbce8f20bc8fe909558a86702fde" "/opt/rustwide/cargo-home/bin/cargo" "+1.83.0" "test" "--frozen", kill_on_drop: false }`
[INFO] [stdout] 743e38b0f5a4669d964efeaf9f7d2e42338efb5de16d508a56d1809665d8257c
[INFO] running `Command { std: "docker" "start" "-a" "743e38b0f5a4669d964efeaf9f7d2e42338efb5de16d508a56d1809665d8257c", kill_on_drop: false }`
[INFO] [stderr] warning: unused variable: `to_string`
[INFO] [stderr]    --> tests/generics.rs:235:17
[INFO] [stderr]     |
[INFO] [stderr] 235 |             let to_string = ctx.resolution.push_method(
[INFO] [stderr]     |                 ^^^^^^^^^ help: if this is intentional, prefix it with an underscore: `_to_string`
[INFO] [stderr]     |
[INFO] [stderr]     = note: `#[warn(unused_variables)]` on by default
[INFO] [stderr] 
[INFO] [stderr] warning: `dotnetdll` (test "generics") generated 1 warning
[INFO] [stderr]     Finished `test` profile [unoptimized + debuginfo] target(s) in 0.06s
[INFO] [stderr]      Running unittests src/lib.rs (/opt/rustwide/target/debug/deps/dotnetdll-3e799441bf58d770)
[INFO] [stdout] 
[INFO] [stdout] running 4 tests
[INFO] [stdout] test binary::signature::attribute::tests::attr_args_write ... ok
[INFO] [stdout] test binary::signature::encoded::tests::def_ref_spec ... ok
[INFO] [stdout] test tests::constructor_macros ... ok
[INFO] [stdout] test binary::signature::compressed::tests::compression ... ok
[INFO] [stderr]      Running tests/attributes.rs (/opt/rustwide/target/debug/deps/attributes-bd10531bfa68645f)
[INFO] [stdout] 
[INFO] [stdout] test result: ok. 4 passed; 0 failed; 0 ignored; 0 measured; 0 filtered out; finished in 0.02s
[INFO] [stdout] 
[INFO] [stdout] 
[INFO] [stdout] running 2 tests
[INFO] [stdout] test read ... FAILED
[INFO] [stdout] test write ... FAILED
[INFO] [stdout] 
[INFO] [stdout] failures:
[INFO] [stdout] 
[INFO] [stdout] ---- read stdout ----
[INFO] [stdout] thread 'read' panicked at tests/common/env.rs:38:9:
[INFO] [stdout] Missing required environment variable RUNTIME_ARTIFACTS! Please set this variable before running tests.
[INFO] [stdout] stack backtrace:
[INFO] [stdout]    0:     0x5e16d146e83a - std::backtrace_rs::backtrace::libunwind::trace::h5a5b8284f2d0c266
[INFO] [stdout]                                at /rustc/90b35a6239c3d8bdabc530a6a0816f7ff89a0aaf/library/std/src/../../backtrace/src/backtrace/libunwind.rs:116:5
[INFO] [stdout]    1:     0x5e16d146e83a - std::backtrace_rs::backtrace::trace_unsynchronized::h76d4f1c9b0b875e3
[INFO] [stdout]                                at /rustc/90b35a6239c3d8bdabc530a6a0816f7ff89a0aaf/library/std/src/../../backtrace/src/backtrace/mod.rs:66:5
[INFO] [stdout]    2:     0x5e16d146e83a - std::sys::backtrace::_print_fmt::hc4546b8364a537c6
[INFO] [stdout]                                at /rustc/90b35a6239c3d8bdabc530a6a0816f7ff89a0aaf/library/std/src/sys/backtrace.rs:66:9
[INFO] [stdout]    3:     0x5e16d146e83a - <std::sys::backtrace::BacktraceLock::print::DisplayBacktrace as core::fmt::Display>::fmt::h5b6bd5631a6d1f6b
[INFO] [stdout]                                at /rustc/90b35a6239c3d8bdabc530a6a0816f7ff89a0aaf/library/std/src/sys/backtrace.rs:39:26
[INFO] [stdout]    4:     0x5e16d14964c3 - core::fmt::rt::Argument::fmt::h270f6602a2b96f62
[INFO] [stdout]                                at /rustc/90b35a6239c3d8bdabc530a6a0816f7ff89a0aaf/library/core/src/fmt/rt.rs:177:76
[INFO] [stdout]    5:     0x5e16d14964c3 - core::fmt::write::h7550c97b06c86515
[INFO] [stdout]                                at /rustc/90b35a6239c3d8bdabc530a6a0816f7ff89a0aaf/library/core/src/fmt/mod.rs:1186:21
[INFO] [stdout]    6:     0x5e16d146b783 - std::io::Write::write_fmt::h509ff860e5956e5e
[INFO] [stdout]                                at /rustc/90b35a6239c3d8bdabc530a6a0816f7ff89a0aaf/library/std/src/io/mod.rs:1839:15
[INFO] [stdout]    7:     0x5e16d146e682 - std::sys::backtrace::BacktraceLock::print::h2395ccd2c84ba3aa
[INFO] [stdout]                                at /rustc/90b35a6239c3d8bdabc530a6a0816f7ff89a0aaf/library/std/src/sys/backtrace.rs:42:9
[INFO] [stdout]    8:     0x5e16d146fc9a - std::panicking::default_hook::{{closure}}::he19d4c7230e07961
[INFO] [stdout]                                at /rustc/90b35a6239c3d8bdabc530a6a0816f7ff89a0aaf/library/std/src/panicking.rs:268:22
[INFO] [stdout]    9:     0x5e16d146faa4 - std::panicking::default_hook::hf614597d3c67bbdb
[INFO] [stdout]                                at /rustc/90b35a6239c3d8bdabc530a6a0816f7ff89a0aaf/library/std/src/panicking.rs:292:9
[INFO] [stdout]   10:     0x5e16d112cc59 - <alloc::boxed::Box<F,A> as core::ops::function::Fn<Args>>::call::h39b51ce4599c23d1
[INFO] [stdout]                                at /rustc/90b35a6239c3d8bdabc530a6a0816f7ff89a0aaf/library/alloc/src/boxed.rs:2468:9
[INFO] [stdout]   11:     0x5e16d112cc59 - test::test_main::{{closure}}::he977ae839a582784
[INFO] [stdout]                                at /rustc/90b35a6239c3d8bdabc530a6a0816f7ff89a0aaf/library/test/src/lib.rs:133:21
[INFO] [stdout]   12:     0x5e16d1470338 - <alloc::boxed::Box<F,A> as core::ops::function::Fn<Args>>::call::h9455091b6b06f9fb
[INFO] [stdout]                                at /rustc/90b35a6239c3d8bdabc530a6a0816f7ff89a0aaf/library/alloc/src/boxed.rs:2468:9
[INFO] [stdout]   13:     0x5e16d1470338 - std::panicking::rust_panic_with_hook::h8942133a8b252070
[INFO] [stdout]                                at /rustc/90b35a6239c3d8bdabc530a6a0816f7ff89a0aaf/library/std/src/panicking.rs:809:13
[INFO] [stdout]   14:     0x5e16d14700fa - std::panicking::begin_panic_handler::{{closure}}::hb5f5963570096b29
[INFO] [stdout]                                at /rustc/90b35a6239c3d8bdabc530a6a0816f7ff89a0aaf/library/std/src/panicking.rs:674:13
[INFO] [stdout]   15:     0x5e16d146ed19 - std::sys::backtrace::__rust_end_short_backtrace::h6208cedc1922feda
[INFO] [stdout]                                at /rustc/90b35a6239c3d8bdabc530a6a0816f7ff89a0aaf/library/std/src/sys/backtrace.rs:170:18
[INFO] [stdout]   16:     0x5e16d146fd8c - rust_begin_unwind
[INFO] [stdout]                                at /rustc/90b35a6239c3d8bdabc530a6a0816f7ff89a0aaf/library/std/src/panicking.rs:665:5
[INFO] [stdout]   17:     0x5e16d10cfca0 - core::panicking::panic_fmt::h0c3082644d1bf418
[INFO] [stdout]                                at /rustc/90b35a6239c3d8bdabc530a6a0816f7ff89a0aaf/library/core/src/panicking.rs:74:14
[INFO] [stdout]   18:     0x5e16d10e88d1 - attributes::common::env::required::{{closure}}::h3ba6a3c66489d349
[INFO] [stdout]                                at /opt/rustwide/workdir/tests/common/env.rs:38:9
[INFO] [stdout]   19:     0x5e16d10e59b6 - core::result::Result<T,E>::unwrap_or_else::ha61c2f6d3c8c34cd
[INFO] [stdout]                                at /rustc/90b35a6239c3d8bdabc530a6a0816f7ff89a0aaf/library/core/src/result.rs:1458:23
[INFO] [stdout]   20:     0x5e16d10e8807 - attributes::common::env::required::hdace858d68ad3b15
[INFO] [stdout]                                at /opt/rustwide/workdir/tests/common/env.rs:37:5
[INFO] [stdout]   21:     0x5e16d10e8969 - attributes::common::env::RUNTIME_ARTIFACTS::{{closure}}::h61f48dedee654ddb
[INFO] [stdout]                                at /opt/rustwide/workdir/tests/common/env.rs:24:39
[INFO] [stdout]   22:     0x5e16d10dee26 - core::ops::function::FnOnce::call_once::h74a6454cde015225
[INFO] [stdout]                                at /rustc/90b35a6239c3d8bdabc530a6a0816f7ff89a0aaf/library/core/src/ops/function.rs:250:5
[INFO] [stdout]   23:     0x5e16d10dedd2 - core::ops::function::FnOnce::call_once::h3a005905413a45f0
[INFO] [stdout]                                at /rustc/90b35a6239c3d8bdabc530a6a0816f7ff89a0aaf/library/core/src/ops/function.rs:250:5
[INFO] [stdout]   24:     0x5e16d10dcf93 - once_cell::sync::Lazy<T,F>::force::{{closure}}::h59fbfc06378b459f
[INFO] [stdout]                                at /opt/rustwide/cargo-home/registry/src/index.crates.io-6f17d22bba15001f/once_cell-1.20.2/src/lib.rs:1310:28
[INFO] [stdout]   25:     0x5e16d10dcfed - once_cell::sync::OnceCell<T>::get_or_init::{{closure}}::h379fe174682fb666
[INFO] [stdout]                                at /opt/rustwide/cargo-home/registry/src/index.crates.io-6f17d22bba15001f/once_cell-1.20.2/src/lib.rs:1120:57
[INFO] [stdout]   26:     0x5e16d10dcdc0 - once_cell::imp::OnceCell<T>::initialize::{{closure}}::h43887b1ac1391517
[INFO] [stdout]                                at /opt/rustwide/cargo-home/registry/src/index.crates.io-6f17d22bba15001f/once_cell-1.20.2/src/imp_std.rs:72:23
[INFO] [stdout]   27:     0x5e16d142c2e6 - core::ops::function::impls::<impl core::ops::function::FnMut<A> for &mut F>::call_mut::hebd6c946e0fceb21
[INFO] [stdout]                                at /rustc/90b35a6239c3d8bdabc530a6a0816f7ff89a0aaf/library/core/src/ops/function.rs:294:13
[INFO] [stdout]   28:     0x5e16d142d881 - once_cell::imp::initialize_or_wait::hc4fb5c04a37de2ff
[INFO] [stdout]                                at /opt/rustwide/cargo-home/registry/src/index.crates.io-6f17d22bba15001f/once_cell-1.20.2/src/imp_std.rs:196:20
[INFO] [stdout]   29:     0x5e16d10dcd76 - once_cell::imp::OnceCell<T>::initialize::h1f1fec10d1375cee
[INFO] [stdout]                                at /opt/rustwide/cargo-home/registry/src/index.crates.io-6f17d22bba15001f/once_cell-1.20.2/src/imp_std.rs:68:9
[INFO] [stdout]   30:     0x5e16d10dd0bb - once_cell::sync::OnceCell<T>::get_or_try_init::h06a0a126f172af50
[INFO] [stdout]                                at /opt/rustwide/cargo-home/registry/src/index.crates.io-6f17d22bba15001f/once_cell-1.20.2/src/lib.rs:1161:13
[INFO] [stdout]   31:     0x5e16d10dcfb3 - once_cell::sync::OnceCell<T>::get_or_init::hf034bf92d250fa7a
[INFO] [stdout]                                at /opt/rustwide/cargo-home/registry/src/index.crates.io-6f17d22bba15001f/once_cell-1.20.2/src/lib.rs:1120:19
[INFO] [stdout]   32:     0x5e16d10dcf00 - once_cell::sync::Lazy<T,F>::force::h8f61bd236a309bb6
[INFO] [stdout]                                at /opt/rustwide/cargo-home/registry/src/index.crates.io-6f17d22bba15001f/once_cell-1.20.2/src/lib.rs:1309:13
[INFO] [stdout]   33:     0x5e16d10db81a - <once_cell::sync::Lazy<T,F> as core::ops::deref::Deref>::deref::hd39e723bc69b3cca
[INFO] [stdout]                                at /opt/rustwide/cargo-home/registry/src/index.crates.io-6f17d22bba15001f/once_cell-1.20.2/src/lib.rs:1376:13
[INFO] [stdout]   34:     0x5e16d10e89af - attributes::common::env::CORECLR::{{closure}}::h14da73746bba4d4d
[INFO] [stdout]                                at /opt/rustwide/workdir/tests/common/env.rs:25:31
[INFO] [stdout]   35:     0x5e16d10dee66 - core::ops::function::FnOnce::call_once::h90c61aa9da8f2735
[INFO] [stdout]                                at /rustc/90b35a6239c3d8bdabc530a6a0816f7ff89a0aaf/library/core/src/ops/function.rs:250:5
[INFO] [stdout]   36:     0x5e16d10dedd2 - core::ops::function::FnOnce::call_once::h3a005905413a45f0
[INFO] [stdout]                                at /rustc/90b35a6239c3d8bdabc530a6a0816f7ff89a0aaf/library/core/src/ops/function.rs:250:5
[INFO] [stdout]   37:     0x5e16d10dcf93 - once_cell::sync::Lazy<T,F>::force::{{closure}}::h59fbfc06378b459f
[INFO] [stdout]                                at /opt/rustwide/cargo-home/registry/src/index.crates.io-6f17d22bba15001f/once_cell-1.20.2/src/lib.rs:1310:28
[INFO] [stdout]   38:     0x5e16d10dcfed - once_cell::sync::OnceCell<T>::get_or_init::{{closure}}::h379fe174682fb666
[INFO] [stdout]                                at /opt/rustwide/cargo-home/registry/src/index.crates.io-6f17d22bba15001f/once_cell-1.20.2/src/lib.rs:1120:57
[INFO] [stdout]   39:     0x5e16d10dcdc0 - once_cell::imp::OnceCell<T>::initialize::{{closure}}::h43887b1ac1391517
[INFO] [stdout]                                at /opt/rustwide/cargo-home/registry/src/index.crates.io-6f17d22bba15001f/once_cell-1.20.2/src/imp_std.rs:72:23
[INFO] [stdout]   40:     0x5e16d142c2e6 - core::ops::function::impls::<impl core::ops::function::FnMut<A> for &mut F>::call_mut::hebd6c946e0fceb21
[INFO] [stdout]                                at /rustc/90b35a6239c3d8bdabc530a6a0816f7ff89a0aaf/library/core/src/ops/function.rs:294:13
[INFO] [stdout]   41:     0x5e16d142d881 - once_cell::imp::initialize_or_wait::hc4fb5c04a37de2ff
[INFO] [stdout]                                at /opt/rustwide/cargo-home/registry/src/index.crates.io-6f17d22bba15001f/once_cell-1.20.2/src/imp_std.rs:196:20
[INFO] [stdout]   42:     0x5e16d10dcd76 - once_cell::imp::OnceCell<T>::initialize::h1f1fec10d1375cee
[INFO] [stdout]                                at /opt/rustwide/cargo-home/registry/src/index.crates.io-6f17d22bba15001f/once_cell-1.20.2/src/imp_std.rs:68:9
[INFO] [stdout]   43:     0x5e16d10dd0bb - once_cell::sync::OnceCell<T>::get_or_try_init::h06a0a126f172af50
[INFO] [stdout]                                at /opt/rustwide/cargo-home/registry/src/index.crates.io-6f17d22bba15001f/once_cell-1.20.2/src/lib.rs:1161:13
[INFO] [stdout]   44:     0x5e16d10dcfb3 - once_cell::sync::OnceCell<T>::get_or_init::hf034bf92d250fa7a
[INFO] [stdout]                                at /opt/rustwide/cargo-home/registry/src/index.crates.io-6f17d22bba15001f/once_cell-1.20.2/src/lib.rs:1120:19
[INFO] [stdout]   45:     0x5e16d10dcf00 - once_cell::sync::Lazy<T,F>::force::h8f61bd236a309bb6
[INFO] [stdout]                                at /opt/rustwide/cargo-home/registry/src/index.crates.io-6f17d22bba15001f/once_cell-1.20.2/src/lib.rs:1309:13
[INFO] [stdout]   46:     0x5e16d10db81a - <once_cell::sync::Lazy<T,F> as core::ops::deref::Deref>::deref::hd39e723bc69b3cca
[INFO] [stdout]                                at /opt/rustwide/cargo-home/registry/src/index.crates.io-6f17d22bba15001f/once_cell-1.20.2/src/lib.rs:1376:13
[INFO] [stdout]   47:     0x5e16d10e8a0e - attributes::common::env::ILASM::{{closure}}::h623e310292367091
[INFO] [stdout]                                at /opt/rustwide/workdir/tests/common/env.rs:26:13
[INFO] [stdout]   48:     0x5e16d10ded16 - core::ops::function::FnOnce::call_once::h08e1eabb007d3c6b
[INFO] [stdout]                                at /rustc/90b35a6239c3d8bdabc530a6a0816f7ff89a0aaf/library/core/src/ops/function.rs:250:5
[INFO] [stdout]   49:     0x5e16d10dedd2 - core::ops::function::FnOnce::call_once::h3a005905413a45f0
[INFO] [stdout]                                at /rustc/90b35a6239c3d8bdabc530a6a0816f7ff89a0aaf/library/core/src/ops/function.rs:250:5
[INFO] [stdout]   50:     0x5e16d10dcf93 - once_cell::sync::Lazy<T,F>::force::{{closure}}::h59fbfc06378b459f
[INFO] [stdout]                                at /opt/rustwide/cargo-home/registry/src/index.crates.io-6f17d22bba15001f/once_cell-1.20.2/src/lib.rs:1310:28
[INFO] [stdout]   51:     0x5e16d10dcfed - once_cell::sync::OnceCell<T>::get_or_init::{{closure}}::h379fe174682fb666
[INFO] [stdout]                                at /opt/rustwide/cargo-home/registry/src/index.crates.io-6f17d22bba15001f/once_cell-1.20.2/src/lib.rs:1120:57
[INFO] [stdout]   52:     0x5e16d10dcdc0 - once_cell::imp::OnceCell<T>::initialize::{{closure}}::h43887b1ac1391517
[INFO] [stdout]                                at /opt/rustwide/cargo-home/registry/src/index.crates.io-6f17d22bba15001f/once_cell-1.20.2/src/imp_std.rs:72:23
[INFO] [stdout]   53:     0x5e16d142c2e6 - core::ops::function::impls::<impl core::ops::function::FnMut<A> for &mut F>::call_mut::hebd6c946e0fceb21
[INFO] [stdout]                                at /rustc/90b35a6239c3d8bdabc530a6a0816f7ff89a0aaf/library/core/src/ops/function.rs:294:13
[INFO] [stdout]   54:     0x5e16d142d881 - once_cell::imp::initialize_or_wait::hc4fb5c04a37de2ff
[INFO] [stdout]                                at /opt/rustwide/cargo-home/registry/src/index.crates.io-6f17d22bba15001f/once_cell-1.20.2/src/imp_std.rs:196:20
[INFO] [stdout]   55:     0x5e16d10dcd76 - once_cell::imp::OnceCell<T>::initialize::h1f1fec10d1375cee
[INFO] [stdout]                                at /opt/rustwide/cargo-home/registry/src/index.crates.io-6f17d22bba15001f/once_cell-1.20.2/src/imp_std.rs:68:9
[INFO] [stdout]   56:     0x5e16d10dd0bb - once_cell::sync::OnceCell<T>::get_or_try_init::h06a0a126f172af50
[INFO] [stdout]                                at /opt/rustwide/cargo-home/registry/src/index.crates.io-6f17d22bba15001f/once_cell-1.20.2/src/lib.rs:1161:13
[INFO] [stdout]   57:     0x5e16d10dcfb3 - once_cell::sync::OnceCell<T>::get_or_init::hf034bf92d250fa7a
[INFO] [stdout]                                at /opt/rustwide/cargo-home/registry/src/index.crates.io-6f17d22bba15001f/once_cell-1.20.2/src/lib.rs:1120:19
[INFO] [stdout]   58:     0x5e16d10dcf00 - once_cell::sync::Lazy<T,F>::force::h8f61bd236a309bb6
[INFO] [stdout]                                at /opt/rustwide/cargo-home/registry/src/index.crates.io-6f17d22bba15001f/once_cell-1.20.2/src/lib.rs:1309:13
[INFO] [stdout]   59:     0x5e16d10db81a - <once_cell::sync::Lazy<T,F> as core::ops::deref::Deref>::deref::hd39e723bc69b3cca
[INFO] [stdout]                                at /opt/rustwide/cargo-home/registry/src/index.crates.io-6f17d22bba15001f/once_cell-1.20.2/src/lib.rs:1376:13
[INFO] [stdout]   60:     0x5e16d10d436f - attributes::common::read_fixture::h16ca6e766d6be99c
[INFO] [stdout]                                at /opt/rustwide/workdir/tests/common/mod.rs:54:18
[INFO] [stdout]   61:     0x5e16d10ecc61 - attributes::read::hd00a1aaeff0caa3d
[INFO] [stdout]                                at /opt/rustwide/workdir/tests/attributes.rs:7:5
[INFO] [stdout]   62:     0x5e16d10ecc27 - attributes::read::{{closure}}::h60e55c3857952b93
[INFO] [stdout]                                at /opt/rustwide/workdir/tests/attributes.rs:6:14
[INFO] [stdout]   63:     0x5e16d10def66 - core::ops::function::FnOnce::call_once::h9dd2965c4933c707
[INFO] [stdout]                                at /rustc/90b35a6239c3d8bdabc530a6a0816f7ff89a0aaf/library/core/src/ops/function.rs:250:5
[INFO] [stdout]   64:     0x5e16d113161b - core::ops::function::FnOnce::call_once::h109cf8051a59b34e
[INFO] [stdout]                                at /rustc/90b35a6239c3d8bdabc530a6a0816f7ff89a0aaf/library/core/src/ops/function.rs:250:5
[INFO] [stdout]   65:     0x5e16d113161b - test::__rust_begin_short_backtrace::hf4fff89d377446ba
[INFO] [stdout]                                at /rustc/90b35a6239c3d8bdabc530a6a0816f7ff89a0aaf/library/test/src/lib.rs:621:18
[INFO] [stdout]   66:     0x5e16d1130e57 - test::run_test_in_process::{{closure}}::h0e39181dd7ee5a43
[INFO] [stdout]                                at /rustc/90b35a6239c3d8bdabc530a6a0816f7ff89a0aaf/library/test/src/lib.rs:644:60
[INFO] [stdout]   67:     0x5e16d1130e57 - <core::panic::unwind_safe::AssertUnwindSafe<F> as core::ops::function::FnOnce<()>>::call_once::hc5a66a30f0bdfd1f
[INFO] [stdout]                                at /rustc/90b35a6239c3d8bdabc530a6a0816f7ff89a0aaf/library/core/src/panic/unwind_safe.rs:272:9
[INFO] [stdout]   68:     0x5e16d1130e57 - std::panicking::try::do_call::h873b7cf639554a5e
[INFO] [stdout]                                at /rustc/90b35a6239c3d8bdabc530a6a0816f7ff89a0aaf/library/std/src/panicking.rs:557:40
[INFO] [stdout]   69:     0x5e16d1130e57 - std::panicking::try::hdb19862fad9c8bd1
[INFO] [stdout]                                at /rustc/90b35a6239c3d8bdabc530a6a0816f7ff89a0aaf/library/std/src/panicking.rs:520:19
[INFO] [stdout]   70:     0x5e16d1130e57 - std::panic::catch_unwind::h281fe732d236d260
[INFO] [stdout]                                at /rustc/90b35a6239c3d8bdabc530a6a0816f7ff89a0aaf/library/std/src/panic.rs:358:14
[INFO] [stdout]   71:     0x5e16d1130e57 - test::run_test_in_process::h949b6df8457ed338
[INFO] [stdout]                                at /rustc/90b35a6239c3d8bdabc530a6a0816f7ff89a0aaf/library/test/src/lib.rs:644:27
[INFO] [stdout]   72:     0x5e16d1130e57 - test::run_test::{{closure}}::h52c556a6d4740e10
[INFO] [stdout]                                at /rustc/90b35a6239c3d8bdabc530a6a0816f7ff89a0aaf/library/test/src/lib.rs:565:43
[INFO] [stdout]   73:     0x5e16d10f6134 - test::run_test::{{closure}}::h4237f6381c45ccb9
[INFO] [stdout]                                at /rustc/90b35a6239c3d8bdabc530a6a0816f7ff89a0aaf/library/test/src/lib.rs:595:41
[INFO] [stdout]   74:     0x5e16d10f6134 - std::sys::backtrace::__rust_begin_short_backtrace::h505c97a579eca628
[INFO] [stdout]                                at /rustc/90b35a6239c3d8bdabc530a6a0816f7ff89a0aaf/library/std/src/sys/backtrace.rs:154:18
[INFO] [stdout]   75:     0x5e16d10f97fe - std::thread::Builder::spawn_unchecked_::{{closure}}::{{closure}}::h9e86b2e2bc107ea3
[INFO] [stdout]                                at /rustc/90b35a6239c3d8bdabc530a6a0816f7ff89a0aaf/library/std/src/thread/mod.rs:538:17
[INFO] [stdout]   76:     0x5e16d10f97fe - <core::panic::unwind_safe::AssertUnwindSafe<F> as core::ops::function::FnOnce<()>>::call_once::h8b06ddb275ff4a25
[INFO] [stdout]                                at /rustc/90b35a6239c3d8bdabc530a6a0816f7ff89a0aaf/library/core/src/panic/unwind_safe.rs:272:9
[INFO] [stdout]   77:     0x5e16d10f97fe - std::panicking::try::do_call::hb26ecd7cd9a9355d
[INFO] [stdout]                                at /rustc/90b35a6239c3d8bdabc530a6a0816f7ff89a0aaf/library/std/src/panicking.rs:557:40
[INFO] [stdout]   78:     0x5e16d10f97fe - std::panicking::try::h8ddeca9d705f9069
[INFO] [stdout]                                at /rustc/90b35a6239c3d8bdabc530a6a0816f7ff89a0aaf/library/std/src/panicking.rs:520:19
[INFO] [stdout]   79:     0x5e16d10f97fe - std::panic::catch_unwind::h49e1c33078844c46
[INFO] [stdout]                                at /rustc/90b35a6239c3d8bdabc530a6a0816f7ff89a0aaf/library/std/src/panic.rs:358:14
[INFO] [stdout]   80:     0x5e16d10f97fe - std::thread::Builder::spawn_unchecked_::{{closure}}::h6073db6ff56ad35d
[INFO] [stdout]                                at /rustc/90b35a6239c3d8bdabc530a6a0816f7ff89a0aaf/library/std/src/thread/mod.rs:537:30
[INFO] [stdout]   81:     0x5e16d10f97fe - core::ops::function::FnOnce::call_once{{vtable.shim}}::h2c5a5f3779c774f1
[INFO] [stdout]                                at /rustc/90b35a6239c3d8bdabc530a6a0816f7ff89a0aaf/library/core/src/ops/function.rs:250:5
[INFO] [stdout]   82:     0x5e16d147553b - <alloc::boxed::Box<F,A> as core::ops::function::FnOnce<Args>>::call_once::hf75717d9f28faebf
[INFO] [stdout]                                at /rustc/90b35a6239c3d8bdabc530a6a0816f7ff89a0aaf/library/alloc/src/boxed.rs:2454:9
[INFO] [stdout]   83:     0x5e16d147553b - <alloc::boxed::Box<F,A> as core::ops::function::FnOnce<Args>>::call_once::h7bd883a5f3c5f3c1
[INFO] [stdout]                                at /rustc/90b35a6239c3d8bdabc530a6a0816f7ff89a0aaf/library/alloc/src/boxed.rs:2454:9
[INFO] [stdout]   84:     0x5e16d147553b - std::sys::pal::unix::thread::Thread::new::thread_start::hcc78f3943333fa94
[INFO] [stdout]                                at /rustc/90b35a6239c3d8bdabc530a6a0816f7ff89a0aaf/library/std/src/sys/pal/unix/thread.rs:105:17
[INFO] [stdout]   85:     0x774ebd012ac3 - <unknown>
[INFO] [stdout]   86:     0x774ebd0a3a04 - clone
[INFO] [stdout]   87:                0x0 - <unknown>
[INFO] [stdout] 
[INFO] [stdout] ---- write stdout ----
[INFO] [stdout] thread 'write' panicked at tests/common/env.rs:38:9:
[INFO] [stdout] Missing required environment variable DOTNET_SDK! Please set this variable before running tests.
[INFO] [stdout] stack backtrace:
[INFO] [stdout]    0:     0x5e16d146e83a - std::backtrace_rs::backtrace::libunwind::trace::h5a5b8284f2d0c266
[INFO] [stdout]                                at /rustc/90b35a6239c3d8bdabc530a6a0816f7ff89a0aaf/library/std/src/../../backtrace/src/backtrace/libunwind.rs:116:5
[INFO] [stdout]    1:     0x5e16d146e83a - std::backtrace_rs::backtrace::trace_unsynchronized::h76d4f1c9b0b875e3
[INFO] [stdout]                                at /rustc/90b35a6239c3d8bdabc530a6a0816f7ff89a0aaf/library/std/src/../../backtrace/src/backtrace/mod.rs:66:5
[INFO] [stdout]    2:     0x5e16d146e83a - std::sys::backtrace::_print_fmt::hc4546b8364a537c6
[INFO] [stdout]                                at /rustc/90b35a6239c3d8bdabc530a6a0816f7ff89a0aaf/library/std/src/sys/backtrace.rs:66:9
[INFO] [stdout]    3:     0x5e16d146e83a - <std::sys::backtrace::BacktraceLock::print::DisplayBacktrace as core::fmt::Display>::fmt::h5b6bd5631a6d1f6b
[INFO] [stdout]                                at /rustc/90b35a6239c3d8bdabc530a6a0816f7ff89a0aaf/library/std/src/sys/backtrace.rs:39:26
[INFO] [stdout]    4:     0x5e16d14964c3 - core::fmt::rt::Argument::fmt::h270f6602a2b96f62
[INFO] [stdout]                                at /rustc/90b35a6239c3d8bdabc530a6a0816f7ff89a0aaf/library/core/src/fmt/rt.rs:177:76
[INFO] [stdout]    5:     0x5e16d14964c3 - core::fmt::write::h7550c97b06c86515
[INFO] [stdout]                                at /rustc/90b35a6239c3d8bdabc530a6a0816f7ff89a0aaf/library/core/src/fmt/mod.rs:1186:21
[INFO] [stdout]    6:     0x5e16d146b783 - std::io::Write::write_fmt::h509ff860e5956e5e
[INFO] [stdout]                                at /rustc/90b35a6239c3d8bdabc530a6a0816f7ff89a0aaf/library/std/src/io/mod.rs:1839:15
[INFO] [stdout]    7:     0x5e16d146e682 - std::sys::backtrace::BacktraceLock::print::h2395ccd2c84ba3aa
[INFO] [stdout]                                at /rustc/90b35a6239c3d8bdabc530a6a0816f7ff89a0aaf/library/std/src/sys/backtrace.rs:42:9
[INFO] [stdout]    8:     0x5e16d146fc9a - std::panicking::default_hook::{{closure}}::he19d4c7230e07961
[INFO] [stdout]                                at /rustc/90b35a6239c3d8bdabc530a6a0816f7ff89a0aaf/library/std/src/panicking.rs:268:22
[INFO] [stdout]    9:     0x5e16d146faa4 - std::panicking::default_hook::hf614597d3c67bbdb
[INFO] [stdout]                                at /rustc/90b35a6239c3d8bdabc530a6a0816f7ff89a0aaf/library/std/src/panicking.rs:292:9
[INFO] [stdout]   10:     0x5e16d112cc59 - <alloc::boxed::Box<F,A> as core::ops::function::Fn<Args>>::call::h39b51ce4599c23d1
[INFO] [stdout]                                at /rustc/90b35a6239c3d8bdabc530a6a0816f7ff89a0aaf/library/alloc/src/boxed.rs:2468:9
[INFO] [stdout]   11:     0x5e16d112cc59 - test::test_main::{{closure}}::he977ae839a582784
[INFO] [stdout]                                at /rustc/90b35a6239c3d8bdabc530a6a0816f7ff89a0aaf/library/test/src/lib.rs:133:21
[INFO] [stdout]   12:     0x5e16d1470338 - <alloc::boxed::Box<F,A> as core::ops::function::Fn<Args>>::call::h9455091b6b06f9fb
[INFO] [stdout]                                at /rustc/90b35a6239c3d8bdabc530a6a0816f7ff89a0aaf/library/alloc/src/boxed.rs:2468:9
[INFO] [stdout]   13:     0x5e16d1470338 - std::panicking::rust_panic_with_hook::h8942133a8b252070
[INFO] [stdout]                                at /rustc/90b35a6239c3d8bdabc530a6a0816f7ff89a0aaf/library/std/src/panicking.rs:809:13
[INFO] [stdout]   14:     0x5e16d14700fa - std::panicking::begin_panic_handler::{{closure}}::hb5f5963570096b29
[INFO] [stdout]                                at /rustc/90b35a6239c3d8bdabc530a6a0816f7ff89a0aaf/library/std/src/panicking.rs:674:13
[INFO] [stdout]   15:     0x5e16d146ed19 - std::sys::backtrace::__rust_end_short_backtrace::h6208cedc1922feda
[INFO] [stdout]                                at /rustc/90b35a6239c3d8bdabc530a6a0816f7ff89a0aaf/library/std/src/sys/backtrace.rs:170:18
[INFO] [stdout]   16:     0x5e16d146fd8c - rust_begin_unwind
[INFO] [stdout]                                at /rustc/90b35a6239c3d8bdabc530a6a0816f7ff89a0aaf/library/std/src/panicking.rs:665:5
[INFO] [stdout]   17:     0x5e16d10cfca0 - core::panicking::panic_fmt::h0c3082644d1bf418
[INFO] [stdout]                                at /rustc/90b35a6239c3d8bdabc530a6a0816f7ff89a0aaf/library/core/src/panicking.rs:74:14
[INFO] [stdout]   18:     0x5e16d10e88d1 - attributes::common::env::required::{{closure}}::h3ba6a3c66489d349
[INFO] [stdout]                                at /opt/rustwide/workdir/tests/common/env.rs:38:9
[INFO] [stdout]   19:     0x5e16d10e59b6 - core::result::Result<T,E>::unwrap_or_else::ha61c2f6d3c8c34cd
[INFO] [stdout]                                at /rustc/90b35a6239c3d8bdabc530a6a0816f7ff89a0aaf/library/core/src/result.rs:1458:23
[INFO] [stdout]   20:     0x5e16d10e8807 - attributes::common::env::required::hdace858d68ad3b15
[INFO] [stdout]                                at /opt/rustwide/workdir/tests/common/env.rs:37:5
[INFO] [stdout]   21:     0x5e16d10e8919 - attributes::common::env::DOTNET_SDK::{{closure}}::hb56b045bc0c73c3b
[INFO] [stdout]                                at /opt/rustwide/workdir/tests/common/env.rs:23:32
[INFO] [stdout]   22:     0x5e16d10ded96 - core::ops::function::FnOnce::call_once::h26f2ca6c6fc391cf
[INFO] [stdout]                                at /rustc/90b35a6239c3d8bdabc530a6a0816f7ff89a0aaf/library/core/src/ops/function.rs:250:5
[INFO] [stdout]   23:     0x5e16d10dedd2 - core::ops::function::FnOnce::call_once::h3a005905413a45f0
[INFO] [stdout]                                at /rustc/90b35a6239c3d8bdabc530a6a0816f7ff89a0aaf/library/core/src/ops/function.rs:250:5
[INFO] [stdout]   24:     0x5e16d10dcf93 - once_cell::sync::Lazy<T,F>::force::{{closure}}::h59fbfc06378b459f
[INFO] [stdout]                                at /opt/rustwide/cargo-home/registry/src/index.crates.io-6f17d22bba15001f/once_cell-1.20.2/src/lib.rs:1310:28
[INFO] [stdout]   25:     0x5e16d10dcfed - once_cell::sync::OnceCell<T>::get_or_init::{{closure}}::h379fe174682fb666
[INFO] [stdout]                                at /opt/rustwide/cargo-home/registry/src/index.crates.io-6f17d22bba15001f/once_cell-1.20.2/src/lib.rs:1120:57
[INFO] [stdout]   26:     0x5e16d10dcdc0 - once_cell::imp::OnceCell<T>::initialize::{{closure}}::h43887b1ac1391517
[INFO] [stdout]                                at /opt/rustwide/cargo-home/registry/src/index.crates.io-6f17d22bba15001f/once_cell-1.20.2/src/imp_std.rs:72:23
[INFO] [stdout]   27:     0x5e16d142c2e6 - core::ops::function::impls::<impl core::ops::function::FnMut<A> for &mut F>::call_mut::hebd6c946e0fceb21
[INFO] [stdout]                                at /rustc/90b35a6239c3d8bdabc530a6a0816f7ff89a0aaf/library/core/src/ops/function.rs:294:13
[INFO] [stdout]   28:     0x5e16d142d881 - once_cell::imp::initialize_or_wait::hc4fb5c04a37de2ff
[INFO] [stdout]                                at /opt/rustwide/cargo-home/registry/src/index.crates.io-6f17d22bba15001f/once_cell-1.20.2/src/imp_std.rs:196:20
[INFO] [stdout]   29:     0x5e16d10dcd76 - once_cell::imp::OnceCell<T>::initialize::h1f1fec10d1375cee
[INFO] [stdout]                                at /opt/rustwide/cargo-home/registry/src/index.crates.io-6f17d22bba15001f/once_cell-1.20.2/src/imp_std.rs:68:9
[INFO] [stdout]   30:     0x5e16d10dd0bb - once_cell::sync::OnceCell<T>::get_or_try_init::h06a0a126f172af50
[INFO] [stdout]                                at /opt/rustwide/cargo-home/registry/src/index.crates.io-6f17d22bba15001f/once_cell-1.20.2/src/lib.rs:1161:13
[INFO] [stdout]   31:     0x5e16d10dcfb3 - once_cell::sync::OnceCell<T>::get_or_init::hf034bf92d250fa7a
[INFO] [stdout]                                at /opt/rustwide/cargo-home/registry/src/index.crates.io-6f17d22bba15001f/once_cell-1.20.2/src/lib.rs:1120:19
[INFO] [stdout]   32:     0x5e16d10dcf00 - once_cell::sync::Lazy<T,F>::force::h8f61bd236a309bb6
[INFO] [stdout]                                at /opt/rustwide/cargo-home/registry/src/index.crates.io-6f17d22bba15001f/once_cell-1.20.2/src/lib.rs:1309:13
[INFO] [stdout]   33:     0x5e16d10db81a - <once_cell::sync::Lazy<T,F> as core::ops::deref::Deref>::deref::hd39e723bc69b3cca
[INFO] [stdout]                                at /opt/rustwide/cargo-home/registry/src/index.crates.io-6f17d22bba15001f/once_cell-1.20.2/src/lib.rs:1376:13
[INFO] [stdout]   34:     0x5e16d10d630c - attributes::common::write_fixture::h53935e0f79d058b3
[INFO] [stdout]                                at /opt/rustwide/workdir/tests/common/mod.rs:148:31
[INFO] [stdout]   35:     0x5e16d10ed141 - attributes::write::h301c0521c587534c
[INFO] [stdout]                                at /opt/rustwide/workdir/tests/attributes.rs:36:5
[INFO] [stdout]   36:     0x5e16d10ed107 - attributes::write::{{closure}}::hb0ddf6be4a97e489
[INFO] [stdout]                                at /opt/rustwide/workdir/tests/attributes.rs:35:15
[INFO] [stdout]   37:     0x5e16d10defe6 - core::ops::function::FnOnce::call_once::hbb2efb8c90cdbd25
[INFO] [stdout]                                at /rustc/90b35a6239c3d8bdabc530a6a0816f7ff89a0aaf/library/core/src/ops/function.rs:250:5
[INFO] [stdout]   38:     0x5e16d113161b - core::ops::function::FnOnce::call_once::h109cf8051a59b34e
[INFO] [stdout]                                at /rustc/90b35a6239c3d8bdabc530a6a0816f7ff89a0aaf/library/core/src/ops/function.rs:250:5
[INFO] [stdout]   39:     0x5e16d113161b - test::__rust_begin_short_backtrace::hf4fff89d377446ba
[INFO] [stdout]                                at /rustc/90b35a6239c3d8bdabc530a6a0816f7ff89a0aaf/library/test/src/lib.rs:621:18
[INFO] [stdout]   40:     0x5e16d1130e57 - test::run_test_in_process::{{closure}}::h0e39181dd7ee5a43
[INFO] [stdout]                                at /rustc/90b35a6239c3d8bdabc530a6a0816f7ff89a0aaf/library/test/src/lib.rs:644:60
[INFO] [stdout]   41:     0x5e16d1130e57 - <core::panic::unwind_safe::AssertUnwindSafe<F> as core::ops::function::FnOnce<()>>::call_once::hc5a66a30f0bdfd1f
[INFO] [stdout]                                at /rustc/90b35a6239c3d8bdabc530a6a0816f7ff89a0aaf/library/core/src/panic/unwind_safe.rs:272:9
[INFO] [stdout]   42:     0x5e16d1130e57 - std::panicking::try::do_call::h873b7cf639554a5e
[INFO] [stdout]                                at /rustc/90b35a6239c3d8bdabc530a6a0816f7ff89a0aaf/library/std/src/panicking.rs:557:40
[INFO] [stdout]   43:     0x5e16d1130e57 - std::panicking::try::hdb19862fad9c8bd1
[INFO] [stdout]                                at /rustc/90b35a6239c3d8bdabc530a6a0816f7ff89a0aaf/library/std/src/panicking.rs:520:19
[INFO] [stdout]   44:     0x5e16d1130e57 - std::panic::catch_unwind::h281fe732d236d260
[INFO] [stdout]                                at /rustc/90b35a6239c3d8bdabc530a6a0816f7ff89a0aaf/library/std/src/panic.rs:358:14
[INFO] [stdout]   45:     0x5e16d1130e57 - test::run_test_in_process::h949b6df8457ed338
[INFO] [stdout]                                at /rustc/90b35a6239c3d8bdabc530a6a0816f7ff89a0aaf/library/test/src/lib.rs:644:27
[INFO] [stdout]   46:     0x5e16d1130e57 - test::run_test::{{closure}}::h52c556a6d4740e10
[INFO] [stdout]                                at /rustc/90b35a6239c3d8bdabc530a6a0816f7ff89a0aaf/library/test/src/lib.rs:565:43
[INFO] [stdout]   47:     0x5e16d10f6134 - test::run_test::{{closure}}::h4237f6381c45ccb9
[INFO] [stdout]                                at /rustc/90b35a6239c3d8bdabc530a6a0816f7ff89a0aaf/library/test/src/lib.rs:595:41
[INFO] [stdout]   48:     0x5e16d10f6134 - std::sys::backtrace::__rust_begin_short_backtrace::h505c97a579eca628
[INFO] [stdout]                                at /rustc/90b35a6239c3d8bdabc530a6a0816f7ff89a0aaf/library/std/src/sys/backtrace.rs:154:18
[INFO] [stdout]   49:     0x5e16d10f97fe - std::thread::Builder::spawn_unchecked_::{{closure}}::{{closure}}::h9e86b2e2bc107ea3
[INFO] [stdout]                                at /rustc/90b35a6239c3d8bdabc530a6a0816f7ff89a0aaf/library/std/src/thread/mod.rs:538:17
[INFO] [stdout]   50:     0x5e16d10f97fe - <core::panic::unwind_safe::AssertUnwindSafe<F> as core::ops::function::FnOnce<()>>::call_once::h8b06ddb275ff4a25
[INFO] [stdout]                                at /rustc/90b35a6239c3d8bdabc530a6a0816f7ff89a0aaf/library/core/src/panic/unwind_safe.rs:272:9
[INFO] [stdout]   51:     0x5e16d10f97fe - std::panicking::try::do_call::hb26ecd7cd9a9355d
[INFO] [stdout]                                at /rustc/90b35a6239c3d8bdabc530a6a0816f7ff89a0aaf/library/std/src/panicking.rs:557:40
[INFO] [stdout]   52:     0x5e16d10f97fe - std::panicking::try::h8ddeca9d705f9069
[INFO] [stdout]                                at /rustc/90b35a6239c3d8bdabc530a6a0816f7ff89a0aaf/library/std/src/panicking.rs:520:19
[INFO] [stdout]   53:     0x5e16d10f97fe - std::panic::catch_unwind::h49e1c33078844c46
[INFO] [stdout]                                at /rustc/90b35a6239c3d8bdabc530a6a0816f7ff89a0aaf/library/std/src/panic.rs:358:14
[INFO] [stdout]   54:     0x5e16d10f97fe - std::thread::Builder::spawn_unchecked_::{{closure}}::h6073db6ff56ad35d
[INFO] [stdout]                                at /rustc/90b35a6239c3d8bdabc530a6a0816f7ff89a0aaf/library/std/src/thread/mod.rs:537:30
[INFO] [stdout]   55:     0x5e16d10f97fe - core::ops::function::FnOnce::call_once{{vtable.shim}}::h2c5a5f3779c774f1
[INFO] [stdout]                                at /rustc/90b35a6239c3d8bdabc530a6a0816f7ff89a0aaf/library/core/src/ops/function.rs:250:5
[INFO] [stdout]   56:     0x5e16d147553b - <alloc::boxed::Box<F,A> as core::ops::function::FnOnce<Args>>::call_once::hf75717d9f28faebf
[INFO] [stdout]                                at /rustc/90b35a6239c3d8bdabc530a6a0816f7ff89a0aaf/library/alloc/src/boxed.rs:2454:9
[INFO] [stdout]   57:     0x5e16d147553b - <alloc::boxed::Box<F,A> as core::ops::function::FnOnce<Args>>::call_once::h7bd883a5f3c5f3c1
[INFO] [stdout]                                at /rustc/90b35a6239c3d8bdabc530a6a0816f7ff89a0aaf/library/alloc/src/boxed.rs:2454:9
[INFO] [stdout]   58:     0x5e16d147553b - std::sys::pal::unix::thread::Thread::new::thread_start::hcc78f3943333fa94
[INFO] [stdout]                                at /rustc/90b35a6239c3d8bdabc530a6a0816f7ff89a0aaf/library/std/src/sys/pal/unix/thread.rs:105:17
[INFO] [stdout]   59:     0x774ebd012ac3 - <unknown>
[INFO] [stdout]   60:     0x774ebd0a3a04 - clone
[INFO] [stdout]   61:                0x0 - <unknown>
[INFO] [stdout] 
[INFO] [stdout] 
[INFO] [stdout] failures:
[INFO] [stdout]     read
[INFO] [stdout]     write
[INFO] [stdout] 
[INFO] [stdout] test result: FAILED. 0 passed; 2 failed; 0 ignored; 0 measured; 0 filtered out; finished in 0.04s
[INFO] [stdout] 
[INFO] [stderr] error: test failed, to rerun pass `--test attributes`
[INFO] running `Command { std: "docker" "inspect" "743e38b0f5a4669d964efeaf9f7d2e42338efb5de16d508a56d1809665d8257c", kill_on_drop: false }`
[INFO] running `Command { std: "docker" "rm" "-f" "743e38b0f5a4669d964efeaf9f7d2e42338efb5de16d508a56d1809665d8257c", kill_on_drop: false }`
[INFO] [stdout] 743e38b0f5a4669d964efeaf9f7d2e42338efb5de16d508a56d1809665d8257c
