[INFO] fetching crate dora-ssr 0.4.14...
[INFO] testing dora-ssr-0.4.14 against beta-2024-12-08 for beta-1.84.0-4-retry
[INFO] extracting crate dora-ssr 0.4.14 into /workspace/builds/worker-2-tc2/source
[INFO] validating manifest of crates.io crate dora-ssr 0.4.14 on toolchain beta-2024-12-08
[INFO] running `Command { std: CARGO_HOME="/workspace/cargo-home" RUSTUP_HOME="/workspace/rustup-home" "/workspace/cargo-home/bin/cargo" "+beta-2024-12-08" "metadata" "--manifest-path" "Cargo.toml" "--no-deps", kill_on_drop: false }`
[INFO] started tweaking crates.io crate dora-ssr 0.4.14
[INFO] finished tweaking crates.io crate dora-ssr 0.4.14
[INFO] tweaked toml for crates.io crate dora-ssr 0.4.14 written to /workspace/builds/worker-2-tc2/source/Cargo.toml
[INFO] running `Command { std: CARGO_HOME="/workspace/cargo-home" RUSTUP_HOME="/workspace/rustup-home" "/workspace/cargo-home/bin/cargo" "+beta-2024-12-08" "generate-lockfile" "--manifest-path" "Cargo.toml", kill_on_drop: false }`
[INFO] [stderr]     Updating crates.io index
[INFO] [stderr]      Locking 7 packages to latest compatible versions
[INFO] running `Command { std: CARGO_HOME="/workspace/cargo-home" RUSTUP_HOME="/workspace/rustup-home" "/workspace/cargo-home/bin/cargo" "+beta-2024-12-08" "fetch" "--manifest-path" "Cargo.toml", kill_on_drop: false }`
[INFO] running `Command { std: "docker" "create" "-v" "/var/lib/crater-agent-workspace/builds/worker-2-tc2/target:/opt/rustwide/target:rw,Z" "-v" "/var/lib/crater-agent-workspace/builds/worker-2-tc2/source:/opt/rustwide/workdir:ro,Z" "-v" "/var/lib/crater-agent-workspace/cargo-home:/opt/rustwide/cargo-home:ro,Z" "-v" "/var/lib/crater-agent-workspace/rustup-home:/opt/rustwide/rustup-home:ro,Z" "-e" "SOURCE_DIR=/opt/rustwide/workdir" "-e" "CARGO_TARGET_DIR=/opt/rustwide/target" "-e" "CARGO_HOME=/opt/rustwide/cargo-home" "-e" "RUSTUP_HOME=/opt/rustwide/rustup-home" "-w" "/opt/rustwide/workdir" "-m" "1610612736" "--user" "0:0" "--network" "none" "ghcr.io/rust-lang/crates-build-env/linux@sha256:f3a9d4ad9d972b27faf3965f35b62e55ba32bbce8f20bc8fe909558a86702fde" "/opt/rustwide/cargo-home/bin/cargo" "+beta-2024-12-08" "metadata" "--no-deps" "--format-version=1", kill_on_drop: false }`
[INFO] [stdout] 67a67f64da13bba88d2f7e164582399dbacb42a532b8a14b83ed62b25e32fb45
[INFO] running `Command { std: "docker" "start" "-a" "67a67f64da13bba88d2f7e164582399dbacb42a532b8a14b83ed62b25e32fb45", kill_on_drop: false }`
[INFO] running `Command { std: "docker" "inspect" "67a67f64da13bba88d2f7e164582399dbacb42a532b8a14b83ed62b25e32fb45", kill_on_drop: false }`
[INFO] running `Command { std: "docker" "rm" "-f" "67a67f64da13bba88d2f7e164582399dbacb42a532b8a14b83ed62b25e32fb45", kill_on_drop: false }`
[INFO] [stdout] 67a67f64da13bba88d2f7e164582399dbacb42a532b8a14b83ed62b25e32fb45
[INFO] running `Command { std: "docker" "create" "-v" "/var/lib/crater-agent-workspace/builds/worker-2-tc2/target:/opt/rustwide/target:rw,Z" "-v" "/var/lib/crater-agent-workspace/builds/worker-2-tc2/source:/opt/rustwide/workdir:ro,Z" "-v" "/var/lib/crater-agent-workspace/cargo-home:/opt/rustwide/cargo-home:ro,Z" "-v" "/var/lib/crater-agent-workspace/rustup-home:/opt/rustwide/rustup-home:ro,Z" "-e" "SOURCE_DIR=/opt/rustwide/workdir" "-e" "CARGO_TARGET_DIR=/opt/rustwide/target" "-e" "CARGO_INCREMENTAL=0" "-e" "RUST_BACKTRACE=full" "-e" "RUSTFLAGS=--cap-lints=warn" "-e" "RUSTDOCFLAGS=--cap-lints=warn" "-e" "CARGO_HOME=/opt/rustwide/cargo-home" "-e" "RUSTUP_HOME=/opt/rustwide/rustup-home" "-w" "/opt/rustwide/workdir" "-m" "1610612736" "--user" "0:0" "--network" "none" "ghcr.io/rust-lang/crates-build-env/linux@sha256:f3a9d4ad9d972b27faf3965f35b62e55ba32bbce8f20bc8fe909558a86702fde" "/opt/rustwide/cargo-home/bin/cargo" "+beta-2024-12-08" "build" "--frozen" "--message-format=json", kill_on_drop: false }`
[INFO] [stdout] ffea146a58dc1ed5a6e1f2b41476aa255bd31be1df6881a6346d7f9064b228b2
[INFO] running `Command { std: "docker" "start" "-a" "ffea146a58dc1ed5a6e1f2b41476aa255bd31be1df6881a6346d7f9064b228b2", kill_on_drop: false }`
[INFO] [stderr]    Compiling proc-macro2 v1.0.92
[INFO] [stderr]    Compiling unicode-ident v1.0.14
[INFO] [stderr]    Compiling paste v1.0.15
[INFO] [stderr]    Compiling quote v1.0.37
[INFO] [stderr]    Compiling syn v2.0.90
[INFO] [stderr]    Compiling enumflags2_derive v0.7.10
[INFO] [stderr]    Compiling enumflags2 v0.7.10
[INFO] [stderr]    Compiling dora-ssr v0.4.14 (/opt/rustwide/workdir)
[INFO] [stderr]     Finished `dev` profile [unoptimized + debuginfo] target(s) in 7.10s
[INFO] running `Command { std: "docker" "inspect" "ffea146a58dc1ed5a6e1f2b41476aa255bd31be1df6881a6346d7f9064b228b2", kill_on_drop: false }`
[INFO] running `Command { std: "docker" "rm" "-f" "ffea146a58dc1ed5a6e1f2b41476aa255bd31be1df6881a6346d7f9064b228b2", kill_on_drop: false }`
[INFO] [stdout] ffea146a58dc1ed5a6e1f2b41476aa255bd31be1df6881a6346d7f9064b228b2
[INFO] running `Command { std: "docker" "create" "-v" "/var/lib/crater-agent-workspace/builds/worker-2-tc2/target:/opt/rustwide/target:rw,Z" "-v" "/var/lib/crater-agent-workspace/builds/worker-2-tc2/source:/opt/rustwide/workdir:ro,Z" "-v" "/var/lib/crater-agent-workspace/cargo-home:/opt/rustwide/cargo-home:ro,Z" "-v" "/var/lib/crater-agent-workspace/rustup-home:/opt/rustwide/rustup-home:ro,Z" "-e" "SOURCE_DIR=/opt/rustwide/workdir" "-e" "CARGO_TARGET_DIR=/opt/rustwide/target" "-e" "CARGO_INCREMENTAL=0" "-e" "RUST_BACKTRACE=full" "-e" "RUSTFLAGS=--cap-lints=warn" "-e" "RUSTDOCFLAGS=--cap-lints=warn" "-e" "CARGO_HOME=/opt/rustwide/cargo-home" "-e" "RUSTUP_HOME=/opt/rustwide/rustup-home" "-w" "/opt/rustwide/workdir" "-m" "1610612736" "--user" "0:0" "--network" "none" "ghcr.io/rust-lang/crates-build-env/linux@sha256:f3a9d4ad9d972b27faf3965f35b62e55ba32bbce8f20bc8fe909558a86702fde" "/opt/rustwide/cargo-home/bin/cargo" "+beta-2024-12-08" "test" "--frozen" "--no-run" "--message-format=json", kill_on_drop: false }`
[INFO] [stdout] b8b833262ae4e6f8d71fe1e6c51e4a6444c5f98cb56375d16930c9b443e81345
[INFO] running `Command { std: "docker" "start" "-a" "b8b833262ae4e6f8d71fe1e6c51e4a6444c5f98cb56375d16930c9b443e81345", kill_on_drop: false }`
[INFO] [stderr]    Compiling dora-ssr v0.4.14 (/opt/rustwide/workdir)
[INFO] [stderr]     Finished `test` profile [unoptimized + debuginfo] target(s) in 2.04s
[INFO] running `Command { std: "docker" "inspect" "b8b833262ae4e6f8d71fe1e6c51e4a6444c5f98cb56375d16930c9b443e81345", kill_on_drop: false }`
[INFO] running `Command { std: "docker" "rm" "-f" "b8b833262ae4e6f8d71fe1e6c51e4a6444c5f98cb56375d16930c9b443e81345", kill_on_drop: false }`
[INFO] [stdout] b8b833262ae4e6f8d71fe1e6c51e4a6444c5f98cb56375d16930c9b443e81345
[INFO] running `Command { std: "docker" "create" "-v" "/var/lib/crater-agent-workspace/builds/worker-2-tc2/target:/opt/rustwide/target:rw,Z" "-v" "/var/lib/crater-agent-workspace/builds/worker-2-tc2/source:/opt/rustwide/workdir:ro,Z" "-v" "/var/lib/crater-agent-workspace/cargo-home:/opt/rustwide/cargo-home:ro,Z" "-v" "/var/lib/crater-agent-workspace/rustup-home:/opt/rustwide/rustup-home:ro,Z" "-e" "SOURCE_DIR=/opt/rustwide/workdir" "-e" "CARGO_TARGET_DIR=/opt/rustwide/target" "-e" "CARGO_INCREMENTAL=0" "-e" "RUST_BACKTRACE=full" "-e" "RUSTFLAGS=--cap-lints=warn" "-e" "RUSTDOCFLAGS=--cap-lints=warn" "-e" "CARGO_HOME=/opt/rustwide/cargo-home" "-e" "RUSTUP_HOME=/opt/rustwide/rustup-home" "-w" "/opt/rustwide/workdir" "-m" "1610612736" "--user" "0:0" "--network" "none" "ghcr.io/rust-lang/crates-build-env/linux@sha256:f3a9d4ad9d972b27faf3965f35b62e55ba32bbce8f20bc8fe909558a86702fde" "/opt/rustwide/cargo-home/bin/cargo" "+beta-2024-12-08" "test" "--frozen", kill_on_drop: false }`
[INFO] [stdout] e4348ab1aba8bff5fe8de925f8a7409aed92bb7f636797129ad824c2f4fbdf7d
[INFO] running `Command { std: "docker" "start" "-a" "e4348ab1aba8bff5fe8de925f8a7409aed92bb7f636797129ad824c2f4fbdf7d", kill_on_drop: false }`
[INFO] [stderr]     Finished `test` profile [unoptimized + debuginfo] target(s) in 0.03s
[INFO] [stderr]      Running unittests src/lib.rs (/opt/rustwide/target/debug/deps/dora_ssr-03607463be21fb92)
[INFO] [stdout] 
[INFO] [stdout] running 0 tests
[INFO] [stdout] 
[INFO] [stdout] test result: ok. 0 passed; 0 failed; 0 ignored; 0 measured; 0 filtered out; finished in 0.00s
[INFO] [stdout] 
[INFO] [stderr]    Doc-tests dora_ssr
[INFO] [stdout] 
[INFO] [stdout] running 32 tests
[INFO] [stdout] test src/dora.rs - dora::Slot::ALIGN_LAYOUT (line 1840) ... FAILED
[INFO] [stdout] test src/dora.rs - dora::GSlot::APP_WS (line 2515) ... FAILED
[INFO] [stdout] test src/dora.rs - dora::Slot::GESTURE (line 1423) ... FAILED
[INFO] [stdout] test src/dora.rs - dora::Slot::CONTACT_START (line 1780) ... FAILED
[INFO] [stdout] test src/dora.rs - dora::Slot::ANIMATION_END (line 1697) ... FAILED
[INFO] [stdout] test src/dora.rs - dora::Slot::EFFEK_END (line 1864) ... FAILED
[INFO] [stdout] test src/dora.rs - dora::Slot::BODY_LEAVE (line 1752) ... FAILED
[INFO] [stdout] test src/dora.rs - dora::GSlot::APP_EVENT (line 2478) ... FAILED
[INFO] [stdout] test src/dora.rs - dora::Slot::CONTACT_END (line 1811) ... FAILED
[INFO] [stdout] test src/dora.rs - dora::Slot::ACTION_END (line 1281) ... FAILED
[INFO] [stdout] test src/dora.rs - dora::GSlot::APP_CHANGE (line 2496) ... FAILED
[INFO] [stdout] test src/dora.rs - dora::Slot::BODY_ENTER (line 1726) ... FAILED
[INFO] [stdout] test src/dora.rs - dora::Slot::BUTTON_PRESSED (line 1638) ... FAILED
[INFO] [stdout] test src/dora.rs - dora::Slot::AXIS (line 1668) ... FAILED
[INFO] [stdout] test src/dora.rs - dora::Slot::BUTTON_DOWN (line 1579) ... FAILED
[INFO] [stdout] test src/dora.rs - dora::Slot::BUTTON_UP (line 1608) ... FAILED
[INFO] [stdout] test src/dora.rs - dora::Slot::KEY_DOWN (line 1461) ... FAILED
[INFO] [stdout] test src/dora.rs - dora::Slot::TAPPED (line 1364) ... FAILED
[INFO] [stdout] test src/dora.rs - dora::Slot::KEY_UP (line 1483) ... FAILED
[INFO] [stdout] test src/dora.rs - dora::Slot::TAP_MOVED (line 1383) ... FAILED
[INFO] [stdout] test src/dora.rs - dora::Slot::TAP_ENDED (line 1345) ... FAILED
[INFO] [stdout] test src/dora.rs - dora::Slot::MOUSE_WHEEL (line 1402) ... FAILED
[INFO] [stdout] test src/dora.rs - dora::Slot::KEY_PRESSED (line 1505) ... FAILED
[INFO] [stdout] test src/dora.rs - dora::Slot::TEXT_INPUT (line 1531) ... FAILED
[INFO] [stdout] test src/dora.rs - dora::platformer::behavior::Blackboard::get (line 3735) ... FAILED
[INFO] [stdout] test src/dora.rs - dora::platformer::behavior::Blackboard::set (line 3717) ... FAILED
[INFO] [stdout] test src/dora.rs - dora::Slot::TAP_FILTER (line 1306) ... FAILED
[INFO] [stdout] test src/dora/mouse.rs - dora::mouse::Mouse::get_position (line 25) ... FAILED
[INFO] [stdout] test src/dora.rs - dora::emit (line 344) ... FAILED
[INFO] [stdout] test src/dora.rs - dora::Slot::TEXT_EDITING (line 1552) ... FAILED
[INFO] [stdout] test src/dora/vgnode.rs - dora::vgnode::VGNode::render (line 43) ... FAILED
[INFO] [stderr] error: doctest failed, to rerun pass `--doc`
[INFO] [stdout] test src/dora.rs - dora::Slot::TAP_BEGAN (line 1326) ... FAILED
[INFO] [stdout] 
[INFO] [stdout] failures:
[INFO] [stdout] 
[INFO] [stdout] ---- src/dora.rs - dora::Slot::ALIGN_LAYOUT (line 1840) stdout ----
[INFO] [stdout] error: cannot find macro `p` in this scope
[INFO] [stdout]   --> src/dora.rs:1852:2
[INFO] [stdout]    |
[INFO] [stdout] 14 |     p!("width: {}, height: {}", width, height);
[INFO] [stdout]    |     ^
[INFO] [stdout]    |
[INFO] [stdout] help: consider importing this macro
[INFO] [stdout]    |
[INFO] [stdout] 2  + use dora_ssr::p;
[INFO] [stdout]    |
[INFO] [stdout] 
[INFO] [stdout] error[E0425]: cannot find value `align_node` in this scope
[INFO] [stdout]  --> src/dora.rs:1841:1
[INFO] [stdout]   |
[INFO] [stdout] 3 | align_node.slot(Slot::ALIGN_LAYOUT, Box::new(|stack| {
[INFO] [stdout]   | ^^^^^^^^^^ help: a function with a similar name exists: `align_of`
[INFO] [stdout]  --> /rustc/202008a1b8de96d2e5b6bc02d379db03a877d34d/library/core/src/mem/mod.rs:467:1
[INFO] [stdout]   |
[INFO] [stdout]   = note: similarly named function `align_of` defined here
[INFO] [stdout] 
[INFO] [stdout] error[E0433]: failed to resolve: use of undeclared type `Slot`
[INFO] [stdout]  --> src/dora.rs:1841:17
[INFO] [stdout]   |
[INFO] [stdout] 3 | align_node.slot(Slot::ALIGN_LAYOUT, Box::new(|stack| {
[INFO] [stdout]   |                 ^^^^ use of undeclared type `Slot`
[INFO] [stdout]   |
[INFO] [stdout] help: consider importing this struct
[INFO] [stdout]   |
[INFO] [stdout] 2 + use dora_ssr::Slot;
[INFO] [stdout]   |
[INFO] [stdout] 
[INFO] [stdout] error: aborting due to 3 previous errors
[INFO] [stdout] 
[INFO] [stdout] Some errors have detailed explanations: E0425, E0433.
[INFO] [stdout] For more information about an error, try `rustc --explain E0425`.
[INFO] [stdout] Couldn't compile the test.
[INFO] [stdout] ---- src/dora.rs - dora::GSlot::APP_WS (line 2515) stdout ----
[INFO] [stdout] error: cannot find macro `p` in this scope
[INFO] [stdout]   --> src/dora.rs:2524:2
[INFO] [stdout]    |
[INFO] [stdout] 11 |     p!(event_type, msg);
[INFO] [stdout]    |     ^
[INFO] [stdout]    |
[INFO] [stdout] help: consider importing this macro
[INFO] [stdout]    |
[INFO] [stdout] 2  + use dora_ssr::p;
[INFO] [stdout]    |
[INFO] [stdout] 
[INFO] [stdout] error[E0425]: cannot find value `node` in this scope
[INFO] [stdout]  --> src/dora.rs:2516:1
[INFO] [stdout]   |
[INFO] [stdout] 3 | node.gslot(GSlot::APP_WS, Box::new(|stack| {
[INFO] [stdout]   | ^^^^ not found in this scope
[INFO] [stdout] 
[INFO] [stdout] error[E0433]: failed to resolve: use of undeclared type `GSlot`
[INFO] [stdout]  --> src/dora.rs:2516:12
[INFO] [stdout]   |
[INFO] [stdout] 3 | node.gslot(GSlot::APP_WS, Box::new(|stack| {
[INFO] [stdout]   |            ^^^^^ use of undeclared type `GSlot`
[INFO] [stdout]   |
[INFO] [stdout] help: consider importing this struct
[INFO] [stdout]   |
[INFO] [stdout] 2 + use dora_ssr::GSlot;
[INFO] [stdout]   |
[INFO] [stdout] 
[INFO] [stdout] error: aborting due to 3 previous errors
[INFO] [stdout] 
[INFO] [stdout] Some errors have detailed explanations: E0425, E0433.
[INFO] [stdout] For more information about an error, try `rustc --explain E0425`.
[INFO] [stdout] Couldn't compile the test.
[INFO] [stdout] ---- src/dora.rs - dora::Slot::GESTURE (line 1423) stdout ----
[INFO] [stdout] error[E0425]: cannot find value `node` in this scope
[INFO] [stdout]  --> src/dora.rs:1424:1
[INFO] [stdout]   |
[INFO] [stdout] 3 | node.set_touch_enabled(true);
[INFO] [stdout]   | ^^^^ not found in this scope
[INFO] [stdout] 
[INFO] [stdout] error[E0425]: cannot find value `node` in this scope
[INFO] [stdout]  --> src/dora.rs:1425:1
[INFO] [stdout]   |
[INFO] [stdout] 4 | node.slot(Slot::GESTURE, Box::new(|stack| {
[INFO] [stdout]   | ^^^^ not found in this scope
[INFO] [stdout] 
[INFO] [stdout] error[E0433]: failed to resolve: use of undeclared type `Slot`
[INFO] [stdout]  --> src/dora.rs:1425:11
[INFO] [stdout]   |
[INFO] [stdout] 4 | node.slot(Slot::GESTURE, Box::new(|stack| {
[INFO] [stdout]   |           ^^^^ use of undeclared type `Slot`
[INFO] [stdout]   |
[INFO] [stdout] help: consider importing this struct
[INFO] [stdout]   |
[INFO] [stdout] 2 + use dora_ssr::Slot;
[INFO] [stdout]   |
[INFO] [stdout] 
[INFO] [stdout] error: aborting due to 3 previous errors
[INFO] [stdout] 
[INFO] [stdout] Some errors have detailed explanations: E0425, E0433.
[INFO] [stdout] For more information about an error, try `rustc --explain E0425`.
[INFO] [stdout] Couldn't compile the test.
[INFO] [stdout] ---- src/dora.rs - dora::Slot::CONTACT_START (line 1780) stdout ----
[INFO] [stdout] error[E0425]: cannot find value `body` in this scope
[INFO] [stdout]  --> src/dora.rs:1781:1
[INFO] [stdout]   |
[INFO] [stdout] 3 | body.set_receiving_contact(true);
[INFO] [stdout]   | ^^^^ not found in this scope
[INFO] [stdout] 
[INFO] [stdout] error[E0425]: cannot find value `body` in this scope
[INFO] [stdout]  --> src/dora.rs:1782:1
[INFO] [stdout]   |
[INFO] [stdout] 4 | body.slot(Slot::CONTACT_START, Box::new(|stack| {
[INFO] [stdout]   | ^^^^ not found in this scope
[INFO] [stdout] 
[INFO] [stdout] error[E0433]: failed to resolve: use of undeclared type `Slot`
[INFO] [stdout]  --> src/dora.rs:1782:11
[INFO] [stdout]   |
[INFO] [stdout] 4 | body.slot(Slot::CONTACT_START, Box::new(|stack| {
[INFO] [stdout]   |           ^^^^ use of undeclared type `Slot`
[INFO] [stdout]   |
[INFO] [stdout] help: consider importing this struct
[INFO] [stdout]   |
[INFO] [stdout] 2 + use dora_ssr::Slot;
[INFO] [stdout]   |
[INFO] [stdout] 
[INFO] [stdout] error: aborting due to 3 previous errors
[INFO] [stdout] 
[INFO] [stdout] Some errors have detailed explanations: E0425, E0433.
[INFO] [stdout] For more information about an error, try `rustc --explain E0425`.
[INFO] [stdout] Couldn't compile the test.
[INFO] [stdout] ---- src/dora.rs - dora::Slot::ANIMATION_END (line 1697) stdout ----
[INFO] [stdout] error[E0425]: cannot find value `playable` in this scope
[INFO] [stdout]  --> src/dora.rs:1698:1
[INFO] [stdout]   |
[INFO] [stdout] 3 | playable.play("Walk", false);
[INFO] [stdout]   | ^^^^^^^^ not found in this scope
[INFO] [stdout] 
[INFO] [stdout] error[E0425]: cannot find value `playable` in this scope
[INFO] [stdout]  --> src/dora.rs:1699:1
[INFO] [stdout]   |
[INFO] [stdout] 4 | playable.slot(Slot::ANIMATION_END, Box::new(|stack| {
[INFO] [stdout]   | ^^^^^^^^ not found in this scope
[INFO] [stdout] 
[INFO] [stdout] error[E0433]: failed to resolve: use of undeclared type `Slot`
[INFO] [stdout]  --> src/dora.rs:1699:15
[INFO] [stdout]   |
[INFO] [stdout] 4 | playable.slot(Slot::ANIMATION_END, Box::new(|stack| {
[INFO] [stdout]   |               ^^^^ use of undeclared type `Slot`
[INFO] [stdout]   |
[INFO] [stdout] help: consider importing this struct
[INFO] [stdout]   |
[INFO] [stdout] 2 + use dora_ssr::Slot;
[INFO] [stdout]   |
[INFO] [stdout] 
[INFO] [stdout] error: aborting due to 3 previous errors
[INFO] [stdout] 
[INFO] [stdout] Some errors have detailed explanations: E0425, E0433.
[INFO] [stdout] For more information about an error, try `rustc --explain E0425`.
[INFO] [stdout] Couldn't compile the test.
[INFO] [stdout] ---- src/dora.rs - dora::Slot::EFFEK_END (line 1864) stdout ----
[INFO] [stdout] error: cannot find macro `p` in this scope
[INFO] [stdout]  --> src/dora.rs:1870:2
[INFO] [stdout]   |
[INFO] [stdout] 8 |     p!("Effect handle: {}", handle);
[INFO] [stdout]   |     ^
[INFO] [stdout]   |
[INFO] [stdout] help: consider importing this macro
[INFO] [stdout]   |
[INFO] [stdout] 2 + use dora_ssr::p;
[INFO] [stdout]   |
[INFO] [stdout] 
[INFO] [stdout] error[E0425]: cannot find value `effekseer_node` in this scope
[INFO] [stdout]  --> src/dora.rs:1865:1
[INFO] [stdout]   |
[INFO] [stdout] 3 | effekseer_node.slot(Slot::EFFEK_END, Box::new(|stack| {
[INFO] [stdout]   | ^^^^^^^^^^^^^^ not found in this scope
[INFO] [stdout] 
[INFO] [stdout] error[E0433]: failed to resolve: use of undeclared type `Slot`
[INFO] [stdout]  --> src/dora.rs:1865:21
[INFO] [stdout]   |
[INFO] [stdout] 3 | effekseer_node.slot(Slot::EFFEK_END, Box::new(|stack| {
[INFO] [stdout]   |                     ^^^^ use of undeclared type `Slot`
[INFO] [stdout]   |
[INFO] [stdout] help: consider importing this struct
[INFO] [stdout]   |
[INFO] [stdout] 2 + use dora_ssr::Slot;
[INFO] [stdout]   |
[INFO] [stdout] 
[INFO] [stdout] error: aborting due to 3 previous errors
[INFO] [stdout] 
[INFO] [stdout] Some errors have detailed explanations: E0425, E0433.
[INFO] [stdout] For more information about an error, try `rustc --explain E0425`.
[INFO] [stdout] Couldn't compile the test.
[INFO] [stdout] ---- src/dora.rs - dora::Slot::BODY_LEAVE (line 1752) stdout ----
[INFO] [stdout] error: cannot find macro `p` in this scope
[INFO] [stdout]   --> src/dora.rs:1764:2
[INFO] [stdout]    |
[INFO] [stdout] 14 |     p!(sensor_tag);
[INFO] [stdout]    |     ^
[INFO] [stdout]    |
[INFO] [stdout] help: consider importing this macro
[INFO] [stdout]    |
[INFO] [stdout] 2  + use dora_ssr::p;
[INFO] [stdout]    |
[INFO] [stdout] 
[INFO] [stdout] error[E0425]: cannot find value `body` in this scope
[INFO] [stdout]  --> src/dora.rs:1753:1
[INFO] [stdout]   |
[INFO] [stdout] 3 | body.slot(Slot::BODY_LEAVE, Box::new(|stack| {
[INFO] [stdout]   | ^^^^ not found in this scope
[INFO] [stdout] 
[INFO] [stdout] error[E0433]: failed to resolve: use of undeclared type `Slot`
[INFO] [stdout]  --> src/dora.rs:1753:11
[INFO] [stdout]   |
[INFO] [stdout] 3 | body.slot(Slot::BODY_LEAVE, Box::new(|stack| {
[INFO] [stdout]   |           ^^^^ use of undeclared type `Slot`
[INFO] [stdout]   |
[INFO] [stdout] help: consider importing this struct
[INFO] [stdout]   |
[INFO] [stdout] 2 + use dora_ssr::Slot;
[INFO] [stdout]   |
[INFO] [stdout] 
[INFO] [stdout] error: aborting due to 3 previous errors
[INFO] [stdout] 
[INFO] [stdout] Some errors have detailed explanations: E0425, E0433.
[INFO] [stdout] For more information about an error, try `rustc --explain E0425`.
[INFO] [stdout] Couldn't compile the test.
[INFO] [stdout] ---- src/dora.rs - dora::GSlot::APP_EVENT (line 2478) stdout ----
[INFO] [stdout] error: cannot find macro `p` in this scope
[INFO] [stdout]  --> src/dora.rs:2484:2
[INFO] [stdout]   |
[INFO] [stdout] 8 |     p!(event_type);
[INFO] [stdout]   |     ^
[INFO] [stdout]   |
[INFO] [stdout] help: consider importing this macro
[INFO] [stdout]   |
[INFO] [stdout] 2 + use dora_ssr::p;
[INFO] [stdout]   |
[INFO] [stdout] 
[INFO] [stdout] error[E0425]: cannot find value `node` in this scope
[INFO] [stdout]  --> src/dora.rs:2479:1
[INFO] [stdout]   |
[INFO] [stdout] 3 | node.gslot(GSlot::APP_EVENT, Box::new(|stack| {
[INFO] [stdout]   | ^^^^ not found in this scope
[INFO] [stdout] 
[INFO] [stdout] error[E0433]: failed to resolve: use of undeclared type `GSlot`
[INFO] [stdout]  --> src/dora.rs:2479:12
[INFO] [stdout]   |
[INFO] [stdout] 3 | node.gslot(GSlot::APP_EVENT, Box::new(|stack| {
[INFO] [stdout]   |            ^^^^^ use of undeclared type `GSlot`
[INFO] [stdout]   |
[INFO] [stdout] help: consider importing this struct
[INFO] [stdout]   |
[INFO] [stdout] 2 + use dora_ssr::GSlot;
[INFO] [stdout]   |
[INFO] [stdout] 
[INFO] [stdout] error: aborting due to 3 previous errors
[INFO] [stdout] 
[INFO] [stdout] Some errors have detailed explanations: E0425, E0433.
[INFO] [stdout] For more information about an error, try `rustc --explain E0425`.
[INFO] [stdout] Couldn't compile the test.
[INFO] [stdout] ---- src/dora.rs - dora::Slot::CONTACT_END (line 1811) stdout ----
[INFO] [stdout] error[E0425]: cannot find value `body` in this scope
[INFO] [stdout]  --> src/dora.rs:1812:1
[INFO] [stdout]   |
[INFO] [stdout] 3 | body.set_receiving_contact(true);
[INFO] [stdout]   | ^^^^ not found in this scope
[INFO] [stdout] 
[INFO] [stdout] error[E0425]: cannot find value `body` in this scope
[INFO] [stdout]  --> src/dora.rs:1813:1
[INFO] [stdout]   |
[INFO] [stdout] 4 | body.slot(Slot::CONTACT_END, Box::new(|stack| {
[INFO] [stdout]   | ^^^^ not found in this scope
[INFO] [stdout] 
[INFO] [stdout] error[E0433]: failed to resolve: use of undeclared type `Slot`
[INFO] [stdout]  --> src/dora.rs:1813:11
[INFO] [stdout]   |
[INFO] [stdout] 4 | body.slot(Slot::CONTACT_END, Box::new(|stack| {
[INFO] [stdout]   |           ^^^^ use of undeclared type `Slot`
[INFO] [stdout]   |
[INFO] [stdout] help: consider importing this struct
[INFO] [stdout]   |
[INFO] [stdout] 2 + use dora_ssr::Slot;
[INFO] [stdout]   |
[INFO] [stdout] 
[INFO] [stdout] error: aborting due to 3 previous errors
[INFO] [stdout] 
[INFO] [stdout] Some errors have detailed explanations: E0425, E0433.
[INFO] [stdout] For more information about an error, try `rustc --explain E0425`.
[INFO] [stdout] Couldn't compile the test.
[INFO] [stdout] ---- src/dora.rs - dora::Slot::ACTION_END (line 1281) stdout ----
[INFO] [stdout] error[E0425]: cannot find value `node` in this scope
[INFO] [stdout]  --> src/dora.rs:1282:1
[INFO] [stdout]   |
[INFO] [stdout] 3 | node.perform_def(ActionDef::prop(1.0, 0.0, 100.0, Property::X, EaseType::Linear));
[INFO] [stdout]   | ^^^^ not found in this scope
[INFO] [stdout] 
[INFO] [stdout] error[E0433]: failed to resolve: use of undeclared type `ActionDef`
[INFO] [stdout]  --> src/dora.rs:1282:18
[INFO] [stdout]   |
[INFO] [stdout] 3 | node.perform_def(ActionDef::prop(1.0, 0.0, 100.0, Property::X, EaseType::Linear));
[INFO] [stdout]   |                  ^^^^^^^^^ use of undeclared type `ActionDef`
[INFO] [stdout]   |
[INFO] [stdout] help: consider importing this struct
[INFO] [stdout]   |
[INFO] [stdout] 2 + use dora_ssr::ActionDef;
[INFO] [stdout]   |
[INFO] [stdout] 
[INFO] [stdout] error[E0433]: failed to resolve: use of undeclared type `Property`
[INFO] [stdout]  --> src/dora.rs:1282:51
[INFO] [stdout]   |
[INFO] [stdout] 3 | node.perform_def(ActionDef::prop(1.0, 0.0, 100.0, Property::X, EaseType::Linear));
[INFO] [stdout]   |                                                   ^^^^^^^^ use of undeclared type `Property`
[INFO] [stdout]   |
[INFO] [stdout] help: consider importing this enum
[INFO] [stdout]   |
[INFO] [stdout] 2 + use dora_ssr::Property;
[INFO] [stdout]   |
[INFO] [stdout] 
[INFO] [stdout] error[E0433]: failed to resolve: use of undeclared type `EaseType`
[INFO] [stdout]  --> src/dora.rs:1282:64
[INFO] [stdout]   |
[INFO] [stdout] 3 | node.perform_def(ActionDef::prop(1.0, 0.0, 100.0, Property::X, EaseType::Linear));
[INFO] [stdout]   |                                                                ^^^^^^^^ use of undeclared type `EaseType`
[INFO] [stdout]   |
[INFO] [stdout] help: consider importing this enum
[INFO] [stdout]   |
[INFO] [stdout] 2 + use dora_ssr::EaseType;
[INFO] [stdout]   |
[INFO] [stdout] 
[INFO] [stdout] error[E0425]: cannot find value `node` in this scope
[INFO] [stdout]  --> src/dora.rs:1283:1
[INFO] [stdout]   |
[INFO] [stdout] 4 | node.slot(Slot::ACTION_END, Box::new(|stack| {
[INFO] [stdout]   | ^^^^ not found in this scope
[INFO] [stdout] 
[INFO] [stdout] error[E0433]: failed to resolve: use of undeclared type `Slot`
[INFO] [stdout]  --> src/dora.rs:1283:11
[INFO] [stdout]   |
[INFO] [stdout] 4 | node.slot(Slot::ACTION_END, Box::new(|stack| {
[INFO] [stdout]   |           ^^^^ use of undeclared type `Slot`
[INFO] [stdout]   |
[INFO] [stdout] help: consider importing this struct
[INFO] [stdout]   |
[INFO] [stdout] 2 + use dora_ssr::Slot;
[INFO] [stdout]   |
[INFO] [stdout] 
[INFO] [stdout] error[E0412]: cannot find type `Action` in this scope
[INFO] [stdout]  --> src/dora.rs:1288:20
[INFO] [stdout]   |
[INFO] [stdout] 9 |         stack.pop_cast::<Action>(),
[INFO] [stdout]   |                          ^^^^^^
[INFO] [stdout]  --> /rustc/202008a1b8de96d2e5b6bc02d379db03a877d34d/library/core/src/option.rs:572:1
[INFO] [stdout]   |
[INFO] [stdout]   = note: similarly named enum `Option` defined here
[INFO] [stdout]   |
[INFO] [stdout] help: an enum with a similar name exists
[INFO] [stdout]   |
[INFO] [stdout] 9 |         stack.pop_cast::<Option>(),
[INFO] [stdout]   |                          ~~~~~~
[INFO] [stdout] help: consider importing this struct
[INFO] [stdout]   |
[INFO] [stdout] 2 + use dora_ssr::Action;
[INFO] [stdout]   |
[INFO] [stdout] 
[INFO] [stdout] error: aborting due to 7 previous errors
[INFO] [stdout] 
[INFO] [stdout] Some errors have detailed explanations: E0412, E0425, E0433.
[INFO] [stdout] For more information about an error, try `rustc --explain E0412`.
[INFO] [stdout] Couldn't compile the test.
[INFO] [stdout] ---- src/dora.rs - dora::GSlot::APP_CHANGE (line 2496) stdout ----
[INFO] [stdout] error: cannot find macro `p` in this scope
[INFO] [stdout]  --> src/dora.rs:2502:2
[INFO] [stdout]   |
[INFO] [stdout] 8 |     p!(setting_name);
[INFO] [stdout]   |     ^
[INFO] [stdout]   |
[INFO] [stdout] help: consider importing this macro
[INFO] [stdout]   |
[INFO] [stdout] 2 + use dora_ssr::p;
[INFO] [stdout]   |
[INFO] [stdout] 
[INFO] [stdout] error[E0425]: cannot find value `node` in this scope
[INFO] [stdout]  --> src/dora.rs:2497:1
[INFO] [stdout]   |
[INFO] [stdout] 3 | node.gslot(GSlot::APP_CHANGE, Box::new(|stack| {
[INFO] [stdout]   | ^^^^ not found in this scope
[INFO] [stdout] 
[INFO] [stdout] error[E0433]: failed to resolve: use of undeclared type `GSlot`
[INFO] [stdout]  --> src/dora.rs:2497:12
[INFO] [stdout]   |
[INFO] [stdout] 3 | node.gslot(GSlot::APP_CHANGE, Box::new(|stack| {
[INFO] [stdout]   |            ^^^^^ use of undeclared type `GSlot`
[INFO] [stdout]   |
[INFO] [stdout] help: consider importing this struct
[INFO] [stdout]   |
[INFO] [stdout] 2 + use dora_ssr::GSlot;
[INFO] [stdout]   |
[INFO] [stdout] 
[INFO] [stdout] error: aborting due to 3 previous errors
[INFO] [stdout] 
[INFO] [stdout] Some errors have detailed explanations: E0425, E0433.
[INFO] [stdout] For more information about an error, try `rustc --explain E0425`.
[INFO] [stdout] Couldn't compile the test.
[INFO] [stdout] ---- src/dora.rs - dora::Slot::BODY_ENTER (line 1726) stdout ----
[INFO] [stdout] error: cannot find macro `p` in this scope
[INFO] [stdout]   --> src/dora.rs:1738:2
[INFO] [stdout]    |
[INFO] [stdout] 14 |     p!(sensor_tag);
[INFO] [stdout]    |     ^
[INFO] [stdout]    |
[INFO] [stdout] help: consider importing this macro
[INFO] [stdout]    |
[INFO] [stdout] 2  + use dora_ssr::p;
[INFO] [stdout]    |
[INFO] [stdout] 
[INFO] [stdout] error[E0425]: cannot find value `body` in this scope
[INFO] [stdout]  --> src/dora.rs:1727:1
[INFO] [stdout]   |
[INFO] [stdout] 3 | body.slot(Slot::BODY_ENTER, Box::new(|stack| {
[INFO] [stdout]   | ^^^^ not found in this scope
[INFO] [stdout] 
[INFO] [stdout] error[E0433]: failed to resolve: use of undeclared type `Slot`
[INFO] [stdout]  --> src/dora.rs:1727:11
[INFO] [stdout]   |
[INFO] [stdout] 3 | body.slot(Slot::BODY_ENTER, Box::new(|stack| {
[INFO] [stdout]   |           ^^^^ use of undeclared type `Slot`
[INFO] [stdout]   |
[INFO] [stdout] help: consider importing this struct
[INFO] [stdout]   |
[INFO] [stdout] 2 + use dora_ssr::Slot;
[INFO] [stdout]   |
[INFO] [stdout] 
[INFO] [stdout] error: aborting due to 3 previous errors
[INFO] [stdout] 
[INFO] [stdout] Some errors have detailed explanations: E0425, E0433.
[INFO] [stdout] For more information about an error, try `rustc --explain E0425`.
[INFO] [stdout] Couldn't compile the test.
[INFO] [stdout] ---- src/dora.rs - dora::Slot::BUTTON_PRESSED (line 1638) stdout ----
[INFO] [stdout] error: cannot find macro `p` in this scope
[INFO] [stdout]   --> src/dora.rs:1652:3
[INFO] [stdout]    |
[INFO] [stdout] 16 |         p!("DPad up button pressed!");
[INFO] [stdout]    |         ^
[INFO] [stdout]    |
[INFO] [stdout] help: consider importing this macro
[INFO] [stdout]    |
[INFO] [stdout] 2  + use dora_ssr::p;
[INFO] [stdout]    |
[INFO] [stdout] 
[INFO] [stdout] error[E0425]: cannot find value `node` in this scope
[INFO] [stdout]  --> src/dora.rs:1639:1
[INFO] [stdout]   |
[INFO] [stdout] 3 | node.set_controller_enabled(true);
[INFO] [stdout]   | ^^^^ not found in this scope
[INFO] [stdout] 
[INFO] [stdout] error[E0425]: cannot find value `node` in this scope
[INFO] [stdout]  --> src/dora.rs:1640:1
[INFO] [stdout]   |
[INFO] [stdout] 4 | node.slot(Slot::BUTTON_PRESSED, Box::new(|stack| {
[INFO] [stdout]   | ^^^^ not found in this scope
[INFO] [stdout] 
[INFO] [stdout] error[E0433]: failed to resolve: use of undeclared type `Slot`
[INFO] [stdout]  --> src/dora.rs:1640:11
[INFO] [stdout]   |
[INFO] [stdout] 4 | node.slot(Slot::BUTTON_PRESSED, Box::new(|stack| {
[INFO] [stdout]   |           ^^^^ use of undeclared type `Slot`
[INFO] [stdout]   |
[INFO] [stdout] help: consider importing this struct
[INFO] [stdout]   |
[INFO] [stdout] 2 + use dora_ssr::Slot;
[INFO] [stdout]   |
[INFO] [stdout] 
[INFO] [stdout] error[E0433]: failed to resolve: use of undeclared type `ButtonName`
[INFO] [stdout]   --> src/dora.rs:1651:42
[INFO] [stdout]    |
[INFO] [stdout] 15 |     if controller_id == 0 && button_name == ButtonName::DPUp.as_ref() {
[INFO] [stdout]    |                                             ^^^^^^^^^^ use of undeclared type `ButtonName`
[INFO] [stdout]    |
[INFO] [stdout] help: consider importing this enum
[INFO] [stdout]    |
[INFO] [stdout] 2  + use dora_ssr::ButtonName;
[INFO] [stdout]    |
[INFO] [stdout] 
[INFO] [stdout] error: aborting due to 5 previous errors
[INFO] [stdout] 
[INFO] [stdout] Some errors have detailed explanations: E0425, E0433.
[INFO] [stdout] For more information about an error, try `rustc --explain E0425`.
[INFO] [stdout] Couldn't compile the test.
[INFO] [stdout] ---- src/dora.rs - dora::Slot::AXIS (line 1668) stdout ----
[INFO] [stdout] error: cannot find macro `p` in this scope
[INFO] [stdout]   --> src/dora.rs:1684:3
[INFO] [stdout]    |
[INFO] [stdout] 18 |         p!("Left stick x value {}", axis_value);
[INFO] [stdout]    |         ^
[INFO] [stdout]    |
[INFO] [stdout] help: consider importing this macro
[INFO] [stdout]    |
[INFO] [stdout] 2  + use dora_ssr::p;
[INFO] [stdout]    |
[INFO] [stdout] 
[INFO] [stdout] error[E0425]: cannot find value `node` in this scope
[INFO] [stdout]  --> src/dora.rs:1669:1
[INFO] [stdout]   |
[INFO] [stdout] 3 | node.set_controller_enabled(true);
[INFO] [stdout]   | ^^^^ not found in this scope
[INFO] [stdout] 
[INFO] [stdout] error[E0425]: cannot find value `node` in this scope
[INFO] [stdout]  --> src/dora.rs:1670:1
[INFO] [stdout]   |
[INFO] [stdout] 4 | node.slot(Slot::AXIS, Box::new(|stack| {
[INFO] [stdout]   | ^^^^ not found in this scope
[INFO] [stdout] 
[INFO] [stdout] error[E0433]: failed to resolve: use of undeclared type `Slot`
[INFO] [stdout]  --> src/dora.rs:1670:11
[INFO] [stdout]   |
[INFO] [stdout] 4 | node.slot(Slot::AXIS, Box::new(|stack| {
[INFO] [stdout]   |           ^^^^ use of undeclared type `Slot`
[INFO] [stdout]   |
[INFO] [stdout] help: consider importing this struct
[INFO] [stdout]   |
[INFO] [stdout] 2 + use dora_ssr::Slot;
[INFO] [stdout]   |
[INFO] [stdout] 
[INFO] [stdout] error[E0433]: failed to resolve: use of undeclared type `AxisName`
[INFO] [stdout]   --> src/dora.rs:1683:40
[INFO] [stdout]    |
[INFO] [stdout] 17 |     if controller_id == 0 && axis_name == AxisName::LeftX.as_ref() {
[INFO] [stdout]    |                                           ^^^^^^^^ use of undeclared type `AxisName`
[INFO] [stdout]    |
[INFO] [stdout] help: consider importing this enum
[INFO] [stdout]    |
[INFO] [stdout] 2  + use dora_ssr::AxisName;
[INFO] [stdout]    |
[INFO] [stdout] 
[INFO] [stdout] error: aborting due to 5 previous errors
[INFO] [stdout] 
[INFO] [stdout] Some errors have detailed explanations: E0425, E0433.
[INFO] [stdout] For more information about an error, try `rustc --explain E0425`.
[INFO] [stdout] Couldn't compile the test.
[INFO] [stdout] ---- src/dora.rs - dora::Slot::BUTTON_DOWN (line 1579) stdout ----
[INFO] [stdout] error: cannot find macro `p` in this scope
[INFO] [stdout]   --> src/dora.rs:1593:3
[INFO] [stdout]    |
[INFO] [stdout] 16 |         p!("DPad up button down!");
[INFO] [stdout]    |         ^
[INFO] [stdout]    |
[INFO] [stdout] help: consider importing this macro
[INFO] [stdout]    |
[INFO] [stdout] 2  + use dora_ssr::p;
[INFO] [stdout]    |
[INFO] [stdout] 
[INFO] [stdout] error[E0425]: cannot find value `node` in this scope
[INFO] [stdout]  --> src/dora.rs:1580:1
[INFO] [stdout]   |
[INFO] [stdout] 3 | node.set_controller_enabled(true);
[INFO] [stdout]   | ^^^^ not found in this scope
[INFO] [stdout] 
[INFO] [stdout] error[E0425]: cannot find value `node` in this scope
[INFO] [stdout]  --> src/dora.rs:1581:1
[INFO] [stdout]   |
[INFO] [stdout] 4 | node.slot(Slot::BUTTON_DOWN, Box::new(|stack| {
[INFO] [stdout]   | ^^^^ not found in this scope
[INFO] [stdout] 
[INFO] [stdout] error[E0433]: failed to resolve: use of undeclared type `Slot`
[INFO] [stdout]  --> src/dora.rs:1581:11
[INFO] [stdout]   |
[INFO] [stdout] 4 | node.slot(Slot::BUTTON_DOWN, Box::new(|stack| {
[INFO] [stdout]   |           ^^^^ use of undeclared type `Slot`
[INFO] [stdout]   |
[INFO] [stdout] help: consider importing this struct
[INFO] [stdout]   |
[INFO] [stdout] 2 + use dora_ssr::Slot;
[INFO] [stdout]   |
[INFO] [stdout] 
[INFO] [stdout] error[E0433]: failed to resolve: use of undeclared type `ButtonName`
[INFO] [stdout]   --> src/dora.rs:1592:42
[INFO] [stdout]    |
[INFO] [stdout] 15 |     if controller_id == 0 && button_name == ButtonName::DPUp.as_ref() {
[INFO] [stdout]    |                                             ^^^^^^^^^^ use of undeclared type `ButtonName`
[INFO] [stdout]    |
[INFO] [stdout] help: consider importing this enum
[INFO] [stdout]    |
[INFO] [stdout] 2  + use dora_ssr::ButtonName;
[INFO] [stdout]    |
[INFO] [stdout] 
[INFO] [stdout] error: aborting due to 5 previous errors
[INFO] [stdout] 
[INFO] [stdout] Some errors have detailed explanations: E0425, E0433.
[INFO] [stdout] For more information about an error, try `rustc --explain E0425`.
[INFO] [stdout] Couldn't compile the test.
[INFO] [stdout] ---- src/dora.rs - dora::Slot::BUTTON_UP (line 1608) stdout ----
[INFO] [stdout] error: cannot find macro `p` in this scope
[INFO] [stdout]   --> src/dora.rs:1622:3
[INFO] [stdout]    |
[INFO] [stdout] 16 |         p!("DPad up button up!");
[INFO] [stdout]    |         ^
[INFO] [stdout]    |
[INFO] [stdout] help: consider importing this macro
[INFO] [stdout]    |
[INFO] [stdout] 2  + use dora_ssr::p;
[INFO] [stdout]    |
[INFO] [stdout] 
[INFO] [stdout] error[E0425]: cannot find value `node` in this scope
[INFO] [stdout]  --> src/dora.rs:1609:1
[INFO] [stdout]   |
[INFO] [stdout] 3 | node.set_controller_enabled(true);
[INFO] [stdout]   | ^^^^ not found in this scope
[INFO] [stdout] 
[INFO] [stdout] error[E0425]: cannot find value `node` in this scope
[INFO] [stdout]  --> src/dora.rs:1610:1
[INFO] [stdout]   |
[INFO] [stdout] 4 | node.slot(Slot::BUTTON_UP, Box::new(|stack| {
[INFO] [stdout]   | ^^^^ not found in this scope
[INFO] [stdout] 
[INFO] [stdout] error[E0433]: failed to resolve: use of undeclared type `Slot`
[INFO] [stdout]  --> src/dora.rs:1610:11
[INFO] [stdout]   |
[INFO] [stdout] 4 | node.slot(Slot::BUTTON_UP, Box::new(|stack| {
[INFO] [stdout]   |           ^^^^ use of undeclared type `Slot`
[INFO] [stdout]   |
[INFO] [stdout] help: consider importing this struct
[INFO] [stdout]   |
[INFO] [stdout] 2 + use dora_ssr::Slot;
[INFO] [stdout]   |
[INFO] [stdout] 
[INFO] [stdout] error[E0433]: failed to resolve: use of undeclared type `ButtonName`
[INFO] [stdout]   --> src/dora.rs:1621:42
[INFO] [stdout]    |
[INFO] [stdout] 15 |     if controller_id == 0 && button_name == ButtonName::DPUp.as_ref() {
[INFO] [stdout]    |                                             ^^^^^^^^^^ use of undeclared type `ButtonName`
[INFO] [stdout]    |
[INFO] [stdout] help: consider importing this enum
[INFO] [stdout]    |
[INFO] [stdout] 2  + use dora_ssr::ButtonName;
[INFO] [stdout]    |
[INFO] [stdout] 
[INFO] [stdout] error: aborting due to 5 previous errors
[INFO] [stdout] 
[INFO] [stdout] Some errors have detailed explanations: E0425, E0433.
[INFO] [stdout] For more information about an error, try `rustc --explain E0425`.
[INFO] [stdout] Couldn't compile the test.
[INFO] [stdout] ---- src/dora.rs - dora::Slot::KEY_DOWN (line 1461) stdout ----
[INFO] [stdout] error: cannot find macro `p` in this scope
[INFO] [stdout]   --> src/dora.rs:1469:3
[INFO] [stdout]    |
[INFO] [stdout] 10 |         p!("Space key down!");
[INFO] [stdout]    |         ^
[INFO] [stdout]    |
[INFO] [stdout] help: consider importing this macro
[INFO] [stdout]    |
[INFO] [stdout] 2  + use dora_ssr::p;
[INFO] [stdout]    |
[INFO] [stdout] 
[INFO] [stdout] error[E0425]: cannot find value `node` in this scope
[INFO] [stdout]  --> src/dora.rs:1462:1
[INFO] [stdout]   |
[INFO] [stdout] 3 | node.set_keyboard_enabled(true);
[INFO] [stdout]   | ^^^^ not found in this scope
[INFO] [stdout] 
[INFO] [stdout] error[E0425]: cannot find value `node` in this scope
[INFO] [stdout]  --> src/dora.rs:1463:1
[INFO] [stdout]   |
[INFO] [stdout] 4 | node.slot(Slot::KEY_DOWN, Box::new(|stack| {
[INFO] [stdout]   | ^^^^ not found in this scope
[INFO] [stdout] 
[INFO] [stdout] error[E0433]: failed to resolve: use of undeclared type `Slot`
[INFO] [stdout]  --> src/dora.rs:1463:11
[INFO] [stdout]   |
[INFO] [stdout] 4 | node.slot(Slot::KEY_DOWN, Box::new(|stack| {
[INFO] [stdout]   |           ^^^^ use of undeclared type `Slot`
[INFO] [stdout]   |
[INFO] [stdout] help: consider importing this struct
[INFO] [stdout]   |
[INFO] [stdout] 2 + use dora_ssr::Slot;
[INFO] [stdout]   |
[INFO] [stdout] 
[INFO] [stdout] error[E0433]: failed to resolve: use of undeclared type `KeyName`
[INFO] [stdout]  --> src/dora.rs:1468:17
[INFO] [stdout]   |
[INFO] [stdout] 9 |     if key_name == KeyName::Space.as_ref() {
[INFO] [stdout]   |                    ^^^^^^^ use of undeclared type `KeyName`
[INFO] [stdout]   |
[INFO] [stdout] help: consider importing this enum
[INFO] [stdout]   |
[INFO] [stdout] 2 + use dora_ssr::KeyName;
[INFO] [stdout]   |
[INFO] [stdout] 
[INFO] [stdout] error: aborting due to 5 previous errors
[INFO] [stdout] 
[INFO] [stdout] Some errors have detailed explanations: E0425, E0433.
[INFO] [stdout] For more information about an error, try `rustc --explain E0425`.
[INFO] [stdout] Couldn't compile the test.
[INFO] [stdout] ---- src/dora.rs - dora::Slot::TAPPED (line 1364) stdout ----
[INFO] [stdout] error[E0425]: cannot find value `node` in this scope
[INFO] [stdout]  --> src/dora.rs:1365:1
[INFO] [stdout]   |
[INFO] [stdout] 3 | node.set_touch_enabled(true);
[INFO] [stdout]   | ^^^^ not found in this scope
[INFO] [stdout] 
[INFO] [stdout] error[E0425]: cannot find value `node` in this scope
[INFO] [stdout]  --> src/dora.rs:1366:1
[INFO] [stdout]   |
[INFO] [stdout] 4 | node.slot(Slot::TAPPED, Box::new(|stack| {
[INFO] [stdout]   | ^^^^ not found in this scope
[INFO] [stdout] 
[INFO] [stdout] error[E0433]: failed to resolve: use of undeclared type `Slot`
[INFO] [stdout]  --> src/dora.rs:1366:11
[INFO] [stdout]   |
[INFO] [stdout] 4 | node.slot(Slot::TAPPED, Box::new(|stack| {
[INFO] [stdout]   |           ^^^^ use of undeclared type `Slot`
[INFO] [stdout]   |
[INFO] [stdout] help: consider importing this struct
[INFO] [stdout]   |
[INFO] [stdout] 2 + use dora_ssr::Slot;
[INFO] [stdout]   |
[INFO] [stdout] 
[INFO] [stdout] error[E0412]: cannot find type `Touch` in this scope
[INFO] [stdout]  --> src/dora.rs:1367:37
[INFO] [stdout]   |
[INFO] [stdout] 5 |     let touch = match stack.pop_cast::<Touch>() {
[INFO] [stdout]   |                                        ^^^^^ not found in this scope
[INFO] [stdout]   |
[INFO] [stdout] help: consider importing this struct
[INFO] [stdout]   |
[INFO] [stdout] 2 + use dora_ssr::Touch;
[INFO] [stdout]   |
[INFO] [stdout] 
[INFO] [stdout] error: aborting due to 4 previous errors
[INFO] [stdout] 
[INFO] [stdout] Some errors have detailed explanations: E0412, E0425, E0433.
[INFO] [stdout] For more information about an error, try `rustc --explain E0412`.
[INFO] [stdout] Couldn't compile the test.
[INFO] [stdout] ---- src/dora.rs - dora::Slot::KEY_UP (line 1483) stdout ----
[INFO] [stdout] error: cannot find macro `p` in this scope
[INFO] [stdout]   --> src/dora.rs:1491:3
[INFO] [stdout]    |
[INFO] [stdout] 10 |         p!("Space key up!");
[INFO] [stdout]    |         ^
[INFO] [stdout]    |
[INFO] [stdout] help: consider importing this macro
[INFO] [stdout]    |
[INFO] [stdout] 2  + use dora_ssr::p;
[INFO] [stdout]    |
[INFO] [stdout] 
[INFO] [stdout] error[E0425]: cannot find value `node` in this scope
[INFO] [stdout]  --> src/dora.rs:1484:1
[INFO] [stdout]   |
[INFO] [stdout] 3 | node.set_keyboard_enabled(true);
[INFO] [stdout]   | ^^^^ not found in this scope
[INFO] [stdout] 
[INFO] [stdout] error[E0425]: cannot find value `node` in this scope
[INFO] [stdout]  --> src/dora.rs:1485:1
[INFO] [stdout]   |
[INFO] [stdout] 4 | node.slot(Slot::KEY_UP, Box::new(|stack| {
[INFO] [stdout]   | ^^^^ not found in this scope
[INFO] [stdout] 
[INFO] [stdout] error[E0433]: failed to resolve: use of undeclared type `Slot`
[INFO] [stdout]  --> src/dora.rs:1485:11
[INFO] [stdout]   |
[INFO] [stdout] 4 | node.slot(Slot::KEY_UP, Box::new(|stack| {
[INFO] [stdout]   |           ^^^^ use of undeclared type `Slot`
[INFO] [stdout]   |
[INFO] [stdout] help: consider importing this struct
[INFO] [stdout]   |
[INFO] [stdout] 2 + use dora_ssr::Slot;
[INFO] [stdout]   |
[INFO] [stdout] 
[INFO] [stdout] error[E0433]: failed to resolve: use of undeclared type `KeyName`
[INFO] [stdout]  --> src/dora.rs:1490:17
[INFO] [stdout]   |
[INFO] [stdout] 9 |     if key_name == KeyName::Space.as_ref() {
[INFO] [stdout]   |                    ^^^^^^^ use of undeclared type `KeyName`
[INFO] [stdout]   |
[INFO] [stdout] help: consider importing this enum
[INFO] [stdout]   |
[INFO] [stdout] 2 + use dora_ssr::KeyName;
[INFO] [stdout]   |
[INFO] [stdout] 
[INFO] [stdout] error: aborting due to 5 previous errors
[INFO] [stdout] 
[INFO] [stdout] Some errors have detailed explanations: E0425, E0433.
[INFO] [stdout] For more information about an error, try `rustc --explain E0425`.
[INFO] [stdout] Couldn't compile the test.
[INFO] [stdout] ---- src/dora.rs - dora::Slot::TAP_MOVED (line 1383) stdout ----
[INFO] [stdout] error[E0425]: cannot find value `node` in this scope
[INFO] [stdout]  --> src/dora.rs:1384:1
[INFO] [stdout]   |
[INFO] [stdout] 3 | node.set_touch_enabled(true);
[INFO] [stdout]   | ^^^^ not found in this scope
[INFO] [stdout] 
[INFO] [stdout] error[E0425]: cannot find value `node` in this scope
[INFO] [stdout]  --> src/dora.rs:1385:1
[INFO] [stdout]   |
[INFO] [stdout] 4 | node.slot(Slot::TAP_MOVED, Box::new(|stack| {
[INFO] [stdout]   | ^^^^ not found in this scope
[INFO] [stdout] 
[INFO] [stdout] error[E0433]: failed to resolve: use of undeclared type `Slot`
[INFO] [stdout]  --> src/dora.rs:1385:11
[INFO] [stdout]   |
[INFO] [stdout] 4 | node.slot(Slot::TAP_MOVED, Box::new(|stack| {
[INFO] [stdout]   |           ^^^^ use of undeclared type `Slot`
[INFO] [stdout]   |
[INFO] [stdout] help: consider importing this struct
[INFO] [stdout]   |
[INFO] [stdout] 2 + use dora_ssr::Slot;
[INFO] [stdout]   |
[INFO] [stdout] 
[INFO] [stdout] error[E0412]: cannot find type `Touch` in this scope
[INFO] [stdout]  --> src/dora.rs:1386:37
[INFO] [stdout]   |
[INFO] [stdout] 5 |     let touch = match stack.pop_cast::<Touch>() {
[INFO] [stdout]   |                                        ^^^^^ not found in this scope
[INFO] [stdout]   |
[INFO] [stdout] help: consider importing this struct
[INFO] [stdout]   |
[INFO] [stdout] 2 + use dora_ssr::Touch;
[INFO] [stdout]   |
[INFO] [stdout] 
[INFO] [stdout] error: aborting due to 4 previous errors
[INFO] [stdout] 
[INFO] [stdout] Some errors have detailed explanations: E0412, E0425, E0433.
[INFO] [stdout] For more information about an error, try `rustc --explain E0412`.
[INFO] [stdout] Couldn't compile the test.
[INFO] [stdout] ---- src/dora.rs - dora::Slot::TAP_ENDED (line 1345) stdout ----
[INFO] [stdout] error[E0425]: cannot find value `node` in this scope
[INFO] [stdout]  --> src/dora.rs:1346:1
[INFO] [stdout]   |
[INFO] [stdout] 3 | node.set_touch_enabled(true);
[INFO] [stdout]   | ^^^^ not found in this scope
[INFO] [stdout] 
[INFO] [stdout] error[E0425]: cannot find value `node` in this scope
[INFO] [stdout]  --> src/dora.rs:1347:1
[INFO] [stdout]   |
[INFO] [stdout] 4 | node.slot(Slot::TAP_ENDED, Box::new(|stack| {
[INFO] [stdout]   | ^^^^ not found in this scope
[INFO] [stdout] 
[INFO] [stdout] error[E0433]: failed to resolve: use of undeclared type `Slot`
[INFO] [stdout]  --> src/dora.rs:1347:11
[INFO] [stdout]   |
[INFO] [stdout] 4 | node.slot(Slot::TAP_ENDED, Box::new(|stack| {
[INFO] [stdout]   |           ^^^^ use of undeclared type `Slot`
[INFO] [stdout]   |
[INFO] [stdout] help: consider importing this struct
[INFO] [stdout]   |
[INFO] [stdout] 2 + use dora_ssr::Slot;
[INFO] [stdout]   |
[INFO] [stdout] 
[INFO] [stdout] error[E0412]: cannot find type `Touch` in this scope
[INFO] [stdout]  --> src/dora.rs:1348:37
[INFO] [stdout]   |
[INFO] [stdout] 5 |     let touch = match stack.pop_cast::<Touch>() {
[INFO] [stdout]   |                                        ^^^^^ not found in this scope
[INFO] [stdout]   |
[INFO] [stdout] help: consider importing this struct
[INFO] [stdout]   |
[INFO] [stdout] 2 + use dora_ssr::Touch;
[INFO] [stdout]   |
[INFO] [stdout] 
[INFO] [stdout] error: aborting due to 4 previous errors
[INFO] [stdout] 
[INFO] [stdout] Some errors have detailed explanations: E0412, E0425, E0433.
[INFO] [stdout] For more information about an error, try `rustc --explain E0412`.
[INFO] [stdout] Couldn't compile the test.
[INFO] [stdout] ---- src/dora.rs - dora::Slot::MOUSE_WHEEL (line 1402) stdout ----
[INFO] [stdout] error[E0425]: cannot find value `node` in this scope
[INFO] [stdout]  --> src/dora.rs:1403:1
[INFO] [stdout]   |
[INFO] [stdout] 3 | node.set_touch_enabled(true);
[INFO] [stdout]   | ^^^^ not found in this scope
[INFO] [stdout] 
[INFO] [stdout] error[E0425]: cannot find value `node` in this scope
[INFO] [stdout]  --> src/dora.rs:1404:1
[INFO] [stdout]   |
[INFO] [stdout] 4 | node.slot(Slot::MOUSE_WHEEL, Box::new(|stack| {
[INFO] [stdout]   | ^^^^ not found in this scope
[INFO] [stdout] 
[INFO] [stdout] error[E0433]: failed to resolve: use of undeclared type `Slot`
[INFO] [stdout]  --> src/dora.rs:1404:11
[INFO] [stdout]   |
[INFO] [stdout] 4 | node.slot(Slot::MOUSE_WHEEL, Box::new(|stack| {
[INFO] [stdout]   |           ^^^^ use of undeclared type `Slot`
[INFO] [stdout]   |
[INFO] [stdout] help: consider importing this struct
[INFO] [stdout]   |
[INFO] [stdout] 2 + use dora_ssr::Slot;
[INFO] [stdout]   |
[INFO] [stdout] 
[INFO] [stdout] error: aborting due to 3 previous errors
[INFO] [stdout] 
[INFO] [stdout] Some errors have detailed explanations: E0425, E0433.
[INFO] [stdout] For more information about an error, try `rustc --explain E0425`.
[INFO] [stdout] Couldn't compile the test.
[INFO] [stdout] ---- src/dora.rs - dora::Slot::KEY_PRESSED (line 1505) stdout ----
[INFO] [stdout] error: cannot find macro `p` in this scope
[INFO] [stdout]   --> src/dora.rs:1513:3
[INFO] [stdout]    |
[INFO] [stdout] 10 |         p!("Space key pressed!");
[INFO] [stdout]    |         ^
[INFO] [stdout]    |
[INFO] [stdout] help: consider importing this macro
[INFO] [stdout]    |
[INFO] [stdout] 2  + use dora_ssr::p;
[INFO] [stdout]    |
[INFO] [stdout] 
[INFO] [stdout] error[E0425]: cannot find value `node` in this scope
[INFO] [stdout]  --> src/dora.rs:1506:1
[INFO] [stdout]   |
[INFO] [stdout] 3 | node.set_keyboard_enabled(true);
[INFO] [stdout]   | ^^^^ not found in this scope
[INFO] [stdout] 
[INFO] [stdout] error[E0425]: cannot find value `node` in this scope
[INFO] [stdout]  --> src/dora.rs:1507:1
[INFO] [stdout]   |
[INFO] [stdout] 4 | node.slot(Slot::KEY_PRESSED, Box::new(|stack| {
[INFO] [stdout]   | ^^^^ not found in this scope
[INFO] [stdout] 
[INFO] [stdout] error[E0433]: failed to resolve: use of undeclared type `Slot`
[INFO] [stdout]  --> src/dora.rs:1507:11
[INFO] [stdout]   |
[INFO] [stdout] 4 | node.slot(Slot::KEY_PRESSED, Box::new(|stack| {
[INFO] [stdout]   |           ^^^^ use of undeclared type `Slot`
[INFO] [stdout]   |
[INFO] [stdout] help: consider importing this struct
[INFO] [stdout]   |
[INFO] [stdout] 2 + use dora_ssr::Slot;
[INFO] [stdout]   |
[INFO] [stdout] 
[INFO] [stdout] error[E0433]: failed to resolve: use of undeclared type `KeyName`
[INFO] [stdout]  --> src/dora.rs:1512:17
[INFO] [stdout]   |
[INFO] [stdout] 9 |     if key_name == KeyName::Space.as_ref() {
[INFO] [stdout]   |                    ^^^^^^^ use of undeclared type `KeyName`
[INFO] [stdout]   |
[INFO] [stdout] help: consider importing this enum
[INFO] [stdout]   |
[INFO] [stdout] 2 + use dora_ssr::KeyName;
[INFO] [stdout]   |
[INFO] [stdout] 
[INFO] [stdout] error: aborting due to 5 previous errors
[INFO] [stdout] 
[INFO] [stdout] Some errors have detailed explanations: E0425, E0433.
[INFO] [stdout] For more information about an error, try `rustc --explain E0425`.
[INFO] [stdout] Couldn't compile the test.
[INFO] [stdout] ---- src/dora.rs - dora::Slot::TEXT_INPUT (line 1531) stdout ----
[INFO] [stdout] error: cannot find macro `p` in this scope
[INFO] [stdout]  --> src/dora.rs:1538:2
[INFO] [stdout]   |
[INFO] [stdout] 9 |     p!(text);
[INFO] [stdout]   |     ^
[INFO] [stdout]   |
[INFO] [stdout] help: consider importing this macro
[INFO] [stdout]   |
[INFO] [stdout] 2 + use dora_ssr::p;
[INFO] [stdout]   |
[INFO] [stdout] 
[INFO] [stdout] error[E0425]: cannot find value `node` in this scope
[INFO] [stdout]  --> src/dora.rs:1532:1
[INFO] [stdout]   |
[INFO] [stdout] 3 | node.attach_ime();
[INFO] [stdout]   | ^^^^ not found in this scope
[INFO] [stdout] 
[INFO] [stdout] error[E0425]: cannot find value `node` in this scope
[INFO] [stdout]  --> src/dora.rs:1533:1
[INFO] [stdout]   |
[INFO] [stdout] 4 | node.slot(Slot::TEXT_INPUT, Box::new(|stack| {
[INFO] [stdout]   | ^^^^ not found in this scope
[INFO] [stdout] 
[INFO] [stdout] error[E0433]: failed to resolve: use of undeclared type `Slot`
[INFO] [stdout]  --> src/dora.rs:1533:11
[INFO] [stdout]   |
[INFO] [stdout] 4 | node.slot(Slot::TEXT_INPUT, Box::new(|stack| {
[INFO] [stdout]   |           ^^^^ use of undeclared type `Slot`
[INFO] [stdout]   |
[INFO] [stdout] help: consider importing this struct
[INFO] [stdout]   |
[INFO] [stdout] 2 + use dora_ssr::Slot;
[INFO] [stdout]   |
[INFO] [stdout] 
[INFO] [stdout] error: aborting due to 4 previous errors
[INFO] [stdout] 
[INFO] [stdout] Some errors have detailed explanations: E0425, E0433.
[INFO] [stdout] For more information about an error, try `rustc --explain E0425`.
[INFO] [stdout] Couldn't compile the test.
[INFO] [stdout] ---- src/dora.rs - dora::platformer::behavior::Blackboard::get (line 3735) stdout ----
[INFO] [stdout] error[E0425]: cannot find value `blackboard` in this scope
[INFO] [stdout]  --> src/dora.rs:3736:22
[INFO] [stdout]   |
[INFO] [stdout] 3 | if let Some(score) = blackboard.get("score") {
[INFO] [stdout]   |                      ^^^^^^^^^^ not found in this scope
[INFO] [stdout] 
[INFO] [stdout] error: aborting due to 1 previous error
[INFO] [stdout] 
[INFO] [stdout] For more information about this error, try `rustc --explain E0425`.
[INFO] [stdout] Couldn't compile the test.
[INFO] [stdout] ---- src/dora.rs - dora::platformer::behavior::Blackboard::set (line 3717) stdout ----
[INFO] [stdout] error[E0425]: cannot find value `blackboard` in this scope
[INFO] [stdout]  --> src/dora.rs:3718:1
[INFO] [stdout]   |
[INFO] [stdout] 3 | blackboard.set("score", 100);
[INFO] [stdout]   | ^^^^^^^^^^ not found in this scope
[INFO] [stdout] 
[INFO] [stdout] error: aborting due to 1 previous error
[INFO] [stdout] 
[INFO] [stdout] For more information about this error, try `rustc --explain E0425`.
[INFO] [stdout] Couldn't compile the test.
[INFO] [stdout] ---- src/dora.rs - dora::Slot::TAP_FILTER (line 1306) stdout ----
[INFO] [stdout] error[E0425]: cannot find value `node` in this scope
[INFO] [stdout]  --> src/dora.rs:1307:1
[INFO] [stdout]   |
[INFO] [stdout] 3 | node.set_touch_enabled(true);
[INFO] [stdout]   | ^^^^ not found in this scope
[INFO] [stdout] 
[INFO] [stdout] error[E0425]: cannot find value `node` in this scope
[INFO] [stdout]  --> src/dora.rs:1308:1
[INFO] [stdout]   |
[INFO] [stdout] 4 | node.slot(Slot::TAP_FILTER, Box::new(|stack| {
[INFO] [stdout]   | ^^^^ not found in this scope
[INFO] [stdout] 
[INFO] [stdout] error[E0433]: failed to resolve: use of undeclared type `Slot`
[INFO] [stdout]  --> src/dora.rs:1308:11
[INFO] [stdout]   |
[INFO] [stdout] 4 | node.slot(Slot::TAP_FILTER, Box::new(|stack| {
[INFO] [stdout]   |           ^^^^ use of undeclared type `Slot`
[INFO] [stdout]   |
[INFO] [stdout] help: consider importing this struct
[INFO] [stdout]   |
[INFO] [stdout] 2 + use dora_ssr::Slot;
[INFO] [stdout]   |
[INFO] [stdout] 
[INFO] [stdout] error[E0412]: cannot find type `Touch` in this scope
[INFO] [stdout]  --> src/dora.rs:1309:37
[INFO] [stdout]   |
[INFO] [stdout] 5 |     let touch = match stack.pop_cast::<Touch>() {
[INFO] [stdout]   |                                        ^^^^^ not found in this scope
[INFO] [stdout]   |
[INFO] [stdout] help: consider importing this struct
[INFO] [stdout]   |
[INFO] [stdout] 2 + use dora_ssr::Touch;
[INFO] [stdout]   |
[INFO] [stdout] 
[INFO] [stdout] error: aborting due to 4 previous errors
[INFO] [stdout] 
[INFO] [stdout] Some errors have detailed explanations: E0412, E0425, E0433.
[INFO] [stdout] For more information about an error, try `rustc --explain E0412`.
[INFO] [stdout] Couldn't compile the test.
[INFO] [stdout] ---- src/dora/mouse.rs - dora::mouse::Mouse::get_position (line 25) stdout ----
[INFO] [stdout] error[E0433]: failed to resolve: use of undeclared type `Mouse`
[INFO] [stdout]  --> src/dora/mouse.rs:26:16
[INFO] [stdout]   |
[INFO] [stdout] 3 | let worldPos = Mouse::get_position() * App::get_device_pixel_ratio();
[INFO] [stdout]   |                ^^^^^ use of undeclared type `Mouse`
[INFO] [stdout]   |
[INFO] [stdout] help: consider importing this struct
[INFO] [stdout]   |
[INFO] [stdout] 2 + use dora_ssr::Mouse;
[INFO] [stdout]   |
[INFO] [stdout] 
[INFO] [stdout] error[E0433]: failed to resolve: use of undeclared type `App`
[INFO] [stdout]  --> src/dora/mouse.rs:26:40
[INFO] [stdout]   |
[INFO] [stdout] 3 | let worldPos = Mouse::get_position() * App::get_device_pixel_ratio();
[INFO] [stdout]   |                                        ^^^ use of undeclared type `App`
[INFO] [stdout]   |
[INFO] [stdout] help: consider importing this struct
[INFO] [stdout]   |
[INFO] [stdout] 2 + use dora_ssr::App;
[INFO] [stdout]   |
[INFO] [stdout] 
[INFO] [stdout] error[E0425]: cannot find value `node` in this scope
[INFO] [stdout]  --> src/dora/mouse.rs:27:15
[INFO] [stdout]   |
[INFO] [stdout] 4 | let nodePos = node.convert_to_node_space(&worldPos);
[INFO] [stdout]   |               ^^^^ not found in this scope
[INFO] [stdout] 
[INFO] [stdout] error: aborting due to 3 previous errors
[INFO] [stdout] 
[INFO] [stdout] Some errors have detailed explanations: E0425, E0433.
[INFO] [stdout] For more information about an error, try `rustc --explain E0425`.
[INFO] [stdout] Couldn't compile the test.
[INFO] [stdout] ---- src/dora.rs - dora::emit (line 344) stdout ----
[INFO] [stdout] error: cannot find macro `args` in this scope
[INFO] [stdout]   --> src/dora.rs:354:23
[INFO] [stdout]    |
[INFO] [stdout] 12 | emit("MyGlobalEvent", args!("Hello", 123));
[INFO] [stdout]    |                       ^^^^
[INFO] [stdout]    |
[INFO] [stdout] help: consider importing this macro
[INFO] [stdout]    |
[INFO] [stdout] 2  + use dora_ssr::args;
[INFO] [stdout]    |
[INFO] [stdout] 
[INFO] [stdout] error: cannot find macro `p` in this scope
[INFO] [stdout]  --> src/dora.rs:351:2
[INFO] [stdout]   |
[INFO] [stdout] 9 |     p!("Event triggered: {}, {}", arg1, arg2);
[INFO] [stdout]   |     ^
[INFO] [stdout]   |
[INFO] [stdout] help: consider importing this macro
[INFO] [stdout]   |
[INFO] [stdout] 2 + use dora_ssr::p;
[INFO] [stdout]   |
[INFO] [stdout] 
[INFO] [stdout] error[E0433]: failed to resolve: use of undeclared type `Node`
[INFO] [stdout]  --> src/dora.rs:345:16
[INFO] [stdout]   |
[INFO] [stdout] 3 | let mut node = Node::new();
[INFO] [stdout]   |                ^^^^ use of undeclared type `Node`
[INFO] [stdout]   |
[INFO] [stdout] help: consider importing this struct
[INFO] [stdout]   |
[INFO] [stdout] 2 + use dora_ssr::Node;
[INFO] [stdout]   |
[INFO] [stdout] 
[INFO] [stdout] error[E0425]: cannot find function `emit` in this scope
[INFO] [stdout]   --> src/dora.rs:354:1
[INFO] [stdout]    |
[INFO] [stdout] 12 | emit("MyGlobalEvent", args!("Hello", 123));
[INFO] [stdout]    | ^^^^ not found in this scope
[INFO] [stdout]    |
[INFO] [stdout] help: consider importing this function
[INFO] [stdout]    |
[INFO] [stdout] 2  + use dora_ssr::emit;
[INFO] [stdout]    |
[INFO] [stdout] 
[INFO] [stdout] error: aborting due to 4 previous errors
[INFO] [stdout] 
[INFO] [stdout] Some errors have detailed explanations: E0425, E0433.
[INFO] [stdout] For more information about an error, try `rustc --explain E0425`.
[INFO] [stdout] Couldn't compile the test.
[INFO] [stdout] ---- src/dora.rs - dora::Slot::TEXT_EDITING (line 1552) stdout ----
[INFO] [stdout] error: cannot find macro `p` in this scope
[INFO] [stdout]   --> src/dora.rs:1565:2
[INFO] [stdout]    |
[INFO] [stdout] 15 |     p!(text, start_pos);
[INFO] [stdout]    |     ^
[INFO] [stdout]    |
[INFO] [stdout] help: consider importing this macro
[INFO] [stdout]    |
[INFO] [stdout] 2  + use dora_ssr::p;
[INFO] [stdout]    |
[INFO] [stdout] 
[INFO] [stdout] error[E0425]: cannot find value `node` in this scope
[INFO] [stdout]  --> src/dora.rs:1553:1
[INFO] [stdout]   |
[INFO] [stdout] 3 | node.attach_ime();
[INFO] [stdout]   | ^^^^ not found in this scope
[INFO] [stdout] 
[INFO] [stdout] error[E0425]: cannot find value `node` in this scope
[INFO] [stdout]  --> src/dora.rs:1554:1
[INFO] [stdout]   |
[INFO] [stdout] 4 | node.slot(Slot::TEXT_EDITING, Box::new(|stack| {
[INFO] [stdout]   | ^^^^ not found in this scope
[INFO] [stdout] 
[INFO] [stdout] error[E0433]: failed to resolve: use of undeclared type `Slot`
[INFO] [stdout]  --> src/dora.rs:1554:11
[INFO] [stdout]   |
[INFO] [stdout] 4 | node.slot(Slot::TEXT_EDITING, Box::new(|stack| {
[INFO] [stdout]   |           ^^^^ use of undeclared type `Slot`
[INFO] [stdout]   |
[INFO] [stdout] help: consider importing this struct
[INFO] [stdout]   |
[INFO] [stdout] 2 + use dora_ssr::Slot;
[INFO] [stdout]   |
[INFO] [stdout] 
[INFO] [stdout] error: aborting due to 4 previous errors
[INFO] [stdout] 
[INFO] [stdout] Some errors have detailed explanations: E0425, E0433.
[INFO] [stdout] For more information about an error, try `rustc --explain E0425`.
[INFO] [stdout] Couldn't compile the test.
[INFO] [stdout] ---- src/dora/vgnode.rs - dora::vgnode::VGNode::render (line 43) stdout ----
[INFO] [stdout] error[E0425]: cannot find value `vgNode` in this scope
[INFO] [stdout]  --> src/dora/vgnode.rs:44:1
[INFO] [stdout]   |
[INFO] [stdout] 3 | vgNode.render(|| {
[INFO] [stdout]   | ^^^^^^ not found in this scope
[INFO] [stdout] 
[INFO] [stdout] error[E0433]: failed to resolve: use of undeclared type `Nvg`
[INFO] [stdout]  --> src/dora/vgnode.rs:45:2
[INFO] [stdout]   |
[INFO] [stdout] 4 |     Nvg::begin_path();
[INFO] [stdout]   |     ^^^ use of undeclared type `Nvg`
[INFO] [stdout]   |
[INFO] [stdout] help: consider importing this struct
[INFO] [stdout]   |
[INFO] [stdout] 2 + use dora_ssr::Nvg;
[INFO] [stdout]   |
[INFO] [stdout] 
[INFO] [stdout] error[E0433]: failed to resolve: use of undeclared type `Nvg`
[INFO] [stdout]  --> src/dora/vgnode.rs:46:2
[INFO] [stdout]   |
[INFO] [stdout] 5 |     Nvg::move_to(100.0, 100.0);
[INFO] [stdout]   |     ^^^ use of undeclared type `Nvg`
[INFO] [stdout]   |
[INFO] [stdout] help: consider importing this struct
[INFO] [stdout]   |
[INFO] [stdout] 2 + use dora_ssr::Nvg;
[INFO] [stdout]   |
[INFO] [stdout] 
[INFO] [stdout] error[E0433]: failed to resolve: use of undeclared type `Nvg`
[INFO] [stdout]  --> src/dora/vgnode.rs:47:2
[INFO] [stdout]   |
[INFO] [stdout] 6 |     Nvg::line_to(200.0, 200.0);
[INFO] [stdout]   |     ^^^ use of undeclared type `Nvg`
[INFO] [stdout]   |
[INFO] [stdout] help: consider importing this struct
[INFO] [stdout]   |
[INFO] [stdout] 2 + use dora_ssr::Nvg;
[INFO] [stdout]   |
[INFO] [stdout] 
[INFO] [stdout] error[E0433]: failed to resolve: use of undeclared type `Nvg`
[INFO] [stdout]  --> src/dora/vgnode.rs:48:2
[INFO] [stdout]   |
[INFO] [stdout] 7 |     Nvg::close_path();
[INFO] [stdout]   |     ^^^ use of undeclared type `Nvg`
[INFO] [stdout]   |
[INFO] [stdout] help: consider importing this struct
[INFO] [stdout]   |
[INFO] [stdout] 2 + use dora_ssr::Nvg;
[INFO] [stdout]   |
[INFO] [stdout] 
[INFO] [stdout] error[E0433]: failed to resolve: use of undeclared type `Nvg`
[INFO] [stdout]  --> src/dora/vgnode.rs:49:2
[INFO] [stdout]   |
[INFO] [stdout] 8 |     Nvg::stroke();
[INFO] [stdout]   |     ^^^ use of undeclared type `Nvg`
[INFO] [stdout]   |
[INFO] [stdout] help: consider importing this struct
[INFO] [stdout]   |
[INFO] [stdout] 2 + use dora_ssr::Nvg;
[INFO] [stdout]   |
[INFO] [stdout] 
[INFO] [stdout] error: aborting due to 6 previous errors
[INFO] [stdout] 
[INFO] [stdout] Some errors have detailed explanations: E0425, E0433.
[INFO] [stdout] For more information about an error, try `rustc --explain E0425`.
[INFO] [stdout] Couldn't compile the test.
[INFO] [stdout] ---- src/dora.rs - dora::Slot::TAP_BEGAN (line 1326) stdout ----
[INFO] [stdout] error[E0425]: cannot find value `node` in this scope
[INFO] [stdout]  --> src/dora.rs:1327:1
[INFO] [stdout]   |
[INFO] [stdout] 3 | node.set_touch_enabled(true);
[INFO] [stdout]   | ^^^^ not found in this scope
[INFO] [stdout] 
[INFO] [stdout] error[E0425]: cannot find value `node` in this scope
[INFO] [stdout]  --> src/dora.rs:1328:1
[INFO] [stdout]   |
[INFO] [stdout] 4 | node.slot(Slot::TAP_BEGAN, Box::new(|stack| {
[INFO] [stdout]   | ^^^^ not found in this scope
[INFO] [stdout] 
[INFO] [stdout] error[E0433]: failed to resolve: use of undeclared type `Slot`
[INFO] [stdout]  --> src/dora.rs:1328:11
[INFO] [stdout]   |
[INFO] [stdout] 4 | node.slot(Slot::TAP_BEGAN, Box::new(|stack| {
[INFO] [stdout]   |           ^^^^ use of undeclared type `Slot`
[INFO] [stdout]   |
[INFO] [stdout] help: consider importing this struct
[INFO] [stdout]   |
[INFO] [stdout] 2 + use dora_ssr::Slot;
[INFO] [stdout]   |
[INFO] [stdout] 
[INFO] [stdout] error[E0412]: cannot find type `Touch` in this scope
[INFO] [stdout]  --> src/dora.rs:1329:37
[INFO] [stdout]   |
[INFO] [stdout] 5 |     let touch = match stack.pop_cast::<Touch>() {
[INFO] [stdout]   |                                        ^^^^^ not found in this scope
[INFO] [stdout]   |
[INFO] [stdout] help: consider importing this struct
[INFO] [stdout]   |
[INFO] [stdout] 2 + use dora_ssr::Touch;
[INFO] [stdout]   |
[INFO] [stdout] 
[INFO] [stdout] error: aborting due to 4 previous errors
[INFO] [stdout] 
[INFO] [stdout] Some errors have detailed explanations: E0412, E0425, E0433.
[INFO] [stdout] For more information about an error, try `rustc --explain E0412`.
[INFO] [stdout] Couldn't compile the test.
[INFO] [stdout] 
[INFO] [stdout] failures:
[INFO] [stdout]     src/dora.rs - dora::GSlot::APP_CHANGE (line 2496)
[INFO] [stdout]     src/dora.rs - dora::GSlot::APP_EVENT (line 2478)
[INFO] [stdout]     src/dora.rs - dora::GSlot::APP_WS (line 2515)
[INFO] [stdout]     src/dora.rs - dora::Slot::ACTION_END (line 1281)
[INFO] [stdout]     src/dora.rs - dora::Slot::ALIGN_LAYOUT (line 1840)
[INFO] [stdout]     src/dora.rs - dora::Slot::ANIMATION_END (line 1697)
[INFO] [stdout]     src/dora.rs - dora::Slot::AXIS (line 1668)
[INFO] [stdout]     src/dora.rs - dora::Slot::BODY_ENTER (line 1726)
[INFO] [stdout]     src/dora.rs - dora::Slot::BODY_LEAVE (line 1752)
[INFO] [stdout]     src/dora.rs - dora::Slot::BUTTON_DOWN (line 1579)
[INFO] [stdout]     src/dora.rs - dora::Slot::BUTTON_PRESSED (line 1638)
[INFO] [stdout]     src/dora.rs - dora::Slot::BUTTON_UP (line 1608)
[INFO] [stdout]     src/dora.rs - dora::Slot::CONTACT_END (line 1811)
[INFO] [stdout]     src/dora.rs - dora::Slot::CONTACT_START (line 1780)
[INFO] [stdout]     src/dora.rs - dora::Slot::EFFEK_END (line 1864)
[INFO] [stdout]     src/dora.rs - dora::Slot::GESTURE (line 1423)
[INFO] [stdout]     src/dora.rs - dora::Slot::KEY_DOWN (line 1461)
[INFO] [stdout]     src/dora.rs - dora::Slot::KEY_PRESSED (line 1505)
[INFO] [stdout]     src/dora.rs - dora::Slot::KEY_UP (line 1483)
[INFO] [stdout]     src/dora.rs - dora::Slot::MOUSE_WHEEL (line 1402)
[INFO] [stdout]     src/dora.rs - dora::Slot::TAPPED (line 1364)
[INFO] [stdout]     src/dora.rs - dora::Slot::TAP_BEGAN (line 1326)
[INFO] [stdout]     src/dora.rs - dora::Slot::TAP_ENDED (line 1345)
[INFO] [stdout]     src/dora.rs - dora::Slot::TAP_FILTER (line 1306)
[INFO] [stdout]     src/dora.rs - dora::Slot::TAP_MOVED (line 1383)
[INFO] [stdout]     src/dora.rs - dora::Slot::TEXT_EDITING (line 1552)
[INFO] [stdout]     src/dora.rs - dora::Slot::TEXT_INPUT (line 1531)
[INFO] [stdout]     src/dora.rs - dora::emit (line 344)
[INFO] [stdout]     src/dora.rs - dora::platformer::behavior::Blackboard::get (line 3735)
[INFO] [stdout]     src/dora.rs - dora::platformer::behavior::Blackboard::set (line 3717)
[INFO] [stdout]     src/dora/mouse.rs - dora::mouse::Mouse::get_position (line 25)
[INFO] [stdout]     src/dora/vgnode.rs - dora::vgnode::VGNode::render (line 43)
[INFO] [stdout] 
[INFO] [stdout] test result: FAILED. 0 passed; 32 failed; 0 ignored; 0 measured; 0 filtered out; finished in 0.87s
[INFO] [stdout] 
[INFO] running `Command { std: "docker" "inspect" "e4348ab1aba8bff5fe8de925f8a7409aed92bb7f636797129ad824c2f4fbdf7d", kill_on_drop: false }`
[INFO] running `Command { std: "docker" "rm" "-f" "e4348ab1aba8bff5fe8de925f8a7409aed92bb7f636797129ad824c2f4fbdf7d", kill_on_drop: false }`
[INFO] [stdout] e4348ab1aba8bff5fe8de925f8a7409aed92bb7f636797129ad824c2f4fbdf7d
