[INFO] fetching crate domrs 0.0.16...
[INFO] testing domrs-0.0.16 against 1.83.0 for beta-1.84.0-4-retry
[INFO] extracting crate domrs 0.0.16 into /workspace/builds/worker-5-tc1/source
[INFO] validating manifest of crates.io crate domrs 0.0.16 on toolchain 1.83.0
[INFO] running `Command { std: CARGO_HOME="/workspace/cargo-home" RUSTUP_HOME="/workspace/rustup-home" "/workspace/cargo-home/bin/cargo" "+1.83.0" "metadata" "--manifest-path" "Cargo.toml" "--no-deps", kill_on_drop: false }`
[INFO] started tweaking crates.io crate domrs 0.0.16
[INFO] finished tweaking crates.io crate domrs 0.0.16
[INFO] tweaked toml for crates.io crate domrs 0.0.16 written to /workspace/builds/worker-5-tc1/source/Cargo.toml
[INFO] running `Command { std: CARGO_HOME="/workspace/cargo-home" RUSTUP_HOME="/workspace/rustup-home" "/workspace/cargo-home/bin/cargo" "+1.83.0" "generate-lockfile" "--manifest-path" "Cargo.toml", kill_on_drop: false }`
[INFO] running `Command { std: CARGO_HOME="/workspace/cargo-home" RUSTUP_HOME="/workspace/rustup-home" "/workspace/cargo-home/bin/cargo" "+1.83.0" "fetch" "--manifest-path" "Cargo.toml", kill_on_drop: false }`
[INFO] running `Command { std: "docker" "create" "-v" "/var/lib/crater-agent-workspace/builds/worker-5-tc1/target:/opt/rustwide/target:rw,Z" "-v" "/var/lib/crater-agent-workspace/builds/worker-5-tc1/source:/opt/rustwide/workdir:ro,Z" "-v" "/var/lib/crater-agent-workspace/cargo-home:/opt/rustwide/cargo-home:ro,Z" "-v" "/var/lib/crater-agent-workspace/rustup-home:/opt/rustwide/rustup-home:ro,Z" "-e" "SOURCE_DIR=/opt/rustwide/workdir" "-e" "CARGO_TARGET_DIR=/opt/rustwide/target" "-e" "CARGO_HOME=/opt/rustwide/cargo-home" "-e" "RUSTUP_HOME=/opt/rustwide/rustup-home" "-w" "/opt/rustwide/workdir" "-m" "1610612736" "--user" "0:0" "--network" "none" "ghcr.io/rust-lang/crates-build-env/linux@sha256:f3a9d4ad9d972b27faf3965f35b62e55ba32bbce8f20bc8fe909558a86702fde" "/opt/rustwide/cargo-home/bin/cargo" "+1.83.0" "metadata" "--no-deps" "--format-version=1", kill_on_drop: false }`
[INFO] [stdout] 21946505ee91ef5e82eeb0d8aa903414161fe039fa120115c2a74968a46c70da
[INFO] running `Command { std: "docker" "start" "-a" "21946505ee91ef5e82eeb0d8aa903414161fe039fa120115c2a74968a46c70da", kill_on_drop: false }`
[INFO] running `Command { std: "docker" "inspect" "21946505ee91ef5e82eeb0d8aa903414161fe039fa120115c2a74968a46c70da", kill_on_drop: false }`
[INFO] running `Command { std: "docker" "rm" "-f" "21946505ee91ef5e82eeb0d8aa903414161fe039fa120115c2a74968a46c70da", kill_on_drop: false }`
[INFO] [stdout] 21946505ee91ef5e82eeb0d8aa903414161fe039fa120115c2a74968a46c70da
[INFO] running `Command { std: "docker" "create" "-v" "/var/lib/crater-agent-workspace/builds/worker-5-tc1/target:/opt/rustwide/target:rw,Z" "-v" "/var/lib/crater-agent-workspace/builds/worker-5-tc1/source:/opt/rustwide/workdir:ro,Z" "-v" "/var/lib/crater-agent-workspace/cargo-home:/opt/rustwide/cargo-home:ro,Z" "-v" "/var/lib/crater-agent-workspace/rustup-home:/opt/rustwide/rustup-home:ro,Z" "-e" "SOURCE_DIR=/opt/rustwide/workdir" "-e" "CARGO_TARGET_DIR=/opt/rustwide/target" "-e" "CARGO_INCREMENTAL=0" "-e" "RUST_BACKTRACE=full" "-e" "RUSTFLAGS=--cap-lints=warn" "-e" "RUSTDOCFLAGS=--cap-lints=warn" "-e" "CARGO_HOME=/opt/rustwide/cargo-home" "-e" "RUSTUP_HOME=/opt/rustwide/rustup-home" "-w" "/opt/rustwide/workdir" "-m" "1610612736" "--user" "0:0" "--network" "none" "ghcr.io/rust-lang/crates-build-env/linux@sha256:f3a9d4ad9d972b27faf3965f35b62e55ba32bbce8f20bc8fe909558a86702fde" "/opt/rustwide/cargo-home/bin/cargo" "+1.83.0" "build" "--frozen" "--message-format=json", kill_on_drop: false }`
[INFO] [stdout] 7c12b1418ca46c9e930a816d64dff8907f44cc78e8071caa504239d23ad6707b
[INFO] running `Command { std: "docker" "start" "-a" "7c12b1418ca46c9e930a816d64dff8907f44cc78e8071caa504239d23ad6707b", kill_on_drop: false }`
[INFO] [stderr]    Compiling domrs v0.0.16 (/opt/rustwide/workdir)
[INFO] [stderr]     Finished `dev` profile [unoptimized + debuginfo] target(s) in 0.71s
[INFO] running `Command { std: "docker" "inspect" "7c12b1418ca46c9e930a816d64dff8907f44cc78e8071caa504239d23ad6707b", kill_on_drop: false }`
[INFO] running `Command { std: "docker" "rm" "-f" "7c12b1418ca46c9e930a816d64dff8907f44cc78e8071caa504239d23ad6707b", kill_on_drop: false }`
[INFO] [stdout] 7c12b1418ca46c9e930a816d64dff8907f44cc78e8071caa504239d23ad6707b
[INFO] running `Command { std: "docker" "create" "-v" "/var/lib/crater-agent-workspace/builds/worker-5-tc1/target:/opt/rustwide/target:rw,Z" "-v" "/var/lib/crater-agent-workspace/builds/worker-5-tc1/source:/opt/rustwide/workdir:ro,Z" "-v" "/var/lib/crater-agent-workspace/cargo-home:/opt/rustwide/cargo-home:ro,Z" "-v" "/var/lib/crater-agent-workspace/rustup-home:/opt/rustwide/rustup-home:ro,Z" "-e" "SOURCE_DIR=/opt/rustwide/workdir" "-e" "CARGO_TARGET_DIR=/opt/rustwide/target" "-e" "CARGO_INCREMENTAL=0" "-e" "RUST_BACKTRACE=full" "-e" "RUSTFLAGS=--cap-lints=warn" "-e" "RUSTDOCFLAGS=--cap-lints=warn" "-e" "CARGO_HOME=/opt/rustwide/cargo-home" "-e" "RUSTUP_HOME=/opt/rustwide/rustup-home" "-w" "/opt/rustwide/workdir" "-m" "1610612736" "--user" "0:0" "--network" "none" "ghcr.io/rust-lang/crates-build-env/linux@sha256:f3a9d4ad9d972b27faf3965f35b62e55ba32bbce8f20bc8fe909558a86702fde" "/opt/rustwide/cargo-home/bin/cargo" "+1.83.0" "test" "--frozen" "--no-run" "--message-format=json", kill_on_drop: false }`
[INFO] [stdout] ac707dcdc36b6faeb25ece7cee537455728036df6028904da02efce4170ddee8
[INFO] running `Command { std: "docker" "start" "-a" "ac707dcdc36b6faeb25ece7cee537455728036df6028904da02efce4170ddee8", kill_on_drop: false }`
[INFO] [stderr]    Compiling domrs v0.0.16 (/opt/rustwide/workdir)
[INFO] [stderr]     Finished `test` profile [unoptimized + debuginfo] target(s) in 1.41s
[INFO] running `Command { std: "docker" "inspect" "ac707dcdc36b6faeb25ece7cee537455728036df6028904da02efce4170ddee8", kill_on_drop: false }`
[INFO] running `Command { std: "docker" "rm" "-f" "ac707dcdc36b6faeb25ece7cee537455728036df6028904da02efce4170ddee8", kill_on_drop: false }`
[INFO] [stdout] ac707dcdc36b6faeb25ece7cee537455728036df6028904da02efce4170ddee8
[INFO] running `Command { std: "docker" "create" "-v" "/var/lib/crater-agent-workspace/builds/worker-5-tc1/target:/opt/rustwide/target:rw,Z" "-v" "/var/lib/crater-agent-workspace/builds/worker-5-tc1/source:/opt/rustwide/workdir:ro,Z" "-v" "/var/lib/crater-agent-workspace/cargo-home:/opt/rustwide/cargo-home:ro,Z" "-v" "/var/lib/crater-agent-workspace/rustup-home:/opt/rustwide/rustup-home:ro,Z" "-e" "SOURCE_DIR=/opt/rustwide/workdir" "-e" "CARGO_TARGET_DIR=/opt/rustwide/target" "-e" "CARGO_INCREMENTAL=0" "-e" "RUST_BACKTRACE=full" "-e" "RUSTFLAGS=--cap-lints=warn" "-e" "RUSTDOCFLAGS=--cap-lints=warn" "-e" "CARGO_HOME=/opt/rustwide/cargo-home" "-e" "RUSTUP_HOME=/opt/rustwide/rustup-home" "-w" "/opt/rustwide/workdir" "-m" "1610612736" "--user" "0:0" "--network" "none" "ghcr.io/rust-lang/crates-build-env/linux@sha256:f3a9d4ad9d972b27faf3965f35b62e55ba32bbce8f20bc8fe909558a86702fde" "/opt/rustwide/cargo-home/bin/cargo" "+1.83.0" "test" "--frozen", kill_on_drop: false }`
[INFO] [stdout] 22bd476f73cb6c1c431a7cf4bc209d363e80561ac54354ea8bdcaddb73fbebc2
[INFO] running `Command { std: "docker" "start" "-a" "22bd476f73cb6c1c431a7cf4bc209d363e80561ac54354ea8bdcaddb73fbebc2", kill_on_drop: false }`
[INFO] [stderr]     Finished `test` profile [unoptimized + debuginfo] target(s) in 0.02s
[INFO] [stderr]      Running unittests src/lib.rs (/opt/rustwide/target/debug/deps/domrs-146378e3f3ad4153)
[INFO] [stdout] 
[INFO] [stdout] running 1 test
[INFO] [stdout] test css::declarations::tests::display_should_work ... ok
[INFO] [stderr]      Running tests/mod.rs (/opt/rustwide/target/debug/deps/mod-b0d02fd5e7963626)
[INFO] [stdout] 
[INFO] [stdout] test result: ok. 1 passed; 0 failed; 0 ignored; 0 measured; 0 filtered out; finished in 0.00s
[INFO] [stdout] 
[INFO] [stdout] 
[INFO] [stdout] running 85 tests
[INFO] [stdout] test css::colors::display_should_work ... ok
[INFO] [stdout] test css::borders::display_should_work ... ok
[INFO] [stdout] test css::document::new_should_work ... ok
[INFO] [stdout] test css::colors::clone_should_work ... ok
[INFO] [stdout] test css::element::display_should_work ... ok
[INFO] [stdout] test css::document::default_should_work ... ok
[INFO] [stdout] test css::fonts::css_font_generic_family_tests::display_should_work ... ok
[INFO] [stdout] test css::document::display_should_work ... ok
[INFO] [stdout] test css::document::adding_should_work ... ok
[INFO] [stdout] test css::fonts::css_font_style_tests::display_should_work ... ok
[INFO] [stdout] test css::group::media_query_should_work ... ok
[INFO] [stdout] test css::numbers::macro_auto_should_work ... ok
[INFO] [stdout] test css::numbers::display_should_work ... ok
[INFO] [stdout] test css::properties::comparison_should_work ... ok
[INFO] [stdout] test css::properties::conversion_from_svg_attribute_should_work ... ok
[INFO] [stdout] test css::rules::display_should_work ... ok
[INFO] [stdout] test css::ruleset::adding_declarations_should_work ... ok
[INFO] [stdout] test css::properties::display_should_work ... ok
[INFO] [stdout] test css::selector::css_selector_part_tests::adding_element_should_work ... ok
[INFO] [stdout] test css::ruleset::display_should_work ... ok
[INFO] [stdout] test css::selector::css_selector_part_tests::adding_class_should_work ... ok
[INFO] [stdout] test css::group::display_should_work ... ok
[INFO] [stdout] test css::selector::css_selector_part_tests::conversions_should_work ... ok
[INFO] [stdout] test css::selector::css_selector_part_tests::adding_multiple_elements_should_work ... ok
[INFO] [stdout] test css::selector::css_selector_tests::adding_element_should_work ... ok
[INFO] [stdout] test css::selector::css_selector_part_tests::new_should_work ... ok
[INFO] [stdout] test css::selector::css_selector_tests::adding_class_should_work ... ok
[INFO] [stdout] test css::selector::css_selector_tests::adding_mix_should_work ... ok
[INFO] [stdout] test css::selector::css_selector_part_tests::adding_mix_should_work ... ok
[INFO] [stdout] test css::selector::css_selector_tests::adding_part_should_work ... ok
[INFO] [stdout] test css::selector::css_selector_tests::conversions_should_work ... ok
[INFO] [stdout] test css::units::display_should_work ... ok
[INFO] [stdout] test html::attributes::debug_should_work ... ok
[INFO] [stdout] test css::values::conversion_should_work ... ok
[INFO] [stdout] test css::ruleset::adding_multiple_declarations_should_work ... ok
[INFO] [stdout] test css::selector::css_selector_part_tests::adding_multiple_classes_should_work ... ok
[INFO] [stdout] test css::numbers::macro_css_num_should_work ... ok
[INFO] [stdout] test css::properties::clone_should_work ... ok
[INFO] [stdout] test css::selector::css_selector_tests::adding_multiple_elements_should_work ... ok
[INFO] [stdout] test css::selector::css_selector_tests::adding_multiple_classes_should_work ... ok
[INFO] [stdout] test css::selector::css_selector_tests::new_should_work ... ok
[INFO] [stdout] test html::document::default_doctype_should_work ... ok
[INFO] [stdout] test css::values::display_should_work ... ok
[INFO] [stdout] test html::document::custom_namespace_should_work ... ok
[INFO] [stdout] test html::document::default_should_work ... ok
[INFO] [stdout] test html::document::default_namespace_should_work ... ok
[INFO] [stdout] test html::document::default_language_should_work ... ok
[INFO] [stdout] test html::document::custom_doctype_should_work ... ok
[INFO] [stdout] test html::document::html_document_advanced_should_work ... ok
[INFO] [stdout] test html::document::custom_language_should_work ... ok
[INFO] [stdout] test html::document::html_document_empty_should_work ... ok
[INFO] [stdout] test html::document::html_document_with_body_should_work ... ok
[INFO] [stdout] test html::document::html_document_with_head_should_work ... ok
[INFO] [stdout] test html::elements::adding_children_should_work ... ok
[INFO] [stdout] test html::document::new_should_work ... ok
[INFO] [stdout] test html::elements::adding_optional_child_should_work ... ok
[INFO] [stdout] test html::elements::headings_should_work ... ok
[INFO] [stdout] test html::document::html_document_with_head_and_body_should_work ... ok
[INFO] [stdout] test html::head::default_should_work ... ok
[INFO] [stdout] test html::elements::div_should_work ... ok
[INFO] [stdout] test html::head::link_should_work ... ok
[INFO] [stdout] test html::head::style_should_work ... ok
[INFO] [stdout] test html::link::default_should_work ... ok
[INFO] [stdout] test html::link::href_and_rel_should_work ... ok
[INFO] [stdout] test html::head::style_with_custom_indent_should_work ... ok
[INFO] [stdout] test html::head::title_should_work ... ok
[INFO] [stdout] test html::elements::setting_style_should_work ... ok
[INFO] [stdout] test html::elements::setting_class_should_work ... ok
[INFO] [stdout] test html::elements::setting_attribute_should_work ... ok
[INFO] [stdout] test html::head::charset_should_work ... ok
[INFO] [stdout] test html::link::href_should_work ... ok
[INFO] [stdout] test html::elements::setting_attribute_should_work_1 ... ok
[INFO] [stdout] test html::link::rel_should_work ... ok
[INFO] [stdout] test svg::attributes::display_should_work ... ok
[INFO] [stdout] test svg::attributes::comparing_should_work ... ok
[INFO] [stdout] test svg::document::default_namespace_should_work ... ok
[INFO] [stdout] test svg::document::new_should_work ... ok
[INFO] [stdout] test svg::document::view_box_should_work ... ok
[INFO] [stdout] test svg::numbers::conversions_should_work ... ok
[INFO] [stdout] test svg::numbers::display_should_work ... ok
[INFO] [stdout] test svg::document::width_and_height_should_work ... ok
[INFO] [stdout] test html::link::rel_and_href_should_work ... ok
[INFO] [stdout] test svg::document::custom_namespace_should_work ... ok
[INFO] [stdout] test svg::document::default_should_work ... ok
[INFO] [stderr] error: test failed, to rerun pass `--test mod`
[INFO] [stdout] test html::document::saving_html_document_to_file_should_work ... FAILED
[INFO] [stdout] 
[INFO] [stdout] failures:
[INFO] [stdout] 
[INFO] [stdout] ---- html::document::saving_html_document_to_file_should_work stdout ----
[INFO] [stdout] thread 'html::document::saving_html_document_to_file_should_work' panicked at tests/html/document.rs:89:44:
[INFO] [stdout] called `Result::unwrap()` on an `Err` value: Os { code: 30, kind: ReadOnlyFilesystem, message: "Read-only file system" }
[INFO] [stdout] stack backtrace:
[INFO] [stdout]    0:     0x56afb890c7ea - std::backtrace_rs::backtrace::libunwind::trace::h5a5b8284f2d0c266
[INFO] [stdout]                                at /rustc/90b35a6239c3d8bdabc530a6a0816f7ff89a0aaf/library/std/src/../../backtrace/src/backtrace/libunwind.rs:116:5
[INFO] [stdout]    1:     0x56afb890c7ea - std::backtrace_rs::backtrace::trace_unsynchronized::h76d4f1c9b0b875e3
[INFO] [stdout]                                at /rustc/90b35a6239c3d8bdabc530a6a0816f7ff89a0aaf/library/std/src/../../backtrace/src/backtrace/mod.rs:66:5
[INFO] [stdout]    2:     0x56afb890c7ea - std::sys::backtrace::_print_fmt::hc4546b8364a537c6
[INFO] [stdout]                                at /rustc/90b35a6239c3d8bdabc530a6a0816f7ff89a0aaf/library/std/src/sys/backtrace.rs:66:9
[INFO] [stdout]    3:     0x56afb890c7ea - <std::sys::backtrace::BacktraceLock::print::DisplayBacktrace as core::fmt::Display>::fmt::h5b6bd5631a6d1f6b
[INFO] [stdout]                                at /rustc/90b35a6239c3d8bdabc530a6a0816f7ff89a0aaf/library/std/src/sys/backtrace.rs:39:26
[INFO] [stdout]    4:     0x56afb8931d03 - core::fmt::rt::Argument::fmt::h270f6602a2b96f62
[INFO] [stdout]                                at /rustc/90b35a6239c3d8bdabc530a6a0816f7ff89a0aaf/library/core/src/fmt/rt.rs:177:76
[INFO] [stdout]    5:     0x56afb8931d03 - core::fmt::write::h7550c97b06c86515
[INFO] [stdout]                                at /rustc/90b35a6239c3d8bdabc530a6a0816f7ff89a0aaf/library/core/src/fmt/mod.rs:1186:21
[INFO] [stdout]    6:     0x56afb89099b3 - std::io::Write::write_fmt::h509ff860e5956e5e
[INFO] [stdout]                                at /rustc/90b35a6239c3d8bdabc530a6a0816f7ff89a0aaf/library/std/src/io/mod.rs:1839:15
[INFO] [stdout]    7:     0x56afb890c632 - std::sys::backtrace::BacktraceLock::print::h2395ccd2c84ba3aa
[INFO] [stdout]                                at /rustc/90b35a6239c3d8bdabc530a6a0816f7ff89a0aaf/library/std/src/sys/backtrace.rs:42:9
[INFO] [stdout]    8:     0x56afb890dc4a - std::panicking::default_hook::{{closure}}::he19d4c7230e07961
[INFO] [stdout]                                at /rustc/90b35a6239c3d8bdabc530a6a0816f7ff89a0aaf/library/std/src/panicking.rs:268:22
[INFO] [stdout]    9:     0x56afb890da54 - std::panicking::default_hook::hf614597d3c67bbdb
[INFO] [stdout]                                at /rustc/90b35a6239c3d8bdabc530a6a0816f7ff89a0aaf/library/std/src/panicking.rs:292:9
[INFO] [stdout]   10:     0x56afb88ae829 - <alloc::boxed::Box<F,A> as core::ops::function::Fn<Args>>::call::h39b51ce4599c23d1
[INFO] [stdout]                                at /rustc/90b35a6239c3d8bdabc530a6a0816f7ff89a0aaf/library/alloc/src/boxed.rs:2468:9
[INFO] [stdout]   11:     0x56afb88ae829 - test::test_main::{{closure}}::he977ae839a582784
[INFO] [stdout]                                at /rustc/90b35a6239c3d8bdabc530a6a0816f7ff89a0aaf/library/test/src/lib.rs:133:21
[INFO] [stdout]   12:     0x56afb890e2e8 - <alloc::boxed::Box<F,A> as core::ops::function::Fn<Args>>::call::h9455091b6b06f9fb
[INFO] [stdout]                                at /rustc/90b35a6239c3d8bdabc530a6a0816f7ff89a0aaf/library/alloc/src/boxed.rs:2468:9
[INFO] [stdout]   13:     0x56afb890e2e8 - std::panicking::rust_panic_with_hook::h8942133a8b252070
[INFO] [stdout]                                at /rustc/90b35a6239c3d8bdabc530a6a0816f7ff89a0aaf/library/std/src/panicking.rs:809:13
[INFO] [stdout]   14:     0x56afb890e0aa - std::panicking::begin_panic_handler::{{closure}}::hb5f5963570096b29
[INFO] [stdout]                                at /rustc/90b35a6239c3d8bdabc530a6a0816f7ff89a0aaf/library/std/src/panicking.rs:674:13
[INFO] [stdout]   15:     0x56afb890ccc9 - std::sys::backtrace::__rust_end_short_backtrace::h6208cedc1922feda
[INFO] [stdout]                                at /rustc/90b35a6239c3d8bdabc530a6a0816f7ff89a0aaf/library/std/src/sys/backtrace.rs:170:18
[INFO] [stdout]   16:     0x56afb890dd3c - rust_begin_unwind
[INFO] [stdout]                                at /rustc/90b35a6239c3d8bdabc530a6a0816f7ff89a0aaf/library/std/src/panicking.rs:665:5
[INFO] [stdout]   17:     0x56afb8840b10 - core::panicking::panic_fmt::h0c3082644d1bf418
[INFO] [stdout]                                at /rustc/90b35a6239c3d8bdabc530a6a0816f7ff89a0aaf/library/core/src/panicking.rs:74:14
[INFO] [stdout]   18:     0x56afb8840f56 - core::result::unwrap_failed::hd20b4aa073bda1e2
[INFO] [stdout]                                at /rustc/90b35a6239c3d8bdabc530a6a0816f7ff89a0aaf/library/core/src/result.rs:1700:5
[INFO] [stdout]   19:     0x56afb886f548 - core::result::Result<T,E>::unwrap::h3ce3f371634bebe0
[INFO] [stdout]                                at /rustc/90b35a6239c3d8bdabc530a6a0816f7ff89a0aaf/library/core/src/result.rs:1104:23
[INFO] [stdout]   20:     0x56afb886f548 - mod::html::document::saving_html_document_to_file_should_work::haa93da198d1f14c8
[INFO] [stdout]                                at /opt/rustwide/workdir/tests/html/document.rs:89:3
[INFO] [stdout]   21:     0x56afb886f2f7 - mod::html::document::saving_html_document_to_file_should_work::{{closure}}::h1a98e7ccebde3d49
[INFO] [stdout]                                at /opt/rustwide/workdir/tests/html/document.rs:82:46
[INFO] [stdout]   22:     0x56afb8870d36 - core::ops::function::FnOnce::call_once::h7e6ba726594e0129
[INFO] [stdout]                                at /rustc/90b35a6239c3d8bdabc530a6a0816f7ff89a0aaf/library/core/src/ops/function.rs:250:5
[INFO] [stdout]   23:     0x56afb88b31eb - core::ops::function::FnOnce::call_once::h109cf8051a59b34e
[INFO] [stdout]                                at /rustc/90b35a6239c3d8bdabc530a6a0816f7ff89a0aaf/library/core/src/ops/function.rs:250:5
[INFO] [stdout]   24:     0x56afb88b31eb - test::__rust_begin_short_backtrace::hf4fff89d377446ba
[INFO] [stdout]                                at /rustc/90b35a6239c3d8bdabc530a6a0816f7ff89a0aaf/library/test/src/lib.rs:621:18
[INFO] [stdout]   25:     0x56afb88b2a27 - test::run_test_in_process::{{closure}}::h0e39181dd7ee5a43
[INFO] [stdout]                                at /rustc/90b35a6239c3d8bdabc530a6a0816f7ff89a0aaf/library/test/src/lib.rs:644:60
[INFO] [stdout]   26:     0x56afb88b2a27 - <core::panic::unwind_safe::AssertUnwindSafe<F> as core::ops::function::FnOnce<()>>::call_once::hc5a66a30f0bdfd1f
[INFO] [stdout]                                at /rustc/90b35a6239c3d8bdabc530a6a0816f7ff89a0aaf/library/core/src/panic/unwind_safe.rs:272:9
[INFO] [stdout]   27:     0x56afb88b2a27 - std::panicking::try::do_call::h873b7cf639554a5e
[INFO] [stdout]                                at /rustc/90b35a6239c3d8bdabc530a6a0816f7ff89a0aaf/library/std/src/panicking.rs:557:40
[INFO] [stdout]   28:     0x56afb88b2a27 - std::panicking::try::hdb19862fad9c8bd1
[INFO] [stdout]                                at /rustc/90b35a6239c3d8bdabc530a6a0816f7ff89a0aaf/library/std/src/panicking.rs:520:19
[INFO] [stdout]   29:     0x56afb88b2a27 - std::panic::catch_unwind::h281fe732d236d260
[INFO] [stdout]                                at /rustc/90b35a6239c3d8bdabc530a6a0816f7ff89a0aaf/library/std/src/panic.rs:358:14
[INFO] [stdout]   30:     0x56afb88b2a27 - test::run_test_in_process::h949b6df8457ed338
[INFO] [stdout]                                at /rustc/90b35a6239c3d8bdabc530a6a0816f7ff89a0aaf/library/test/src/lib.rs:644:27
[INFO] [stdout]   31:     0x56afb88b2a27 - test::run_test::{{closure}}::h52c556a6d4740e10
[INFO] [stdout]                                at /rustc/90b35a6239c3d8bdabc530a6a0816f7ff89a0aaf/library/test/src/lib.rs:565:43
[INFO] [stdout]   32:     0x56afb8877d04 - test::run_test::{{closure}}::h4237f6381c45ccb9
[INFO] [stdout]                                at /rustc/90b35a6239c3d8bdabc530a6a0816f7ff89a0aaf/library/test/src/lib.rs:595:41
[INFO] [stdout]   33:     0x56afb8877d04 - std::sys::backtrace::__rust_begin_short_backtrace::h505c97a579eca628
[INFO] [stdout]                                at /rustc/90b35a6239c3d8bdabc530a6a0816f7ff89a0aaf/library/std/src/sys/backtrace.rs:154:18
[INFO] [stdout]   34:     0x56afb887b3ce - std::thread::Builder::spawn_unchecked_::{{closure}}::{{closure}}::h9e86b2e2bc107ea3
[INFO] [stdout]                                at /rustc/90b35a6239c3d8bdabc530a6a0816f7ff89a0aaf/library/std/src/thread/mod.rs:538:17
[INFO] [stdout]   35:     0x56afb887b3ce - <core::panic::unwind_safe::AssertUnwindSafe<F> as core::ops::function::FnOnce<()>>::call_once::h8b06ddb275ff4a25
[INFO] [stdout]                                at /rustc/90b35a6239c3d8bdabc530a6a0816f7ff89a0aaf/library/core/src/panic/unwind_safe.rs:272:9
[INFO] [stdout]   36:     0x56afb887b3ce - std::panicking::try::do_call::hb26ecd7cd9a9355d
[INFO] [stdout]                                at /rustc/90b35a6239c3d8bdabc530a6a0816f7ff89a0aaf/library/std/src/panicking.rs:557:40
[INFO] [stdout]   37:     0x56afb887b3ce - std::panicking::try::h8ddeca9d705f9069
[INFO] [stdout]                                at /rustc/90b35a6239c3d8bdabc530a6a0816f7ff89a0aaf/library/std/src/panicking.rs:520:19
[INFO] [stdout]   38:     0x56afb887b3ce - std::panic::catch_unwind::h49e1c33078844c46
[INFO] [stdout]                                at /rustc/90b35a6239c3d8bdabc530a6a0816f7ff89a0aaf/library/std/src/panic.rs:358:14
[INFO] [stdout]   39:     0x56afb887b3ce - std::thread::Builder::spawn_unchecked_::{{closure}}::h6073db6ff56ad35d
[INFO] [stdout]                                at /rustc/90b35a6239c3d8bdabc530a6a0816f7ff89a0aaf/library/std/src/thread/mod.rs:537:30
[INFO] [stdout]   40:     0x56afb887b3ce - core::ops::function::FnOnce::call_once{{vtable.shim}}::h2c5a5f3779c774f1
[INFO] [stdout]                                at /rustc/90b35a6239c3d8bdabc530a6a0816f7ff89a0aaf/library/core/src/ops/function.rs:250:5
[INFO] [stdout]   41:     0x56afb891206b - <alloc::boxed::Box<F,A> as core::ops::function::FnOnce<Args>>::call_once::hf75717d9f28faebf
[INFO] [stdout]                                at /rustc/90b35a6239c3d8bdabc530a6a0816f7ff89a0aaf/library/alloc/src/boxed.rs:2454:9
[INFO] [stdout]   42:     0x56afb891206b - <alloc::boxed::Box<F,A> as core::ops::function::FnOnce<Args>>::call_once::h7bd883a5f3c5f3c1
[INFO] [stdout]                                at /rustc/90b35a6239c3d8bdabc530a6a0816f7ff89a0aaf/library/alloc/src/boxed.rs:2454:9
[INFO] [stdout]   43:     0x56afb891206b - std::sys::pal::unix::thread::Thread::new::thread_start::hcc78f3943333fa94
[INFO] [stdout]                                at /rustc/90b35a6239c3d8bdabc530a6a0816f7ff89a0aaf/library/std/src/sys/pal/unix/thread.rs:105:17
[INFO] [stdout]   44:     0x7d713d383ac3 - <unknown>
[INFO] [stdout]   45:     0x7d713d414a04 - clone
[INFO] [stdout]   46:                0x0 - <unknown>
[INFO] [stdout] 
[INFO] [stdout] 
[INFO] [stdout] failures:
[INFO] [stdout]     html::document::saving_html_document_to_file_should_work
[INFO] [stdout] 
[INFO] [stdout] test result: FAILED. 84 passed; 1 failed; 0 ignored; 0 measured; 0 filtered out; finished in 0.10s
[INFO] [stdout] 
[INFO] running `Command { std: "docker" "inspect" "22bd476f73cb6c1c431a7cf4bc209d363e80561ac54354ea8bdcaddb73fbebc2", kill_on_drop: false }`
[INFO] running `Command { std: "docker" "rm" "-f" "22bd476f73cb6c1c431a7cf4bc209d363e80561ac54354ea8bdcaddb73fbebc2", kill_on_drop: false }`
[INFO] [stdout] 22bd476f73cb6c1c431a7cf4bc209d363e80561ac54354ea8bdcaddb73fbebc2
