[INFO] fetching crate dom_testing_library 0.1.0...
[INFO] testing dom_testing_library-0.1.0 against beta-2024-12-08 for beta-1.84.0-4-retry
[INFO] extracting crate dom_testing_library 0.1.0 into /workspace/builds/worker-5-tc2/source
[INFO] validating manifest of crates.io crate dom_testing_library 0.1.0 on toolchain beta-2024-12-08
[INFO] running `Command { std: CARGO_HOME="/workspace/cargo-home" RUSTUP_HOME="/workspace/rustup-home" "/workspace/cargo-home/bin/cargo" "+beta-2024-12-08" "metadata" "--manifest-path" "Cargo.toml" "--no-deps", kill_on_drop: false }`
[INFO] started tweaking crates.io crate dom_testing_library 0.1.0
[INFO] finished tweaking crates.io crate dom_testing_library 0.1.0
[INFO] tweaked toml for crates.io crate dom_testing_library 0.1.0 written to /workspace/builds/worker-5-tc2/source/Cargo.toml
[INFO] running `Command { std: CARGO_HOME="/workspace/cargo-home" RUSTUP_HOME="/workspace/rustup-home" "/workspace/cargo-home/bin/cargo" "+beta-2024-12-08" "generate-lockfile" "--manifest-path" "Cargo.toml", kill_on_drop: false }`
[INFO] [stderr]     Updating crates.io index
[INFO] [stderr]      Locking 38 packages to latest compatible versions
[INFO] [stderr]       Adding thiserror v1.0.69 (available: v2.0.7)
[INFO] running `Command { std: CARGO_HOME="/workspace/cargo-home" RUSTUP_HOME="/workspace/rustup-home" "/workspace/cargo-home/bin/cargo" "+beta-2024-12-08" "fetch" "--manifest-path" "Cargo.toml", kill_on_drop: false }`
[INFO] running `Command { std: "docker" "create" "-v" "/var/lib/crater-agent-workspace/builds/worker-5-tc2/target:/opt/rustwide/target:rw,Z" "-v" "/var/lib/crater-agent-workspace/builds/worker-5-tc2/source:/opt/rustwide/workdir:ro,Z" "-v" "/var/lib/crater-agent-workspace/cargo-home:/opt/rustwide/cargo-home:ro,Z" "-v" "/var/lib/crater-agent-workspace/rustup-home:/opt/rustwide/rustup-home:ro,Z" "-e" "SOURCE_DIR=/opt/rustwide/workdir" "-e" "CARGO_TARGET_DIR=/opt/rustwide/target" "-e" "CARGO_HOME=/opt/rustwide/cargo-home" "-e" "RUSTUP_HOME=/opt/rustwide/rustup-home" "-w" "/opt/rustwide/workdir" "-m" "1610612736" "--user" "0:0" "--network" "none" "ghcr.io/rust-lang/crates-build-env/linux@sha256:f3a9d4ad9d972b27faf3965f35b62e55ba32bbce8f20bc8fe909558a86702fde" "/opt/rustwide/cargo-home/bin/cargo" "+beta-2024-12-08" "metadata" "--no-deps" "--format-version=1", kill_on_drop: false }`
[INFO] [stdout] 6c6f02f89f29b4bdf43ea18fe9aaffebe04c9598f8ed8b403ca8aaa6ccef58ea
[INFO] running `Command { std: "docker" "start" "-a" "6c6f02f89f29b4bdf43ea18fe9aaffebe04c9598f8ed8b403ca8aaa6ccef58ea", kill_on_drop: false }`
[INFO] running `Command { std: "docker" "inspect" "6c6f02f89f29b4bdf43ea18fe9aaffebe04c9598f8ed8b403ca8aaa6ccef58ea", kill_on_drop: false }`
[INFO] running `Command { std: "docker" "rm" "-f" "6c6f02f89f29b4bdf43ea18fe9aaffebe04c9598f8ed8b403ca8aaa6ccef58ea", kill_on_drop: false }`
[INFO] [stdout] 6c6f02f89f29b4bdf43ea18fe9aaffebe04c9598f8ed8b403ca8aaa6ccef58ea
[INFO] running `Command { std: "docker" "create" "-v" "/var/lib/crater-agent-workspace/builds/worker-5-tc2/target:/opt/rustwide/target:rw,Z" "-v" "/var/lib/crater-agent-workspace/builds/worker-5-tc2/source:/opt/rustwide/workdir:ro,Z" "-v" "/var/lib/crater-agent-workspace/cargo-home:/opt/rustwide/cargo-home:ro,Z" "-v" "/var/lib/crater-agent-workspace/rustup-home:/opt/rustwide/rustup-home:ro,Z" "-e" "SOURCE_DIR=/opt/rustwide/workdir" "-e" "CARGO_TARGET_DIR=/opt/rustwide/target" "-e" "CARGO_INCREMENTAL=0" "-e" "RUST_BACKTRACE=full" "-e" "RUSTFLAGS=--cap-lints=warn" "-e" "RUSTDOCFLAGS=--cap-lints=warn" "-e" "CARGO_HOME=/opt/rustwide/cargo-home" "-e" "RUSTUP_HOME=/opt/rustwide/rustup-home" "-w" "/opt/rustwide/workdir" "-m" "1610612736" "--user" "0:0" "--network" "none" "ghcr.io/rust-lang/crates-build-env/linux@sha256:f3a9d4ad9d972b27faf3965f35b62e55ba32bbce8f20bc8fe909558a86702fde" "/opt/rustwide/cargo-home/bin/cargo" "+beta-2024-12-08" "build" "--frozen" "--message-format=json", kill_on_drop: false }`
[INFO] [stdout] 8c1e158e7395bb8fcf97f1df50a81db04c3dabb5a611a1d9f45c8476b18e6906
[INFO] running `Command { std: "docker" "start" "-a" "8c1e158e7395bb8fcf97f1df50a81db04c3dabb5a611a1d9f45c8476b18e6906", kill_on_drop: false }`
[INFO] [stderr]    Compiling proc-macro2 v1.0.92
[INFO] [stderr]    Compiling unicode-ident v1.0.14
[INFO] [stderr]    Compiling wasm-bindgen-shared v0.2.99
[INFO] [stderr]    Compiling bumpalo v3.16.0
[INFO] [stderr]    Compiling log v0.4.22
[INFO] [stderr]    Compiling wasm-bindgen v0.2.99
[INFO] [stderr]    Compiling once_cell v1.20.2
[INFO] [stderr]    Compiling cfg-if v1.0.0
[INFO] [stderr]    Compiling thiserror v1.0.69
[INFO] [stderr]    Compiling quote v1.0.37
[INFO] [stderr]    Compiling syn v2.0.90
[INFO] [stderr]    Compiling wasm-bindgen-backend v0.2.99
[INFO] [stderr]    Compiling thiserror-impl v1.0.69
[INFO] [stderr]    Compiling wasm-bindgen-macro-support v0.2.99
[INFO] [stderr]    Compiling wasm-bindgen-macro v0.2.99
[INFO] [stderr]    Compiling js-sys v0.3.76
[INFO] [stderr]    Compiling web-sys v0.3.76
[INFO] [stderr]    Compiling dom_testing_library v0.1.0 (/opt/rustwide/workdir)
[INFO] [stderr]     Finished `dev` profile [unoptimized + debuginfo] target(s) in 17.26s
[INFO] running `Command { std: "docker" "inspect" "8c1e158e7395bb8fcf97f1df50a81db04c3dabb5a611a1d9f45c8476b18e6906", kill_on_drop: false }`
[INFO] running `Command { std: "docker" "rm" "-f" "8c1e158e7395bb8fcf97f1df50a81db04c3dabb5a611a1d9f45c8476b18e6906", kill_on_drop: false }`
[INFO] [stdout] 8c1e158e7395bb8fcf97f1df50a81db04c3dabb5a611a1d9f45c8476b18e6906
[INFO] running `Command { std: "docker" "create" "-v" "/var/lib/crater-agent-workspace/builds/worker-5-tc2/target:/opt/rustwide/target:rw,Z" "-v" "/var/lib/crater-agent-workspace/builds/worker-5-tc2/source:/opt/rustwide/workdir:ro,Z" "-v" "/var/lib/crater-agent-workspace/cargo-home:/opt/rustwide/cargo-home:ro,Z" "-v" "/var/lib/crater-agent-workspace/rustup-home:/opt/rustwide/rustup-home:ro,Z" "-e" "SOURCE_DIR=/opt/rustwide/workdir" "-e" "CARGO_TARGET_DIR=/opt/rustwide/target" "-e" "CARGO_INCREMENTAL=0" "-e" "RUST_BACKTRACE=full" "-e" "RUSTFLAGS=--cap-lints=warn" "-e" "RUSTDOCFLAGS=--cap-lints=warn" "-e" "CARGO_HOME=/opt/rustwide/cargo-home" "-e" "RUSTUP_HOME=/opt/rustwide/rustup-home" "-w" "/opt/rustwide/workdir" "-m" "1610612736" "--user" "0:0" "--network" "none" "ghcr.io/rust-lang/crates-build-env/linux@sha256:f3a9d4ad9d972b27faf3965f35b62e55ba32bbce8f20bc8fe909558a86702fde" "/opt/rustwide/cargo-home/bin/cargo" "+beta-2024-12-08" "test" "--frozen" "--no-run" "--message-format=json", kill_on_drop: false }`
[INFO] [stdout] 6268b5829d7f7134dbba0bc95ba37b275db3520b827d481aa8dc1ecd86b4c8b6
[INFO] running `Command { std: "docker" "start" "-a" "6268b5829d7f7134dbba0bc95ba37b275db3520b827d481aa8dc1ecd86b4c8b6", kill_on_drop: false }`
[INFO] [stderr]    Compiling scoped-tls v1.0.1
[INFO] [stderr]    Compiling wasm-bindgen-test-macro v0.3.49
[INFO] [stderr]    Compiling console_error_panic_hook v0.1.7
[INFO] [stderr]    Compiling wasm-bindgen-futures v0.4.49
[INFO] [stderr]    Compiling wasm-bindgen-test v0.3.49
[INFO] [stderr]    Compiling dom_testing_library v0.1.0 (/opt/rustwide/workdir)
[INFO] [stderr]     Finished `test` profile [unoptimized + debuginfo] target(s) in 2.01s
[INFO] running `Command { std: "docker" "inspect" "6268b5829d7f7134dbba0bc95ba37b275db3520b827d481aa8dc1ecd86b4c8b6", kill_on_drop: false }`
[INFO] running `Command { std: "docker" "rm" "-f" "6268b5829d7f7134dbba0bc95ba37b275db3520b827d481aa8dc1ecd86b4c8b6", kill_on_drop: false }`
[INFO] [stdout] 6268b5829d7f7134dbba0bc95ba37b275db3520b827d481aa8dc1ecd86b4c8b6
[INFO] running `Command { std: "docker" "create" "-v" "/var/lib/crater-agent-workspace/builds/worker-5-tc2/target:/opt/rustwide/target:rw,Z" "-v" "/var/lib/crater-agent-workspace/builds/worker-5-tc2/source:/opt/rustwide/workdir:ro,Z" "-v" "/var/lib/crater-agent-workspace/cargo-home:/opt/rustwide/cargo-home:ro,Z" "-v" "/var/lib/crater-agent-workspace/rustup-home:/opt/rustwide/rustup-home:ro,Z" "-e" "SOURCE_DIR=/opt/rustwide/workdir" "-e" "CARGO_TARGET_DIR=/opt/rustwide/target" "-e" "CARGO_INCREMENTAL=0" "-e" "RUST_BACKTRACE=full" "-e" "RUSTFLAGS=--cap-lints=warn" "-e" "RUSTDOCFLAGS=--cap-lints=warn" "-e" "CARGO_HOME=/opt/rustwide/cargo-home" "-e" "RUSTUP_HOME=/opt/rustwide/rustup-home" "-w" "/opt/rustwide/workdir" "-m" "1610612736" "--user" "0:0" "--network" "none" "ghcr.io/rust-lang/crates-build-env/linux@sha256:f3a9d4ad9d972b27faf3965f35b62e55ba32bbce8f20bc8fe909558a86702fde" "/opt/rustwide/cargo-home/bin/cargo" "+beta-2024-12-08" "test" "--frozen", kill_on_drop: false }`
[INFO] [stdout] 7efebca7623705670350f1b197301244e08363ea4436faca805a7470b8563277
[INFO] running `Command { std: "docker" "start" "-a" "7efebca7623705670350f1b197301244e08363ea4436faca805a7470b8563277", kill_on_drop: false }`
[INFO] [stderr]     Finished `test` profile [unoptimized + debuginfo] target(s) in 0.06s
[INFO] [stderr]      Running unittests src/lib.rs (/opt/rustwide/target/debug/deps/dom_testing_library-c9f37beee6aa7f18)
[INFO] [stdout] 
[INFO] [stdout] running 0 tests
[INFO] [stdout] 
[INFO] [stdout] test result: ok. 0 passed; 0 failed; 0 ignored; 0 measured; 0 filtered out; finished in 0.00s
[INFO] [stdout] 
[INFO] [stdout] 
[INFO] [stdout] running 0 tests
[INFO] [stdout] 
[INFO] [stdout] test result: ok. 0 passed; 0 failed; 0 ignored; 0 measured; 0 filtered out; finished in 0.00s
[INFO] [stdout] 
[INFO] [stderr]      Running tests/tests.rs (/opt/rustwide/target/debug/deps/tests-b63ccfa715498fb0)
[INFO] [stderr]    Doc-tests dom_testing_library
[INFO] [stdout] 
[INFO] [stdout] running 1 test
[INFO] [stdout] test src/dom_query.rs - dom_query::HoldsElement (line 6) ... FAILED
[INFO] [stdout] 
[INFO] [stdout] failures:
[INFO] [stdout] 
[INFO] [stdout] ---- src/dom_query.rs - dom_query::HoldsElement (line 6) stdout ----
[INFO] [stdout] error[E0412]: cannot find type `HtmlElement` in this scope
[INFO] [stdout]  --> src/dom_query.rs:13:61
[INFO] [stdout]   |
[INFO] [stdout] 9 |         Self{elem:document.body().unwrap().unchecked_into::<HtmlElement>()}    
[INFO] [stdout]   |                                                             ^^^^^^^^^^^ not found in this scope
[INFO] [stdout]   |
[INFO] [stdout] help: consider importing this struct
[INFO] [stdout]   |
[INFO] [stdout] 2 + use web_sys::HtmlElement;
[INFO] [stdout]   |
[INFO] [stdout] 
[INFO] [stdout] error[E0405]: cannot find trait `HoldsElement` in this scope
[INFO] [stdout]   --> src/dom_query.rs:16:6
[INFO] [stdout]    |
[INFO] [stdout] 12 | impl HoldsElement for ServerFrontEndStruct{
[INFO] [stdout]    |      ^^^^^^^^^^^^ not found in this scope
[INFO] [stdout]    |
[INFO] [stdout] help: consider importing this trait
[INFO] [stdout]    |
[INFO] [stdout] 2  + use dom_testing_library::HoldsElement;
[INFO] [stdout]    |
[INFO] [stdout] 
[INFO] [stdout] error[E0412]: cannot find type `ElementWrapper` in this scope
[INFO] [stdout]   --> src/dom_query.rs:17:26
[INFO] [stdout]    |
[INFO] [stdout] 13 |     fn element(&self) -> ElementWrapper{
[INFO] [stdout]    |                          ^^^^^^^^^^^^^^ not found in this scope
[INFO] [stdout]    |
[INFO] [stdout] help: consider importing this struct
[INFO] [stdout]    |
[INFO] [stdout] 2  + use dom_testing_library::ElementWrapper;
[INFO] [stdout]    |
[INFO] [stdout] 
[INFO] [stdout] error[E0425]: cannot find function, tuple struct or tuple variant `ElementWrapper` in this scope
[INFO] [stdout]   --> src/dom_query.rs:18:9
[INFO] [stdout]    |
[INFO] [stdout] 14 |         ElementWrapper(&self.document)
[INFO] [stdout]    |         ^^^^^^^^^^^^^^ not found in this scope
[INFO] [stdout]    |
[INFO] [stdout] help: consider importing this tuple struct
[INFO] [stdout]    |
[INFO] [stdout] 2  + use dom_testing_library::ElementWrapper;
[INFO] [stdout]    |
[INFO] [stdout] 
[INFO] [stdout] error: aborting due to 4 previous errors
[INFO] [stdout] 
[INFO] [stdout] Some errors have detailed explanations: E0405, E0412, E0425.
[INFO] [stdout] For more information about an error, try `rustc --explain E0405`.
[INFO] [stdout] Couldn't compile the test.
[INFO] [stdout] 
[INFO] [stdout] failures:
[INFO] [stdout]     src/dom_query.rs - dom_query::HoldsElement (line 6)
[INFO] [stdout] 
[INFO] [stdout] test result: FAILED. 0 passed; 1 failed; 0 ignored; 0 measured; 0 filtered out; finished in 0.09s
[INFO] [stdout] 
[INFO] [stderr] error: doctest failed, to rerun pass `--doc`
[INFO] running `Command { std: "docker" "inspect" "7efebca7623705670350f1b197301244e08363ea4436faca805a7470b8563277", kill_on_drop: false }`
[INFO] running `Command { std: "docker" "rm" "-f" "7efebca7623705670350f1b197301244e08363ea4436faca805a7470b8563277", kill_on_drop: false }`
[INFO] [stdout] 7efebca7623705670350f1b197301244e08363ea4436faca805a7470b8563277
