[INFO] fetching crate doers 0.2.0...
[INFO] testing doers-0.2.0 against 1.83.0 for beta-1.84.0-4-retry
[INFO] extracting crate doers 0.2.0 into /workspace/builds/worker-7-tc1/source
[INFO] validating manifest of crates.io crate doers 0.2.0 on toolchain 1.83.0
[INFO] running `Command { std: CARGO_HOME="/workspace/cargo-home" RUSTUP_HOME="/workspace/rustup-home" "/workspace/cargo-home/bin/cargo" "+1.83.0" "metadata" "--manifest-path" "Cargo.toml" "--no-deps", kill_on_drop: false }`
[INFO] started tweaking crates.io crate doers 0.2.0
[INFO] finished tweaking crates.io crate doers 0.2.0
[INFO] tweaked toml for crates.io crate doers 0.2.0 written to /workspace/builds/worker-7-tc1/source/Cargo.toml
[INFO] crate crates.io crate doers 0.2.0 already has a lockfile, it will not be regenerated
[INFO] running `Command { std: CARGO_HOME="/workspace/cargo-home" RUSTUP_HOME="/workspace/rustup-home" "/workspace/cargo-home/bin/cargo" "+1.83.0" "fetch" "--manifest-path" "Cargo.toml", kill_on_drop: false }`
[INFO] running `Command { std: "docker" "create" "-v" "/var/lib/crater-agent-workspace/builds/worker-7-tc1/target:/opt/rustwide/target:rw,Z" "-v" "/var/lib/crater-agent-workspace/builds/worker-7-tc1/source:/opt/rustwide/workdir:ro,Z" "-v" "/var/lib/crater-agent-workspace/cargo-home:/opt/rustwide/cargo-home:ro,Z" "-v" "/var/lib/crater-agent-workspace/rustup-home:/opt/rustwide/rustup-home:ro,Z" "-e" "SOURCE_DIR=/opt/rustwide/workdir" "-e" "CARGO_TARGET_DIR=/opt/rustwide/target" "-e" "CARGO_HOME=/opt/rustwide/cargo-home" "-e" "RUSTUP_HOME=/opt/rustwide/rustup-home" "-w" "/opt/rustwide/workdir" "-m" "1610612736" "--user" "0:0" "--network" "none" "ghcr.io/rust-lang/crates-build-env/linux@sha256:f3a9d4ad9d972b27faf3965f35b62e55ba32bbce8f20bc8fe909558a86702fde" "/opt/rustwide/cargo-home/bin/cargo" "+1.83.0" "metadata" "--no-deps" "--format-version=1", kill_on_drop: false }`
[INFO] [stdout] 3f585beeeadb17c9098fe572bdc2e50d9526cd56f600e99639f1c4f004211c2e
[INFO] running `Command { std: "docker" "start" "-a" "3f585beeeadb17c9098fe572bdc2e50d9526cd56f600e99639f1c4f004211c2e", kill_on_drop: false }`
[INFO] running `Command { std: "docker" "inspect" "3f585beeeadb17c9098fe572bdc2e50d9526cd56f600e99639f1c4f004211c2e", kill_on_drop: false }`
[INFO] running `Command { std: "docker" "rm" "-f" "3f585beeeadb17c9098fe572bdc2e50d9526cd56f600e99639f1c4f004211c2e", kill_on_drop: false }`
[INFO] [stdout] 3f585beeeadb17c9098fe572bdc2e50d9526cd56f600e99639f1c4f004211c2e
[INFO] running `Command { std: "docker" "create" "-v" "/var/lib/crater-agent-workspace/builds/worker-7-tc1/target:/opt/rustwide/target:rw,Z" "-v" "/var/lib/crater-agent-workspace/builds/worker-7-tc1/source:/opt/rustwide/workdir:ro,Z" "-v" "/var/lib/crater-agent-workspace/cargo-home:/opt/rustwide/cargo-home:ro,Z" "-v" "/var/lib/crater-agent-workspace/rustup-home:/opt/rustwide/rustup-home:ro,Z" "-e" "SOURCE_DIR=/opt/rustwide/workdir" "-e" "CARGO_TARGET_DIR=/opt/rustwide/target" "-e" "CARGO_INCREMENTAL=0" "-e" "RUST_BACKTRACE=full" "-e" "RUSTFLAGS=--cap-lints=warn" "-e" "RUSTDOCFLAGS=--cap-lints=warn" "-e" "CARGO_HOME=/opt/rustwide/cargo-home" "-e" "RUSTUP_HOME=/opt/rustwide/rustup-home" "-w" "/opt/rustwide/workdir" "-m" "1610612736" "--user" "0:0" "--network" "none" "ghcr.io/rust-lang/crates-build-env/linux@sha256:f3a9d4ad9d972b27faf3965f35b62e55ba32bbce8f20bc8fe909558a86702fde" "/opt/rustwide/cargo-home/bin/cargo" "+1.83.0" "build" "--frozen" "--message-format=json", kill_on_drop: false }`
[INFO] [stdout] a6632d13a9207b29598baed120b9bd49de755858af079f0060878de591625d41
[INFO] running `Command { std: "docker" "start" "-a" "a6632d13a9207b29598baed120b9bd49de755858af079f0060878de591625d41", kill_on_drop: false }`
[INFO] [stderr]    Compiling autocfg v1.4.0
[INFO] [stderr]    Compiling proc-macro2 v1.0.87
[INFO] [stderr]    Compiling unicode-ident v1.0.13
[INFO] [stderr]    Compiling libm v0.2.8
[INFO] [stderr]    Compiling libc v0.2.159
[INFO] [stderr]    Compiling byteorder v1.5.0
[INFO] [stderr]    Compiling cfg-if v1.0.0
[INFO] [stderr]    Compiling memchr v2.7.4
[INFO] [stderr]    Compiling rawpointer v0.2.1
[INFO] [stderr]    Compiling regex-syntax v0.8.5
[INFO] [stderr]    Compiling either v1.13.0
[INFO] [stderr]    Compiling itertools v0.13.0
[INFO] [stderr]    Compiling num-traits v0.2.19
[INFO] [stderr]    Compiling matrixmultiply v0.3.9
[INFO] [stderr]    Compiling aho-corasick v1.1.3
[INFO] [stderr]    Compiling quote v1.0.37
[INFO] [stderr]    Compiling syn v2.0.79
[INFO] [stderr]    Compiling getrandom v0.2.15
[INFO] [stderr]    Compiling rand_core v0.6.4
[INFO] [stderr]    Compiling num-complex v0.4.6
[INFO] [stderr]    Compiling num-integer v0.1.46
[INFO] [stderr]    Compiling ndarray v0.16.1
[INFO] [stderr]    Compiling regex-automata v0.4.8
[INFO] [stderr]    Compiling zerocopy-derive v0.7.35
[INFO] [stderr]    Compiling zerocopy v0.7.35
[INFO] [stderr]    Compiling ppv-lite86 v0.2.20
[INFO] [stderr]    Compiling regex v1.11.0
[INFO] [stderr]    Compiling rand_chacha v0.3.1
[INFO] [stderr]    Compiling rand v0.8.5
[INFO] [stderr]    Compiling rand_distr v0.4.3
[INFO] [stderr]    Compiling ndarray-rand v0.15.0
[INFO] [stderr]    Compiling doers v0.2.0 (/opt/rustwide/workdir)
[INFO] [stderr]     Finished `dev` profile [unoptimized + debuginfo] target(s) in 15.84s
[INFO] running `Command { std: "docker" "inspect" "a6632d13a9207b29598baed120b9bd49de755858af079f0060878de591625d41", kill_on_drop: false }`
[INFO] running `Command { std: "docker" "rm" "-f" "a6632d13a9207b29598baed120b9bd49de755858af079f0060878de591625d41", kill_on_drop: false }`
[INFO] [stdout] a6632d13a9207b29598baed120b9bd49de755858af079f0060878de591625d41
[INFO] running `Command { std: "docker" "create" "-v" "/var/lib/crater-agent-workspace/builds/worker-7-tc1/target:/opt/rustwide/target:rw,Z" "-v" "/var/lib/crater-agent-workspace/builds/worker-7-tc1/source:/opt/rustwide/workdir:ro,Z" "-v" "/var/lib/crater-agent-workspace/cargo-home:/opt/rustwide/cargo-home:ro,Z" "-v" "/var/lib/crater-agent-workspace/rustup-home:/opt/rustwide/rustup-home:ro,Z" "-e" "SOURCE_DIR=/opt/rustwide/workdir" "-e" "CARGO_TARGET_DIR=/opt/rustwide/target" "-e" "CARGO_INCREMENTAL=0" "-e" "RUST_BACKTRACE=full" "-e" "RUSTFLAGS=--cap-lints=warn" "-e" "RUSTDOCFLAGS=--cap-lints=warn" "-e" "CARGO_HOME=/opt/rustwide/cargo-home" "-e" "RUSTUP_HOME=/opt/rustwide/rustup-home" "-w" "/opt/rustwide/workdir" "-m" "1610612736" "--user" "0:0" "--network" "none" "ghcr.io/rust-lang/crates-build-env/linux@sha256:f3a9d4ad9d972b27faf3965f35b62e55ba32bbce8f20bc8fe909558a86702fde" "/opt/rustwide/cargo-home/bin/cargo" "+1.83.0" "test" "--frozen" "--no-run" "--message-format=json", kill_on_drop: false }`
[INFO] [stdout] bb78778ae9d3802d6245d2bf68928610d50ef3c75f986b1a8b2a3d901b4aee1c
[INFO] running `Command { std: "docker" "start" "-a" "bb78778ae9d3802d6245d2bf68928610d50ef3c75f986b1a8b2a3d901b4aee1c", kill_on_drop: false }`
[INFO] [stderr]    Compiling doers v0.2.0 (/opt/rustwide/workdir)
[INFO] [stderr]     Finished `test` profile [unoptimized + debuginfo] target(s) in 5.10s
[INFO] running `Command { std: "docker" "inspect" "bb78778ae9d3802d6245d2bf68928610d50ef3c75f986b1a8b2a3d901b4aee1c", kill_on_drop: false }`
[INFO] running `Command { std: "docker" "rm" "-f" "bb78778ae9d3802d6245d2bf68928610d50ef3c75f986b1a8b2a3d901b4aee1c", kill_on_drop: false }`
[INFO] [stdout] bb78778ae9d3802d6245d2bf68928610d50ef3c75f986b1a8b2a3d901b4aee1c
[INFO] running `Command { std: "docker" "create" "-v" "/var/lib/crater-agent-workspace/builds/worker-7-tc1/target:/opt/rustwide/target:rw,Z" "-v" "/var/lib/crater-agent-workspace/builds/worker-7-tc1/source:/opt/rustwide/workdir:ro,Z" "-v" "/var/lib/crater-agent-workspace/cargo-home:/opt/rustwide/cargo-home:ro,Z" "-v" "/var/lib/crater-agent-workspace/rustup-home:/opt/rustwide/rustup-home:ro,Z" "-e" "SOURCE_DIR=/opt/rustwide/workdir" "-e" "CARGO_TARGET_DIR=/opt/rustwide/target" "-e" "CARGO_INCREMENTAL=0" "-e" "RUST_BACKTRACE=full" "-e" "RUSTFLAGS=--cap-lints=warn" "-e" "RUSTDOCFLAGS=--cap-lints=warn" "-e" "CARGO_HOME=/opt/rustwide/cargo-home" "-e" "RUSTUP_HOME=/opt/rustwide/rustup-home" "-w" "/opt/rustwide/workdir" "-m" "1610612736" "--user" "0:0" "--network" "none" "ghcr.io/rust-lang/crates-build-env/linux@sha256:f3a9d4ad9d972b27faf3965f35b62e55ba32bbce8f20bc8fe909558a86702fde" "/opt/rustwide/cargo-home/bin/cargo" "+1.83.0" "test" "--frozen", kill_on_drop: false }`
[INFO] [stdout] 08d46feac3ae7a184648cdc5efd54426b74ea6191ab1321087dc0468fc23bd03
[INFO] running `Command { std: "docker" "start" "-a" "08d46feac3ae7a184648cdc5efd54426b74ea6191ab1321087dc0468fc23bd03", kill_on_drop: false }`
[INFO] [stderr]     Finished `test` profile [unoptimized + debuginfo] target(s) in 0.04s
[INFO] [stderr]      Running unittests src/lib.rs (/opt/rustwide/target/debug/deps/doers-3c1c0d23fec3ff2d)
[INFO] [stdout] 
[INFO] [stdout] running 42 tests
[INFO] [stdout] test factorial_design::tests::functionality_tests::ff2n_1 ... ok
[INFO] [stdout] test factorial_design::tests::functionality_tests::ff2n_3 ... ok
[INFO] [stdout] test factorial_design::tests::functionality_tests::fracfact_1 ... ok
[INFO] [stdout] test factorial_design::tests::functionality_tests::gsd_1 ... ok
[INFO] [stdout] test factorial_design::tests::functionality_tests::gsd_3 ... ok
[INFO] [stdout] test factorial_design::tests::functionality_tests::fracfact_2 ... ok
[INFO] [stdout] test factorial_design::tests::functionality_tests::gsd_2 ... ok
[INFO] [stdout] test factorial_design::tests::functionality_tests::fullfact_1 ... ok
[INFO] [stdout] test factorial_design::tests::functionality_tests::fullfact_2 ... ok
[INFO] [stdout] test factorial_design::tests::functionality_tests::ff2n_2 ... ok
[INFO] [stdout] test factorial_design::tests::functionality_tests::fullfact_3 ... ok
[INFO] [stdout] test factorial_design::tests::functionality_tests::pbdesign_1 ... ok
[INFO] [stdout] test factorial_design::tests::utilities_tests::frexp_test ... ok
[INFO] [stdout] test factorial_design::tests::utilities_tests::hankel_test ... ok
[INFO] [stdout] test factorial_design::tests::functionality_tests::fracfact_4 ... ok
[INFO] [stdout] test factorial_design::tests::utilities_tests::toeplitz_test ... ok
[INFO] [stdout] test factorial_design::tests::functionality_tests::pbdesign_3 ... ok
[INFO] [stdout] test factorial_design::tests::functionality_tests::pbdesign_2 ... ok
[INFO] [stdout] test random_design::tests::utilities_tests::euclidean_distance_test ... ok
[INFO] [stdout] test random_design::tests::test_guarantees::lhs_centered_guarantee ... ok
[INFO] [stdout] test random_design::tests::utilities_tests::correlation_test ... ok
[INFO] [stdout] test response_surface_design::tests::bbdesign_2 ... ok
[INFO] [stdout] test factorial_design::tests::functionality_tests::pbdesign_4 ... ok
[INFO] [stdout] test factorial_design::tests::functionality_tests::fracfact_5 ... ok
[INFO] [stdout] test response_surface_design::tests::bbdesign_center_2 ... ok
[INFO] [stdout] test response_surface_design::tests::ccdesign_o_c ... ok
[INFO] [stdout] test response_surface_design::tests::ccdesign_o_c_2 ... ok
[INFO] [stdout] test response_surface_design::tests::ccdesign_f ... ok
[INFO] [stdout] test response_surface_design::tests::ccdesign_r_i ... ok
[INFO] [stdout] test response_surface_design::tests::ccdesign_r_c_2 ... ok
[INFO] [stdout] test factorial_design::tests::functionality_tests::fracfact_6 ... ok
[INFO] [stdout] test response_surface_design::tests::bbdesign_1 ... ok
[INFO] [stdout] test response_surface_design::tests::bbdesign_center_1 ... ok
[INFO] [stdout] test response_surface_design::tests::ccdesign_o_i ... ok
[INFO] [stdout] test response_surface_design::tests::ccdesign_r_c ... ok
[INFO] [stdout] test factorial_design::tests::functionality_tests::fracfact_3 ... ok
[INFO] [stdout] test random_design::tests::test_averages::lhs_centered_average ... ok
[INFO] [stdout] test random_design::tests::test_guarantees::lhs_mu_guarantee ... ok
[INFO] [stdout] test random_design::tests::test_averages::lhs_classic_average ... ok
[INFO] [stdout] test random_design::tests::test_averages::lhs_maximin_average ... ok
[INFO] [stdout] test random_design::tests::test_averages::lhs_correlate_average ... ok
[INFO] [stdout] test random_design::tests::test_averages::lhs_mu_average ... ok
[INFO] [stdout] 
[INFO] [stdout] test result: ok. 42 passed; 0 failed; 0 ignored; 0 measured; 0 filtered out; finished in 11.56s
[INFO] [stdout] 
[INFO] [stderr]    Doc-tests doers
[INFO] [stdout] 
[INFO] [stdout] running 16 tests
[INFO] [stdout] test src/response_surface_design.rs - response_surface_design::bbdesign_center (line 62) ... FAILED
[INFO] [stdout] test src/factorial_design.rs - factorial_design::gsd (line 324) ... FAILED
[INFO] [stdout] test src/factorial_design.rs - factorial_design::fracfact (line 590) ... FAILED
[INFO] [stdout] test src/response_surface_design.rs - response_surface_design::star (line 328) ... ok
[INFO] [stdout] test src/factorial_design.rs - factorial_design::gsd (line 382) ... ok
[INFO] [stdout] test src/random_design.rs - random_design::lhs_maximin (line 198) ... ok
[INFO] [stdout] test src/random_design.rs - random_design::lhs_mu (line 334) ... ok
[INFO] [stdout] test src/factorial_design.rs - factorial_design::fullfact (line 52) ... ok
[INFO] [stdout] test src/random_design.rs - random_design::lhs_correlate (line 266) ... ok
[INFO] [stdout] test src/response_surface_design.rs - response_surface_design::bbdesign (line 121) ... ok
[INFO] [stdout] test src/factorial_design.rs - factorial_design::pbdesign (line 188) ... ok
[INFO] [stdout] test src/random_design.rs - random_design::lhs_classic (line 52) ... ok
[INFO] [stdout] test src/factorial_design.rs - factorial_design::gsd (line 360) ... ok
[INFO] [stdout] test src/random_design.rs - random_design::lhs_centered (line 127) ... ok
[INFO] [stdout] test src/response_surface_design.rs - response_surface_design::ccdesign (line 220) ... ok
[INFO] [stdout] test src/factorial_design.rs - factorial_design::ff2n (line 147) ... ok
[INFO] [stdout] 
[INFO] [stdout] failures:
[INFO] [stdout] 
[INFO] [stdout] ---- src/response_surface_design.rs - response_surface_design::bbdesign_center (line 62) stdout ----
[INFO] [stdout] error: linking with `cc` failed: exit status: 1
[INFO] [stdout]   |
[INFO] [stdout]   = note: LC_ALL="C" PATH="/opt/rustwide/rustup-home/toolchains/1.83.0-x86_64-unknown-linux-gnu/lib/rustlib/x86_64-unknown-linux-gnu/bin:/opt/rustwide/cargo-home/bin:/usr/local/sbin:/usr/local/bin:/usr/sbin:/usr/bin:/sbin:/bin" VSLANG="1033" "cc" "-m64" "/tmp/rustceZ5jnd/symbols.o" "/tmp/rustdoctestuH4VX1/rust_out.rust_out.cb03291d53e4e161-cgu.0.rcgu.o" "/tmp/rustdoctestuH4VX1/rust_out.1s7umcihpz0t7nkz1uc2ifee9.rcgu.o" "-Wl,--as-needed" "-Wl,-Bstatic" "/opt/rustwide/target/debug/deps/libdoers-f051cbe8a3b68555.rlib" "/opt/rustwide/target/debug/deps/libndarray_rand-86b2320c32313687.rlib" "/opt/rustwide/target/debug/deps/librand_distr-2b64d9cf73cf4e64.rlib" "/opt/rustwide/target/debug/deps/librand-cf0d78a5d71eac39.rlib" "/opt/rustwide/target/debug/deps/librand_chacha-9cb94085c5374532.rlib" "/opt/rustwide/target/debug/deps/libppv_lite86-8a755ffb7be6f497.rlib" "/opt/rustwide/target/debug/deps/libzerocopy-46d8f612c4981289.rlib" "/opt/rustwide/target/debug/deps/libbyteorder-d36d73da0d12e75b.rlib" "/opt/rustwide/target/debug/deps/librand_core-b7c6b9fee73ce2ee.rlib" "/opt/rustwide/target/debug/deps/libgetrandom-8efdc89873310b87.rlib" "/opt/rustwide/target/debug/deps/liblibc-016b57ee4d940696.rlib" "/opt/rustwide/target/debug/deps/libcfg_if-8217498f8667ada9.rlib" "/opt/rustwide/target/debug/deps/libregex-229f581e481112fd.rlib" "/opt/rustwide/target/debug/deps/libregex_automata-85b212dc13d9b492.rlib" "/opt/rustwide/target/debug/deps/libaho_corasick-7c62546353774bfd.rlib" "/opt/rustwide/target/debug/deps/libmemchr-6b84ce758acd6c63.rlib" "/opt/rustwide/target/debug/deps/libregex_syntax-155e812807b49638.rlib" "/opt/rustwide/target/debug/deps/libndarray-a9fafa37db285d7f.rlib" "/opt/rustwide/target/debug/deps/libmatrixmultiply-aa901a7cfe0c5f21.rlib" "/opt/rustwide/target/debug/deps/libnum_complex-389bb6b30213848b.rlib" "/opt/rustwide/target/debug/deps/libnum_integer-fcd6730d3fb5f602.rlib" "/opt/rustwide/target/debug/deps/libnum_traits-8a01cd5cdfc09fcd.rlib" "/opt/rustwide/target/debug/deps/librawpointer-82a8acb23f770ede.rlib" "/opt/rustwide/target/debug/deps/libitertools-a88bab2bb93dd0c3.rlib" "/opt/rustwide/target/debug/deps/libeither-41b3367888b49508.rlib" "/opt/rustwide/rustup-home/toolchains/1.83.0-x86_64-unknown-linux-gnu/lib/rustlib/x86_64-unknown-linux-gnu/lib/libstd-ca74a2d9c5166d9f.rlib" "/opt/rustwide/rustup-home/toolchains/1.83.0-x86_64-unknown-linux-gnu/lib/rustlib/x86_64-unknown-linux-gnu/lib/libpanic_unwind-e31ab23316ed5080.rlib" "/opt/rustwide/rustup-home/toolchains/1.83.0-x86_64-unknown-linux-gnu/lib/rustlib/x86_64-unknown-linux-gnu/lib/libobject-27dc4aa955912662.rlib" "/opt/rustwide/rustup-home/toolchains/1.83.0-x86_64-unknown-linux-gnu/lib/rustlib/x86_64-unknown-linux-gnu/lib/libmemchr-bd0d6cccce077b99.rlib" "/opt/rustwide/rustup-home/toolchains/1.83.0-x86_64-unknown-linux-gnu/lib/rustlib/x86_64-unknown-linux-gnu/lib/libaddr2line-8d001680935b5e3c.rlib" "/opt/rustwide/rustup-home/toolchains/1.83.0-x86_64-unknown-linux-gnu/lib/rustlib/x86_64-unknown-linux-gnu/lib/libgimli-ba8ce71964f984f4.rlib" "/opt/rustwide/rustup-home/toolchains/1.83.0-x86_64-unknown-linux-gnu/lib/rustlib/x86_64-unknown-linux-gnu/lib/librustc_demangle-99a73526abcec14b.rlib" "/opt/rustwide/rustup-home/toolchains/1.83.0-x86_64-unknown-linux-gnu/lib/rustlib/x86_64-unknown-linux-gnu/lib/libstd_detect-63ac0d22cff92579.rlib" "/opt/rustwide/rustup-home/toolchains/1.83.0-x86_64-unknown-linux-gnu/lib/rustlib/x86_64-unknown-linux-gnu/lib/libhashbrown-9057355c92c922d5.rlib" "/opt/rustwide/rustup-home/toolchains/1.83.0-x86_64-unknown-linux-gnu/lib/rustlib/x86_64-unknown-linux-gnu/lib/librustc_std_workspace_alloc-358be9bc1f6bab04.rlib" "/opt/rustwide/rustup-home/toolchains/1.83.0-x86_64-unknown-linux-gnu/lib/rustlib/x86_64-unknown-linux-gnu/lib/libminiz_oxide-aca15549d5bff974.rlib" "/opt/rustwide/rustup-home/toolchains/1.83.0-x86_64-unknown-linux-gnu/lib/rustlib/x86_64-unknown-linux-gnu/lib/libadler-8251d2cef7072448.rlib" "/opt/rustwide/rustup-home/toolchains/1.83.0-x86_64-unknown-linux-gnu/lib/rustlib/x86_64-unknown-linux-gnu/lib/libunwind-7d50b86011c66411.rlib" "/opt/rustwide/rustup-home/toolchains/1.83.0-x86_64-unknown-linux-gnu/lib/rustlib/x86_64-unknown-linux-gnu/lib/libcfg_if-51ea098fce5006bf.rlib" "/opt/rustwide/rustup-home/toolchains/1.83.0-x86_64-unknown-linux-gnu/lib/rustlib/x86_64-unknown-linux-gnu/lib/liblibc-5a14e0d0b712e731.rlib" "/opt/rustwide/rustup-home/toolchains/1.83.0-x86_64-unknown-linux-gnu/lib/rustlib/x86_64-unknown-linux-gnu/lib/liballoc-8b83dbf3a7b8f999.rlib" "/opt/rustwide/rustup-home/toolchains/1.83.0-x86_64-unknown-linux-gnu/lib/rustlib/x86_64-unknown-linux-gnu/lib/librustc_std_workspace_core-c6fd227bdc7b39ff.rlib" "/opt/rustwide/rustup-home/toolchains/1.83.0-x86_64-unknown-linux-gnu/lib/rustlib/x86_64-unknown-linux-gnu/lib/libcore-959d3389fa3da8a5.rlib" "/opt/rustwide/rustup-home/toolchains/1.83.0-x86_64-unknown-linux-gnu/lib/rustlib/x86_64-unknown-linux-gnu/lib/libcompiler_builtins-abe05db089cc2c62.rlib" "-Wl,-Bdynamic" "-lc" "-lm" "-lrt" "-lpthread" "-lgcc_s" "-lutil" "-lrt" "-lpthread" "-lm" "-ldl" "-lc" "-Wl,--eh-frame-hdr" "-Wl,-z,noexecstack" "-L" "/opt/rustwide/rustup-home/toolchains/1.83.0-x86_64-unknown-linux-gnu/lib/rustlib/x86_64-unknown-linux-gnu/lib" "-o" "/tmp/rustdoctestuH4VX1/rust_out" "-Wl,--gc-sections" "-pie" "-Wl,-z,relro,-z,now" "-nodefaultlibs"
[INFO] [stdout]   = note: collect2: fatal error: ld terminated with signal 9 [Killed]
[INFO] [stdout]           compilation terminated.
[INFO] [stdout]           
[INFO] [stdout] 
[INFO] [stdout] error: aborting due to 1 previous error
[INFO] [stdout] 
[INFO] [stdout] Couldn't compile the test.
[INFO] [stdout] ---- src/factorial_design.rs - factorial_design::gsd (line 324) stdout ----
[INFO] [stdout] error: linking with `cc` failed: exit status: 1
[INFO] [stdout]   |
[INFO] [stdout]   = note: LC_ALL="C" PATH="/opt/rustwide/rustup-home/toolchains/1.83.0-x86_64-unknown-linux-gnu/lib/rustlib/x86_64-unknown-linux-gnu/bin:/opt/rustwide/cargo-home/bin:/usr/local/sbin:/usr/local/bin:/usr/sbin:/usr/bin:/sbin:/bin" VSLANG="1033" "cc" "-m64" "/tmp/rustcN8VSLF/symbols.o" "/tmp/rustdoctestkL6c41/rust_out.rust_out.cb03291d53e4e161-cgu.0.rcgu.o" "/tmp/rustdoctestkL6c41/rust_out.1s7umcihpz0t7nkz1uc2ifee9.rcgu.o" "-Wl,--as-needed" "-Wl,-Bstatic" "/opt/rustwide/target/debug/deps/libdoers-f051cbe8a3b68555.rlib" "/opt/rustwide/target/debug/deps/libndarray_rand-86b2320c32313687.rlib" "/opt/rustwide/target/debug/deps/librand_distr-2b64d9cf73cf4e64.rlib" "/opt/rustwide/target/debug/deps/librand-cf0d78a5d71eac39.rlib" "/opt/rustwide/target/debug/deps/librand_chacha-9cb94085c5374532.rlib" "/opt/rustwide/target/debug/deps/libppv_lite86-8a755ffb7be6f497.rlib" "/opt/rustwide/target/debug/deps/libzerocopy-46d8f612c4981289.rlib" "/opt/rustwide/target/debug/deps/libbyteorder-d36d73da0d12e75b.rlib" "/opt/rustwide/target/debug/deps/librand_core-b7c6b9fee73ce2ee.rlib" "/opt/rustwide/target/debug/deps/libgetrandom-8efdc89873310b87.rlib" "/opt/rustwide/target/debug/deps/liblibc-016b57ee4d940696.rlib" "/opt/rustwide/target/debug/deps/libcfg_if-8217498f8667ada9.rlib" "/opt/rustwide/target/debug/deps/libregex-229f581e481112fd.rlib" "/opt/rustwide/target/debug/deps/libregex_automata-85b212dc13d9b492.rlib" "/opt/rustwide/target/debug/deps/libaho_corasick-7c62546353774bfd.rlib" "/opt/rustwide/target/debug/deps/libmemchr-6b84ce758acd6c63.rlib" "/opt/rustwide/target/debug/deps/libregex_syntax-155e812807b49638.rlib" "/opt/rustwide/target/debug/deps/libndarray-a9fafa37db285d7f.rlib" "/opt/rustwide/target/debug/deps/libmatrixmultiply-aa901a7cfe0c5f21.rlib" "/opt/rustwide/target/debug/deps/libnum_complex-389bb6b30213848b.rlib" "/opt/rustwide/target/debug/deps/libnum_integer-fcd6730d3fb5f602.rlib" "/opt/rustwide/target/debug/deps/libnum_traits-8a01cd5cdfc09fcd.rlib" "/opt/rustwide/target/debug/deps/librawpointer-82a8acb23f770ede.rlib" "/opt/rustwide/target/debug/deps/libitertools-a88bab2bb93dd0c3.rlib" "/opt/rustwide/target/debug/deps/libeither-41b3367888b49508.rlib" "/opt/rustwide/rustup-home/toolchains/1.83.0-x86_64-unknown-linux-gnu/lib/rustlib/x86_64-unknown-linux-gnu/lib/libstd-ca74a2d9c5166d9f.rlib" "/opt/rustwide/rustup-home/toolchains/1.83.0-x86_64-unknown-linux-gnu/lib/rustlib/x86_64-unknown-linux-gnu/lib/libpanic_unwind-e31ab23316ed5080.rlib" "/opt/rustwide/rustup-home/toolchains/1.83.0-x86_64-unknown-linux-gnu/lib/rustlib/x86_64-unknown-linux-gnu/lib/libobject-27dc4aa955912662.rlib" "/opt/rustwide/rustup-home/toolchains/1.83.0-x86_64-unknown-linux-gnu/lib/rustlib/x86_64-unknown-linux-gnu/lib/libmemchr-bd0d6cccce077b99.rlib" "/opt/rustwide/rustup-home/toolchains/1.83.0-x86_64-unknown-linux-gnu/lib/rustlib/x86_64-unknown-linux-gnu/lib/libaddr2line-8d001680935b5e3c.rlib" "/opt/rustwide/rustup-home/toolchains/1.83.0-x86_64-unknown-linux-gnu/lib/rustlib/x86_64-unknown-linux-gnu/lib/libgimli-ba8ce71964f984f4.rlib" "/opt/rustwide/rustup-home/toolchains/1.83.0-x86_64-unknown-linux-gnu/lib/rustlib/x86_64-unknown-linux-gnu/lib/librustc_demangle-99a73526abcec14b.rlib" "/opt/rustwide/rustup-home/toolchains/1.83.0-x86_64-unknown-linux-gnu/lib/rustlib/x86_64-unknown-linux-gnu/lib/libstd_detect-63ac0d22cff92579.rlib" "/opt/rustwide/rustup-home/toolchains/1.83.0-x86_64-unknown-linux-gnu/lib/rustlib/x86_64-unknown-linux-gnu/lib/libhashbrown-9057355c92c922d5.rlib" "/opt/rustwide/rustup-home/toolchains/1.83.0-x86_64-unknown-linux-gnu/lib/rustlib/x86_64-unknown-linux-gnu/lib/librustc_std_workspace_alloc-358be9bc1f6bab04.rlib" "/opt/rustwide/rustup-home/toolchains/1.83.0-x86_64-unknown-linux-gnu/lib/rustlib/x86_64-unknown-linux-gnu/lib/libminiz_oxide-aca15549d5bff974.rlib" "/opt/rustwide/rustup-home/toolchains/1.83.0-x86_64-unknown-linux-gnu/lib/rustlib/x86_64-unknown-linux-gnu/lib/libadler-8251d2cef7072448.rlib" "/opt/rustwide/rustup-home/toolchains/1.83.0-x86_64-unknown-linux-gnu/lib/rustlib/x86_64-unknown-linux-gnu/lib/libunwind-7d50b86011c66411.rlib" "/opt/rustwide/rustup-home/toolchains/1.83.0-x86_64-unknown-linux-gnu/lib/rustlib/x86_64-unknown-linux-gnu/lib/libcfg_if-51ea098fce5006bf.rlib" "/opt/rustwide/rustup-home/toolchains/1.83.0-x86_64-unknown-linux-gnu/lib/rustlib/x86_64-unknown-linux-gnu/lib/liblibc-5a14e0d0b712e731.rlib" "/opt/rustwide/rustup-home/toolchains/1.83.0-x86_64-unknown-linux-gnu/lib/rustlib/x86_64-unknown-linux-gnu/lib/liballoc-8b83dbf3a7b8f999.rlib" "/opt/rustwide/rustup-home/toolchains/1.83.0-x86_64-unknown-linux-gnu/lib/rustlib/x86_64-unknown-linux-gnu/lib/librustc_std_workspace_core-c6fd227bdc7b39ff.rlib" "/opt/rustwide/rustup-home/toolchains/1.83.0-x86_64-unknown-linux-gnu/lib/rustlib/x86_64-unknown-linux-gnu/lib/libcore-959d3389fa3da8a5.rlib" "/opt/rustwide/rustup-home/toolchains/1.83.0-x86_64-unknown-linux-gnu/lib/rustlib/x86_64-unknown-linux-gnu/lib/libcompiler_builtins-abe05db089cc2c62.rlib" "-Wl,-Bdynamic" "-lc" "-lm" "-lrt" "-lpthread" "-lgcc_s" "-lutil" "-lrt" "-lpthread" "-lm" "-ldl" "-lc" "-Wl,--eh-frame-hdr" "-Wl,-z,noexecstack" "-L" "/opt/rustwide/rustup-home/toolchains/1.83.0-x86_64-unknown-linux-gnu/lib/rustlib/x86_64-unknown-linux-gnu/lib" "-o" "/tmp/rustdoctestkL6c41/rust_out" "-Wl,--gc-sections" "-pie" "-Wl,-z,relro,-z,now" "-nodefaultlibs"
[INFO] [stdout]   = note: collect2: fatal error: ld terminated with signal 9 [Killed]
[INFO] [stdout]           compilation terminated.
[INFO] [stdout]           
[INFO] [stdout] 
[INFO] [stdout] error: aborting due to 1 previous error
[INFO] [stdout] 
[INFO] [stdout] Couldn't compile the test.
[INFO] [stdout] ---- src/factorial_design.rs - factorial_design::fracfact (line 590) stdout ----
[INFO] [stdout] error: linking with `cc` failed: exit status: 1
[INFO] [stdout]   |
[INFO] [stdout]   = note: LC_ALL="C" PATH="/opt/rustwide/rustup-home/toolchains/1.83.0-x86_64-unknown-linux-gnu/lib/rustlib/x86_64-unknown-linux-gnu/bin:/opt/rustwide/cargo-home/bin:/usr/local/sbin:/usr/local/bin:/usr/sbin:/usr/bin:/sbin:/bin" VSLANG="1033" "cc" "-m64" "/tmp/rustcngOIbC/symbols.o" "/tmp/rustdoctestI4xVMU/rust_out.rust_out.cb03291d53e4e161-cgu.0.rcgu.o" "/tmp/rustdoctestI4xVMU/rust_out.1s7umcihpz0t7nkz1uc2ifee9.rcgu.o" "-Wl,--as-needed" "-Wl,-Bstatic" "/opt/rustwide/target/debug/deps/libdoers-f051cbe8a3b68555.rlib" "/opt/rustwide/target/debug/deps/libndarray_rand-86b2320c32313687.rlib" "/opt/rustwide/target/debug/deps/librand_distr-2b64d9cf73cf4e64.rlib" "/opt/rustwide/target/debug/deps/librand-cf0d78a5d71eac39.rlib" "/opt/rustwide/target/debug/deps/librand_chacha-9cb94085c5374532.rlib" "/opt/rustwide/target/debug/deps/libppv_lite86-8a755ffb7be6f497.rlib" "/opt/rustwide/target/debug/deps/libzerocopy-46d8f612c4981289.rlib" "/opt/rustwide/target/debug/deps/libbyteorder-d36d73da0d12e75b.rlib" "/opt/rustwide/target/debug/deps/librand_core-b7c6b9fee73ce2ee.rlib" "/opt/rustwide/target/debug/deps/libgetrandom-8efdc89873310b87.rlib" "/opt/rustwide/target/debug/deps/liblibc-016b57ee4d940696.rlib" "/opt/rustwide/target/debug/deps/libcfg_if-8217498f8667ada9.rlib" "/opt/rustwide/target/debug/deps/libregex-229f581e481112fd.rlib" "/opt/rustwide/target/debug/deps/libregex_automata-85b212dc13d9b492.rlib" "/opt/rustwide/target/debug/deps/libaho_corasick-7c62546353774bfd.rlib" "/opt/rustwide/target/debug/deps/libmemchr-6b84ce758acd6c63.rlib" "/opt/rustwide/target/debug/deps/libregex_syntax-155e812807b49638.rlib" "/opt/rustwide/target/debug/deps/libndarray-a9fafa37db285d7f.rlib" "/opt/rustwide/target/debug/deps/libmatrixmultiply-aa901a7cfe0c5f21.rlib" "/opt/rustwide/target/debug/deps/libnum_complex-389bb6b30213848b.rlib" "/opt/rustwide/target/debug/deps/libnum_integer-fcd6730d3fb5f602.rlib" "/opt/rustwide/target/debug/deps/libnum_traits-8a01cd5cdfc09fcd.rlib" "/opt/rustwide/target/debug/deps/librawpointer-82a8acb23f770ede.rlib" "/opt/rustwide/target/debug/deps/libitertools-a88bab2bb93dd0c3.rlib" "/opt/rustwide/target/debug/deps/libeither-41b3367888b49508.rlib" "/opt/rustwide/rustup-home/toolchains/1.83.0-x86_64-unknown-linux-gnu/lib/rustlib/x86_64-unknown-linux-gnu/lib/libstd-ca74a2d9c5166d9f.rlib" "/opt/rustwide/rustup-home/toolchains/1.83.0-x86_64-unknown-linux-gnu/lib/rustlib/x86_64-unknown-linux-gnu/lib/libpanic_unwind-e31ab23316ed5080.rlib" "/opt/rustwide/rustup-home/toolchains/1.83.0-x86_64-unknown-linux-gnu/lib/rustlib/x86_64-unknown-linux-gnu/lib/libobject-27dc4aa955912662.rlib" "/opt/rustwide/rustup-home/toolchains/1.83.0-x86_64-unknown-linux-gnu/lib/rustlib/x86_64-unknown-linux-gnu/lib/libmemchr-bd0d6cccce077b99.rlib" "/opt/rustwide/rustup-home/toolchains/1.83.0-x86_64-unknown-linux-gnu/lib/rustlib/x86_64-unknown-linux-gnu/lib/libaddr2line-8d001680935b5e3c.rlib" "/opt/rustwide/rustup-home/toolchains/1.83.0-x86_64-unknown-linux-gnu/lib/rustlib/x86_64-unknown-linux-gnu/lib/libgimli-ba8ce71964f984f4.rlib" "/opt/rustwide/rustup-home/toolchains/1.83.0-x86_64-unknown-linux-gnu/lib/rustlib/x86_64-unknown-linux-gnu/lib/librustc_demangle-99a73526abcec14b.rlib" "/opt/rustwide/rustup-home/toolchains/1.83.0-x86_64-unknown-linux-gnu/lib/rustlib/x86_64-unknown-linux-gnu/lib/libstd_detect-63ac0d22cff92579.rlib" "/opt/rustwide/rustup-home/toolchains/1.83.0-x86_64-unknown-linux-gnu/lib/rustlib/x86_64-unknown-linux-gnu/lib/libhashbrown-9057355c92c922d5.rlib" "/opt/rustwide/rustup-home/toolchains/1.83.0-x86_64-unknown-linux-gnu/lib/rustlib/x86_64-unknown-linux-gnu/lib/librustc_std_workspace_alloc-358be9bc1f6bab04.rlib" "/opt/rustwide/rustup-home/toolchains/1.83.0-x86_64-unknown-linux-gnu/lib/rustlib/x86_64-unknown-linux-gnu/lib/libminiz_oxide-aca15549d5bff974.rlib" "/opt/rustwide/rustup-home/toolchains/1.83.0-x86_64-unknown-linux-gnu/lib/rustlib/x86_64-unknown-linux-gnu/lib/libadler-8251d2cef7072448.rlib" "/opt/rustwide/rustup-home/toolchains/1.83.0-x86_64-unknown-linux-gnu/lib/rustlib/x86_64-unknown-linux-gnu/lib/libunwind-7d50b86011c66411.rlib" "/opt/rustwide/rustup-home/toolchains/1.83.0-x86_64-unknown-linux-gnu/lib/rustlib/x86_64-unknown-linux-gnu/lib/libcfg_if-51ea098fce5006bf.rlib" "/opt/rustwide/rustup-home/toolchains/1.83.0-x86_64-unknown-linux-gnu/lib/rustlib/x86_64-unknown-linux-gnu/lib/liblibc-5a14e0d0b712e731.rlib" "/opt/rustwide/rustup-home/toolchains/1.83.0-x86_64-unknown-linux-gnu/lib/rustlib/x86_64-unknown-linux-gnu/lib/liballoc-8b83dbf3a7b8f999.rlib" "/opt/rustwide/rustup-home/toolchains/1.83.0-x86_64-unknown-linux-gnu/lib/rustlib/x86_64-unknown-linux-gnu/lib/librustc_std_workspace_core-c6fd227bdc7b39ff.rlib" "/opt/rustwide/rustup-home/toolchains/1.83.0-x86_64-unknown-linux-gnu/lib/rustlib/x86_64-unknown-linux-gnu/lib/libcore-959d3389fa3da8a5.rlib" "/opt/rustwide/rustup-home/toolchains/1.83.0-x86_64-unknown-linux-gnu/lib/rustlib/x86_64-unknown-linux-gnu/lib/libcompiler_builtins-abe05db089cc2c62.rlib" "-Wl,-Bdynamic" "-lc" "-lm" "-lrt" "-lpthread" "-lgcc_s" "-lutil" "-lrt" "-lpthread" "-lm" "-ldl" "-lc" "-Wl,--eh-frame-hdr" "-Wl,-z,noexecstack" "-L" "/opt/rustwide/rustup-home/toolchains/1.83.0-x86_64-unknown-linux-gnu/lib/rustlib/x86_64-unknown-linux-gnu/lib" "-o" "/tmp/rustdoctestI4xVMU/rust_out" "-Wl,--gc-sections" "-pie" "-Wl,-z,relro,-z,now" "-nodefaultlibs"
[INFO] [stdout]   = note: collect2: fatal error: ld terminated with signal 9 [Killed]
[INFO] [stdout]           compilation terminated.
[INFO] [stdout]           
[INFO] [stdout] 
[INFO] [stdout] error: aborting due to 1 previous error
[INFO] [stdout] 
[INFO] [stdout] Couldn't compile the test.
[INFO] [stdout] 
[INFO] [stdout] failures:
[INFO] [stdout]     src/factorial_design.rs - factorial_design::fracfact (line 590)
[INFO] [stdout]     src/factorial_design.rs - factorial_design::gsd (line 324)
[INFO] [stdout]     src/response_surface_design.rs - response_surface_design::bbdesign_center (line 62)
[INFO] [stdout] 
[INFO] [stdout] test result: FAILED. 13 passed; 3 failed; 0 ignored; 0 measured; 0 filtered out; finished in 5.78s
[INFO] [stdout] 
[INFO] [stderr] error: doctest failed, to rerun pass `--doc`
[INFO] running `Command { std: "docker" "inspect" "08d46feac3ae7a184648cdc5efd54426b74ea6191ab1321087dc0468fc23bd03", kill_on_drop: false }`
[INFO] running `Command { std: "docker" "rm" "-f" "08d46feac3ae7a184648cdc5efd54426b74ea6191ab1321087dc0468fc23bd03", kill_on_drop: false }`
[INFO] [stdout] 08d46feac3ae7a184648cdc5efd54426b74ea6191ab1321087dc0468fc23bd03
