[INFO] fetching crate docs-rs-kgs-test 0.3.0...
[INFO] testing docs-rs-kgs-test-0.3.0 against 1.83.0 for beta-1.84.0-4-retry
[INFO] extracting crate docs-rs-kgs-test 0.3.0 into /workspace/builds/worker-7-tc1/source
[INFO] validating manifest of crates.io crate docs-rs-kgs-test 0.3.0 on toolchain 1.83.0
[INFO] running `Command { std: CARGO_HOME="/workspace/cargo-home" RUSTUP_HOME="/workspace/rustup-home" "/workspace/cargo-home/bin/cargo" "+1.83.0" "metadata" "--manifest-path" "Cargo.toml" "--no-deps", kill_on_drop: false }`
[INFO] started tweaking crates.io crate docs-rs-kgs-test 0.3.0
[INFO] finished tweaking crates.io crate docs-rs-kgs-test 0.3.0
[INFO] tweaked toml for crates.io crate docs-rs-kgs-test 0.3.0 written to /workspace/builds/worker-7-tc1/source/Cargo.toml
[INFO] running `Command { std: CARGO_HOME="/workspace/cargo-home" RUSTUP_HOME="/workspace/rustup-home" "/workspace/cargo-home/bin/cargo" "+1.83.0" "generate-lockfile" "--manifest-path" "Cargo.toml", kill_on_drop: false }`
[INFO] [stderr]     Blocking waiting for file lock on package cache
[INFO] running `Command { std: CARGO_HOME="/workspace/cargo-home" RUSTUP_HOME="/workspace/rustup-home" "/workspace/cargo-home/bin/cargo" "+1.83.0" "fetch" "--manifest-path" "Cargo.toml", kill_on_drop: false }`
[INFO] [stderr]     Blocking waiting for file lock on package cache
[INFO] running `Command { std: "docker" "create" "-v" "/var/lib/crater-agent-workspace/builds/worker-7-tc1/target:/opt/rustwide/target:rw,Z" "-v" "/var/lib/crater-agent-workspace/builds/worker-7-tc1/source:/opt/rustwide/workdir:ro,Z" "-v" "/var/lib/crater-agent-workspace/cargo-home:/opt/rustwide/cargo-home:ro,Z" "-v" "/var/lib/crater-agent-workspace/rustup-home:/opt/rustwide/rustup-home:ro,Z" "-e" "SOURCE_DIR=/opt/rustwide/workdir" "-e" "CARGO_TARGET_DIR=/opt/rustwide/target" "-e" "CARGO_HOME=/opt/rustwide/cargo-home" "-e" "RUSTUP_HOME=/opt/rustwide/rustup-home" "-w" "/opt/rustwide/workdir" "-m" "1610612736" "--user" "0:0" "--network" "none" "ghcr.io/rust-lang/crates-build-env/linux@sha256:f3a9d4ad9d972b27faf3965f35b62e55ba32bbce8f20bc8fe909558a86702fde" "/opt/rustwide/cargo-home/bin/cargo" "+1.83.0" "metadata" "--no-deps" "--format-version=1", kill_on_drop: false }`
[INFO] [stdout] 2b91192b5029d8707cbf40b028d6bb1771557194aa0c1200451dc19b54584f4e
[INFO] running `Command { std: "docker" "start" "-a" "2b91192b5029d8707cbf40b028d6bb1771557194aa0c1200451dc19b54584f4e", kill_on_drop: false }`
[INFO] running `Command { std: "docker" "inspect" "2b91192b5029d8707cbf40b028d6bb1771557194aa0c1200451dc19b54584f4e", kill_on_drop: false }`
[INFO] running `Command { std: "docker" "rm" "-f" "2b91192b5029d8707cbf40b028d6bb1771557194aa0c1200451dc19b54584f4e", kill_on_drop: false }`
[INFO] [stdout] 2b91192b5029d8707cbf40b028d6bb1771557194aa0c1200451dc19b54584f4e
[INFO] running `Command { std: "docker" "create" "-v" "/var/lib/crater-agent-workspace/builds/worker-7-tc1/target:/opt/rustwide/target:rw,Z" "-v" "/var/lib/crater-agent-workspace/builds/worker-7-tc1/source:/opt/rustwide/workdir:ro,Z" "-v" "/var/lib/crater-agent-workspace/cargo-home:/opt/rustwide/cargo-home:ro,Z" "-v" "/var/lib/crater-agent-workspace/rustup-home:/opt/rustwide/rustup-home:ro,Z" "-e" "SOURCE_DIR=/opt/rustwide/workdir" "-e" "CARGO_TARGET_DIR=/opt/rustwide/target" "-e" "CARGO_INCREMENTAL=0" "-e" "RUST_BACKTRACE=full" "-e" "RUSTFLAGS=--cap-lints=warn" "-e" "RUSTDOCFLAGS=--cap-lints=warn" "-e" "CARGO_HOME=/opt/rustwide/cargo-home" "-e" "RUSTUP_HOME=/opt/rustwide/rustup-home" "-w" "/opt/rustwide/workdir" "-m" "1610612736" "--user" "0:0" "--network" "none" "ghcr.io/rust-lang/crates-build-env/linux@sha256:f3a9d4ad9d972b27faf3965f35b62e55ba32bbce8f20bc8fe909558a86702fde" "/opt/rustwide/cargo-home/bin/cargo" "+1.83.0" "build" "--frozen" "--message-format=json", kill_on_drop: false }`
[INFO] [stdout] 147dc110b08a016adfa1490419aa58e877a39c4a6442f693b4a0165882589eb2
[INFO] running `Command { std: "docker" "start" "-a" "147dc110b08a016adfa1490419aa58e877a39c4a6442f693b4a0165882589eb2", kill_on_drop: false }`
[INFO] [stderr]    Compiling docs-rs-kgs-test v0.3.0 (/opt/rustwide/workdir)
[INFO] [stdout] warning: function `main` is never used
[INFO] [stdout]   --> src/lib.rs:56:4
[INFO] [stdout]    |
[INFO] [stdout] 56 | fn main() {
[INFO] [stdout]    |    ^^^^
[INFO] [stdout]    |
[INFO] [stdout]    = note: `#[warn(dead_code)]` on by default
[INFO] [stdout] 
[INFO] [stdout] 
[INFO] [stderr]     Finished `dev` profile [unoptimized + debuginfo] target(s) in 0.17s
[INFO] running `Command { std: "docker" "inspect" "147dc110b08a016adfa1490419aa58e877a39c4a6442f693b4a0165882589eb2", kill_on_drop: false }`
[INFO] running `Command { std: "docker" "rm" "-f" "147dc110b08a016adfa1490419aa58e877a39c4a6442f693b4a0165882589eb2", kill_on_drop: false }`
[INFO] [stdout] 147dc110b08a016adfa1490419aa58e877a39c4a6442f693b4a0165882589eb2
[INFO] running `Command { std: "docker" "create" "-v" "/var/lib/crater-agent-workspace/builds/worker-7-tc1/target:/opt/rustwide/target:rw,Z" "-v" "/var/lib/crater-agent-workspace/builds/worker-7-tc1/source:/opt/rustwide/workdir:ro,Z" "-v" "/var/lib/crater-agent-workspace/cargo-home:/opt/rustwide/cargo-home:ro,Z" "-v" "/var/lib/crater-agent-workspace/rustup-home:/opt/rustwide/rustup-home:ro,Z" "-e" "SOURCE_DIR=/opt/rustwide/workdir" "-e" "CARGO_TARGET_DIR=/opt/rustwide/target" "-e" "CARGO_INCREMENTAL=0" "-e" "RUST_BACKTRACE=full" "-e" "RUSTFLAGS=--cap-lints=warn" "-e" "RUSTDOCFLAGS=--cap-lints=warn" "-e" "CARGO_HOME=/opt/rustwide/cargo-home" "-e" "RUSTUP_HOME=/opt/rustwide/rustup-home" "-w" "/opt/rustwide/workdir" "-m" "1610612736" "--user" "0:0" "--network" "none" "ghcr.io/rust-lang/crates-build-env/linux@sha256:f3a9d4ad9d972b27faf3965f35b62e55ba32bbce8f20bc8fe909558a86702fde" "/opt/rustwide/cargo-home/bin/cargo" "+1.83.0" "test" "--frozen" "--no-run" "--message-format=json", kill_on_drop: false }`
[INFO] [stdout] 2d5e86a2ddafb704158e129507dd1dc19d14e48fd7f7a28e421b6395a8d2a2be
[INFO] running `Command { std: "docker" "start" "-a" "2d5e86a2ddafb704158e129507dd1dc19d14e48fd7f7a28e421b6395a8d2a2be", kill_on_drop: false }`
[INFO] [stderr]    Compiling docs-rs-kgs-test v0.3.0 (/opt/rustwide/workdir)
[INFO] [stdout] warning: function `main` is never used
[INFO] [stdout]   --> src/lib.rs:56:4
[INFO] [stdout]    |
[INFO] [stdout] 56 | fn main() {
[INFO] [stdout]    |    ^^^^
[INFO] [stdout]    |
[INFO] [stdout]    = note: `#[warn(dead_code)]` on by default
[INFO] [stdout] 
[INFO] [stdout] 
[INFO] [stderr]     Finished `test` profile [unoptimized + debuginfo] target(s) in 0.41s
[INFO] running `Command { std: "docker" "inspect" "2d5e86a2ddafb704158e129507dd1dc19d14e48fd7f7a28e421b6395a8d2a2be", kill_on_drop: false }`
[INFO] running `Command { std: "docker" "rm" "-f" "2d5e86a2ddafb704158e129507dd1dc19d14e48fd7f7a28e421b6395a8d2a2be", kill_on_drop: false }`
[INFO] [stdout] 2d5e86a2ddafb704158e129507dd1dc19d14e48fd7f7a28e421b6395a8d2a2be
[INFO] running `Command { std: "docker" "create" "-v" "/var/lib/crater-agent-workspace/builds/worker-7-tc1/target:/opt/rustwide/target:rw,Z" "-v" "/var/lib/crater-agent-workspace/builds/worker-7-tc1/source:/opt/rustwide/workdir:ro,Z" "-v" "/var/lib/crater-agent-workspace/cargo-home:/opt/rustwide/cargo-home:ro,Z" "-v" "/var/lib/crater-agent-workspace/rustup-home:/opt/rustwide/rustup-home:ro,Z" "-e" "SOURCE_DIR=/opt/rustwide/workdir" "-e" "CARGO_TARGET_DIR=/opt/rustwide/target" "-e" "CARGO_INCREMENTAL=0" "-e" "RUST_BACKTRACE=full" "-e" "RUSTFLAGS=--cap-lints=warn" "-e" "RUSTDOCFLAGS=--cap-lints=warn" "-e" "CARGO_HOME=/opt/rustwide/cargo-home" "-e" "RUSTUP_HOME=/opt/rustwide/rustup-home" "-w" "/opt/rustwide/workdir" "-m" "1610612736" "--user" "0:0" "--network" "none" "ghcr.io/rust-lang/crates-build-env/linux@sha256:f3a9d4ad9d972b27faf3965f35b62e55ba32bbce8f20bc8fe909558a86702fde" "/opt/rustwide/cargo-home/bin/cargo" "+1.83.0" "test" "--frozen", kill_on_drop: false }`
[INFO] [stdout] 0f39f9be5a7993967369daf1823a7a11314d6a5b4f1e168a73e787508cfc48ce
[INFO] running `Command { std: "docker" "start" "-a" "0f39f9be5a7993967369daf1823a7a11314d6a5b4f1e168a73e787508cfc48ce", kill_on_drop: false }`
[INFO] [stderr] warning: function `main` is never used
[INFO] [stderr]   --> src/lib.rs:56:4
[INFO] [stderr]    |
[INFO] [stderr] 56 | fn main() {
[INFO] [stderr]    |    ^^^^
[INFO] [stderr]    |
[INFO] [stderr]    = note: `#[warn(dead_code)]` on by default
[INFO] [stderr] 
[INFO] [stderr] warning: `docs-rs-kgs-test` (lib) generated 1 warning
[INFO] [stderr]     Finished `test` profile [unoptimized + debuginfo] target(s) in 0.01s
[INFO] [stderr]      Running unittests src/lib.rs (/opt/rustwide/target/debug/deps/docs_rs_kgs_test-a4ea3ac678f6553c)
[INFO] [stdout] 
[INFO] [stdout] running 0 tests
[INFO] [stdout] 
[INFO] [stdout] test result: ok. 0 passed; 0 failed; 0 ignored; 0 measured; 0 filtered out; finished in 0.00s
[INFO] [stdout] 
[INFO] [stderr]    Doc-tests docs_rs_kgs_test
[INFO] [stdout] 
[INFO] [stdout] running 2 tests
[INFO] [stdout] test src/lib.rs - (line 21) - compile ... FAILED
[INFO] [stdout] test src/lib.rs - (line 47) - compile ... ok
[INFO] [stdout] 
[INFO] [stdout] failures:
[INFO] [stdout] 
[INFO] [stdout] ---- src/lib.rs - (line 21) stdout ----
[INFO] [stdout] error[E0433]: failed to resolve: use of undeclared crate or module `anchor_chain`
[INFO] [stdout]  --> src/lib.rs:24:9
[INFO] [stdout]   |
[INFO] [stdout] 4 |     use anchor_chain::{
[INFO] [stdout]   |         ^^^^^^^^^^^^ use of undeclared crate or module `anchor_chain`
[INFO] [stdout] 
[INFO] [stdout] error[E0433]: failed to resolve: use of undeclared crate or module `tokio`
[INFO] [stdout]  --> src/lib.rs:22:3
[INFO] [stdout]   |
[INFO] [stdout] 2 | #[tokio::main]
[INFO] [stdout]   |   ^^^^^ use of undeclared crate or module `tokio`
[INFO] [stdout] 
[INFO] [stdout] error[E0752]: `main` function is not allowed to be `async`
[INFO] [stdout]  --> src/lib.rs:23:1
[INFO] [stdout]   |
[INFO] [stdout] 3 | async fn main() {
[INFO] [stdout]   | ^^^^^^^^^^^^^^^ `main` function is not allowed to be `async`
[INFO] [stdout] 
[INFO] [stdout] error: aborting due to 3 previous errors
[INFO] [stdout] 
[INFO] [stdout] Some errors have detailed explanations: E0433, E0752.
[INFO] [stdout] For more information about an error, try `rustc --explain E0433`.
[INFO] [stdout] Couldn't compile the test.
[INFO] [stdout] 
[INFO] [stdout] failures:
[INFO] [stdout]     src/lib.rs - (line 21)
[INFO] [stdout] 
[INFO] [stdout] test result: FAILED. 1 passed; 1 failed; 0 ignored; 0 measured; 0 filtered out; finished in 0.11s
[INFO] [stdout] 
[INFO] [stderr] error: doctest failed, to rerun pass `--doc`
[INFO] running `Command { std: "docker" "inspect" "0f39f9be5a7993967369daf1823a7a11314d6a5b4f1e168a73e787508cfc48ce", kill_on_drop: false }`
[INFO] running `Command { std: "docker" "rm" "-f" "0f39f9be5a7993967369daf1823a7a11314d6a5b4f1e168a73e787508cfc48ce", kill_on_drop: false }`
[INFO] [stdout] 0f39f9be5a7993967369daf1823a7a11314d6a5b4f1e168a73e787508cfc48ce
