[INFO] fetching crate docker-archive 0.0.6...
[INFO] testing docker-archive-0.0.6 against beta-2024-12-08 for beta-1.84.0-4-retry
[INFO] extracting crate docker-archive 0.0.6 into /workspace/builds/worker-0-tc2/source
[INFO] validating manifest of crates.io crate docker-archive 0.0.6 on toolchain beta-2024-12-08
[INFO] running `Command { std: CARGO_HOME="/workspace/cargo-home" RUSTUP_HOME="/workspace/rustup-home" "/workspace/cargo-home/bin/cargo" "+beta-2024-12-08" "metadata" "--manifest-path" "Cargo.toml" "--no-deps", kill_on_drop: false }`
[INFO] started tweaking crates.io crate docker-archive 0.0.6
[INFO] finished tweaking crates.io crate docker-archive 0.0.6
[INFO] tweaked toml for crates.io crate docker-archive 0.0.6 written to /workspace/builds/worker-0-tc2/source/Cargo.toml
[INFO] crate crates.io crate docker-archive 0.0.6 already has a lockfile, it will not be regenerated
[INFO] running `Command { std: CARGO_HOME="/workspace/cargo-home" RUSTUP_HOME="/workspace/rustup-home" "/workspace/cargo-home/bin/cargo" "+beta-2024-12-08" "fetch" "--manifest-path" "Cargo.toml", kill_on_drop: false }`
[INFO] running `Command { std: "docker" "create" "-v" "/var/lib/crater-agent-workspace/builds/worker-0-tc2/target:/opt/rustwide/target:rw,Z" "-v" "/var/lib/crater-agent-workspace/builds/worker-0-tc2/source:/opt/rustwide/workdir:ro,Z" "-v" "/var/lib/crater-agent-workspace/cargo-home:/opt/rustwide/cargo-home:ro,Z" "-v" "/var/lib/crater-agent-workspace/rustup-home:/opt/rustwide/rustup-home:ro,Z" "-e" "SOURCE_DIR=/opt/rustwide/workdir" "-e" "CARGO_TARGET_DIR=/opt/rustwide/target" "-e" "CARGO_HOME=/opt/rustwide/cargo-home" "-e" "RUSTUP_HOME=/opt/rustwide/rustup-home" "-w" "/opt/rustwide/workdir" "-m" "1610612736" "--user" "0:0" "--network" "none" "ghcr.io/rust-lang/crates-build-env/linux@sha256:f3a9d4ad9d972b27faf3965f35b62e55ba32bbce8f20bc8fe909558a86702fde" "/opt/rustwide/cargo-home/bin/cargo" "+beta-2024-12-08" "metadata" "--no-deps" "--format-version=1", kill_on_drop: false }`
[INFO] [stdout] a500a7de6b6c9fb800f1561755114bcf5762006573637099fd1375272adff94b
[INFO] running `Command { std: "docker" "start" "-a" "a500a7de6b6c9fb800f1561755114bcf5762006573637099fd1375272adff94b", kill_on_drop: false }`
[INFO] running `Command { std: "docker" "inspect" "a500a7de6b6c9fb800f1561755114bcf5762006573637099fd1375272adff94b", kill_on_drop: false }`
[INFO] running `Command { std: "docker" "rm" "-f" "a500a7de6b6c9fb800f1561755114bcf5762006573637099fd1375272adff94b", kill_on_drop: false }`
[INFO] [stdout] a500a7de6b6c9fb800f1561755114bcf5762006573637099fd1375272adff94b
[INFO] running `Command { std: "docker" "create" "-v" "/var/lib/crater-agent-workspace/builds/worker-0-tc2/target:/opt/rustwide/target:rw,Z" "-v" "/var/lib/crater-agent-workspace/builds/worker-0-tc2/source:/opt/rustwide/workdir:ro,Z" "-v" "/var/lib/crater-agent-workspace/cargo-home:/opt/rustwide/cargo-home:ro,Z" "-v" "/var/lib/crater-agent-workspace/rustup-home:/opt/rustwide/rustup-home:ro,Z" "-e" "SOURCE_DIR=/opt/rustwide/workdir" "-e" "CARGO_TARGET_DIR=/opt/rustwide/target" "-e" "CARGO_INCREMENTAL=0" "-e" "RUST_BACKTRACE=full" "-e" "RUSTFLAGS=--cap-lints=warn" "-e" "RUSTDOCFLAGS=--cap-lints=warn" "-e" "CARGO_HOME=/opt/rustwide/cargo-home" "-e" "RUSTUP_HOME=/opt/rustwide/rustup-home" "-w" "/opt/rustwide/workdir" "-m" "1610612736" "--user" "0:0" "--network" "none" "ghcr.io/rust-lang/crates-build-env/linux@sha256:f3a9d4ad9d972b27faf3965f35b62e55ba32bbce8f20bc8fe909558a86702fde" "/opt/rustwide/cargo-home/bin/cargo" "+beta-2024-12-08" "build" "--frozen" "--message-format=json", kill_on_drop: false }`
[INFO] [stdout] e0e164be92a9193ca760b0f689279274c0e0620e1c5b18c14d31271633f4a493
[INFO] running `Command { std: "docker" "start" "-a" "e0e164be92a9193ca760b0f689279274c0e0620e1c5b18c14d31271633f4a493", kill_on_drop: false }`
[INFO] [stderr]    Compiling libc v0.2.121
[INFO] [stderr]    Compiling proc-macro2 v1.0.36
[INFO] [stderr]    Compiling unicode-xid v0.2.2
[INFO] [stderr]    Compiling syn v1.0.90
[INFO] [stderr]    Compiling autocfg v1.1.0
[INFO] [stderr]    Compiling serde_derive v1.0.136
[INFO] [stderr]    Compiling crc32fast v1.3.2
[INFO] [stderr]    Compiling ppv-lite86 v0.2.16
[INFO] [stderr]    Compiling serde v1.0.136
[INFO] [stderr]    Compiling adler v1.0.2
[INFO] [stderr]    Compiling either v1.6.1
[INFO] [stderr]    Compiling serde_json v1.0.79
[INFO] [stderr]    Compiling ryu v1.0.9
[INFO] [stderr]    Compiling itoa v1.0.1
[INFO] [stderr]    Compiling path-clean v0.1.0
[INFO] [stderr]    Compiling xxhash-rust v0.8.4
[INFO] [stderr]    Compiling itertools v0.10.3
[INFO] [stderr]    Compiling miniz_oxide v0.4.4
[INFO] [stderr]    Compiling getrandom v0.2.6
[INFO] [stderr]    Compiling filetime v0.2.15
[INFO] [stderr]    Compiling xattr v0.2.2
[INFO] [stderr]    Compiling which v4.2.5
[INFO] [stderr]    Compiling flate2 v1.0.22
[INFO] [stderr]    Compiling rand_core v0.6.3
[INFO] [stderr]    Compiling quote v1.0.17
[INFO] [stderr]    Compiling rand_chacha v0.3.1
[INFO] [stderr]    Compiling tar v0.4.38
[INFO] [stderr]    Compiling rand v0.8.5
[INFO] [stderr]    Compiling uuid-macro-internal v1.2.2
[INFO] [stderr]    Compiling thiserror-impl v1.0.30
[INFO] [stderr]    Compiling uuid v1.2.2
[INFO] [stderr]    Compiling thiserror v1.0.30
[INFO] [stderr]    Compiling docker-archive v0.0.6 (/opt/rustwide/workdir)
[INFO] [stderr]     Finished `dev` profile [unoptimized + debuginfo] target(s) in 18.24s
[INFO] running `Command { std: "docker" "inspect" "e0e164be92a9193ca760b0f689279274c0e0620e1c5b18c14d31271633f4a493", kill_on_drop: false }`
[INFO] running `Command { std: "docker" "rm" "-f" "e0e164be92a9193ca760b0f689279274c0e0620e1c5b18c14d31271633f4a493", kill_on_drop: false }`
[INFO] [stdout] e0e164be92a9193ca760b0f689279274c0e0620e1c5b18c14d31271633f4a493
[INFO] running `Command { std: "docker" "create" "-v" "/var/lib/crater-agent-workspace/builds/worker-0-tc2/target:/opt/rustwide/target:rw,Z" "-v" "/var/lib/crater-agent-workspace/builds/worker-0-tc2/source:/opt/rustwide/workdir:ro,Z" "-v" "/var/lib/crater-agent-workspace/cargo-home:/opt/rustwide/cargo-home:ro,Z" "-v" "/var/lib/crater-agent-workspace/rustup-home:/opt/rustwide/rustup-home:ro,Z" "-e" "SOURCE_DIR=/opt/rustwide/workdir" "-e" "CARGO_TARGET_DIR=/opt/rustwide/target" "-e" "CARGO_INCREMENTAL=0" "-e" "RUST_BACKTRACE=full" "-e" "RUSTFLAGS=--cap-lints=warn" "-e" "RUSTDOCFLAGS=--cap-lints=warn" "-e" "CARGO_HOME=/opt/rustwide/cargo-home" "-e" "RUSTUP_HOME=/opt/rustwide/rustup-home" "-w" "/opt/rustwide/workdir" "-m" "1610612736" "--user" "0:0" "--network" "none" "ghcr.io/rust-lang/crates-build-env/linux@sha256:f3a9d4ad9d972b27faf3965f35b62e55ba32bbce8f20bc8fe909558a86702fde" "/opt/rustwide/cargo-home/bin/cargo" "+beta-2024-12-08" "test" "--frozen" "--no-run" "--message-format=json", kill_on_drop: false }`
[INFO] [stdout] f05c3f640b8c63eef9aed873f2e00ef4ff5ad16afd54a9d5dcb812f3fab1c93c
[INFO] running `Command { std: "docker" "start" "-a" "f05c3f640b8c63eef9aed873f2e00ef4ff5ad16afd54a9d5dcb812f3fab1c93c", kill_on_drop: false }`
[INFO] [stderr]    Compiling docker-archive v0.0.6 (/opt/rustwide/workdir)
[INFO] [stderr]     Finished `test` profile [unoptimized + debuginfo] target(s) in 1.81s
[INFO] running `Command { std: "docker" "inspect" "f05c3f640b8c63eef9aed873f2e00ef4ff5ad16afd54a9d5dcb812f3fab1c93c", kill_on_drop: false }`
[INFO] running `Command { std: "docker" "rm" "-f" "f05c3f640b8c63eef9aed873f2e00ef4ff5ad16afd54a9d5dcb812f3fab1c93c", kill_on_drop: false }`
[INFO] [stdout] f05c3f640b8c63eef9aed873f2e00ef4ff5ad16afd54a9d5dcb812f3fab1c93c
[INFO] running `Command { std: "docker" "create" "-v" "/var/lib/crater-agent-workspace/builds/worker-0-tc2/target:/opt/rustwide/target:rw,Z" "-v" "/var/lib/crater-agent-workspace/builds/worker-0-tc2/source:/opt/rustwide/workdir:ro,Z" "-v" "/var/lib/crater-agent-workspace/cargo-home:/opt/rustwide/cargo-home:ro,Z" "-v" "/var/lib/crater-agent-workspace/rustup-home:/opt/rustwide/rustup-home:ro,Z" "-e" "SOURCE_DIR=/opt/rustwide/workdir" "-e" "CARGO_TARGET_DIR=/opt/rustwide/target" "-e" "CARGO_INCREMENTAL=0" "-e" "RUST_BACKTRACE=full" "-e" "RUSTFLAGS=--cap-lints=warn" "-e" "RUSTDOCFLAGS=--cap-lints=warn" "-e" "CARGO_HOME=/opt/rustwide/cargo-home" "-e" "RUSTUP_HOME=/opt/rustwide/rustup-home" "-w" "/opt/rustwide/workdir" "-m" "1610612736" "--user" "0:0" "--network" "none" "ghcr.io/rust-lang/crates-build-env/linux@sha256:f3a9d4ad9d972b27faf3965f35b62e55ba32bbce8f20bc8fe909558a86702fde" "/opt/rustwide/cargo-home/bin/cargo" "+beta-2024-12-08" "test" "--frozen", kill_on_drop: false }`
[INFO] [stdout] bb773b04a02b656a71c5faebcdf35f098bb67bc1578cc0bc0ad06b09b7258bf9
[INFO] running `Command { std: "docker" "start" "-a" "bb773b04a02b656a71c5faebcdf35f098bb67bc1578cc0bc0ad06b09b7258bf9", kill_on_drop: false }`
[INFO] [stderr]     Finished `test` profile [unoptimized + debuginfo] target(s) in 0.04s
[INFO] [stderr]      Running unittests src/lib.rs (/opt/rustwide/target/debug/deps/docker_archive-545bc3890ce8d75c)
[INFO] [stdout] 
[INFO] [stdout] running 3 tests
[INFO] [stderr] Cannot connect to the Docker daemon at unix:///var/run/docker.sock. Is the docker daemon running?
[INFO] [stderr] Cannot connect to the Docker daemon at unix:///var/run/docker.sock. Is the docker daemon running?
[INFO] [stdout] test tests::test_remove ... FAILED
[INFO] [stderr] Cannot connect to the Docker daemon at unix:///var/run/docker.sock. Is the docker daemon running?
[INFO] [stdout] test tests::test_search ... FAILED
[INFO] [stdout] test tests::test_url ... FAILED
[INFO] [stdout] 
[INFO] [stdout] failures:
[INFO] [stdout] 
[INFO] [stdout] ---- tests::test_remove stdout ----
[INFO] [stdout] Error: InvalidArchive("could not find image manifest")
[INFO] [stdout] 
[INFO] [stdout] ---- tests::test_search stdout ----
[INFO] [stdout] Error: InvalidArchive("could not find image manifest")
[INFO] [stdout] 
[INFO] [stdout] ---- tests::test_url stdout ----
[INFO] [stdout] Error: InvalidArchive("could not find image manifest")
[INFO] [stdout] 
[INFO] [stdout] 
[INFO] [stdout] failures:
[INFO] [stdout]     tests::test_remove
[INFO] [stdout]     tests::test_search
[INFO] [stdout]     tests::test_url
[INFO] [stdout] 
[INFO] [stdout] test result: FAILED. 0 passed; 3 failed; 0 ignored; 0 measured; 0 filtered out; finished in 0.04s
[INFO] [stdout] 
[INFO] [stderr] error: test failed, to rerun pass `--lib`
[INFO] running `Command { std: "docker" "inspect" "bb773b04a02b656a71c5faebcdf35f098bb67bc1578cc0bc0ad06b09b7258bf9", kill_on_drop: false }`
[INFO] running `Command { std: "docker" "rm" "-f" "bb773b04a02b656a71c5faebcdf35f098bb67bc1578cc0bc0ad06b09b7258bf9", kill_on_drop: false }`
[INFO] [stdout] bb773b04a02b656a71c5faebcdf35f098bb67bc1578cc0bc0ad06b09b7258bf9
