[INFO] fetching crate docker-api-stubs 0.5.0...
[INFO] testing docker-api-stubs-0.5.0 against 1.83.0 for beta-1.84.0-4-retry
[INFO] extracting crate docker-api-stubs 0.5.0 into /workspace/builds/worker-1-tc1/source
[INFO] validating manifest of crates.io crate docker-api-stubs 0.5.0 on toolchain 1.83.0
[INFO] running `Command { std: CARGO_HOME="/workspace/cargo-home" RUSTUP_HOME="/workspace/rustup-home" "/workspace/cargo-home/bin/cargo" "+1.83.0" "metadata" "--manifest-path" "Cargo.toml" "--no-deps", kill_on_drop: false }`
[INFO] started tweaking crates.io crate docker-api-stubs 0.5.0
[INFO] finished tweaking crates.io crate docker-api-stubs 0.5.0
[INFO] tweaked toml for crates.io crate docker-api-stubs 0.5.0 written to /workspace/builds/worker-1-tc1/source/Cargo.toml
[INFO] running `Command { std: CARGO_HOME="/workspace/cargo-home" RUSTUP_HOME="/workspace/rustup-home" "/workspace/cargo-home/bin/cargo" "+1.83.0" "generate-lockfile" "--manifest-path" "Cargo.toml", kill_on_drop: false }`
[INFO] [stderr]     Updating crates.io index
[INFO] [stderr]     Blocking waiting for file lock on package cache
[INFO] [stderr]      Locking 59 packages to latest compatible versions
[INFO] [stderr]       Adding serde_with v2.3.3 (available: v3.11.0)
[INFO] running `Command { std: CARGO_HOME="/workspace/cargo-home" RUSTUP_HOME="/workspace/rustup-home" "/workspace/cargo-home/bin/cargo" "+1.83.0" "fetch" "--manifest-path" "Cargo.toml", kill_on_drop: false }`
[INFO] [stderr]     Blocking waiting for file lock on package cache
[INFO] [stderr]     Blocking waiting for file lock on package cache
[INFO] running `Command { std: "docker" "create" "-v" "/var/lib/crater-agent-workspace/builds/worker-1-tc1/target:/opt/rustwide/target:rw,Z" "-v" "/var/lib/crater-agent-workspace/builds/worker-1-tc1/source:/opt/rustwide/workdir:ro,Z" "-v" "/var/lib/crater-agent-workspace/cargo-home:/opt/rustwide/cargo-home:ro,Z" "-v" "/var/lib/crater-agent-workspace/rustup-home:/opt/rustwide/rustup-home:ro,Z" "-e" "SOURCE_DIR=/opt/rustwide/workdir" "-e" "CARGO_TARGET_DIR=/opt/rustwide/target" "-e" "CARGO_HOME=/opt/rustwide/cargo-home" "-e" "RUSTUP_HOME=/opt/rustwide/rustup-home" "-w" "/opt/rustwide/workdir" "-m" "1610612736" "--user" "0:0" "--network" "none" "ghcr.io/rust-lang/crates-build-env/linux@sha256:f3a9d4ad9d972b27faf3965f35b62e55ba32bbce8f20bc8fe909558a86702fde" "/opt/rustwide/cargo-home/bin/cargo" "+1.83.0" "metadata" "--no-deps" "--format-version=1", kill_on_drop: false }`
[INFO] [stdout] 02553055507e465e9f560cbf2293ece3b2c1b615cfcfa455f3bfa225f422ed90
[INFO] running `Command { std: "docker" "start" "-a" "02553055507e465e9f560cbf2293ece3b2c1b615cfcfa455f3bfa225f422ed90", kill_on_drop: false }`
[INFO] running `Command { std: "docker" "inspect" "02553055507e465e9f560cbf2293ece3b2c1b615cfcfa455f3bfa225f422ed90", kill_on_drop: false }`
[INFO] running `Command { std: "docker" "rm" "-f" "02553055507e465e9f560cbf2293ece3b2c1b615cfcfa455f3bfa225f422ed90", kill_on_drop: false }`
[INFO] [stdout] 02553055507e465e9f560cbf2293ece3b2c1b615cfcfa455f3bfa225f422ed90
[INFO] running `Command { std: "docker" "create" "-v" "/var/lib/crater-agent-workspace/builds/worker-1-tc1/target:/opt/rustwide/target:rw,Z" "-v" "/var/lib/crater-agent-workspace/builds/worker-1-tc1/source:/opt/rustwide/workdir:ro,Z" "-v" "/var/lib/crater-agent-workspace/cargo-home:/opt/rustwide/cargo-home:ro,Z" "-v" "/var/lib/crater-agent-workspace/rustup-home:/opt/rustwide/rustup-home:ro,Z" "-e" "SOURCE_DIR=/opt/rustwide/workdir" "-e" "CARGO_TARGET_DIR=/opt/rustwide/target" "-e" "CARGO_INCREMENTAL=0" "-e" "RUST_BACKTRACE=full" "-e" "RUSTFLAGS=--cap-lints=warn" "-e" "RUSTDOCFLAGS=--cap-lints=warn" "-e" "CARGO_HOME=/opt/rustwide/cargo-home" "-e" "RUSTUP_HOME=/opt/rustwide/rustup-home" "-w" "/opt/rustwide/workdir" "-m" "1610612736" "--user" "0:0" "--network" "none" "ghcr.io/rust-lang/crates-build-env/linux@sha256:f3a9d4ad9d972b27faf3965f35b62e55ba32bbce8f20bc8fe909558a86702fde" "/opt/rustwide/cargo-home/bin/cargo" "+1.83.0" "build" "--frozen" "--message-format=json", kill_on_drop: false }`
[INFO] [stdout] 1700473f58064ddf7f09185c44a02cd10e7f8ddad82f1a92c699ef54065e640a
[INFO] running `Command { std: "docker" "start" "-a" "1700473f58064ddf7f09185c44a02cd10e7f8ddad82f1a92c699ef54065e640a", kill_on_drop: false }`
[INFO] [stderr]    Compiling proc-macro2 v1.0.92
[INFO] [stderr]    Compiling unicode-ident v1.0.14
[INFO] [stderr]    Compiling ident_case v1.0.1
[INFO] [stderr]    Compiling serde v1.0.216
[INFO] [stderr]    Compiling strsim v0.11.1
[INFO] [stderr]    Compiling fnv v1.0.7
[INFO] [stderr]    Compiling autocfg v1.4.0
[INFO] [stderr]    Compiling serde_json v1.0.133
[INFO] [stderr]    Compiling memchr v2.7.4
[INFO] [stderr]    Compiling ryu v1.0.18
[INFO] [stderr]    Compiling iana-time-zone v0.1.61
[INFO] [stderr]    Compiling itoa v1.0.14
[INFO] [stderr]    Compiling num-traits v0.2.19
[INFO] [stderr]    Compiling quote v1.0.37
[INFO] [stderr]    Compiling syn v2.0.90
[INFO] [stderr]    Compiling darling_core v0.20.10
[INFO] [stderr]    Compiling serde_derive v1.0.216
[INFO] [stderr]    Compiling darling_macro v0.20.10
[INFO] [stderr]    Compiling darling v0.20.10
[INFO] [stderr]    Compiling serde_with_macros v2.3.3
[INFO] [stderr]    Compiling chrono v0.4.39
[INFO] [stderr]    Compiling serde_with v2.3.3
[INFO] [stderr]    Compiling docker-api-stubs v0.5.0 (/opt/rustwide/workdir)
[INFO] [stderr]     Finished `dev` profile [unoptimized + debuginfo] target(s) in 42.11s
[INFO] running `Command { std: "docker" "inspect" "1700473f58064ddf7f09185c44a02cd10e7f8ddad82f1a92c699ef54065e640a", kill_on_drop: false }`
[INFO] running `Command { std: "docker" "rm" "-f" "1700473f58064ddf7f09185c44a02cd10e7f8ddad82f1a92c699ef54065e640a", kill_on_drop: false }`
[INFO] [stdout] 1700473f58064ddf7f09185c44a02cd10e7f8ddad82f1a92c699ef54065e640a
[INFO] running `Command { std: "docker" "create" "-v" "/var/lib/crater-agent-workspace/builds/worker-1-tc1/target:/opt/rustwide/target:rw,Z" "-v" "/var/lib/crater-agent-workspace/builds/worker-1-tc1/source:/opt/rustwide/workdir:ro,Z" "-v" "/var/lib/crater-agent-workspace/cargo-home:/opt/rustwide/cargo-home:ro,Z" "-v" "/var/lib/crater-agent-workspace/rustup-home:/opt/rustwide/rustup-home:ro,Z" "-e" "SOURCE_DIR=/opt/rustwide/workdir" "-e" "CARGO_TARGET_DIR=/opt/rustwide/target" "-e" "CARGO_INCREMENTAL=0" "-e" "RUST_BACKTRACE=full" "-e" "RUSTFLAGS=--cap-lints=warn" "-e" "RUSTDOCFLAGS=--cap-lints=warn" "-e" "CARGO_HOME=/opt/rustwide/cargo-home" "-e" "RUSTUP_HOME=/opt/rustwide/rustup-home" "-w" "/opt/rustwide/workdir" "-m" "1610612736" "--user" "0:0" "--network" "none" "ghcr.io/rust-lang/crates-build-env/linux@sha256:f3a9d4ad9d972b27faf3965f35b62e55ba32bbce8f20bc8fe909558a86702fde" "/opt/rustwide/cargo-home/bin/cargo" "+1.83.0" "test" "--frozen" "--no-run" "--message-format=json", kill_on_drop: false }`
[INFO] [stdout] 6051c93e9f390972b96f5cdeb7747b470090adbf1381820b4ef8032a24f19c6c
[INFO] running `Command { std: "docker" "start" "-a" "6051c93e9f390972b96f5cdeb7747b470090adbf1381820b4ef8032a24f19c6c", kill_on_drop: false }`
[INFO] [stderr]    Compiling docker-api-stubs v0.5.0 (/opt/rustwide/workdir)
[INFO] [stderr]     Finished `test` profile [unoptimized + debuginfo] target(s) in 11.76s
[INFO] running `Command { std: "docker" "inspect" "6051c93e9f390972b96f5cdeb7747b470090adbf1381820b4ef8032a24f19c6c", kill_on_drop: false }`
[INFO] running `Command { std: "docker" "rm" "-f" "6051c93e9f390972b96f5cdeb7747b470090adbf1381820b4ef8032a24f19c6c", kill_on_drop: false }`
[INFO] [stdout] 6051c93e9f390972b96f5cdeb7747b470090adbf1381820b4ef8032a24f19c6c
[INFO] running `Command { std: "docker" "create" "-v" "/var/lib/crater-agent-workspace/builds/worker-1-tc1/target:/opt/rustwide/target:rw,Z" "-v" "/var/lib/crater-agent-workspace/builds/worker-1-tc1/source:/opt/rustwide/workdir:ro,Z" "-v" "/var/lib/crater-agent-workspace/cargo-home:/opt/rustwide/cargo-home:ro,Z" "-v" "/var/lib/crater-agent-workspace/rustup-home:/opt/rustwide/rustup-home:ro,Z" "-e" "SOURCE_DIR=/opt/rustwide/workdir" "-e" "CARGO_TARGET_DIR=/opt/rustwide/target" "-e" "CARGO_INCREMENTAL=0" "-e" "RUST_BACKTRACE=full" "-e" "RUSTFLAGS=--cap-lints=warn" "-e" "RUSTDOCFLAGS=--cap-lints=warn" "-e" "CARGO_HOME=/opt/rustwide/cargo-home" "-e" "RUSTUP_HOME=/opt/rustwide/rustup-home" "-w" "/opt/rustwide/workdir" "-m" "1610612736" "--user" "0:0" "--network" "none" "ghcr.io/rust-lang/crates-build-env/linux@sha256:f3a9d4ad9d972b27faf3965f35b62e55ba32bbce8f20bc8fe909558a86702fde" "/opt/rustwide/cargo-home/bin/cargo" "+1.83.0" "test" "--frozen", kill_on_drop: false }`
[INFO] [stdout] 8d907962d0542b19dea14504c4d1fc312cef591cf6434b64bcd3df6de2a20ffc
[INFO] running `Command { std: "docker" "start" "-a" "8d907962d0542b19dea14504c4d1fc312cef591cf6434b64bcd3df6de2a20ffc", kill_on_drop: false }`
[INFO] [stdout] 
[INFO] [stdout] running 0 tests
[INFO] [stdout] 
[INFO] [stdout] test result: ok. 0 passed; 0 failed; 0 ignored; 0 measured; 0 filtered out; finished in 0.00s
[INFO] [stdout] 
[INFO] [stderr]     Finished `test` profile [unoptimized + debuginfo] target(s) in 0.08s
[INFO] [stderr]      Running unittests src/lib.rs (/opt/rustwide/target/debug/deps/docker_api_stubs-200e6d5aa71ba806)
[INFO] [stderr]    Doc-tests docker_api_stubs
[INFO] [stdout] 
[INFO] [stdout] running 23 tests
[INFO] [stdout] test src/models.rs - models::ContainerUpdateUpdateParam::ulimits (line 1468) ... FAILED
[INFO] [stdout] test src/models.rs - models::ContainerUpdateUpdateParam::blkio_device_read_i_ops (line 1309) ... FAILED
[INFO] [stdout] test src/models.rs - models::ContainerUpdateUpdateParam::blkio_device_read_bps (line 1301) ... FAILED
[INFO] [stdout] test src/models.rs - models::ContainerUpdateUpdateParam::blkio_weight_device (line 1337) ... FAILED
[INFO] [stdout] test src/models.rs - models::ClusterVolumeSpecAccessModeInlineItem::mount_volume (line 387) ... FAILED
[INFO] [stdout] test src/models.rs - models::ContainerUpdateUpdateParam::blkio_device_write_bps (line 1317) ... FAILED
[INFO] [stdout] test src/models.rs - models::HostConfig::blkio_device_read_bps (line 2246) ... FAILED
[INFO] [stdout] test src/models.rs - models::ContainerUpdateUpdateParam::blkio_device_write_i_ops (line 1325) ... FAILED
[INFO] [stdout] test src/models.rs - models::Ipam::config (line 2751) ... FAILED
[INFO] [stdout] test src/models.rs - models::HostConfig::sysctls (line 2566) ... FAILED
[INFO] [stdout] test src/models.rs - models::HostConfig::blkio_device_read_i_ops (line 2254) ... FAILED
[INFO] [stdout] test src/models.rs - models::HostConfig::ulimits (line 2587) ... FAILED
[INFO] [stdout] test src/models.rs - models::Resources::blkio_device_read_bps (line 4571) ... FAILED
[INFO] [stdout] test src/models.rs - models::HostConfig::blkio_device_write_bps (line 2262) ... FAILED
[INFO] [stdout] test src/models.rs - models::HostConfig::blkio_weight_device (line 2282) ... FAILED
[INFO] [stdout] test src/models.rs - models::HostConfig::tmpfs (line 2575) ... FAILED
[INFO] [stdout] test src/models.rs - models::HostConfig::blkio_device_write_i_ops (line 2270) ... FAILED
[INFO] [stdout] test src/models.rs - models::Resources::blkio_device_read_i_ops (line 4579) ... FAILED
[INFO] [stdout] test src/models.rs - models::TaskSpecContainerSpecInlineItem::hosts (line 7057) ... FAILED
[INFO] [stdout] test src/models.rs - models::Resources::blkio_weight_device (line 4607) ... FAILED
[INFO] [stdout] test src/models.rs - models::Resources::blkio_device_write_i_ops (line 4595) ... FAILED
[INFO] [stdout] test src/models.rs - models::Resources::ulimits (line 4736) ... FAILED
[INFO] [stdout] test src/models.rs - models::Resources::blkio_device_write_bps (line 4587) ... FAILED
[INFO] [stdout] 
[INFO] [stdout] failures:
[INFO] [stdout] 
[INFO] [stdout] ---- src/models.rs - models::ContainerUpdateUpdateParam::ulimits (line 1468) stdout ----
[INFO] [stdout] error: expected one of `.`, `;`, `?`, `}`, or an operator, found `:`
[INFO] [stdout]  --> src/models.rs:1469:8
[INFO] [stdout]   |
[INFO] [stdout] 3 | {"Name": "nofile", "Soft": 1024, "Hard": 2048}
[INFO] [stdout]   |        ^ expected one of `.`, `;`, `?`, `}`, or an operator
[INFO] [stdout] 
[INFO] [stdout] error: aborting due to 1 previous error
[INFO] [stdout] 
[INFO] [stdout] Couldn't compile the test.
[INFO] [stdout] ---- src/models.rs - models::ContainerUpdateUpdateParam::blkio_device_read_i_ops (line 1309) stdout ----
[INFO] [stdout] error: expected one of `.`, `;`, `?`, `}`, or an operator, found `:`
[INFO] [stdout]  --> src/models.rs:1310:9
[INFO] [stdout]   |
[INFO] [stdout] 3 | [{"Path": "device_path", "Rate": rate}]
[INFO] [stdout]   |         ^ expected one of `.`, `;`, `?`, `}`, or an operator
[INFO] [stdout] 
[INFO] [stdout] error: aborting due to 1 previous error
[INFO] [stdout] 
[INFO] [stdout] Couldn't compile the test.
[INFO] [stdout] ---- src/models.rs - models::ContainerUpdateUpdateParam::blkio_device_read_bps (line 1301) stdout ----
[INFO] [stdout] error: expected one of `.`, `;`, `?`, `}`, or an operator, found `:`
[INFO] [stdout]  --> src/models.rs:1302:9
[INFO] [stdout]   |
[INFO] [stdout] 3 | [{"Path": "device_path", "Rate": rate}]
[INFO] [stdout]   |         ^ expected one of `.`, `;`, `?`, `}`, or an operator
[INFO] [stdout] 
[INFO] [stdout] error: aborting due to 1 previous error
[INFO] [stdout] 
[INFO] [stdout] Couldn't compile the test.
[INFO] [stdout] ---- src/models.rs - models::ContainerUpdateUpdateParam::blkio_weight_device (line 1337) stdout ----
[INFO] [stdout] error: expected one of `.`, `;`, `?`, `}`, or an operator, found `:`
[INFO] [stdout]  --> src/models.rs:1338:9
[INFO] [stdout]   |
[INFO] [stdout] 3 | [{"Path": "device_path", "Weight": weight}]
[INFO] [stdout]   |         ^ expected one of `.`, `;`, `?`, `}`, or an operator
[INFO] [stdout] 
[INFO] [stdout] error: aborting due to 1 previous error
[INFO] [stdout] 
[INFO] [stdout] Couldn't compile the test.
[INFO] [stdout] ---- src/models.rs - models::ClusterVolumeSpecAccessModeInlineItem::mount_volume (line 387) stdout ----
[INFO] [stdout] error: expected one of `!`, `.`, `::`, `;`, `?`, `{`, `}`, or an operator, found `MountVolume`
[INFO] [stdout]  --> src/models.rs:388:8
[INFO] [stdout]   |
[INFO] [stdout] 3 | Either MountVolume or BlockVolume, but not both, must be
[INFO] [stdout]   |        ^^^^^^^^^^^ expected one of 8 possible tokens
[INFO] [stdout] 
[INFO] [stdout] error: aborting due to 1 previous error
[INFO] [stdout] 
[INFO] [stdout] Couldn't compile the test.
[INFO] [stdout] ---- src/models.rs - models::ContainerUpdateUpdateParam::blkio_device_write_bps (line 1317) stdout ----
[INFO] [stdout] error: expected one of `.`, `;`, `?`, `}`, or an operator, found `:`
[INFO] [stdout]  --> src/models.rs:1318:9
[INFO] [stdout]   |
[INFO] [stdout] 3 | [{"Path": "device_path", "Rate": rate}]
[INFO] [stdout]   |         ^ expected one of `.`, `;`, `?`, `}`, or an operator
[INFO] [stdout] 
[INFO] [stdout] error: aborting due to 1 previous error
[INFO] [stdout] 
[INFO] [stdout] Couldn't compile the test.
[INFO] [stdout] ---- src/models.rs - models::HostConfig::blkio_device_read_bps (line 2246) stdout ----
[INFO] [stdout] error: expected one of `.`, `;`, `?`, `}`, or an operator, found `:`
[INFO] [stdout]  --> src/models.rs:2247:9
[INFO] [stdout]   |
[INFO] [stdout] 3 | [{"Path": "device_path", "Rate": rate}]
[INFO] [stdout]   |         ^ expected one of `.`, `;`, `?`, `}`, or an operator
[INFO] [stdout] 
[INFO] [stdout] error: aborting due to 1 previous error
[INFO] [stdout] 
[INFO] [stdout] Couldn't compile the test.
[INFO] [stdout] ---- src/models.rs - models::ContainerUpdateUpdateParam::blkio_device_write_i_ops (line 1325) stdout ----
[INFO] [stdout] error: expected one of `.`, `;`, `?`, `}`, or an operator, found `:`
[INFO] [stdout]  --> src/models.rs:1326:9
[INFO] [stdout]   |
[INFO] [stdout] 3 | [{"Path": "device_path", "Rate": rate}]
[INFO] [stdout]   |         ^ expected one of `.`, `;`, `?`, `}`, or an operator
[INFO] [stdout] 
[INFO] [stdout] error: aborting due to 1 previous error
[INFO] [stdout] 
[INFO] [stdout] Couldn't compile the test.
[INFO] [stdout] ---- src/models.rs - models::Ipam::config (line 2751) stdout ----
[INFO] [stdout] error: expected one of `.`, `;`, `?`, `}`, or an operator, found `:`
[INFO] [stdout]  --> src/models.rs:2752:10
[INFO] [stdout]   |
[INFO] [stdout] 3 | {"Subnet": <CIDR>, "IPRange": <CIDR>, "Gateway": <IP address>, "AuxAddress": <device_name:IP address>}
[INFO] [stdout]   |          ^ expected one of `.`, `;`, `?`, `}`, or an operator
[INFO] [stdout] 
[INFO] [stdout] error: aborting due to 1 previous error
[INFO] [stdout] 
[INFO] [stdout] Couldn't compile the test.
[INFO] [stdout] ---- src/models.rs - models::HostConfig::sysctls (line 2566) stdout ----
[INFO] [stdout] error: expected one of `.`, `;`, `?`, `}`, or an operator, found `:`
[INFO] [stdout]  --> src/models.rs:2567:23
[INFO] [stdout]   |
[INFO] [stdout] 3 | {"net.ipv4.ip_forward": "1"}
[INFO] [stdout]   |                       ^ expected one of `.`, `;`, `?`, `}`, or an operator
[INFO] [stdout] 
[INFO] [stdout] error: aborting due to 1 previous error
[INFO] [stdout] 
[INFO] [stdout] Couldn't compile the test.
[INFO] [stdout] ---- src/models.rs - models::HostConfig::blkio_device_read_i_ops (line 2254) stdout ----
[INFO] [stdout] error: expected one of `.`, `;`, `?`, `}`, or an operator, found `:`
[INFO] [stdout]  --> src/models.rs:2255:9
[INFO] [stdout]   |
[INFO] [stdout] 3 | [{"Path": "device_path", "Rate": rate}]
[INFO] [stdout]   |         ^ expected one of `.`, `;`, `?`, `}`, or an operator
[INFO] [stdout] 
[INFO] [stdout] error: aborting due to 1 previous error
[INFO] [stdout] 
[INFO] [stdout] Couldn't compile the test.
[INFO] [stdout] ---- src/models.rs - models::HostConfig::ulimits (line 2587) stdout ----
[INFO] [stdout] error: expected one of `.`, `;`, `?`, `}`, or an operator, found `:`
[INFO] [stdout]  --> src/models.rs:2588:8
[INFO] [stdout]   |
[INFO] [stdout] 3 | {"Name": "nofile", "Soft": 1024, "Hard": 2048}
[INFO] [stdout]   |        ^ expected one of `.`, `;`, `?`, `}`, or an operator
[INFO] [stdout] 
[INFO] [stdout] error: aborting due to 1 previous error
[INFO] [stdout] 
[INFO] [stdout] Couldn't compile the test.
[INFO] [stdout] ---- src/models.rs - models::Resources::blkio_device_read_bps (line 4571) stdout ----
[INFO] [stdout] error: expected one of `.`, `;`, `?`, `}`, or an operator, found `:`
[INFO] [stdout]  --> src/models.rs:4572:9
[INFO] [stdout]   |
[INFO] [stdout] 3 | [{"Path": "device_path", "Rate": rate}]
[INFO] [stdout]   |         ^ expected one of `.`, `;`, `?`, `}`, or an operator
[INFO] [stdout] 
[INFO] [stdout] error: aborting due to 1 previous error
[INFO] [stdout] 
[INFO] [stdout] Couldn't compile the test.
[INFO] [stdout] ---- src/models.rs - models::HostConfig::blkio_device_write_bps (line 2262) stdout ----
[INFO] [stdout] error: expected one of `.`, `;`, `?`, `}`, or an operator, found `:`
[INFO] [stdout]  --> src/models.rs:2263:9
[INFO] [stdout]   |
[INFO] [stdout] 3 | [{"Path": "device_path", "Rate": rate}]
[INFO] [stdout]   |         ^ expected one of `.`, `;`, `?`, `}`, or an operator
[INFO] [stdout] 
[INFO] [stdout] error: aborting due to 1 previous error
[INFO] [stdout] 
[INFO] [stdout] Couldn't compile the test.
[INFO] [stdout] ---- src/models.rs - models::HostConfig::blkio_weight_device (line 2282) stdout ----
[INFO] [stdout] error: expected one of `.`, `;`, `?`, `}`, or an operator, found `:`
[INFO] [stdout]  --> src/models.rs:2283:9
[INFO] [stdout]   |
[INFO] [stdout] 3 | [{"Path": "device_path", "Weight": weight}]
[INFO] [stdout]   |         ^ expected one of `.`, `;`, `?`, `}`, or an operator
[INFO] [stdout] 
[INFO] [stdout] error: aborting due to 1 previous error
[INFO] [stdout] 
[INFO] [stdout] Couldn't compile the test.
[INFO] [stdout] ---- src/models.rs - models::HostConfig::tmpfs (line 2575) stdout ----
[INFO] [stdout] error: expected one of `.`, `;`, `?`, `}`, or an operator, found `:`
[INFO] [stdout]  --> src/models.rs:2576:9
[INFO] [stdout]   |
[INFO] [stdout] 3 | { "/run": "rw,noexec,nosuid,size=65536k" }
[INFO] [stdout]   |         ^ expected one of `.`, `;`, `?`, `}`, or an operator
[INFO] [stdout] 
[INFO] [stdout] error: aborting due to 1 previous error
[INFO] [stdout] 
[INFO] [stdout] Couldn't compile the test.
[INFO] [stdout] ---- src/models.rs - models::HostConfig::blkio_device_write_i_ops (line 2270) stdout ----
[INFO] [stdout] error: expected one of `.`, `;`, `?`, `}`, or an operator, found `:`
[INFO] [stdout]  --> src/models.rs:2271:9
[INFO] [stdout]   |
[INFO] [stdout] 3 | [{"Path": "device_path", "Rate": rate}]
[INFO] [stdout]   |         ^ expected one of `.`, `;`, `?`, `}`, or an operator
[INFO] [stdout] 
[INFO] [stdout] error: aborting due to 1 previous error
[INFO] [stdout] 
[INFO] [stdout] Couldn't compile the test.
[INFO] [stdout] ---- src/models.rs - models::Resources::blkio_device_read_i_ops (line 4579) stdout ----
[INFO] [stdout] error: expected one of `.`, `;`, `?`, `}`, or an operator, found `:`
[INFO] [stdout]  --> src/models.rs:4580:9
[INFO] [stdout]   |
[INFO] [stdout] 3 | [{"Path": "device_path", "Rate": rate}]
[INFO] [stdout]   |         ^ expected one of `.`, `;`, `?`, `}`, or an operator
[INFO] [stdout] 
[INFO] [stdout] error: aborting due to 1 previous error
[INFO] [stdout] 
[INFO] [stdout] Couldn't compile the test.
[INFO] [stdout] ---- src/models.rs - models::TaskSpecContainerSpecInlineItem::hosts (line 7057) stdout ----
[INFO] [stdout] error: expected one of `!`, `.`, `::`, `;`, `?`, `{`, `}`, or an operator, found `canonical_hostname`
[INFO] [stdout]  --> src/models.rs:7058:12
[INFO] [stdout]   |
[INFO] [stdout] 3 | IP_address canonical_hostname [aliases...]
[INFO] [stdout]   |            ^^^^^^^^^^^^^^^^^^ expected one of 8 possible tokens
[INFO] [stdout] 
[INFO] [stdout] error: aborting due to 1 previous error
[INFO] [stdout] 
[INFO] [stdout] Couldn't compile the test.
[INFO] [stdout] ---- src/models.rs - models::Resources::blkio_weight_device (line 4607) stdout ----
[INFO] [stdout] error: expected one of `.`, `;`, `?`, `}`, or an operator, found `:`
[INFO] [stdout]  --> src/models.rs:4608:9
[INFO] [stdout]   |
[INFO] [stdout] 3 | [{"Path": "device_path", "Weight": weight}]
[INFO] [stdout]   |         ^ expected one of `.`, `;`, `?`, `}`, or an operator
[INFO] [stdout] 
[INFO] [stdout] error: aborting due to 1 previous error
[INFO] [stdout] 
[INFO] [stdout] Couldn't compile the test.
[INFO] [stdout] ---- src/models.rs - models::Resources::blkio_device_write_i_ops (line 4595) stdout ----
[INFO] [stdout] error: expected one of `.`, `;`, `?`, `}`, or an operator, found `:`
[INFO] [stdout]  --> src/models.rs:4596:9
[INFO] [stdout]   |
[INFO] [stdout] 3 | [{"Path": "device_path", "Rate": rate}]
[INFO] [stdout]   |         ^ expected one of `.`, `;`, `?`, `}`, or an operator
[INFO] [stdout] 
[INFO] [stdout] error: aborting due to 1 previous error
[INFO] [stdout] 
[INFO] [stdout] Couldn't compile the test.
[INFO] [stdout] ---- src/models.rs - models::Resources::ulimits (line 4736) stdout ----
[INFO] [stdout] error: expected one of `.`, `;`, `?`, `}`, or an operator, found `:`
[INFO] [stdout]  --> src/models.rs:4737:8
[INFO] [stdout]   |
[INFO] [stdout] 3 | {"Name": "nofile", "Soft": 1024, "Hard": 2048}
[INFO] [stdout]   |        ^ expected one of `.`, `;`, `?`, `}`, or an operator
[INFO] [stdout] 
[INFO] [stdout] error: aborting due to 1 previous error
[INFO] [stdout] 
[INFO] [stdout] Couldn't compile the test.
[INFO] [stdout] ---- src/models.rs - models::Resources::blkio_device_write_bps (line 4587) stdout ----
[INFO] [stdout] error: expected one of `.`, `;`, `?`, `}`, or an operator, found `:`
[INFO] [stdout]  --> src/models.rs:4588:9
[INFO] [stdout]   |
[INFO] [stdout] 3 | [{"Path": "device_path", "Rate": rate}]
[INFO] [stdout]   |         ^ expected one of `.`, `;`, `?`, `}`, or an operator
[INFO] [stdout] 
[INFO] [stdout] error: aborting due to 1 previous error
[INFO] [stdout] 
[INFO] [stdout] Couldn't compile the test.
[INFO] [stdout] 
[INFO] [stdout] failures:
[INFO] [stdout]     src/models.rs - models::ClusterVolumeSpecAccessModeInlineItem::mount_volume (line 387)
[INFO] [stdout]     src/models.rs - models::ContainerUpdateUpdateParam::blkio_device_read_bps (line 1301)
[INFO] [stdout]     src/models.rs - models::ContainerUpdateUpdateParam::blkio_device_read_i_ops (line 1309)
[INFO] [stdout]     src/models.rs - models::ContainerUpdateUpdateParam::blkio_device_write_bps (line 1317)
[INFO] [stdout]     src/models.rs - models::ContainerUpdateUpdateParam::blkio_device_write_i_ops (line 1325)
[INFO] [stdout]     src/models.rs - models::ContainerUpdateUpdateParam::blkio_weight_device (line 1337)
[INFO] [stdout]     src/models.rs - models::ContainerUpdateUpdateParam::ulimits (line 1468)
[INFO] [stdout]     src/models.rs - models::HostConfig::blkio_device_read_bps (line 2246)
[INFO] [stdout]     src/models.rs - models::HostConfig::blkio_device_read_i_ops (line 2254)
[INFO] [stdout]     src/models.rs - models::HostConfig::blkio_device_write_bps (line 2262)
[INFO] [stdout]     src/models.rs - models::HostConfig::blkio_device_write_i_ops (line 2270)
[INFO] [stdout]     src/models.rs - models::HostConfig::blkio_weight_device (line 2282)
[INFO] [stdout]     src/models.rs - models::HostConfig::sysctls (line 2566)
[INFO] [stdout]     src/models.rs - models::HostConfig::tmpfs (line 2575)
[INFO] [stdout]     src/models.rs - models::HostConfig::ulimits (line 2587)
[INFO] [stdout]     src/models.rs - models::Ipam::config (line 2751)
[INFO] [stdout]     src/models.rs - models::Resources::blkio_device_read_bps (line 4571)
[INFO] [stdout]     src/models.rs - models::Resources::blkio_device_read_i_ops (line 4579)
[INFO] [stdout]     src/models.rs - models::Resources::blkio_device_write_bps (line 4587)
[INFO] [stdout]     src/models.rs - models::Resources::blkio_device_write_i_ops (line 4595)
[INFO] [stdout]     src/models.rs - models::Resources::blkio_weight_device (line 4607)
[INFO] [stdout]     src/models.rs - models::Resources::ulimits (line 4736)
[INFO] [stdout]     src/models.rs - models::TaskSpecContainerSpecInlineItem::hosts (line 7057)
[INFO] [stdout] 
[INFO] [stdout] test result: FAILED. 0 passed; 23 failed; 0 ignored; 0 measured; 0 filtered out; finished in 0.63s
[INFO] [stdout] 
[INFO] [stderr] error: doctest failed, to rerun pass `--doc`
[INFO] running `Command { std: "docker" "inspect" "8d907962d0542b19dea14504c4d1fc312cef591cf6434b64bcd3df6de2a20ffc", kill_on_drop: false }`
[INFO] running `Command { std: "docker" "rm" "-f" "8d907962d0542b19dea14504c4d1fc312cef591cf6434b64bcd3df6de2a20ffc", kill_on_drop: false }`
[INFO] [stdout] 8d907962d0542b19dea14504c4d1fc312cef591cf6434b64bcd3df6de2a20ffc
