[INFO] fetching crate dns_common_derive 0.2.1...
[INFO] testing dns_common_derive-0.2.1 against 1.83.0 for beta-1.84.0-4-retry
[INFO] extracting crate dns_common_derive 0.2.1 into /workspace/builds/worker-5-tc1/source
[INFO] validating manifest of crates.io crate dns_common_derive 0.2.1 on toolchain 1.83.0
[INFO] running `Command { std: CARGO_HOME="/workspace/cargo-home" RUSTUP_HOME="/workspace/rustup-home" "/workspace/cargo-home/bin/cargo" "+1.83.0" "metadata" "--manifest-path" "Cargo.toml" "--no-deps", kill_on_drop: false }`
[INFO] started tweaking crates.io crate dns_common_derive 0.2.1
[INFO] finished tweaking crates.io crate dns_common_derive 0.2.1
[INFO] tweaked toml for crates.io crate dns_common_derive 0.2.1 written to /workspace/builds/worker-5-tc1/source/Cargo.toml
[INFO] running `Command { std: CARGO_HOME="/workspace/cargo-home" RUSTUP_HOME="/workspace/rustup-home" "/workspace/cargo-home/bin/cargo" "+1.83.0" "generate-lockfile" "--manifest-path" "Cargo.toml", kill_on_drop: false }`
[INFO] [stderr]     Updating crates.io index
[INFO] [stderr]      Locking 6 packages to latest compatible versions
[INFO] [stderr]       Adding synstructure v0.12.6 (available: v0.13.1)
[INFO] running `Command { std: CARGO_HOME="/workspace/cargo-home" RUSTUP_HOME="/workspace/rustup-home" "/workspace/cargo-home/bin/cargo" "+1.83.0" "fetch" "--manifest-path" "Cargo.toml", kill_on_drop: false }`
[INFO] running `Command { std: "docker" "create" "-v" "/var/lib/crater-agent-workspace/builds/worker-5-tc1/target:/opt/rustwide/target:rw,Z" "-v" "/var/lib/crater-agent-workspace/builds/worker-5-tc1/source:/opt/rustwide/workdir:ro,Z" "-v" "/var/lib/crater-agent-workspace/cargo-home:/opt/rustwide/cargo-home:ro,Z" "-v" "/var/lib/crater-agent-workspace/rustup-home:/opt/rustwide/rustup-home:ro,Z" "-e" "SOURCE_DIR=/opt/rustwide/workdir" "-e" "CARGO_TARGET_DIR=/opt/rustwide/target" "-e" "CARGO_HOME=/opt/rustwide/cargo-home" "-e" "RUSTUP_HOME=/opt/rustwide/rustup-home" "-w" "/opt/rustwide/workdir" "-m" "1610612736" "--user" "0:0" "--network" "none" "ghcr.io/rust-lang/crates-build-env/linux@sha256:f3a9d4ad9d972b27faf3965f35b62e55ba32bbce8f20bc8fe909558a86702fde" "/opt/rustwide/cargo-home/bin/cargo" "+1.83.0" "metadata" "--no-deps" "--format-version=1", kill_on_drop: false }`
[INFO] [stdout] 4321ca6d993137f1ef89509340652b0022a03ae4e6fbcb7feb314b78e6264954
[INFO] running `Command { std: "docker" "start" "-a" "4321ca6d993137f1ef89509340652b0022a03ae4e6fbcb7feb314b78e6264954", kill_on_drop: false }`
[INFO] running `Command { std: "docker" "inspect" "4321ca6d993137f1ef89509340652b0022a03ae4e6fbcb7feb314b78e6264954", kill_on_drop: false }`
[INFO] running `Command { std: "docker" "rm" "-f" "4321ca6d993137f1ef89509340652b0022a03ae4e6fbcb7feb314b78e6264954", kill_on_drop: false }`
[INFO] [stdout] 4321ca6d993137f1ef89509340652b0022a03ae4e6fbcb7feb314b78e6264954
[INFO] running `Command { std: "docker" "create" "-v" "/var/lib/crater-agent-workspace/builds/worker-5-tc1/target:/opt/rustwide/target:rw,Z" "-v" "/var/lib/crater-agent-workspace/builds/worker-5-tc1/source:/opt/rustwide/workdir:ro,Z" "-v" "/var/lib/crater-agent-workspace/cargo-home:/opt/rustwide/cargo-home:ro,Z" "-v" "/var/lib/crater-agent-workspace/rustup-home:/opt/rustwide/rustup-home:ro,Z" "-e" "SOURCE_DIR=/opt/rustwide/workdir" "-e" "CARGO_TARGET_DIR=/opt/rustwide/target" "-e" "CARGO_INCREMENTAL=0" "-e" "RUST_BACKTRACE=full" "-e" "RUSTFLAGS=--cap-lints=warn" "-e" "RUSTDOCFLAGS=--cap-lints=warn" "-e" "CARGO_HOME=/opt/rustwide/cargo-home" "-e" "RUSTUP_HOME=/opt/rustwide/rustup-home" "-w" "/opt/rustwide/workdir" "-m" "1610612736" "--user" "0:0" "--network" "none" "ghcr.io/rust-lang/crates-build-env/linux@sha256:f3a9d4ad9d972b27faf3965f35b62e55ba32bbce8f20bc8fe909558a86702fde" "/opt/rustwide/cargo-home/bin/cargo" "+1.83.0" "build" "--frozen" "--message-format=json", kill_on_drop: false }`
[INFO] [stdout] 8219bd020ef94b7e3d55b9d5a36688b99416c5f7579d4b959b09d7b71bf8003a
[INFO] running `Command { std: "docker" "start" "-a" "8219bd020ef94b7e3d55b9d5a36688b99416c5f7579d4b959b09d7b71bf8003a", kill_on_drop: false }`
[INFO] [stderr]    Compiling syn v1.0.109
[INFO] [stderr]    Compiling unicode-xid v0.2.6
[INFO] [stderr]    Compiling synstructure v0.12.6
[INFO] [stderr]    Compiling dns_common_derive v0.2.1 (/opt/rustwide/workdir)
[INFO] [stderr]     Finished `dev` profile [unoptimized + debuginfo] target(s) in 4.08s
[INFO] running `Command { std: "docker" "inspect" "8219bd020ef94b7e3d55b9d5a36688b99416c5f7579d4b959b09d7b71bf8003a", kill_on_drop: false }`
[INFO] running `Command { std: "docker" "rm" "-f" "8219bd020ef94b7e3d55b9d5a36688b99416c5f7579d4b959b09d7b71bf8003a", kill_on_drop: false }`
[INFO] [stdout] 8219bd020ef94b7e3d55b9d5a36688b99416c5f7579d4b959b09d7b71bf8003a
[INFO] running `Command { std: "docker" "create" "-v" "/var/lib/crater-agent-workspace/builds/worker-5-tc1/target:/opt/rustwide/target:rw,Z" "-v" "/var/lib/crater-agent-workspace/builds/worker-5-tc1/source:/opt/rustwide/workdir:ro,Z" "-v" "/var/lib/crater-agent-workspace/cargo-home:/opt/rustwide/cargo-home:ro,Z" "-v" "/var/lib/crater-agent-workspace/rustup-home:/opt/rustwide/rustup-home:ro,Z" "-e" "SOURCE_DIR=/opt/rustwide/workdir" "-e" "CARGO_TARGET_DIR=/opt/rustwide/target" "-e" "CARGO_INCREMENTAL=0" "-e" "RUST_BACKTRACE=full" "-e" "RUSTFLAGS=--cap-lints=warn" "-e" "RUSTDOCFLAGS=--cap-lints=warn" "-e" "CARGO_HOME=/opt/rustwide/cargo-home" "-e" "RUSTUP_HOME=/opt/rustwide/rustup-home" "-w" "/opt/rustwide/workdir" "-m" "1610612736" "--user" "0:0" "--network" "none" "ghcr.io/rust-lang/crates-build-env/linux@sha256:f3a9d4ad9d972b27faf3965f35b62e55ba32bbce8f20bc8fe909558a86702fde" "/opt/rustwide/cargo-home/bin/cargo" "+1.83.0" "test" "--frozen" "--no-run" "--message-format=json", kill_on_drop: false }`
[INFO] [stdout] 77da3b0d403db5fcda975e6abd967273f47e9f3c9febfb567863bfd785fbe347
[INFO] running `Command { std: "docker" "start" "-a" "77da3b0d403db5fcda975e6abd967273f47e9f3c9febfb567863bfd785fbe347", kill_on_drop: false }`
[INFO] [stderr]    Compiling dns_common_derive v0.2.1 (/opt/rustwide/workdir)
[INFO] [stderr]     Finished `test` profile [unoptimized + debuginfo] target(s) in 0.65s
[INFO] running `Command { std: "docker" "inspect" "77da3b0d403db5fcda975e6abd967273f47e9f3c9febfb567863bfd785fbe347", kill_on_drop: false }`
[INFO] running `Command { std: "docker" "rm" "-f" "77da3b0d403db5fcda975e6abd967273f47e9f3c9febfb567863bfd785fbe347", kill_on_drop: false }`
[INFO] [stdout] 77da3b0d403db5fcda975e6abd967273f47e9f3c9febfb567863bfd785fbe347
[INFO] running `Command { std: "docker" "create" "-v" "/var/lib/crater-agent-workspace/builds/worker-5-tc1/target:/opt/rustwide/target:rw,Z" "-v" "/var/lib/crater-agent-workspace/builds/worker-5-tc1/source:/opt/rustwide/workdir:ro,Z" "-v" "/var/lib/crater-agent-workspace/cargo-home:/opt/rustwide/cargo-home:ro,Z" "-v" "/var/lib/crater-agent-workspace/rustup-home:/opt/rustwide/rustup-home:ro,Z" "-e" "SOURCE_DIR=/opt/rustwide/workdir" "-e" "CARGO_TARGET_DIR=/opt/rustwide/target" "-e" "CARGO_INCREMENTAL=0" "-e" "RUST_BACKTRACE=full" "-e" "RUSTFLAGS=--cap-lints=warn" "-e" "RUSTDOCFLAGS=--cap-lints=warn" "-e" "CARGO_HOME=/opt/rustwide/cargo-home" "-e" "RUSTUP_HOME=/opt/rustwide/rustup-home" "-w" "/opt/rustwide/workdir" "-m" "1610612736" "--user" "0:0" "--network" "none" "ghcr.io/rust-lang/crates-build-env/linux@sha256:f3a9d4ad9d972b27faf3965f35b62e55ba32bbce8f20bc8fe909558a86702fde" "/opt/rustwide/cargo-home/bin/cargo" "+1.83.0" "test" "--frozen", kill_on_drop: false }`
[INFO] [stdout] b55156d1e7336b70fa0564f3a629074ea54cbd337fb9c43ed22b6d64b831a851
[INFO] running `Command { std: "docker" "start" "-a" "b55156d1e7336b70fa0564f3a629074ea54cbd337fb9c43ed22b6d64b831a851", kill_on_drop: false }`
[INFO] [stderr]     Finished `test` profile [unoptimized + debuginfo] target(s) in 0.03s
[INFO] [stderr]      Running unittests src/lib.rs (/opt/rustwide/target/debug/deps/dns_common_derive-12ff6c202d917c89)
[INFO] [stdout] 
[INFO] [stdout] running 1 test
[INFO] [stdout] test runnable::tests::derive_runnable_on_enum ... FAILED
[INFO] [stdout] 
[INFO] [stdout] failures:
[INFO] [stdout] 
[INFO] [stdout] ---- runnable::tests::derive_runnable_on_enum stdout ----
[INFO] [stdout] thread 'runnable::tests::derive_runnable_on_enum' panicked at src/runnable.rs:26:9:
[INFO] [stdout] test_derive failed:
[INFO] [stdout] expected:
[INFO] [stdout] ```
[INFO] [stdout] # [
[INFO] [stdout]     allow (
[INFO] [stdout]         non_upper_case_globals)
[INFO] [stdout]     ]
[INFO] [stdout] const _DERIVE_Runnable_FOR_MyRunnable : (
[INFO] [stdout]     )
[INFO] [stdout] = {
[INFO] [stdout]     impl Runnable for MyRunnable {
[INFO] [stdout]         fn run (
[INFO] [stdout]             & self , system : System)
[INFO] [stdout]         -> anyhow :: Result < (
[INFO] [stdout]             )
[INFO] [stdout]         > {
[INFO] [stdout]             match * self {
[INFO] [stdout]                 MyRunnable :: A (
[INFO] [stdout]                     ref __binding_0 ,)
[INFO] [stdout]                 => {
[INFO] [stdout]                     {
[INFO] [stdout]                         __binding_0 . run (
[INFO] [stdout]                             system)
[INFO] [stdout]                         ?;
[INFO] [stdout]                         }
[INFO] [stdout]                     }
[INFO] [stdout]                 MyRunnable :: B (
[INFO] [stderr] error: test failed, to rerun pass `--lib`
[INFO] [stdout]                     ref __binding_0 ,)
[INFO] [stdout]                 => {
[INFO] [stdout]                     {
[INFO] [stdout]                         __binding_0 . run (
[INFO] [stdout]                             system)
[INFO] [stdout]                         ?;
[INFO] [stdout]                         }
[INFO] [stdout]                     }
[INFO] [stdout]                 MyRunnable :: C (
[INFO] [stdout]                     ref __binding_0 ,)
[INFO] [stdout]                 => {
[INFO] [stdout]                     {
[INFO] [stdout]                         __binding_0 . run (
[INFO] [stdout]                             system)
[INFO] [stdout]                         ?;
[INFO] [stdout]                         }
[INFO] [stdout]                     }
[INFO] [stdout]                 }
[INFO] [stdout]             ;
[INFO] [stdout]             Ok (
[INFO] [stdout]                 (
[INFO] [stdout]                     )
[INFO] [stdout]                 )
[INFO] [stdout]             }
[INFO] [stdout]         }
[INFO] [stdout]     }
[INFO] [stdout] ;
[INFO] [stdout] 
[INFO] [stdout] ```
[INFO] [stdout] 
[INFO] [stdout] got:
[INFO] [stdout] ```
[INFO] [stdout] # [
[INFO] [stdout]     allow (
[INFO] [stdout]         non_upper_case_globals)
[INFO] [stdout]     ]
[INFO] [stdout] const _DERIVE_Runnable_FOR_MyRunnable : (
[INFO] [stdout]     )
[INFO] [stdout] = {
[INFO] [stdout]     impl Runnable for MyRunnable {
[INFO] [stdout]         fn run (
[INFO] [stdout]             & self , system : System)
[INFO] [stdout]         -> anyhow :: Result < (
[INFO] [stdout]             )
[INFO] [stdout]         > {
[INFO] [stdout]             match * self {
[INFO] [stdout]                 MyRunnable :: A (
[INFO] [stdout]                     ref __binding_0 ,)
[INFO] [stdout]                 => {
[INFO] [stdout]                     {
[INFO] [stdout]                         __binding_0 . run (
[INFO] [stdout]                             system)
[INFO] [stdout]                         ? ;
[INFO] [stdout]                         }
[INFO] [stdout]                     }
[INFO] [stdout]                 MyRunnable :: B (
[INFO] [stdout]                     ref __binding_0 ,)
[INFO] [stdout]                 => {
[INFO] [stdout]                     {
[INFO] [stdout]                         __binding_0 . run (
[INFO] [stdout]                             system)
[INFO] [stdout]                         ? ;
[INFO] [stdout]                         }
[INFO] [stdout]                     }
[INFO] [stdout]                 MyRunnable :: C (
[INFO] [stdout]                     ref __binding_0 ,)
[INFO] [stdout]                 => {
[INFO] [stdout]                     {
[INFO] [stdout]                         __binding_0 . run (
[INFO] [stdout]                             system)
[INFO] [stdout]                         ? ;
[INFO] [stdout]                         }
[INFO] [stdout]                     }
[INFO] [stdout]                 }
[INFO] [stdout]             ;
[INFO] [stdout]             Ok (
[INFO] [stdout]                 (
[INFO] [stdout]                     )
[INFO] [stdout]                 )
[INFO] [stdout]             }
[INFO] [stdout]         }
[INFO] [stdout]     }
[INFO] [stdout] ;
[INFO] [stdout] 
[INFO] [stdout] ```
[INFO] [stdout] 
[INFO] [stdout] stack backtrace:
[INFO] [stdout]    0:     0x74cf42d30a3a - std::backtrace_rs::backtrace::libunwind::trace::h5a5b8284f2d0c266
[INFO] [stdout]                                at /rustc/90b35a6239c3d8bdabc530a6a0816f7ff89a0aaf/library/std/src/../../backtrace/src/backtrace/libunwind.rs:116:5
[INFO] [stdout]    1:     0x74cf42d30a3a - std::backtrace_rs::backtrace::trace_unsynchronized::h76d4f1c9b0b875e3
[INFO] [stdout]                                at /rustc/90b35a6239c3d8bdabc530a6a0816f7ff89a0aaf/library/std/src/../../backtrace/src/backtrace/mod.rs:66:5
[INFO] [stdout]    2:     0x74cf42d30a3a - std::sys::backtrace::_print_fmt::hc4546b8364a537c6
[INFO] [stdout]                                at /rustc/90b35a6239c3d8bdabc530a6a0816f7ff89a0aaf/library/std/src/sys/backtrace.rs:66:9
[INFO] [stdout]    3:     0x74cf42d30a3a - <std::sys::backtrace::BacktraceLock::print::DisplayBacktrace as core::fmt::Display>::fmt::h5b6bd5631a6d1f6b
[INFO] [stdout]                                at /rustc/90b35a6239c3d8bdabc530a6a0816f7ff89a0aaf/library/std/src/sys/backtrace.rs:39:26
[INFO] [stdout]    4:     0x74cf42d80c63 - core::fmt::rt::Argument::fmt::h270f6602a2b96f62
[INFO] [stdout]                                at /rustc/90b35a6239c3d8bdabc530a6a0816f7ff89a0aaf/library/core/src/fmt/rt.rs:177:76
[INFO] [stdout]    5:     0x74cf42d80c63 - core::fmt::write::h7550c97b06c86515
[INFO] [stdout]                                at /rustc/90b35a6239c3d8bdabc530a6a0816f7ff89a0aaf/library/core/src/fmt/mod.rs:1186:21
[INFO] [stdout]    6:     0x74cf42d243c3 - std::io::Write::write_fmt::h509ff860e5956e5e
[INFO] [stdout]                                at /rustc/90b35a6239c3d8bdabc530a6a0816f7ff89a0aaf/library/std/src/io/mod.rs:1839:15
[INFO] [stdout]    7:     0x74cf42d30882 - std::sys::backtrace::BacktraceLock::print::h2395ccd2c84ba3aa
[INFO] [stdout]                                at /rustc/90b35a6239c3d8bdabc530a6a0816f7ff89a0aaf/library/std/src/sys/backtrace.rs:42:9
[INFO] [stdout]    8:     0x74cf42d32e8a - std::panicking::default_hook::{{closure}}::he19d4c7230e07961
[INFO] [stdout]                                at /rustc/90b35a6239c3d8bdabc530a6a0816f7ff89a0aaf/library/std/src/panicking.rs:268:22
[INFO] [stdout]    9:     0x74cf42d32c94 - std::panicking::default_hook::hf614597d3c67bbdb
[INFO] [stdout]                                at /rustc/90b35a6239c3d8bdabc530a6a0816f7ff89a0aaf/library/std/src/panicking.rs:292:9
[INFO] [stdout]   10:     0x56a8b348fbb9 - <alloc::boxed::Box<F,A> as core::ops::function::Fn<Args>>::call::h39b51ce4599c23d1
[INFO] [stdout]                                at /rustc/90b35a6239c3d8bdabc530a6a0816f7ff89a0aaf/library/alloc/src/boxed.rs:2468:9
[INFO] [stdout]   11:     0x56a8b348fbb9 - test::test_main::{{closure}}::he977ae839a582784
[INFO] [stdout]                                at /rustc/90b35a6239c3d8bdabc530a6a0816f7ff89a0aaf/library/test/src/lib.rs:133:21
[INFO] [stdout]   12:     0x74cf42d335f8 - <alloc::boxed::Box<F,A> as core::ops::function::Fn<Args>>::call::h9455091b6b06f9fb
[INFO] [stdout]                                at /rustc/90b35a6239c3d8bdabc530a6a0816f7ff89a0aaf/library/alloc/src/boxed.rs:2468:9
[INFO] [stdout]   13:     0x74cf42d335f8 - std::panicking::rust_panic_with_hook::h8942133a8b252070
[INFO] [stdout]                                at /rustc/90b35a6239c3d8bdabc530a6a0816f7ff89a0aaf/library/std/src/panicking.rs:809:13
[INFO] [stdout]   14:     0x74cf42d333ba - std::panicking::begin_panic_handler::{{closure}}::hb5f5963570096b29
[INFO] [stdout]                                at /rustc/90b35a6239c3d8bdabc530a6a0816f7ff89a0aaf/library/std/src/panicking.rs:674:13
[INFO] [stdout]   15:     0x74cf42d30f19 - std::sys::backtrace::__rust_end_short_backtrace::h6208cedc1922feda
[INFO] [stdout]                                at /rustc/90b35a6239c3d8bdabc530a6a0816f7ff89a0aaf/library/std/src/sys/backtrace.rs:170:18
[INFO] [stdout]   16:     0x74cf42d3304c - rust_begin_unwind
[INFO] [stdout]                                at /rustc/90b35a6239c3d8bdabc530a6a0816f7ff89a0aaf/library/std/src/panicking.rs:665:5
[INFO] [stdout]   17:     0x74cf42d7d070 - core::panicking::panic_fmt::h0c3082644d1bf418
[INFO] [stdout]                                at /rustc/90b35a6239c3d8bdabc530a6a0816f7ff89a0aaf/library/core/src/panicking.rs:74:14
[INFO] [stdout]   18:     0x56a8b34578db - dns_common_derive::runnable::tests::derive_runnable_on_enum::hab7a03c1fb192d2c
[INFO] [stdout]                                at /opt/rustwide/workdir/src/runnable.rs:26:9
[INFO] [stdout]   19:     0x56a8b34573f7 - dns_common_derive::runnable::tests::derive_runnable_on_enum::{{closure}}::h94581bbd32e54b8d
[INFO] [stdout]                                at /opt/rustwide/workdir/src/runnable.rs:25:33
[INFO] [stdout]   20:     0x56a8b3454b76 - core::ops::function::FnOnce::call_once::hc5fb59d4645aefb9
[INFO] [stdout]                                at /rustc/90b35a6239c3d8bdabc530a6a0816f7ff89a0aaf/library/core/src/ops/function.rs:250:5
[INFO] [stdout]   21:     0x56a8b349457b - core::ops::function::FnOnce::call_once::h109cf8051a59b34e
[INFO] [stdout]                                at /rustc/90b35a6239c3d8bdabc530a6a0816f7ff89a0aaf/library/core/src/ops/function.rs:250:5
[INFO] [stdout]   22:     0x56a8b349457b - test::__rust_begin_short_backtrace::hf4fff89d377446ba
[INFO] [stdout]                                at /rustc/90b35a6239c3d8bdabc530a6a0816f7ff89a0aaf/library/test/src/lib.rs:621:18
[INFO] [stdout]   23:     0x56a8b3493db7 - test::run_test_in_process::{{closure}}::h0e39181dd7ee5a43
[INFO] [stdout]                                at /rustc/90b35a6239c3d8bdabc530a6a0816f7ff89a0aaf/library/test/src/lib.rs:644:60
[INFO] [stdout]   24:     0x56a8b3493db7 - <core::panic::unwind_safe::AssertUnwindSafe<F> as core::ops::function::FnOnce<()>>::call_once::hc5a66a30f0bdfd1f
[INFO] [stdout]                                at /rustc/90b35a6239c3d8bdabc530a6a0816f7ff89a0aaf/library/core/src/panic/unwind_safe.rs:272:9
[INFO] [stdout]   25:     0x56a8b3493db7 - std::panicking::try::do_call::h873b7cf639554a5e
[INFO] [stdout]                                at /rustc/90b35a6239c3d8bdabc530a6a0816f7ff89a0aaf/library/std/src/panicking.rs:557:40
[INFO] [stdout]   26:     0x56a8b3493db7 - std::panicking::try::hdb19862fad9c8bd1
[INFO] [stdout]                                at /rustc/90b35a6239c3d8bdabc530a6a0816f7ff89a0aaf/library/std/src/panicking.rs:520:19
[INFO] [stdout]   27:     0x56a8b3493db7 - std::panic::catch_unwind::h281fe732d236d260
[INFO] [stdout]                                at /rustc/90b35a6239c3d8bdabc530a6a0816f7ff89a0aaf/library/std/src/panic.rs:358:14
[INFO] [stdout]   28:     0x56a8b3493db7 - test::run_test_in_process::h949b6df8457ed338
[INFO] [stdout]                                at /rustc/90b35a6239c3d8bdabc530a6a0816f7ff89a0aaf/library/test/src/lib.rs:644:27
[INFO] [stdout]   29:     0x56a8b3493db7 - test::run_test::{{closure}}::h52c556a6d4740e10
[INFO] [stdout]                                at /rustc/90b35a6239c3d8bdabc530a6a0816f7ff89a0aaf/library/test/src/lib.rs:565:43
[INFO] [stdout]   30:     0x56a8b3459094 - test::run_test::{{closure}}::h4237f6381c45ccb9
[INFO] [stdout]                                at /rustc/90b35a6239c3d8bdabc530a6a0816f7ff89a0aaf/library/test/src/lib.rs:595:41
[INFO] [stdout]   31:     0x56a8b3459094 - std::sys::backtrace::__rust_begin_short_backtrace::h505c97a579eca628
[INFO] [stdout]                                at /rustc/90b35a6239c3d8bdabc530a6a0816f7ff89a0aaf/library/std/src/sys/backtrace.rs:154:18
[INFO] [stdout]   32:     0x56a8b345c75e - std::thread::Builder::spawn_unchecked_::{{closure}}::{{closure}}::h9e86b2e2bc107ea3
[INFO] [stdout]                                at /rustc/90b35a6239c3d8bdabc530a6a0816f7ff89a0aaf/library/std/src/thread/mod.rs:538:17
[INFO] [stdout]   33:     0x56a8b345c75e - <core::panic::unwind_safe::AssertUnwindSafe<F> as core::ops::function::FnOnce<()>>::call_once::h8b06ddb275ff4a25
[INFO] [stdout]                                at /rustc/90b35a6239c3d8bdabc530a6a0816f7ff89a0aaf/library/core/src/panic/unwind_safe.rs:272:9
[INFO] [stdout]   34:     0x56a8b345c75e - std::panicking::try::do_call::hb26ecd7cd9a9355d
[INFO] [stdout]                                at /rustc/90b35a6239c3d8bdabc530a6a0816f7ff89a0aaf/library/std/src/panicking.rs:557:40
[INFO] [stdout]   35:     0x56a8b345c75e - std::panicking::try::h8ddeca9d705f9069
[INFO] [stdout]                                at /rustc/90b35a6239c3d8bdabc530a6a0816f7ff89a0aaf/library/std/src/panicking.rs:520:19
[INFO] [stdout]   36:     0x56a8b345c75e - std::panic::catch_unwind::h49e1c33078844c46
[INFO] [stdout]                                at /rustc/90b35a6239c3d8bdabc530a6a0816f7ff89a0aaf/library/std/src/panic.rs:358:14
[INFO] [stdout]   37:     0x56a8b345c75e - std::thread::Builder::spawn_unchecked_::{{closure}}::h6073db6ff56ad35d
[INFO] [stdout]                                at /rustc/90b35a6239c3d8bdabc530a6a0816f7ff89a0aaf/library/std/src/thread/mod.rs:537:30
[INFO] [stdout]   38:     0x56a8b345c75e - core::ops::function::FnOnce::call_once{{vtable.shim}}::h2c5a5f3779c774f1
[INFO] [stdout]                                at /rustc/90b35a6239c3d8bdabc530a6a0816f7ff89a0aaf/library/core/src/ops/function.rs:250:5
[INFO] [stdout]   39:     0x74cf42d3d0ab - <alloc::boxed::Box<F,A> as core::ops::function::FnOnce<Args>>::call_once::hf75717d9f28faebf
[INFO] [stdout]                                at /rustc/90b35a6239c3d8bdabc530a6a0816f7ff89a0aaf/library/alloc/src/boxed.rs:2454:9
[INFO] [stdout]   40:     0x74cf42d3d0ab - <alloc::boxed::Box<F,A> as core::ops::function::FnOnce<Args>>::call_once::h7bd883a5f3c5f3c1
[INFO] [stdout]                                at /rustc/90b35a6239c3d8bdabc530a6a0816f7ff89a0aaf/library/alloc/src/boxed.rs:2454:9
[INFO] [stdout]   41:     0x74cf42d3d0ab - std::sys::pal::unix::thread::Thread::new::thread_start::hcc78f3943333fa94
[INFO] [stdout]                                at /rustc/90b35a6239c3d8bdabc530a6a0816f7ff89a0aaf/library/std/src/sys/pal/unix/thread.rs:105:17
[INFO] [stdout]   42:     0x74cf429b2ac3 - <unknown>
[INFO] [stdout]   43:     0x74cf42a43a04 - clone
[INFO] [stdout]   44:                0x0 - <unknown>
[INFO] [stdout] 
[INFO] [stdout] 
[INFO] [stdout] failures:
[INFO] [stdout]     runnable::tests::derive_runnable_on_enum
[INFO] [stdout] 
[INFO] [stdout] test result: FAILED. 0 passed; 1 failed; 0 ignored; 0 measured; 0 filtered out; finished in 0.06s
[INFO] [stdout] 
[INFO] running `Command { std: "docker" "inspect" "b55156d1e7336b70fa0564f3a629074ea54cbd337fb9c43ed22b6d64b831a851", kill_on_drop: false }`
[INFO] running `Command { std: "docker" "rm" "-f" "b55156d1e7336b70fa0564f3a629074ea54cbd337fb9c43ed22b6d64b831a851", kill_on_drop: false }`
[INFO] [stdout] b55156d1e7336b70fa0564f3a629074ea54cbd337fb9c43ed22b6d64b831a851
