[INFO] fetching crate dns-update 0.1.2...
[INFO] testing dns-update-0.1.2 against 1.83.0 for beta-1.84.0-4-retry
[INFO] extracting crate dns-update 0.1.2 into /workspace/builds/worker-3-tc1/source
[INFO] validating manifest of crates.io crate dns-update 0.1.2 on toolchain 1.83.0
[INFO] running `Command { std: CARGO_HOME="/workspace/cargo-home" RUSTUP_HOME="/workspace/rustup-home" "/workspace/cargo-home/bin/cargo" "+1.83.0" "metadata" "--manifest-path" "Cargo.toml" "--no-deps", kill_on_drop: false }`
[INFO] started tweaking crates.io crate dns-update 0.1.2
[INFO] finished tweaking crates.io crate dns-update 0.1.2
[INFO] tweaked toml for crates.io crate dns-update 0.1.2 written to /workspace/builds/worker-3-tc1/source/Cargo.toml
[INFO] running `Command { std: CARGO_HOME="/workspace/cargo-home" RUSTUP_HOME="/workspace/rustup-home" "/workspace/cargo-home/bin/cargo" "+1.83.0" "generate-lockfile" "--manifest-path" "Cargo.toml", kill_on_drop: false }`
[INFO] [stderr]     Updating crates.io index
[INFO] [stderr]      Locking 180 packages to latest compatible versions
[INFO] running `Command { std: CARGO_HOME="/workspace/cargo-home" RUSTUP_HOME="/workspace/rustup-home" "/workspace/cargo-home/bin/cargo" "+1.83.0" "fetch" "--manifest-path" "Cargo.toml", kill_on_drop: false }`
[INFO] [stderr]  Downloading crates ...
[INFO] [stderr]   Downloaded hickory-client v0.24.2
[INFO] running `Command { std: "docker" "create" "-v" "/var/lib/crater-agent-workspace/builds/worker-3-tc1/target:/opt/rustwide/target:rw,Z" "-v" "/var/lib/crater-agent-workspace/builds/worker-3-tc1/source:/opt/rustwide/workdir:ro,Z" "-v" "/var/lib/crater-agent-workspace/cargo-home:/opt/rustwide/cargo-home:ro,Z" "-v" "/var/lib/crater-agent-workspace/rustup-home:/opt/rustwide/rustup-home:ro,Z" "-e" "SOURCE_DIR=/opt/rustwide/workdir" "-e" "CARGO_TARGET_DIR=/opt/rustwide/target" "-e" "CARGO_HOME=/opt/rustwide/cargo-home" "-e" "RUSTUP_HOME=/opt/rustwide/rustup-home" "-w" "/opt/rustwide/workdir" "-m" "1610612736" "--user" "0:0" "--network" "none" "ghcr.io/rust-lang/crates-build-env/linux@sha256:f3a9d4ad9d972b27faf3965f35b62e55ba32bbce8f20bc8fe909558a86702fde" "/opt/rustwide/cargo-home/bin/cargo" "+1.83.0" "metadata" "--no-deps" "--format-version=1", kill_on_drop: false }`
[INFO] [stdout] 1941fce5a753b5809e2b568f6977450938c5116d67322dac107eb6315aac3d44
[INFO] running `Command { std: "docker" "start" "-a" "1941fce5a753b5809e2b568f6977450938c5116d67322dac107eb6315aac3d44", kill_on_drop: false }`
[INFO] running `Command { std: "docker" "inspect" "1941fce5a753b5809e2b568f6977450938c5116d67322dac107eb6315aac3d44", kill_on_drop: false }`
[INFO] running `Command { std: "docker" "rm" "-f" "1941fce5a753b5809e2b568f6977450938c5116d67322dac107eb6315aac3d44", kill_on_drop: false }`
[INFO] [stdout] 1941fce5a753b5809e2b568f6977450938c5116d67322dac107eb6315aac3d44
[INFO] running `Command { std: "docker" "create" "-v" "/var/lib/crater-agent-workspace/builds/worker-3-tc1/target:/opt/rustwide/target:rw,Z" "-v" "/var/lib/crater-agent-workspace/builds/worker-3-tc1/source:/opt/rustwide/workdir:ro,Z" "-v" "/var/lib/crater-agent-workspace/cargo-home:/opt/rustwide/cargo-home:ro,Z" "-v" "/var/lib/crater-agent-workspace/rustup-home:/opt/rustwide/rustup-home:ro,Z" "-e" "SOURCE_DIR=/opt/rustwide/workdir" "-e" "CARGO_TARGET_DIR=/opt/rustwide/target" "-e" "CARGO_INCREMENTAL=0" "-e" "RUST_BACKTRACE=full" "-e" "RUSTFLAGS=--cap-lints=warn" "-e" "RUSTDOCFLAGS=--cap-lints=warn" "-e" "CARGO_HOME=/opt/rustwide/cargo-home" "-e" "RUSTUP_HOME=/opt/rustwide/rustup-home" "-w" "/opt/rustwide/workdir" "-m" "1610612736" "--user" "0:0" "--network" "none" "ghcr.io/rust-lang/crates-build-env/linux@sha256:f3a9d4ad9d972b27faf3965f35b62e55ba32bbce8f20bc8fe909558a86702fde" "/opt/rustwide/cargo-home/bin/cargo" "+1.83.0" "build" "--frozen" "--message-format=json", kill_on_drop: false }`
[INFO] [stdout] 53b2fa8b54d90a78daab611a6a5106e0ce98ca1f8dfcfe69e37e9afca656bc08
[INFO] running `Command { std: "docker" "start" "-a" "53b2fa8b54d90a78daab611a6a5106e0ce98ca1f8dfcfe69e37e9afca656bc08", kill_on_drop: false }`
[INFO] [stderr]    Compiling proc-macro2 v1.0.92
[INFO] [stderr]    Compiling unicode-ident v1.0.14
[INFO] [stderr]    Compiling libc v0.2.168
[INFO] [stderr]    Compiling shlex v1.3.0
[INFO] [stderr]    Compiling bytes v1.9.0
[INFO] [stderr]    Compiling cfg-if v1.0.0
[INFO] [stderr]    Compiling pin-project-lite v0.2.15
[INFO] [stderr]    Compiling stable_deref_trait v1.2.0
[INFO] [stderr]    Compiling itoa v1.0.14
[INFO] [stderr]    Compiling autocfg v1.4.0
[INFO] [stderr]    Compiling futures-core v0.3.31
[INFO] [stderr]    Compiling once_cell v1.20.2
[INFO] [stderr]    Compiling cc v1.2.4
[INFO] [stderr]    Compiling smallvec v1.13.2
[INFO] [stderr]    Compiling fnv v1.0.7
[INFO] [stderr]    Compiling untrusted v0.9.0
[INFO] [stderr]    Compiling spin v0.9.8
[INFO] [stderr]    Compiling litemap v0.7.4
[INFO] [stderr]    Compiling writeable v0.5.5
[INFO] [stderr]    Compiling tracing-core v0.1.33
[INFO] [stderr]    Compiling slab v0.4.9
[INFO] [stderr]    Compiling equivalent v1.0.1
[INFO] [stderr]    Compiling icu_locid_transform_data v1.5.0
[INFO] [stderr]    Compiling futures-sink v0.3.31
[INFO] [stderr]    Compiling hashbrown v0.15.2
[INFO] [stderr]    Compiling futures-task v0.3.31
[INFO] [stderr]    Compiling pin-utils v0.1.0
[INFO] [stderr]    Compiling icu_properties_data v1.5.0
[INFO] [stderr]    Compiling http v1.2.0
[INFO] [stderr]    Compiling quote v1.0.37
[INFO] [stderr]    Compiling syn v2.0.90
[INFO] [stderr]    Compiling futures-util v0.3.31
[INFO] [stderr]    Compiling icu_normalizer_data v1.5.0
[INFO] [stderr]    Compiling indexmap v2.7.0
[INFO] [stderr]    Compiling utf8_iter v1.0.4
[INFO] [stderr]    Compiling rustls-pki-types v1.10.1
[INFO] [stderr]    Compiling getrandom v0.2.15
[INFO] [stderr]    Compiling mio v1.0.3
[INFO] [stderr]    Compiling ring v0.17.8
[INFO] [stderr]    Compiling socket2 v0.5.8
[INFO] [stderr]    Compiling utf16_iter v1.0.5
[INFO] [stderr]    Compiling write16 v1.0.0
[INFO] [stderr]    Compiling futures-channel v0.3.31
[INFO] [stderr]    Compiling percent-encoding v2.3.1
[INFO] [stderr]    Compiling byteorder v1.5.0
[INFO] [stderr]    Compiling tokio v1.42.0
[INFO] [stderr]    Compiling httparse v1.9.5
[INFO] [stderr]    Compiling form_urlencoded v1.2.1
[INFO] [stderr]    Compiling http-body v1.0.1
[INFO] [stderr]    Compiling rustls v0.21.12
[INFO] [stderr]    Compiling atomic-waker v1.1.2
[INFO] [stderr]    Compiling try-lock v0.2.5
[INFO] [stderr]    Compiling log v0.4.22
[INFO] [stderr]    Compiling rustls v0.23.20
[INFO] [stderr]    Compiling serde v1.0.216
[INFO] [stderr]    Compiling want v0.3.1
[INFO] [stderr]    Compiling ring v0.16.20
[INFO] [stderr]    Compiling rand_core v0.6.4
[INFO] [stderr]    Compiling thiserror v1.0.69
[INFO] [stderr]    Compiling subtle v2.6.1
[INFO] [stderr]    Compiling zeroize v1.8.1
[INFO] [stderr]    Compiling http v0.2.12
[INFO] [stderr]    Compiling tinyvec_macros v0.1.1
[INFO] [stderr]    Compiling ipnet v2.10.1
[INFO] [stderr]    Compiling untrusted v0.7.1
[INFO] [stderr]    Compiling heck v0.5.0
[INFO] [stderr]    Compiling base64 v0.21.7
[INFO] [stderr]    Compiling tower-service v0.3.3
[INFO] [stderr]    Compiling spin v0.5.2
[INFO] [stderr]    Compiling ryu v1.0.18
[INFO] [stderr]    Compiling tinyvec v1.8.0
[INFO] [stderr]    Compiling rustls-pemfile v1.0.4
[INFO] [stderr]    Compiling webpki-roots v0.26.7
[INFO] [stderr]    Compiling nibble_vec v0.1.0
[INFO] [stderr]    Compiling endian-type v0.1.2
[INFO] [stderr]    Compiling serde_json v1.0.133
[INFO] [stderr]    Compiling data-encoding v2.6.0
[INFO] [stderr]    Compiling futures-io v0.3.31
[INFO] [stderr]    Compiling radix_trie v0.2.1
[INFO] [stderr]    Compiling http-body-util v0.1.2
[INFO] [stderr]    Compiling rustls-pemfile v2.2.0
[INFO] [stderr]    Compiling sync_wrapper v1.0.2
[INFO] [stderr]    Compiling memchr v2.7.4
[INFO] [stderr]    Compiling base64 v0.22.1
[INFO] [stderr]    Compiling mime v0.3.17
[INFO] [stderr]    Compiling synstructure v0.13.1
[INFO] [stderr]    Compiling zerofrom-derive v0.1.5
[INFO] [stderr]    Compiling yoke-derive v0.7.5
[INFO] [stderr]    Compiling zerovec-derive v0.10.3
[INFO] [stderr]    Compiling displaydoc v0.2.5
[INFO] [stderr]    Compiling icu_provider_macros v1.5.0
[INFO] [stderr]    Compiling tracing-attributes v0.1.28
[INFO] [stderr]    Compiling tokio-util v0.7.13
[INFO] [stderr]    Compiling zerocopy-derive v0.7.35
[INFO] [stderr]    Compiling sct v0.7.1
[INFO] [stderr]    Compiling rustls-webpki v0.101.7
[INFO] [stderr]    Compiling rustls-webpki v0.102.8
[INFO] [stderr]    Compiling serde_derive v1.0.216
[INFO] [stderr]    Compiling thiserror-impl v1.0.69
[INFO] [stderr]    Compiling zerofrom v0.1.5
[INFO] [stderr]    Compiling yoke v0.7.5
[INFO] [stderr]    Compiling zerovec v0.10.4
[INFO] [stderr]    Compiling zerocopy v0.7.35
[INFO] [stderr]    Compiling tracing v0.1.41
[INFO] [stderr]    Compiling h2 v0.4.7
[INFO] [stderr]    Compiling h2 v0.3.26
[INFO] [stderr]    Compiling ppv-lite86 v0.2.20
[INFO] [stderr]    Compiling tinystr v0.7.6
[INFO] [stderr]    Compiling icu_locid v1.5.0
[INFO] [stderr]    Compiling icu_collections v1.5.0
[INFO] [stderr]    Compiling rand_chacha v0.3.1
[INFO] [stderr]    Compiling icu_provider v1.5.0
[INFO] [stderr]    Compiling rand v0.8.5
[INFO] [stderr]    Compiling icu_locid_transform v1.5.0
[INFO] [stderr]    Compiling tokio-rustls v0.24.1
[INFO] [stderr]    Compiling enum-as-inner v0.6.1
[INFO] [stderr]    Compiling async-trait v0.1.83
[INFO] [stderr]    Compiling icu_properties v1.5.1
[INFO] [stderr]    Compiling hyper v1.5.1
[INFO] [stderr]    Compiling tokio-rustls v0.26.1
[INFO] [stderr]    Compiling hyper-util v0.1.10
[INFO] [stderr]    Compiling icu_normalizer v1.5.0
[INFO] [stderr]    Compiling hyper-rustls v0.27.3
[INFO] [stderr]    Compiling idna_adapter v1.2.0
[INFO] [stderr]    Compiling idna v1.0.3
[INFO] [stderr]    Compiling serde_urlencoded v0.7.1
[INFO] [stderr]    Compiling url v2.5.4
[INFO] [stderr]    Compiling hickory-proto v0.24.2
[INFO] [stderr]    Compiling reqwest v0.12.9
[INFO] [stderr]    Compiling hickory-client v0.24.2
[INFO] [stderr]    Compiling dns-update v0.1.2 (/opt/rustwide/workdir)
[INFO] [stderr]     Finished `dev` profile [unoptimized + debuginfo] target(s) in 1m 41s
[INFO] running `Command { std: "docker" "inspect" "53b2fa8b54d90a78daab611a6a5106e0ce98ca1f8dfcfe69e37e9afca656bc08", kill_on_drop: false }`
[INFO] running `Command { std: "docker" "rm" "-f" "53b2fa8b54d90a78daab611a6a5106e0ce98ca1f8dfcfe69e37e9afca656bc08", kill_on_drop: false }`
[INFO] [stdout] 53b2fa8b54d90a78daab611a6a5106e0ce98ca1f8dfcfe69e37e9afca656bc08
[INFO] running `Command { std: "docker" "create" "-v" "/var/lib/crater-agent-workspace/builds/worker-3-tc1/target:/opt/rustwide/target:rw,Z" "-v" "/var/lib/crater-agent-workspace/builds/worker-3-tc1/source:/opt/rustwide/workdir:ro,Z" "-v" "/var/lib/crater-agent-workspace/cargo-home:/opt/rustwide/cargo-home:ro,Z" "-v" "/var/lib/crater-agent-workspace/rustup-home:/opt/rustwide/rustup-home:ro,Z" "-e" "SOURCE_DIR=/opt/rustwide/workdir" "-e" "CARGO_TARGET_DIR=/opt/rustwide/target" "-e" "CARGO_INCREMENTAL=0" "-e" "RUST_BACKTRACE=full" "-e" "RUSTFLAGS=--cap-lints=warn" "-e" "RUSTDOCFLAGS=--cap-lints=warn" "-e" "CARGO_HOME=/opt/rustwide/cargo-home" "-e" "RUSTUP_HOME=/opt/rustwide/rustup-home" "-w" "/opt/rustwide/workdir" "-m" "1610612736" "--user" "0:0" "--network" "none" "ghcr.io/rust-lang/crates-build-env/linux@sha256:f3a9d4ad9d972b27faf3965f35b62e55ba32bbce8f20bc8fe909558a86702fde" "/opt/rustwide/cargo-home/bin/cargo" "+1.83.0" "test" "--frozen" "--no-run" "--message-format=json", kill_on_drop: false }`
[INFO] [stdout] 2d21acfb0710d49d3c5c33fffc271c9bcf6d949ff9336c79facf01df0c9a4117
[INFO] running `Command { std: "docker" "start" "-a" "2d21acfb0710d49d3c5c33fffc271c9bcf6d949ff9336c79facf01df0c9a4117", kill_on_drop: false }`
[INFO] [stderr]    Compiling lock_api v0.4.12
[INFO] [stderr]    Compiling parking_lot_core v0.9.10
[INFO] [stderr]    Compiling scopeguard v1.2.0
[INFO] [stderr]    Compiling signal-hook-registry v1.4.2
[INFO] [stderr]    Compiling tokio-macros v2.4.0
[INFO] [stderr]    Compiling parking_lot v0.12.3
[INFO] [stderr]    Compiling tokio v1.42.0
[INFO] [stderr]    Compiling tokio-util v0.7.13
[INFO] [stderr]    Compiling tokio-rustls v0.26.1
[INFO] [stderr]    Compiling tokio-rustls v0.24.1
[INFO] [stderr]    Compiling h2 v0.4.7
[INFO] [stderr]    Compiling h2 v0.3.26
[INFO] [stderr]    Compiling hickory-proto v0.24.2
[INFO] [stderr]    Compiling hyper v1.5.1
[INFO] [stderr]    Compiling hyper-util v0.1.10
[INFO] [stderr]    Compiling hyper-rustls v0.27.3
[INFO] [stderr]    Compiling reqwest v0.12.9
[INFO] [stderr]    Compiling hickory-client v0.24.2
[INFO] [stderr]    Compiling dns-update v0.1.2 (/opt/rustwide/workdir)
[INFO] [stderr]     Finished `test` profile [unoptimized + debuginfo] target(s) in 37.58s
[INFO] running `Command { std: "docker" "inspect" "2d21acfb0710d49d3c5c33fffc271c9bcf6d949ff9336c79facf01df0c9a4117", kill_on_drop: false }`
[INFO] running `Command { std: "docker" "rm" "-f" "2d21acfb0710d49d3c5c33fffc271c9bcf6d949ff9336c79facf01df0c9a4117", kill_on_drop: false }`
[INFO] [stdout] 2d21acfb0710d49d3c5c33fffc271c9bcf6d949ff9336c79facf01df0c9a4117
[INFO] running `Command { std: "docker" "create" "-v" "/var/lib/crater-agent-workspace/builds/worker-3-tc1/target:/opt/rustwide/target:rw,Z" "-v" "/var/lib/crater-agent-workspace/builds/worker-3-tc1/source:/opt/rustwide/workdir:ro,Z" "-v" "/var/lib/crater-agent-workspace/cargo-home:/opt/rustwide/cargo-home:ro,Z" "-v" "/var/lib/crater-agent-workspace/rustup-home:/opt/rustwide/rustup-home:ro,Z" "-e" "SOURCE_DIR=/opt/rustwide/workdir" "-e" "CARGO_TARGET_DIR=/opt/rustwide/target" "-e" "CARGO_INCREMENTAL=0" "-e" "RUST_BACKTRACE=full" "-e" "RUSTFLAGS=--cap-lints=warn" "-e" "RUSTDOCFLAGS=--cap-lints=warn" "-e" "CARGO_HOME=/opt/rustwide/cargo-home" "-e" "RUSTUP_HOME=/opt/rustwide/rustup-home" "-w" "/opt/rustwide/workdir" "-m" "1610612736" "--user" "0:0" "--network" "none" "ghcr.io/rust-lang/crates-build-env/linux@sha256:f3a9d4ad9d972b27faf3965f35b62e55ba32bbce8f20bc8fe909558a86702fde" "/opt/rustwide/cargo-home/bin/cargo" "+1.83.0" "test" "--frozen", kill_on_drop: false }`
[INFO] [stdout] e1b9554a0e4caf0a2282003e8da0c5683dde533d32cad3938e213b7085eaab42
[INFO] running `Command { std: "docker" "start" "-a" "e1b9554a0e4caf0a2282003e8da0c5683dde533d32cad3938e213b7085eaab42", kill_on_drop: false }`
[INFO] [stderr]     Finished `test` profile [unoptimized + debuginfo] target(s) in 0.26s
[INFO] [stderr]      Running unittests src/lib.rs (/opt/rustwide/target/debug/deps/dns_update-f1e8fa27f9e443fe)
[INFO] [stdout] 
[INFO] [stdout] running 0 tests
[INFO] [stdout] 
[INFO] [stdout] test result: ok. 0 passed; 0 failed; 0 ignored; 0 measured; 0 filtered out; finished in 0.00s
[INFO] [stdout] 
[INFO] [stderr]    Doc-tests dns_update
[INFO] [stdout] 
[INFO] [stdout] running 2 tests
[INFO] [stdout] test src/../README.md - (line 47) ... FAILED
[INFO] [stdout] test src/../README.md - (line 25) ... FAILED
[INFO] [stdout] 
[INFO] [stdout] failures:
[INFO] [stdout] 
[INFO] [stdout] ---- src/../README.md - (line 47) stdout ----
[INFO] [stdout] error[E0433]: failed to resolve: use of undeclared type `DnsUpdater`
[INFO] [stdout]  --> src/../README.md:50:13
[INFO] [stdout]   |
[INFO] [stdout] 5 |             DnsUpdater::new_cloudflare("<API_TOKEN>", None::<String>)
[INFO] [stdout]   |             ^^^^^^^^^^ use of undeclared type `DnsUpdater`
[INFO] [stdout]   |
[INFO] [stdout] help: consider importing this enum
[INFO] [stdout]   |
[INFO] [stdout] 3 + use dns_update::DnsUpdater;
[INFO] [stdout]   |
[INFO] [stdout] 
[INFO] [stdout] error[E0425]: cannot find value `c` in this scope
[INFO] [stdout]  --> src/../README.md:54:9
[INFO] [stdout]   |
[INFO] [stdout] 9 |         c.create(
[INFO] [stdout]   |         ^ not found in this scope
[INFO] [stdout] 
[INFO] [stdout] error[E0433]: failed to resolve: use of undeclared type `DnsRecord`
[INFO] [stdout]   --> src/../README.md:56:13
[INFO] [stdout]    |
[INFO] [stdout] 11 |             DnsRecord::TXT {
[INFO] [stdout]    |             ^^^^^^^^^ use of undeclared type `DnsRecord`
[INFO] [stdout]    |
[INFO] [stdout] help: consider importing this enum
[INFO] [stdout]    |
[INFO] [stdout] 3  + use dns_update::DnsRecord;
[INFO] [stdout]    |
[INFO] [stdout] 
[INFO] [stdout] error[E0425]: cannot find value `c` in this scope
[INFO] [stdout]   --> src/../README.md:66:9
[INFO] [stdout]    |
[INFO] [stdout] 21 |         c.delete("test._domainkey.example.org", "example.org").await.unwrap();
[INFO] [stdout]    |         ^ not found in this scope
[INFO] [stdout] 
[INFO] [stdout] error[E0728]: `await` is only allowed inside `async` functions and blocks
[INFO] [stdout]   --> src/../README.md:62:10
[INFO] [stdout]    |
[INFO] [stdout] 3  | fn main() { #[allow(non_snake_case)] fn _doctest_main_src____README_md_47_0() {
[INFO] [stdout]    |                                      ---------------------------------------- this is not `async`
[INFO] [stdout] ...
[INFO] [stdout] 17 |         .await
[INFO] [stdout]    |          ^^^^^ only allowed inside `async` functions and blocks
[INFO] [stdout] 
[INFO] [stdout] error[E0728]: `await` is only allowed inside `async` functions and blocks
[INFO] [stdout]   --> src/../README.md:66:64
[INFO] [stdout]    |
[INFO] [stdout] 3  | fn main() { #[allow(non_snake_case)] fn _doctest_main_src____README_md_47_0() {
[INFO] [stdout]    |                                      ---------------------------------------- this is not `async`
[INFO] [stdout] ...
[INFO] [stdout] 21 |         c.delete("test._domainkey.example.org", "example.org").await.unwrap();
[INFO] [stdout]    |                                                                ^^^^^ only allowed inside `async` functions and blocks
[INFO] [stdout] 
[INFO] [stdout] error: aborting due to 6 previous errors
[INFO] [stdout] 
[INFO] [stdout] Some errors have detailed explanations: E0425, E0433, E0728.
[INFO] [stdout] For more information about an error, try `rustc --explain E0425`.
[INFO] [stdout] Couldn't compile the test.
[INFO] [stdout] ---- src/../README.md - (line 25) stdout ----
[INFO] [stdout] error[E0433]: failed to resolve: use of undeclared type `Rfc2136Provider`
[INFO] [stdout]  --> src/../README.md:27:14
[INFO] [stdout]   |
[INFO] [stdout] 4 | let client = Rfc2136Provider::new_tsig("tcp://127.0.0.1:53", "<KEY_NAME>", STANDARD.decode("<TSIG_KEY>").unwrap(), TsigAlgorithm::HmacSha...
[INFO] [stdout]   |              ^^^^^^^^^^^^^^^ use of undeclared type `Rfc2136Provider`
[INFO] [stdout]   |
[INFO] [stdout] help: consider importing this struct
[INFO] [stdout]   |
[INFO] [stdout] 3 + use dns_update::providers::rfc2136::Rfc2136Provider;
[INFO] [stdout]   |
[INFO] [stdout] 
[INFO] [stdout] error[E0425]: cannot find value `STANDARD` in this scope
[INFO] [stdout]  --> src/../README.md:27:76
[INFO] [stdout]   |
[INFO] [stdout] 4 | let client = Rfc2136Provider::new_tsig("tcp://127.0.0.1:53", "<KEY_NAME>", STANDARD.decode("<TSIG_KEY>").unwrap(), TsigAlgorithm::HmacSha...
[INFO] [stdout]   |                                                                            ^^^^^^^^ not found in this scope
[INFO] [stdout]   |
[INFO] [stdout] help: consider importing one of these constants
[INFO] [stdout]   |
[INFO] [stdout] 3 + use base64::alphabet::STANDARD;
[INFO] [stdout]   |
[INFO] [stdout] 3 + use base64::engine::general_purpose::STANDARD;
[INFO] [stdout]   |
[INFO] [stdout] 
[INFO] [stdout] error[E0433]: failed to resolve: use of undeclared type `TsigAlgorithm`
[INFO] [stdout]  --> src/../README.md:27:116
[INFO] [stdout]   |
[INFO] [stdout] 4 | ... STANDARD.decode("<TSIG_KEY>").unwrap(), TsigAlgorithm::HmacSha512).unwrap();
[INFO] [stdout]   |                                             ^^^^^^^^^^^^^ use of undeclared type `TsigAlgorithm`
[INFO] [stdout]   |
[INFO] [stdout] help: consider importing one of these enums
[INFO] [stdout]   |
[INFO] [stdout] 3 + use dns_update::TsigAlgorithm;
[INFO] [stdout]   |
[INFO] [stdout] 3 + use hickory_client::rr::rdata::tsig::TsigAlgorithm;
[INFO] [stdout]   |
[INFO] [stdout] 
[INFO] [stdout] error[E0425]: cannot find value `c` in this scope
[INFO] [stdout]  --> src/../README.md:30:9
[INFO] [stdout]   |
[INFO] [stdout] 7 |         c.create(
[INFO] [stdout]   |         ^ not found in this scope
[INFO] [stdout] 
[INFO] [stdout] error[E0433]: failed to resolve: use of undeclared type `DnsRecord`
[INFO] [stdout]  --> src/../README.md:32:13
[INFO] [stdout]   |
[INFO] [stdout] 9 |             DnsRecord::TXT {
[INFO] [stdout]   |             ^^^^^^^^^ use of undeclared type `DnsRecord`
[INFO] [stdout]   |
[INFO] [stdout] help: consider importing this enum
[INFO] [stdout]   |
[INFO] [stdout] 3 + use dns_update::DnsRecord;
[INFO] [stdout]   |
[INFO] [stdout] 
[INFO] [stdout] error[E0425]: cannot find value `c` in this scope
[INFO] [stdout]   --> src/../README.md:42:9
[INFO] [stdout]    |
[INFO] [stdout] 19 |         c.delete("test._domainkey.example.org", "example.org").await.unwrap();
[INFO] [stdout]    |         ^ not found in this scope
[INFO] [stdout] 
[INFO] [stdout] error[E0728]: `await` is only allowed inside `async` functions and blocks
[INFO] [stdout]   --> src/../README.md:38:10
[INFO] [stdout]    |
[INFO] [stdout] 3  | fn main() { #[allow(non_snake_case)] fn _doctest_main_src____README_md_25_0() {
[INFO] [stdout]    |                                      ---------------------------------------- this is not `async`
[INFO] [stdout] ...
[INFO] [stdout] 15 |         .await
[INFO] [stdout]    |          ^^^^^ only allowed inside `async` functions and blocks
[INFO] [stdout] 
[INFO] [stdout] error[E0728]: `await` is only allowed inside `async` functions and blocks
[INFO] [stdout]   --> src/../README.md:42:64
[INFO] [stdout]    |
[INFO] [stdout] 3  | fn main() { #[allow(non_snake_case)] fn _doctest_main_src____README_md_25_0() {
[INFO] [stdout]    |                                      ---------------------------------------- this is not `async`
[INFO] [stdout] ...
[INFO] [stdout] 19 |         c.delete("test._domainkey.example.org", "example.org").await.unwrap();
[INFO] [stdout]    |                                                                ^^^^^ only allowed inside `async` functions and blocks
[INFO] [stdout] 
[INFO] [stdout] error: aborting due to 8 previous errors
[INFO] [stdout] 
[INFO] [stdout] Some errors have detailed explanations: E0425, E0433, E0728.
[INFO] [stdout] For more information about an error, try `rustc --explain E0425`.
[INFO] [stdout] Couldn't compile the test.
[INFO] [stdout] 
[INFO] [stdout] failures:
[INFO] [stdout]     src/../README.md - (line 25)
[INFO] [stdout]     src/../README.md - (line 47)
[INFO] [stdout] 
[INFO] [stdout] test result: FAILED. 0 passed; 2 failed; 0 ignored; 0 measured; 0 filtered out; finished in 0.26s
[INFO] [stdout] 
[INFO] [stderr] error: doctest failed, to rerun pass `--doc`
[INFO] running `Command { std: "docker" "inspect" "e1b9554a0e4caf0a2282003e8da0c5683dde533d32cad3938e213b7085eaab42", kill_on_drop: false }`
[INFO] running `Command { std: "docker" "rm" "-f" "e1b9554a0e4caf0a2282003e8da0c5683dde533d32cad3938e213b7085eaab42", kill_on_drop: false }`
[INFO] [stdout] e1b9554a0e4caf0a2282003e8da0c5683dde533d32cad3938e213b7085eaab42
