[INFO] fetching crate dmx-rdm 0.0.13-alpha...
[INFO] testing dmx-rdm-0.0.13-alpha against 1.83.0 for beta-1.84.0-4-retry
[INFO] extracting crate dmx-rdm 0.0.13-alpha into /workspace/builds/worker-7-tc1/source
[INFO] validating manifest of crates.io crate dmx-rdm 0.0.13-alpha on toolchain 1.83.0
[INFO] running `Command { std: CARGO_HOME="/workspace/cargo-home" RUSTUP_HOME="/workspace/rustup-home" "/workspace/cargo-home/bin/cargo" "+1.83.0" "metadata" "--manifest-path" "Cargo.toml" "--no-deps", kill_on_drop: false }`
[INFO] started tweaking crates.io crate dmx-rdm 0.0.13-alpha
[INFO] finished tweaking crates.io crate dmx-rdm 0.0.13-alpha
[INFO] tweaked toml for crates.io crate dmx-rdm 0.0.13-alpha written to /workspace/builds/worker-7-tc1/source/Cargo.toml
[INFO] running `Command { std: CARGO_HOME="/workspace/cargo-home" RUSTUP_HOME="/workspace/rustup-home" "/workspace/cargo-home/bin/cargo" "+1.83.0" "generate-lockfile" "--manifest-path" "Cargo.toml", kill_on_drop: false }`
[INFO] [stderr]     Updating crates.io index
[INFO] [stderr]      Locking 25 packages to latest compatible versions
[INFO] running `Command { std: CARGO_HOME="/workspace/cargo-home" RUSTUP_HOME="/workspace/rustup-home" "/workspace/cargo-home/bin/cargo" "+1.83.0" "fetch" "--manifest-path" "Cargo.toml", kill_on_drop: false }`
[INFO] [stderr]  Downloading crates ...
[INFO] [stderr]   Downloaded binary-layout v4.0.2
[INFO] running `Command { std: "docker" "create" "-v" "/var/lib/crater-agent-workspace/builds/worker-7-tc1/target:/opt/rustwide/target:rw,Z" "-v" "/var/lib/crater-agent-workspace/builds/worker-7-tc1/source:/opt/rustwide/workdir:ro,Z" "-v" "/var/lib/crater-agent-workspace/cargo-home:/opt/rustwide/cargo-home:ro,Z" "-v" "/var/lib/crater-agent-workspace/rustup-home:/opt/rustwide/rustup-home:ro,Z" "-e" "SOURCE_DIR=/opt/rustwide/workdir" "-e" "CARGO_TARGET_DIR=/opt/rustwide/target" "-e" "CARGO_HOME=/opt/rustwide/cargo-home" "-e" "RUSTUP_HOME=/opt/rustwide/rustup-home" "-w" "/opt/rustwide/workdir" "-m" "1610612736" "--user" "0:0" "--network" "none" "ghcr.io/rust-lang/crates-build-env/linux@sha256:f3a9d4ad9d972b27faf3965f35b62e55ba32bbce8f20bc8fe909558a86702fde" "/opt/rustwide/cargo-home/bin/cargo" "+1.83.0" "metadata" "--no-deps" "--format-version=1", kill_on_drop: false }`
[INFO] [stdout] bedf8f54beabb49f7999f8a68bb165e20a99f67337c36ba0c09ce4fa710437cd
[INFO] running `Command { std: "docker" "start" "-a" "bedf8f54beabb49f7999f8a68bb165e20a99f67337c36ba0c09ce4fa710437cd", kill_on_drop: false }`
[INFO] running `Command { std: "docker" "inspect" "bedf8f54beabb49f7999f8a68bb165e20a99f67337c36ba0c09ce4fa710437cd", kill_on_drop: false }`
[INFO] running `Command { std: "docker" "rm" "-f" "bedf8f54beabb49f7999f8a68bb165e20a99f67337c36ba0c09ce4fa710437cd", kill_on_drop: false }`
[INFO] [stdout] bedf8f54beabb49f7999f8a68bb165e20a99f67337c36ba0c09ce4fa710437cd
[INFO] running `Command { std: "docker" "create" "-v" "/var/lib/crater-agent-workspace/builds/worker-7-tc1/target:/opt/rustwide/target:rw,Z" "-v" "/var/lib/crater-agent-workspace/builds/worker-7-tc1/source:/opt/rustwide/workdir:ro,Z" "-v" "/var/lib/crater-agent-workspace/cargo-home:/opt/rustwide/cargo-home:ro,Z" "-v" "/var/lib/crater-agent-workspace/rustup-home:/opt/rustwide/rustup-home:ro,Z" "-e" "SOURCE_DIR=/opt/rustwide/workdir" "-e" "CARGO_TARGET_DIR=/opt/rustwide/target" "-e" "CARGO_INCREMENTAL=0" "-e" "RUST_BACKTRACE=full" "-e" "RUSTFLAGS=--cap-lints=warn" "-e" "RUSTDOCFLAGS=--cap-lints=warn" "-e" "CARGO_HOME=/opt/rustwide/cargo-home" "-e" "RUSTUP_HOME=/opt/rustwide/rustup-home" "-w" "/opt/rustwide/workdir" "-m" "1610612736" "--user" "0:0" "--network" "none" "ghcr.io/rust-lang/crates-build-env/linux@sha256:f3a9d4ad9d972b27faf3965f35b62e55ba32bbce8f20bc8fe909558a86702fde" "/opt/rustwide/cargo-home/bin/cargo" "+1.83.0" "build" "--frozen" "--message-format=json", kill_on_drop: false }`
[INFO] [stdout] 139dc922769aa120c9e796b1b012b714fc01c4ca7cd759b8036ea87c8f0ac88d
[INFO] running `Command { std: "docker" "start" "-a" "139dc922769aa120c9e796b1b012b714fc01c4ca7cd759b8036ea87c8f0ac88d", kill_on_drop: false }`
[INFO] [stderr]    Compiling proc-macro2 v1.0.92
[INFO] [stderr]    Compiling unicode-ident v1.0.14
[INFO] [stderr]    Compiling syn v1.0.109
[INFO] [stderr]    Compiling thiserror v1.0.69
[INFO] [stderr]    Compiling paste v1.0.15
[INFO] [stderr]    Compiling doc-comment v0.3.3
[INFO] [stderr]    Compiling heapless v0.8.0
[INFO] [stderr]    Compiling byteorder v1.5.0
[INFO] [stderr]    Compiling static_assertions v1.1.0
[INFO] [stderr]    Compiling stable_deref_trait v1.2.0
[INFO] [stderr]    Compiling hash32 v0.3.1
[INFO] [stderr]    Compiling quote v1.0.37
[INFO] [stderr]    Compiling syn v2.0.90
[INFO] [stderr]    Compiling thiserror-impl v1.0.69
[INFO] [stderr]    Compiling modular-bitfield-impl v0.11.2
[INFO] [stderr]    Compiling binary-layout v4.0.2
[INFO] [stderr]    Compiling modular-bitfield v0.11.2
[INFO] [stderr]    Compiling dmx-rdm v0.0.13-alpha (/opt/rustwide/workdir)
[INFO] [stderr]     Finished `dev` profile [unoptimized + debuginfo] target(s) in 17.79s
[INFO] running `Command { std: "docker" "inspect" "139dc922769aa120c9e796b1b012b714fc01c4ca7cd759b8036ea87c8f0ac88d", kill_on_drop: false }`
[INFO] running `Command { std: "docker" "rm" "-f" "139dc922769aa120c9e796b1b012b714fc01c4ca7cd759b8036ea87c8f0ac88d", kill_on_drop: false }`
[INFO] [stdout] 139dc922769aa120c9e796b1b012b714fc01c4ca7cd759b8036ea87c8f0ac88d
[INFO] running `Command { std: "docker" "create" "-v" "/var/lib/crater-agent-workspace/builds/worker-7-tc1/target:/opt/rustwide/target:rw,Z" "-v" "/var/lib/crater-agent-workspace/builds/worker-7-tc1/source:/opt/rustwide/workdir:ro,Z" "-v" "/var/lib/crater-agent-workspace/cargo-home:/opt/rustwide/cargo-home:ro,Z" "-v" "/var/lib/crater-agent-workspace/rustup-home:/opt/rustwide/rustup-home:ro,Z" "-e" "SOURCE_DIR=/opt/rustwide/workdir" "-e" "CARGO_TARGET_DIR=/opt/rustwide/target" "-e" "CARGO_INCREMENTAL=0" "-e" "RUST_BACKTRACE=full" "-e" "RUSTFLAGS=--cap-lints=warn" "-e" "RUSTDOCFLAGS=--cap-lints=warn" "-e" "CARGO_HOME=/opt/rustwide/cargo-home" "-e" "RUSTUP_HOME=/opt/rustwide/rustup-home" "-w" "/opt/rustwide/workdir" "-m" "1610612736" "--user" "0:0" "--network" "none" "ghcr.io/rust-lang/crates-build-env/linux@sha256:f3a9d4ad9d972b27faf3965f35b62e55ba32bbce8f20bc8fe909558a86702fde" "/opt/rustwide/cargo-home/bin/cargo" "+1.83.0" "test" "--frozen" "--no-run" "--message-format=json", kill_on_drop: false }`
[INFO] [stdout] 53da3fd54ade40415c7a943e6884f4e26c136df351198f88a32b61ee4f18b2ea
[INFO] running `Command { std: "docker" "start" "-a" "53da3fd54ade40415c7a943e6884f4e26c136df351198f88a32b61ee4f18b2ea", kill_on_drop: false }`
[INFO] [stderr]    Compiling dmx-rdm v0.0.13-alpha (/opt/rustwide/workdir)
[INFO] [stderr]     Finished `test` profile [unoptimized + debuginfo] target(s) in 1.35s
[INFO] running `Command { std: "docker" "inspect" "53da3fd54ade40415c7a943e6884f4e26c136df351198f88a32b61ee4f18b2ea", kill_on_drop: false }`
[INFO] running `Command { std: "docker" "rm" "-f" "53da3fd54ade40415c7a943e6884f4e26c136df351198f88a32b61ee4f18b2ea", kill_on_drop: false }`
[INFO] [stdout] 53da3fd54ade40415c7a943e6884f4e26c136df351198f88a32b61ee4f18b2ea
[INFO] running `Command { std: "docker" "create" "-v" "/var/lib/crater-agent-workspace/builds/worker-7-tc1/target:/opt/rustwide/target:rw,Z" "-v" "/var/lib/crater-agent-workspace/builds/worker-7-tc1/source:/opt/rustwide/workdir:ro,Z" "-v" "/var/lib/crater-agent-workspace/cargo-home:/opt/rustwide/cargo-home:ro,Z" "-v" "/var/lib/crater-agent-workspace/rustup-home:/opt/rustwide/rustup-home:ro,Z" "-e" "SOURCE_DIR=/opt/rustwide/workdir" "-e" "CARGO_TARGET_DIR=/opt/rustwide/target" "-e" "CARGO_INCREMENTAL=0" "-e" "RUST_BACKTRACE=full" "-e" "RUSTFLAGS=--cap-lints=warn" "-e" "RUSTDOCFLAGS=--cap-lints=warn" "-e" "CARGO_HOME=/opt/rustwide/cargo-home" "-e" "RUSTUP_HOME=/opt/rustwide/rustup-home" "-w" "/opt/rustwide/workdir" "-m" "1610612736" "--user" "0:0" "--network" "none" "ghcr.io/rust-lang/crates-build-env/linux@sha256:f3a9d4ad9d972b27faf3965f35b62e55ba32bbce8f20bc8fe909558a86702fde" "/opt/rustwide/cargo-home/bin/cargo" "+1.83.0" "test" "--frozen", kill_on_drop: false }`
[INFO] [stdout] cbb5fa525dc369f9d8a8421e047c89b70a43d683f885dfc4dc04333f98b11e69
[INFO] running `Command { std: "docker" "start" "-a" "cbb5fa525dc369f9d8a8421e047c89b70a43d683f885dfc4dc04333f98b11e69", kill_on_drop: false }`
[INFO] [stderr]     Finished `test` profile [unoptimized + debuginfo] target(s) in 0.04s
[INFO] [stderr]      Running unittests src/lib.rs (/opt/rustwide/target/debug/deps/dmx_rdm-4c5114a6fba2e3e6)
[INFO] [stdout] 
[INFO] [stdout] running 2 tests
[INFO] [stdout] test rdm_packages::tests::test_deserialize_identify_failure ... ok
[INFO] [stdout] test rdm_packages::tests::test_deserialize_identify_success ... ok
[INFO] [stdout] 
[INFO] [stdout] test result: ok. 2 passed; 0 failed; 0 ignored; 0 measured; 0 filtered out; finished in 0.00s
[INFO] [stdout] 
[INFO] [stderr]    Doc-tests dmx_rdm
[INFO] [stdout] 
[INFO] [stdout] running 11 tests
[INFO] [stdout] test /opt/rustwide/cargo-home/registry/src/index.crates.io-6f17d22bba15001f/binary-layout-4.0.2/src/macro_binary_layout.rs - layouts::rdm_device_info_layout (line 81) ... ignored
[INFO] [stdout] test /opt/rustwide/cargo-home/registry/src/index.crates.io-6f17d22bba15001f/binary-layout-4.0.2/src/macro_binary_layout.rs - layouts::rdm_device_info_layout::View (line 101) ... ignored
[INFO] [stdout] test /opt/rustwide/cargo-home/registry/src/index.crates.io-6f17d22bba15001f/binary-layout-4.0.2/src/macro_binary_layout.rs - layouts::rdm_request_layout (line 81) ... ignored
[INFO] [stdout] test /opt/rustwide/cargo-home/registry/src/index.crates.io-6f17d22bba15001f/binary-layout-4.0.2/src/macro_binary_layout.rs - layouts::rdm_request_layout::View (line 101) ... ignored
[INFO] [stdout] test /opt/rustwide/cargo-home/registry/src/index.crates.io-6f17d22bba15001f/binary-layout-4.0.2/src/macro_binary_layout.rs - layouts::rdm_status_message_layout (line 81) ... ignored
[INFO] [stdout] test /opt/rustwide/cargo-home/registry/src/index.crates.io-6f17d22bba15001f/binary-layout-4.0.2/src/macro_binary_layout.rs - layouts::rdm_status_message_layout::View (line 101) ... ignored
[INFO] [stdout] test src/lib.rs - (line 58) ... FAILED
[INFO] [stdout] test src/lib.rs - (line 16) ... FAILED
[INFO] [stdout] test /opt/rustwide/cargo-home/registry/src/index.crates.io-6f17d22bba15001f/binary-layout-4.0.2/src/macro_binary_layout.rs - layouts::rdm_request_layout::NestedView (line 144) ... ok
[INFO] [stdout] test /opt/rustwide/cargo-home/registry/src/index.crates.io-6f17d22bba15001f/binary-layout-4.0.2/src/macro_binary_layout.rs - layouts::rdm_status_message_layout::NestedView (line 144) ... ok
[INFO] [stdout] test /opt/rustwide/cargo-home/registry/src/index.crates.io-6f17d22bba15001f/binary-layout-4.0.2/src/macro_binary_layout.rs - layouts::rdm_device_info_layout::NestedView (line 144) ... ok
[INFO] [stdout] 
[INFO] [stdout] failures:
[INFO] [stdout] 
[INFO] [stdout] ---- src/lib.rs - (line 58) stdout ----
[INFO] [stdout] error[E0432]: unresolved import `dmx_rdm_ftdi`
[INFO] [stdout]   --> src/lib.rs:66:5
[INFO] [stdout]    |
[INFO] [stdout] 11 | use dmx_rdm_ftdi::{FtdiDriver, FtdiDriverConfig};
[INFO] [stdout]    |     ^^^^^^^^^^^^ use of undeclared crate or module `dmx_rdm_ftdi`
[INFO] [stdout] 
[INFO] [stdout] error: aborting due to 1 previous error
[INFO] [stdout] 
[INFO] [stdout] For more information about this error, try `rustc --explain E0432`.
[INFO] [stdout] Couldn't compile the test.
[INFO] [stdout] ---- src/lib.rs - (line 16) stdout ----
[INFO] [stdout] error[E0432]: unresolved import `dmx_rdm_ftdi`
[INFO] [stdout]  --> src/lib.rs:21:5
[INFO] [stdout]   |
[INFO] [stdout] 8 | use dmx_rdm_ftdi::{FtdiDriver, FtdiDriverConfig};
[INFO] [stdout]   |     ^^^^^^^^^^^^ use of undeclared crate or module `dmx_rdm_ftdi`
[INFO] [stdout] 
[INFO] [stdout] error: aborting due to 1 previous error
[INFO] [stdout] 
[INFO] [stdout] For more information about this error, try `rustc --explain E0432`.
[INFO] [stdout] Couldn't compile the test.
[INFO] [stdout] 
[INFO] [stdout] failures:
[INFO] [stdout]     src/lib.rs - (line 16)
[INFO] [stdout]     src/lib.rs - (line 58)
[INFO] [stdout] 
[INFO] [stdout] test result: FAILED. 3 passed; 2 failed; 6 ignored; 0 measured; 0 filtered out; finished in 0.69s
[INFO] [stdout] 
[INFO] [stderr] error: doctest failed, to rerun pass `--doc`
[INFO] running `Command { std: "docker" "inspect" "cbb5fa525dc369f9d8a8421e047c89b70a43d683f885dfc4dc04333f98b11e69", kill_on_drop: false }`
[INFO] running `Command { std: "docker" "rm" "-f" "cbb5fa525dc369f9d8a8421e047c89b70a43d683f885dfc4dc04333f98b11e69", kill_on_drop: false }`
[INFO] [stdout] cbb5fa525dc369f9d8a8421e047c89b70a43d683f885dfc4dc04333f98b11e69
