[INFO] fetching crate dmenu_facade 0.3.0...
[INFO] testing dmenu_facade-0.3.0 against 1.83.0 for beta-1.84.0-4-retry
[INFO] extracting crate dmenu_facade 0.3.0 into /workspace/builds/worker-3-tc1/source
[INFO] validating manifest of crates.io crate dmenu_facade 0.3.0 on toolchain 1.83.0
[INFO] running `Command { std: CARGO_HOME="/workspace/cargo-home" RUSTUP_HOME="/workspace/rustup-home" "/workspace/cargo-home/bin/cargo" "+1.83.0" "metadata" "--manifest-path" "Cargo.toml" "--no-deps", kill_on_drop: false }`
[INFO] started tweaking crates.io crate dmenu_facade 0.3.0
[INFO] removed 0 missing examples
[INFO] finished tweaking crates.io crate dmenu_facade 0.3.0
[INFO] tweaked toml for crates.io crate dmenu_facade 0.3.0 written to /workspace/builds/worker-3-tc1/source/Cargo.toml
[INFO] crate crates.io crate dmenu_facade 0.3.0 already has a lockfile, it will not be regenerated
[INFO] running `Command { std: CARGO_HOME="/workspace/cargo-home" RUSTUP_HOME="/workspace/rustup-home" "/workspace/cargo-home/bin/cargo" "+1.83.0" "fetch" "--manifest-path" "Cargo.toml", kill_on_drop: false }`
[INFO] running `Command { std: "docker" "create" "-v" "/var/lib/crater-agent-workspace/builds/worker-3-tc1/target:/opt/rustwide/target:rw,Z" "-v" "/var/lib/crater-agent-workspace/builds/worker-3-tc1/source:/opt/rustwide/workdir:ro,Z" "-v" "/var/lib/crater-agent-workspace/cargo-home:/opt/rustwide/cargo-home:ro,Z" "-v" "/var/lib/crater-agent-workspace/rustup-home:/opt/rustwide/rustup-home:ro,Z" "-e" "SOURCE_DIR=/opt/rustwide/workdir" "-e" "CARGO_TARGET_DIR=/opt/rustwide/target" "-e" "CARGO_HOME=/opt/rustwide/cargo-home" "-e" "RUSTUP_HOME=/opt/rustwide/rustup-home" "-w" "/opt/rustwide/workdir" "-m" "1610612736" "--user" "0:0" "--network" "none" "ghcr.io/rust-lang/crates-build-env/linux@sha256:f3a9d4ad9d972b27faf3965f35b62e55ba32bbce8f20bc8fe909558a86702fde" "/opt/rustwide/cargo-home/bin/cargo" "+1.83.0" "metadata" "--no-deps" "--format-version=1", kill_on_drop: false }`
[INFO] [stdout] 8e3d375d414be5d9b9a010246cd9bbeb90c7e214f509d91be308b91c06bfa80c
[INFO] running `Command { std: "docker" "start" "-a" "8e3d375d414be5d9b9a010246cd9bbeb90c7e214f509d91be308b91c06bfa80c", kill_on_drop: false }`
[INFO] running `Command { std: "docker" "inspect" "8e3d375d414be5d9b9a010246cd9bbeb90c7e214f509d91be308b91c06bfa80c", kill_on_drop: false }`
[INFO] running `Command { std: "docker" "rm" "-f" "8e3d375d414be5d9b9a010246cd9bbeb90c7e214f509d91be308b91c06bfa80c", kill_on_drop: false }`
[INFO] [stdout] 8e3d375d414be5d9b9a010246cd9bbeb90c7e214f509d91be308b91c06bfa80c
[INFO] running `Command { std: "docker" "create" "-v" "/var/lib/crater-agent-workspace/builds/worker-3-tc1/target:/opt/rustwide/target:rw,Z" "-v" "/var/lib/crater-agent-workspace/builds/worker-3-tc1/source:/opt/rustwide/workdir:ro,Z" "-v" "/var/lib/crater-agent-workspace/cargo-home:/opt/rustwide/cargo-home:ro,Z" "-v" "/var/lib/crater-agent-workspace/rustup-home:/opt/rustwide/rustup-home:ro,Z" "-e" "SOURCE_DIR=/opt/rustwide/workdir" "-e" "CARGO_TARGET_DIR=/opt/rustwide/target" "-e" "CARGO_INCREMENTAL=0" "-e" "RUST_BACKTRACE=full" "-e" "RUSTFLAGS=--cap-lints=warn" "-e" "RUSTDOCFLAGS=--cap-lints=warn" "-e" "CARGO_HOME=/opt/rustwide/cargo-home" "-e" "RUSTUP_HOME=/opt/rustwide/rustup-home" "-w" "/opt/rustwide/workdir" "-m" "1610612736" "--user" "0:0" "--network" "none" "ghcr.io/rust-lang/crates-build-env/linux@sha256:f3a9d4ad9d972b27faf3965f35b62e55ba32bbce8f20bc8fe909558a86702fde" "/opt/rustwide/cargo-home/bin/cargo" "+1.83.0" "build" "--frozen" "--message-format=json", kill_on_drop: false }`
[INFO] [stdout] 5046d13e2b0b182cb549690d6624a12d5ad245710c8785de67eca2b03f7fccd9
[INFO] running `Command { std: "docker" "start" "-a" "5046d13e2b0b182cb549690d6624a12d5ad245710c8785de67eca2b03f7fccd9", kill_on_drop: false }`
[INFO] [stderr]    Compiling dmenu_facade v0.3.0 (/opt/rustwide/workdir)
[INFO] [stderr]     Finished `dev` profile [unoptimized + debuginfo] target(s) in 0.32s
[INFO] running `Command { std: "docker" "inspect" "5046d13e2b0b182cb549690d6624a12d5ad245710c8785de67eca2b03f7fccd9", kill_on_drop: false }`
[INFO] running `Command { std: "docker" "rm" "-f" "5046d13e2b0b182cb549690d6624a12d5ad245710c8785de67eca2b03f7fccd9", kill_on_drop: false }`
[INFO] [stdout] 5046d13e2b0b182cb549690d6624a12d5ad245710c8785de67eca2b03f7fccd9
[INFO] running `Command { std: "docker" "create" "-v" "/var/lib/crater-agent-workspace/builds/worker-3-tc1/target:/opt/rustwide/target:rw,Z" "-v" "/var/lib/crater-agent-workspace/builds/worker-3-tc1/source:/opt/rustwide/workdir:ro,Z" "-v" "/var/lib/crater-agent-workspace/cargo-home:/opt/rustwide/cargo-home:ro,Z" "-v" "/var/lib/crater-agent-workspace/rustup-home:/opt/rustwide/rustup-home:ro,Z" "-e" "SOURCE_DIR=/opt/rustwide/workdir" "-e" "CARGO_TARGET_DIR=/opt/rustwide/target" "-e" "CARGO_INCREMENTAL=0" "-e" "RUST_BACKTRACE=full" "-e" "RUSTFLAGS=--cap-lints=warn" "-e" "RUSTDOCFLAGS=--cap-lints=warn" "-e" "CARGO_HOME=/opt/rustwide/cargo-home" "-e" "RUSTUP_HOME=/opt/rustwide/rustup-home" "-w" "/opt/rustwide/workdir" "-m" "1610612736" "--user" "0:0" "--network" "none" "ghcr.io/rust-lang/crates-build-env/linux@sha256:f3a9d4ad9d972b27faf3965f35b62e55ba32bbce8f20bc8fe909558a86702fde" "/opt/rustwide/cargo-home/bin/cargo" "+1.83.0" "test" "--frozen" "--no-run" "--message-format=json", kill_on_drop: false }`
[INFO] [stdout] d6b8a18bc1a2350412b1fa2a5b40aa2824656e8ef694c4e69c48bcaf07c9718b
[INFO] running `Command { std: "docker" "start" "-a" "d6b8a18bc1a2350412b1fa2a5b40aa2824656e8ef694c4e69c48bcaf07c9718b", kill_on_drop: false }`
[INFO] [stderr]    Compiling dmenu_facade v0.3.0 (/opt/rustwide/workdir)
[INFO] [stderr]     Finished `test` profile [unoptimized + debuginfo] target(s) in 0.89s
[INFO] running `Command { std: "docker" "inspect" "d6b8a18bc1a2350412b1fa2a5b40aa2824656e8ef694c4e69c48bcaf07c9718b", kill_on_drop: false }`
[INFO] running `Command { std: "docker" "rm" "-f" "d6b8a18bc1a2350412b1fa2a5b40aa2824656e8ef694c4e69c48bcaf07c9718b", kill_on_drop: false }`
[INFO] [stdout] d6b8a18bc1a2350412b1fa2a5b40aa2824656e8ef694c4e69c48bcaf07c9718b
[INFO] running `Command { std: "docker" "create" "-v" "/var/lib/crater-agent-workspace/builds/worker-3-tc1/target:/opt/rustwide/target:rw,Z" "-v" "/var/lib/crater-agent-workspace/builds/worker-3-tc1/source:/opt/rustwide/workdir:ro,Z" "-v" "/var/lib/crater-agent-workspace/cargo-home:/opt/rustwide/cargo-home:ro,Z" "-v" "/var/lib/crater-agent-workspace/rustup-home:/opt/rustwide/rustup-home:ro,Z" "-e" "SOURCE_DIR=/opt/rustwide/workdir" "-e" "CARGO_TARGET_DIR=/opt/rustwide/target" "-e" "CARGO_INCREMENTAL=0" "-e" "RUST_BACKTRACE=full" "-e" "RUSTFLAGS=--cap-lints=warn" "-e" "RUSTDOCFLAGS=--cap-lints=warn" "-e" "CARGO_HOME=/opt/rustwide/cargo-home" "-e" "RUSTUP_HOME=/opt/rustwide/rustup-home" "-w" "/opt/rustwide/workdir" "-m" "1610612736" "--user" "0:0" "--network" "none" "ghcr.io/rust-lang/crates-build-env/linux@sha256:f3a9d4ad9d972b27faf3965f35b62e55ba32bbce8f20bc8fe909558a86702fde" "/opt/rustwide/cargo-home/bin/cargo" "+1.83.0" "test" "--frozen", kill_on_drop: false }`
[INFO] [stdout] 62f74d8e084cd3d8cf7a8a6d80316bdbdf5e7918cf358a50ead2734e4e69e98e
[INFO] running `Command { std: "docker" "start" "-a" "62f74d8e084cd3d8cf7a8a6d80316bdbdf5e7918cf358a50ead2734e4e69e98e", kill_on_drop: false }`
[INFO] [stderr]     Finished `test` profile [unoptimized + debuginfo] target(s) in 0.01s
[INFO] [stderr]      Running unittests src/lib.rs (/opt/rustwide/target/debug/deps/dmenu_facade-08742f38949096c8)
[INFO] [stderr]    Doc-tests dmenu_facade
[INFO] [stdout] 
[INFO] [stdout] running 0 tests
[INFO] [stdout] 
[INFO] [stdout] test result: ok. 0 passed; 0 failed; 0 ignored; 0 measured; 0 filtered out; finished in 0.00s
[INFO] [stdout] 
[INFO] [stdout] 
[INFO] [stdout] running 10 tests
[INFO] [stdout] test src/lib.rs - DMenu (line 11) ... FAILED
[INFO] [stdout] test src/lib.rs - DMenu<'a>::display_on_monitor (line 93) ... ok
[INFO] [stdout] test src/lib.rs - DMenu<'a>::display_bottom (line 56) ... ok
[INFO] [stdout] test src/lib.rs - DMenu<'a>::case_insensitive (line 68) ... ok
[INFO] [stdout] test src/lib.rs - DMenu<'a>::with_colors (line 132) ... ok
[INFO] [stdout] test src/lib.rs - DMenu<'a>::vertical_with_lines (line 80) ... ok
[INFO] [stdout] test src/lib.rs - DMenu<'a>::with_colors (line 139) ... ok
[INFO] [stdout] test src/lib.rs - DMenu<'a>::with_font (line 118) ... ok
[INFO] [stdout] test src/lib.rs - DMenu<'a>::with_prompt (line 106) ... ok
[INFO] [stdout] test src/lib.rs - DMenu<'a>::execute (line 210) ... ok
[INFO] [stdout] 
[INFO] [stdout] failures:
[INFO] [stdout] 
[INFO] [stdout] ---- src/lib.rs - DMenu (line 11) stdout ----
[INFO] [stdout] error[E0277]: `Result<&&str, Box<dyn std::error::Error>>` doesn't implement `std::fmt::Display`
[INFO] [stdout]   --> src/lib.rs:20:20
[INFO] [stdout]    |
[INFO] [stdout] 12 |     println!("{}", chosen);
[INFO] [stdout]    |                    ^^^^^^ `Result<&&str, Box<dyn std::error::Error>>` cannot be formatted with the default formatter
[INFO] [stdout]    |
[INFO] [stdout]    = help: the trait `std::fmt::Display` is not implemented for `Result<&&str, Box<dyn std::error::Error>>`
[INFO] [stdout]    = note: in format strings you may be able to use `{:?}` (or {:#?} for pretty-print) instead
[INFO] [stdout]    = note: this error originates in the macro `$crate::format_args_nl` which comes from the expansion of the macro `println` (in Nightly builds, run with -Z macro-backtrace for more info)
[INFO] [stdout] 
[INFO] [stdout] error: aborting due to 1 previous error
[INFO] [stdout] 
[INFO] [stdout] For more information about this error, try `rustc --explain E0277`.
[INFO] [stdout] Couldn't compile the test.
[INFO] [stdout] 
[INFO] [stdout] failures:
[INFO] [stdout]     src/lib.rs - DMenu (line 11)
[INFO] [stdout] 
[INFO] [stdout] test result: FAILED. 9 passed; 1 failed; 0 ignored; 0 measured; 0 filtered out; finished in 0.89s
[INFO] [stdout] 
[INFO] [stderr] error: doctest failed, to rerun pass `--doc`
[INFO] running `Command { std: "docker" "inspect" "62f74d8e084cd3d8cf7a8a6d80316bdbdf5e7918cf358a50ead2734e4e69e98e", kill_on_drop: false }`
[INFO] running `Command { std: "docker" "rm" "-f" "62f74d8e084cd3d8cf7a8a6d80316bdbdf5e7918cf358a50ead2734e4e69e98e", kill_on_drop: false }`
[INFO] [stdout] 62f74d8e084cd3d8cf7a8a6d80316bdbdf5e7918cf358a50ead2734e4e69e98e
