[INFO] fetching crate dma-api 0.2.0...
[INFO] testing dma-api-0.2.0 against 1.83.0 for beta-1.84.0-4-retry
[INFO] extracting crate dma-api 0.2.0 into /workspace/builds/worker-5-tc1/source
[INFO] validating manifest of crates.io crate dma-api 0.2.0 on toolchain 1.83.0
[INFO] running `Command { std: CARGO_HOME="/workspace/cargo-home" RUSTUP_HOME="/workspace/rustup-home" "/workspace/cargo-home/bin/cargo" "+1.83.0" "metadata" "--manifest-path" "Cargo.toml" "--no-deps", kill_on_drop: false }`
[INFO] started tweaking crates.io crate dma-api 0.2.0
[INFO] removed 0 missing tests
[INFO] finished tweaking crates.io crate dma-api 0.2.0
[INFO] tweaked toml for crates.io crate dma-api 0.2.0 written to /workspace/builds/worker-5-tc1/source/Cargo.toml
[INFO] running `Command { std: CARGO_HOME="/workspace/cargo-home" RUSTUP_HOME="/workspace/rustup-home" "/workspace/cargo-home/bin/cargo" "+1.83.0" "generate-lockfile" "--manifest-path" "Cargo.toml", kill_on_drop: false }`
[INFO] [stderr]     Blocking waiting for file lock on package cache
[INFO] running `Command { std: CARGO_HOME="/workspace/cargo-home" RUSTUP_HOME="/workspace/rustup-home" "/workspace/cargo-home/bin/cargo" "+1.83.0" "fetch" "--manifest-path" "Cargo.toml", kill_on_drop: false }`
[INFO] running `Command { std: "docker" "create" "-v" "/var/lib/crater-agent-workspace/builds/worker-5-tc1/target:/opt/rustwide/target:rw,Z" "-v" "/var/lib/crater-agent-workspace/builds/worker-5-tc1/source:/opt/rustwide/workdir:ro,Z" "-v" "/var/lib/crater-agent-workspace/cargo-home:/opt/rustwide/cargo-home:ro,Z" "-v" "/var/lib/crater-agent-workspace/rustup-home:/opt/rustwide/rustup-home:ro,Z" "-e" "SOURCE_DIR=/opt/rustwide/workdir" "-e" "CARGO_TARGET_DIR=/opt/rustwide/target" "-e" "CARGO_HOME=/opt/rustwide/cargo-home" "-e" "RUSTUP_HOME=/opt/rustwide/rustup-home" "-w" "/opt/rustwide/workdir" "-m" "1610612736" "--user" "0:0" "--network" "none" "ghcr.io/rust-lang/crates-build-env/linux@sha256:f3a9d4ad9d972b27faf3965f35b62e55ba32bbce8f20bc8fe909558a86702fde" "/opt/rustwide/cargo-home/bin/cargo" "+1.83.0" "metadata" "--no-deps" "--format-version=1", kill_on_drop: false }`
[INFO] [stdout] a725e8f7682d5f987f4293a65e67fc7b1ebc7f34b7610cfbf8f4cfba2715ee32
[INFO] running `Command { std: "docker" "start" "-a" "a725e8f7682d5f987f4293a65e67fc7b1ebc7f34b7610cfbf8f4cfba2715ee32", kill_on_drop: false }`
[INFO] running `Command { std: "docker" "inspect" "a725e8f7682d5f987f4293a65e67fc7b1ebc7f34b7610cfbf8f4cfba2715ee32", kill_on_drop: false }`
[INFO] running `Command { std: "docker" "rm" "-f" "a725e8f7682d5f987f4293a65e67fc7b1ebc7f34b7610cfbf8f4cfba2715ee32", kill_on_drop: false }`
[INFO] [stdout] a725e8f7682d5f987f4293a65e67fc7b1ebc7f34b7610cfbf8f4cfba2715ee32
[INFO] running `Command { std: "docker" "create" "-v" "/var/lib/crater-agent-workspace/builds/worker-5-tc1/target:/opt/rustwide/target:rw,Z" "-v" "/var/lib/crater-agent-workspace/builds/worker-5-tc1/source:/opt/rustwide/workdir:ro,Z" "-v" "/var/lib/crater-agent-workspace/cargo-home:/opt/rustwide/cargo-home:ro,Z" "-v" "/var/lib/crater-agent-workspace/rustup-home:/opt/rustwide/rustup-home:ro,Z" "-e" "SOURCE_DIR=/opt/rustwide/workdir" "-e" "CARGO_TARGET_DIR=/opt/rustwide/target" "-e" "CARGO_INCREMENTAL=0" "-e" "RUST_BACKTRACE=full" "-e" "RUSTFLAGS=--cap-lints=warn" "-e" "RUSTDOCFLAGS=--cap-lints=warn" "-e" "CARGO_HOME=/opt/rustwide/cargo-home" "-e" "RUSTUP_HOME=/opt/rustwide/rustup-home" "-w" "/opt/rustwide/workdir" "-m" "1610612736" "--user" "0:0" "--network" "none" "ghcr.io/rust-lang/crates-build-env/linux@sha256:f3a9d4ad9d972b27faf3965f35b62e55ba32bbce8f20bc8fe909558a86702fde" "/opt/rustwide/cargo-home/bin/cargo" "+1.83.0" "build" "--frozen" "--message-format=json", kill_on_drop: false }`
[INFO] [stdout] 6fb203bdedaf2ee0b3f81fc22642fc8ce11aff1d8bc3cdadac9fb8aa37ced1ec
[INFO] running `Command { std: "docker" "start" "-a" "6fb203bdedaf2ee0b3f81fc22642fc8ce11aff1d8bc3cdadac9fb8aa37ced1ec", kill_on_drop: false }`
[INFO] [stderr]    Compiling dma-api v0.2.0 (/opt/rustwide/workdir)
[INFO] [stderr]     Finished `dev` profile [unoptimized + debuginfo] target(s) in 0.14s
[INFO] running `Command { std: "docker" "inspect" "6fb203bdedaf2ee0b3f81fc22642fc8ce11aff1d8bc3cdadac9fb8aa37ced1ec", kill_on_drop: false }`
[INFO] running `Command { std: "docker" "rm" "-f" "6fb203bdedaf2ee0b3f81fc22642fc8ce11aff1d8bc3cdadac9fb8aa37ced1ec", kill_on_drop: false }`
[INFO] [stdout] 6fb203bdedaf2ee0b3f81fc22642fc8ce11aff1d8bc3cdadac9fb8aa37ced1ec
[INFO] running `Command { std: "docker" "create" "-v" "/var/lib/crater-agent-workspace/builds/worker-5-tc1/target:/opt/rustwide/target:rw,Z" "-v" "/var/lib/crater-agent-workspace/builds/worker-5-tc1/source:/opt/rustwide/workdir:ro,Z" "-v" "/var/lib/crater-agent-workspace/cargo-home:/opt/rustwide/cargo-home:ro,Z" "-v" "/var/lib/crater-agent-workspace/rustup-home:/opt/rustwide/rustup-home:ro,Z" "-e" "SOURCE_DIR=/opt/rustwide/workdir" "-e" "CARGO_TARGET_DIR=/opt/rustwide/target" "-e" "CARGO_INCREMENTAL=0" "-e" "RUST_BACKTRACE=full" "-e" "RUSTFLAGS=--cap-lints=warn" "-e" "RUSTDOCFLAGS=--cap-lints=warn" "-e" "CARGO_HOME=/opt/rustwide/cargo-home" "-e" "RUSTUP_HOME=/opt/rustwide/rustup-home" "-w" "/opt/rustwide/workdir" "-m" "1610612736" "--user" "0:0" "--network" "none" "ghcr.io/rust-lang/crates-build-env/linux@sha256:f3a9d4ad9d972b27faf3965f35b62e55ba32bbce8f20bc8fe909558a86702fde" "/opt/rustwide/cargo-home/bin/cargo" "+1.83.0" "test" "--frozen" "--no-run" "--message-format=json", kill_on_drop: false }`
[INFO] [stdout] c468fe8c72eddaa00b0eb189a6f52d44677a82a94ed9b507cc07e09ff464118b
[INFO] running `Command { std: "docker" "start" "-a" "c468fe8c72eddaa00b0eb189a6f52d44677a82a94ed9b507cc07e09ff464118b", kill_on_drop: false }`
[INFO] [stderr]    Compiling dma-api v0.2.0 (/opt/rustwide/workdir)
[INFO] [stderr]     Finished `test` profile [unoptimized + debuginfo] target(s) in 0.39s
[INFO] running `Command { std: "docker" "inspect" "c468fe8c72eddaa00b0eb189a6f52d44677a82a94ed9b507cc07e09ff464118b", kill_on_drop: false }`
[INFO] running `Command { std: "docker" "rm" "-f" "c468fe8c72eddaa00b0eb189a6f52d44677a82a94ed9b507cc07e09ff464118b", kill_on_drop: false }`
[INFO] [stdout] c468fe8c72eddaa00b0eb189a6f52d44677a82a94ed9b507cc07e09ff464118b
[INFO] running `Command { std: "docker" "create" "-v" "/var/lib/crater-agent-workspace/builds/worker-5-tc1/target:/opt/rustwide/target:rw,Z" "-v" "/var/lib/crater-agent-workspace/builds/worker-5-tc1/source:/opt/rustwide/workdir:ro,Z" "-v" "/var/lib/crater-agent-workspace/cargo-home:/opt/rustwide/cargo-home:ro,Z" "-v" "/var/lib/crater-agent-workspace/rustup-home:/opt/rustwide/rustup-home:ro,Z" "-e" "SOURCE_DIR=/opt/rustwide/workdir" "-e" "CARGO_TARGET_DIR=/opt/rustwide/target" "-e" "CARGO_INCREMENTAL=0" "-e" "RUST_BACKTRACE=full" "-e" "RUSTFLAGS=--cap-lints=warn" "-e" "RUSTDOCFLAGS=--cap-lints=warn" "-e" "CARGO_HOME=/opt/rustwide/cargo-home" "-e" "RUSTUP_HOME=/opt/rustwide/rustup-home" "-w" "/opt/rustwide/workdir" "-m" "1610612736" "--user" "0:0" "--network" "none" "ghcr.io/rust-lang/crates-build-env/linux@sha256:f3a9d4ad9d972b27faf3965f35b62e55ba32bbce8f20bc8fe909558a86702fde" "/opt/rustwide/cargo-home/bin/cargo" "+1.83.0" "test" "--frozen", kill_on_drop: false }`
[INFO] [stdout] 08e3a6d628f9e4f620aa5feb2820065f6d494b50e04e4a80959504395d17e95f
[INFO] running `Command { std: "docker" "start" "-a" "08e3a6d628f9e4f620aa5feb2820065f6d494b50e04e4a80959504395d17e95f", kill_on_drop: false }`
[INFO] [stderr]     Finished `test` profile [unoptimized + debuginfo] target(s) in 0.01s
[INFO] [stderr]      Running unittests src/lib.rs (/opt/rustwide/target/debug/deps/dma_api-e4ed74b36b23a0ca)
[INFO] [stdout] 
[INFO] [stdout] running 0 tests
[INFO] [stdout] 
[INFO] [stderr]    Doc-tests dma_api
[INFO] [stdout] test result: ok. 0 passed; 0 failed; 0 ignored; 0 measured; 0 filtered out; finished in 0.00s
[INFO] [stdout] 
[INFO] [stdout] 
[INFO] [stdout] running 1 test
[INFO] [stdout] test src/../README.md - (line 7) ... FAILED
[INFO] [stdout] 
[INFO] [stdout] failures:
[INFO] [stdout] 
[INFO] [stdout] ---- src/../README.md - (line 7) stdout ----
[INFO] [stdout] error[E0412]: cannot find type `DVec` in this scope
[INFO] [stdout]   --> src/../README.md:14:14
[INFO] [stdout]    |
[INFO] [stdout] 10 | let mut dma: DVec<u32> = DVec::zeros(10, 0x1000, Direction::ToDevice).unwrap();
[INFO] [stdout]    |              ^^^^ help: a struct with a similar name exists: `Vec`
[INFO] [stdout]   --> /rustc/90b35a6239c3d8bdabc530a6a0816f7ff89a0aaf/library/alloc/src/vec/mod.rs:397:1
[INFO] [stdout]    |
[INFO] [stdout]    = note: similarly named struct `Vec` defined here
[INFO] [stdout] 
[INFO] [stdout] error[E0433]: failed to resolve: use of undeclared type `DVec`
[INFO] [stdout]   --> src/../README.md:14:26
[INFO] [stdout]    |
[INFO] [stdout] 10 | let mut dma: DVec<u32> = DVec::zeros(10, 0x1000, Direction::ToDevice).unwrap();
[INFO] [stdout]    |                          ^^^^
[INFO] [stdout]    |                          |
[INFO] [stdout]    |                          use of undeclared type `DVec`
[INFO] [stdout]    |                          help: a struct with a similar name exists: `Vec`
[INFO] [stdout] 
[INFO] [stdout] error: aborting due to 2 previous errors
[INFO] [stdout] 
[INFO] [stdout] Some errors have detailed explanations: E0412, E0433.
[INFO] [stdout] For more information about an error, try `rustc --explain E0412`.
[INFO] [stdout] Couldn't compile the test.
[INFO] [stdout] 
[INFO] [stdout] failures:
[INFO] [stdout]     src/../README.md - (line 7)
[INFO] [stdout] 
[INFO] [stdout] test result: FAILED. 0 passed; 1 failed; 0 ignored; 0 measured; 0 filtered out; finished in 0.11s
[INFO] [stdout] 
[INFO] [stderr] error: doctest failed, to rerun pass `--doc`
[INFO] running `Command { std: "docker" "inspect" "08e3a6d628f9e4f620aa5feb2820065f6d494b50e04e4a80959504395d17e95f", kill_on_drop: false }`
[INFO] running `Command { std: "docker" "rm" "-f" "08e3a6d628f9e4f620aa5feb2820065f6d494b50e04e4a80959504395d17e95f", kill_on_drop: false }`
[INFO] [stdout] 08e3a6d628f9e4f620aa5feb2820065f6d494b50e04e4a80959504395d17e95f
