[INFO] fetching crate dlpackrs 0.2.0...
[INFO] testing dlpackrs-0.2.0 against 1.83.0 for beta-1.84.0-4-retry
[INFO] extracting crate dlpackrs 0.2.0 into /workspace/builds/worker-7-tc1/source
[INFO] validating manifest of crates.io crate dlpackrs 0.2.0 on toolchain 1.83.0
[INFO] running `Command { std: CARGO_HOME="/workspace/cargo-home" RUSTUP_HOME="/workspace/rustup-home" "/workspace/cargo-home/bin/cargo" "+1.83.0" "metadata" "--manifest-path" "Cargo.toml" "--no-deps", kill_on_drop: false }`
[INFO] started tweaking crates.io crate dlpackrs 0.2.0
[INFO] finished tweaking crates.io crate dlpackrs 0.2.0
[INFO] tweaked toml for crates.io crate dlpackrs 0.2.0 written to /workspace/builds/worker-7-tc1/source/Cargo.toml
[INFO] running `Command { std: CARGO_HOME="/workspace/cargo-home" RUSTUP_HOME="/workspace/rustup-home" "/workspace/cargo-home/bin/cargo" "+1.83.0" "generate-lockfile" "--manifest-path" "Cargo.toml", kill_on_drop: false }`
[INFO] [stderr]     Updating crates.io index
[INFO] [stderr]      Locking 67 packages to latest compatible versions
[INFO] [stderr]       Adding thiserror v1.0.69 (available: v2.0.7)
[INFO] running `Command { std: CARGO_HOME="/workspace/cargo-home" RUSTUP_HOME="/workspace/rustup-home" "/workspace/cargo-home/bin/cargo" "+1.83.0" "fetch" "--manifest-path" "Cargo.toml", kill_on_drop: false }`
[INFO] [stderr]  Downloading crates ...
[INFO] [stderr]   Downloaded dlpack-sys v0.1.1
[INFO] running `Command { std: "docker" "create" "-v" "/var/lib/crater-agent-workspace/builds/worker-7-tc1/target:/opt/rustwide/target:rw,Z" "-v" "/var/lib/crater-agent-workspace/builds/worker-7-tc1/source:/opt/rustwide/workdir:ro,Z" "-v" "/var/lib/crater-agent-workspace/cargo-home:/opt/rustwide/cargo-home:ro,Z" "-v" "/var/lib/crater-agent-workspace/rustup-home:/opt/rustwide/rustup-home:ro,Z" "-e" "SOURCE_DIR=/opt/rustwide/workdir" "-e" "CARGO_TARGET_DIR=/opt/rustwide/target" "-e" "CARGO_HOME=/opt/rustwide/cargo-home" "-e" "RUSTUP_HOME=/opt/rustwide/rustup-home" "-w" "/opt/rustwide/workdir" "-m" "1610612736" "--user" "0:0" "--network" "none" "ghcr.io/rust-lang/crates-build-env/linux@sha256:f3a9d4ad9d972b27faf3965f35b62e55ba32bbce8f20bc8fe909558a86702fde" "/opt/rustwide/cargo-home/bin/cargo" "+1.83.0" "metadata" "--no-deps" "--format-version=1", kill_on_drop: false }`
[INFO] [stdout] c7877b708adb822efe5c79544b66192eb15fbbb985364887ea4c1cb5c7f49d2b
[INFO] running `Command { std: "docker" "start" "-a" "c7877b708adb822efe5c79544b66192eb15fbbb985364887ea4c1cb5c7f49d2b", kill_on_drop: false }`
[INFO] running `Command { std: "docker" "inspect" "c7877b708adb822efe5c79544b66192eb15fbbb985364887ea4c1cb5c7f49d2b", kill_on_drop: false }`
[INFO] running `Command { std: "docker" "rm" "-f" "c7877b708adb822efe5c79544b66192eb15fbbb985364887ea4c1cb5c7f49d2b", kill_on_drop: false }`
[INFO] [stdout] c7877b708adb822efe5c79544b66192eb15fbbb985364887ea4c1cb5c7f49d2b
[INFO] running `Command { std: "docker" "create" "-v" "/var/lib/crater-agent-workspace/builds/worker-7-tc1/target:/opt/rustwide/target:rw,Z" "-v" "/var/lib/crater-agent-workspace/builds/worker-7-tc1/source:/opt/rustwide/workdir:ro,Z" "-v" "/var/lib/crater-agent-workspace/cargo-home:/opt/rustwide/cargo-home:ro,Z" "-v" "/var/lib/crater-agent-workspace/rustup-home:/opt/rustwide/rustup-home:ro,Z" "-e" "SOURCE_DIR=/opt/rustwide/workdir" "-e" "CARGO_TARGET_DIR=/opt/rustwide/target" "-e" "CARGO_INCREMENTAL=0" "-e" "RUST_BACKTRACE=full" "-e" "RUSTFLAGS=--cap-lints=warn" "-e" "RUSTDOCFLAGS=--cap-lints=warn" "-e" "CARGO_HOME=/opt/rustwide/cargo-home" "-e" "RUSTUP_HOME=/opt/rustwide/rustup-home" "-w" "/opt/rustwide/workdir" "-m" "1610612736" "--user" "0:0" "--network" "none" "ghcr.io/rust-lang/crates-build-env/linux@sha256:f3a9d4ad9d972b27faf3965f35b62e55ba32bbce8f20bc8fe909558a86702fde" "/opt/rustwide/cargo-home/bin/cargo" "+1.83.0" "build" "--frozen" "--message-format=json", kill_on_drop: false }`
[INFO] [stdout] c864be2026df3320a4c63bef6d03f11235e8e2fea6ea8bf923def0f4d017941c
[INFO] running `Command { std: "docker" "start" "-a" "c864be2026df3320a4c63bef6d03f11235e8e2fea6ea8bf923def0f4d017941c", kill_on_drop: false }`
[INFO] [stderr]    Compiling proc-macro2 v1.0.92
[INFO] [stderr]    Compiling unicode-ident v1.0.14
[INFO] [stderr]    Compiling libc v0.2.168
[INFO] [stderr]    Compiling memchr v2.7.4
[INFO] [stderr]    Compiling autocfg v1.4.0
[INFO] [stderr]    Compiling glob v0.3.1
[INFO] [stderr]    Compiling rustix v0.38.42
[INFO] [stderr]    Compiling regex-syntax v0.8.5
[INFO] [stderr]    Compiling os_str_bytes v6.6.1
[INFO] [stderr]    Compiling linux-raw-sys v0.4.14
[INFO] [stderr]    Compiling minimal-lexical v0.2.1
[INFO] [stderr]    Compiling termcolor v1.4.1
[INFO] [stderr]    Compiling cfg-if v1.0.0
[INFO] [stderr]    Compiling hashbrown v0.12.3
[INFO] [stderr]    Compiling bitflags v2.6.0
[INFO] [stderr]    Compiling bindgen v0.60.1
[INFO] [stderr]    Compiling libloading v0.8.6
[INFO] [stderr]    Compiling bitflags v1.3.2
[INFO] [stderr]    Compiling log v0.4.22
[INFO] [stderr]    Compiling clap_lex v0.2.4
[INFO] [stderr]    Compiling either v1.13.0
[INFO] [stderr]    Compiling strsim v0.10.0
[INFO] [stderr]    Compiling textwrap v0.16.1
[INFO] [stderr]    Compiling home v0.5.9
[INFO] [stderr]    Compiling humantime v2.1.0
[INFO] [stderr]    Compiling peeking_take_while v0.1.2
[INFO] [stderr]    Compiling lazycell v1.3.0
[INFO] [stderr]    Compiling clang-sys v1.8.1
[INFO] [stderr]    Compiling lazy_static v1.5.0
[INFO] [stderr]    Compiling rustc-hash v1.1.0
[INFO] [stderr]    Compiling shlex v1.3.0
[INFO] [stderr]    Compiling thiserror v1.0.69
[INFO] [stderr]    Compiling indexmap v1.9.3
[INFO] [stderr]    Compiling aho-corasick v1.1.3
[INFO] [stderr]    Compiling nom v7.1.3
[INFO] [stderr]    Compiling quote v1.0.37
[INFO] [stderr]    Compiling syn v2.0.90
[INFO] [stderr]    Compiling atty v0.2.14
[INFO] [stderr]    Compiling clap v3.2.25
[INFO] [stderr]    Compiling regex-automata v0.4.9
[INFO] [stderr]    Compiling cexpr v0.6.0
[INFO] [stderr]    Compiling which v4.4.2
[INFO] [stderr]    Compiling thiserror-impl v1.0.69
[INFO] [stderr]    Compiling pin-project-internal v1.1.7
[INFO] [stderr]    Compiling enumn v0.1.14
[INFO] [stderr]    Compiling regex v1.11.1
[INFO] [stderr]    Compiling env_logger v0.9.3
[INFO] [stderr]    Compiling pin-project v1.1.7
[INFO] [stderr]    Compiling dlpack-sys v0.1.1
[INFO] [stderr]    Compiling dlpackrs v0.2.0 (/opt/rustwide/workdir)
[INFO] [stderr]     Finished `dev` profile [unoptimized + debuginfo] target(s) in 32.38s
[INFO] running `Command { std: "docker" "inspect" "c864be2026df3320a4c63bef6d03f11235e8e2fea6ea8bf923def0f4d017941c", kill_on_drop: false }`
[INFO] running `Command { std: "docker" "rm" "-f" "c864be2026df3320a4c63bef6d03f11235e8e2fea6ea8bf923def0f4d017941c", kill_on_drop: false }`
[INFO] [stdout] c864be2026df3320a4c63bef6d03f11235e8e2fea6ea8bf923def0f4d017941c
[INFO] running `Command { std: "docker" "create" "-v" "/var/lib/crater-agent-workspace/builds/worker-7-tc1/target:/opt/rustwide/target:rw,Z" "-v" "/var/lib/crater-agent-workspace/builds/worker-7-tc1/source:/opt/rustwide/workdir:ro,Z" "-v" "/var/lib/crater-agent-workspace/cargo-home:/opt/rustwide/cargo-home:ro,Z" "-v" "/var/lib/crater-agent-workspace/rustup-home:/opt/rustwide/rustup-home:ro,Z" "-e" "SOURCE_DIR=/opt/rustwide/workdir" "-e" "CARGO_TARGET_DIR=/opt/rustwide/target" "-e" "CARGO_INCREMENTAL=0" "-e" "RUST_BACKTRACE=full" "-e" "RUSTFLAGS=--cap-lints=warn" "-e" "RUSTDOCFLAGS=--cap-lints=warn" "-e" "CARGO_HOME=/opt/rustwide/cargo-home" "-e" "RUSTUP_HOME=/opt/rustwide/rustup-home" "-w" "/opt/rustwide/workdir" "-m" "1610612736" "--user" "0:0" "--network" "none" "ghcr.io/rust-lang/crates-build-env/linux@sha256:f3a9d4ad9d972b27faf3965f35b62e55ba32bbce8f20bc8fe909558a86702fde" "/opt/rustwide/cargo-home/bin/cargo" "+1.83.0" "test" "--frozen" "--no-run" "--message-format=json", kill_on_drop: false }`
[INFO] [stdout] 1cd4fcf561e8ff1e77aec1f388d4cad286322d853a6169b0d831242c24393b9d
[INFO] running `Command { std: "docker" "start" "-a" "1cd4fcf561e8ff1e77aec1f388d4cad286322d853a6169b0d831242c24393b9d", kill_on_drop: false }`
[INFO] [stderr]    Compiling dlpackrs v0.2.0 (/opt/rustwide/workdir)
[INFO] [stderr]     Finished `test` profile [unoptimized + debuginfo] target(s) in 0.67s
[INFO] running `Command { std: "docker" "inspect" "1cd4fcf561e8ff1e77aec1f388d4cad286322d853a6169b0d831242c24393b9d", kill_on_drop: false }`
[INFO] running `Command { std: "docker" "rm" "-f" "1cd4fcf561e8ff1e77aec1f388d4cad286322d853a6169b0d831242c24393b9d", kill_on_drop: false }`
[INFO] [stdout] 1cd4fcf561e8ff1e77aec1f388d4cad286322d853a6169b0d831242c24393b9d
[INFO] running `Command { std: "docker" "create" "-v" "/var/lib/crater-agent-workspace/builds/worker-7-tc1/target:/opt/rustwide/target:rw,Z" "-v" "/var/lib/crater-agent-workspace/builds/worker-7-tc1/source:/opt/rustwide/workdir:ro,Z" "-v" "/var/lib/crater-agent-workspace/cargo-home:/opt/rustwide/cargo-home:ro,Z" "-v" "/var/lib/crater-agent-workspace/rustup-home:/opt/rustwide/rustup-home:ro,Z" "-e" "SOURCE_DIR=/opt/rustwide/workdir" "-e" "CARGO_TARGET_DIR=/opt/rustwide/target" "-e" "CARGO_INCREMENTAL=0" "-e" "RUST_BACKTRACE=full" "-e" "RUSTFLAGS=--cap-lints=warn" "-e" "RUSTDOCFLAGS=--cap-lints=warn" "-e" "CARGO_HOME=/opt/rustwide/cargo-home" "-e" "RUSTUP_HOME=/opt/rustwide/rustup-home" "-w" "/opt/rustwide/workdir" "-m" "1610612736" "--user" "0:0" "--network" "none" "ghcr.io/rust-lang/crates-build-env/linux@sha256:f3a9d4ad9d972b27faf3965f35b62e55ba32bbce8f20bc8fe909558a86702fde" "/opt/rustwide/cargo-home/bin/cargo" "+1.83.0" "test" "--frozen", kill_on_drop: false }`
[INFO] [stdout] b1cbcdcf0f144c35b36bb1d646dfceb9180ffd85f89c064ba6b34a4e464f7334
[INFO] running `Command { std: "docker" "start" "-a" "b1cbcdcf0f144c35b36bb1d646dfceb9180ffd85f89c064ba6b34a4e464f7334", kill_on_drop: false }`
[INFO] [stderr]     Finished `test` profile [unoptimized + debuginfo] target(s) in 0.08s
[INFO] [stderr]      Running unittests src/lib.rs (/opt/rustwide/target/debug/deps/dlpackrs-326e9b75388864bf)
[INFO] [stdout] 
[INFO] [stdout] running 1 test
[INFO] [stdout] test device::tests::device ... ok
[INFO] [stdout] 
[INFO] [stdout] test result: ok. 1 passed; 0 failed; 0 ignored; 0 measured; 0 filtered out; finished in 0.00s
[INFO] [stdout] 
[INFO] [stderr]    Doc-tests dlpackrs
[INFO] [stdout] 
[INFO] [stdout] running 5 tests
[INFO] [stdout] test src/lib.rs - (line 42) - compile ... FAILED
[INFO] [stdout] test src/lib.rs - (line 70) - compile ... FAILED
[INFO] [stdout] test src/datatype.rs - datatype::DataType (line 71) ... ok
[INFO] [stdout] test src/device.rs - device::Device (line 107) ... ok
[INFO] [stdout] test src/device.rs - device::DeviceType (line 13) ... ok
[INFO] [stdout] 
[INFO] [stdout] failures:
[INFO] [stdout] 
[INFO] [stdout] ---- src/lib.rs - (line 42) stdout ----
[INFO] [stdout] error[E0412]: cannot find type `ArrayD` in this scope
[INFO] [stdout]  --> src/lib.rs:43:36
[INFO] [stdout]   |
[INFO] [stdout] 3 | impl<'tensor, C> From<&'tensor mut ArrayD<f32>> for ManagedContext<'tensor, C> {
[INFO] [stdout]   |                                    ^^^^^^ not found in this scope
[INFO] [stdout] 
[INFO] [stdout] error[E0412]: cannot find type `ManagedContext` in this scope
[INFO] [stdout]  --> src/lib.rs:43:53
[INFO] [stdout]   |
[INFO] [stdout] 3 | impl<'tensor, C> From<&'tensor mut ArrayD<f32>> for ManagedContext<'tensor, C> {
[INFO] [stdout]   |                                                     ^^^^^^^^^^^^^^ not found in this scope
[INFO] [stdout] 
[INFO] [stdout] error[E0412]: cannot find type `ArrayD` in this scope
[INFO] [stdout]  --> src/lib.rs:44:29
[INFO] [stdout]   |
[INFO] [stdout] 4 |     fn from(t: &'tensor mut ArrayD<f32>) -> Self {
[INFO] [stdout]   |                             ^^^^^^ not found in this scope
[INFO] [stdout] 
[INFO] [stdout] error[E0412]: cannot find type `Tensor` in this scope
[INFO] [stdout]  --> src/lib.rs:45:18
[INFO] [stdout]   |
[INFO] [stdout] 5 |         let dlt: Tensor<'tensor> = Tensor::from(t);
[INFO] [stdout]   |                  ^^^^^^ not found in this scope
[INFO] [stdout]   |
[INFO] [stdout] help: consider importing this struct
[INFO] [stdout]   |
[INFO] [stdout] 2 + use dlpackrs::Tensor;
[INFO] [stdout]   |
[INFO] [stdout] 
[INFO] [stdout] error[E0433]: failed to resolve: use of undeclared type `Tensor`
[INFO] [stdout]  --> src/lib.rs:45:36
[INFO] [stdout]   |
[INFO] [stdout] 5 |         let dlt: Tensor<'tensor> = Tensor::from(t);
[INFO] [stdout]   |                                    ^^^^^^ use of undeclared type `Tensor`
[INFO] [stdout]   |
[INFO] [stdout] help: consider importing this struct
[INFO] [stdout]   |
[INFO] [stdout] 2 + use dlpackrs::Tensor;
[INFO] [stdout]   |
[INFO] [stdout] 
[INFO] [stdout] error[E0433]: failed to resolve: use of undeclared type `DLManagedTensor`
[INFO] [stdout]  --> src/lib.rs:46:21
[INFO] [stdout]   |
[INFO] [stdout] 6 |         let inner = DLManagedTensor::new(dlt.0, None);
[INFO] [stdout]   |                     ^^^^^^^^^^^^^^^ use of undeclared type `DLManagedTensor`
[INFO] [stdout]   |
[INFO] [stdout] help: consider importing one of these structs
[INFO] [stdout]   |
[INFO] [stdout] 2 + use dlpack_sys::DLManagedTensor;
[INFO] [stdout]   |
[INFO] [stdout] 2 + use dlpackrs::ffi::DLManagedTensor;
[INFO] [stdout]   |
[INFO] [stdout] 
[INFO] [stdout] error[E0412]: cannot find type `ManagedContext` in this scope
[INFO] [stdout]   --> src/lib.rs:51:28
[INFO] [stdout]    |
[INFO] [stdout] 11 | impl<'tensor, C> From<&mut ManagedContext<'tensor, C>> for ArrayD<f32> {
[INFO] [stdout]    |                            ^^^^^^^^^^^^^^ not found in this scope
[INFO] [stdout] 
[INFO] [stdout] error[E0412]: cannot find type `ArrayD` in this scope
[INFO] [stdout]   --> src/lib.rs:51:60
[INFO] [stdout]    |
[INFO] [stdout] 11 | impl<'tensor, C> From<&mut ManagedContext<'tensor, C>> for ArrayD<f32> {
[INFO] [stdout]    |                                                            ^^^^^^ not found in this scope
[INFO] [stdout] 
[INFO] [stdout] error[E0412]: cannot find type `ManagedContext` in this scope
[INFO] [stdout]   --> src/lib.rs:52:22
[INFO] [stdout]    |
[INFO] [stdout] 12 |     fn from(mt: &mut ManagedContext<'tensor, C>) -> Self {
[INFO] [stdout]    |                      ^^^^^^^^^^^^^^ not found in this scope
[INFO] [stdout] 
[INFO] [stdout] error[E0412]: cannot find type `DLTensor` in this scope
[INFO] [stdout]   --> src/lib.rs:53:18
[INFO] [stdout]    |
[INFO] [stdout] 13 |         let dlt: DLTensor = mt.0.inner.dl_tensor.into();
[INFO] [stdout]    |                  ^^^^^^^^ not found in this scope
[INFO] [stdout]    |
[INFO] [stdout] help: consider importing one of these structs
[INFO] [stdout]    |
[INFO] [stdout] 2  + use dlpack_sys::DLTensor;
[INFO] [stdout]    |
[INFO] [stdout] 2  + use dlpackrs::ffi::DLTensor;
[INFO] [stdout]    |
[INFO] [stdout] 
[INFO] [stdout] error[E0425]: cannot find function, tuple struct or tuple variant `ManagedContext` in this scope
[INFO] [stdout]  --> src/lib.rs:47:9
[INFO] [stdout]   |
[INFO] [stdout] 7 |         ManagedContext(inner)
[INFO] [stdout]   |         ^^^^^^^^^^^^^^ not found in this scope
[INFO] [stdout] 
[INFO] [stdout] error[E0433]: failed to resolve: use of undeclared type `RawArrayViewMut`
[INFO] [stdout]   --> src/lib.rs:55:23
[INFO] [stdout]    |
[INFO] [stdout] 15 |             let arr = RawArrayViewMut::from_shape_ptr(dlt.shape().unwrap(), dlt.data() as *mut f32);
[INFO] [stdout]    |                       ^^^^^^^^^^^^^^^ use of undeclared type `RawArrayViewMut`
[INFO] [stdout] 
[INFO] [stdout] error: aborting due to 12 previous errors
[INFO] [stdout] 
[INFO] [stdout] Some errors have detailed explanations: E0412, E0425, E0433.
[INFO] [stdout] For more information about an error, try `rustc --explain E0412`.
[INFO] [stdout] Couldn't compile the test.
[INFO] [stdout] ---- src/lib.rs - (line 70) stdout ----
[INFO] [stdout] error[E0412]: cannot find type `ArrayD` in this scope
[INFO] [stdout]  --> src/lib.rs:71:33
[INFO] [stdout]   |
[INFO] [stdout] 3 | impl<'tensor> From<&'tensor mut ArrayD<f32>> for Tensor<'tensor> {
[INFO] [stdout]   |                                 ^^^^^^ not found in this scope
[INFO] [stdout] 
[INFO] [stdout] error[E0412]: cannot find type `Tensor` in this scope
[INFO] [stdout]  --> src/lib.rs:71:50
[INFO] [stdout]   |
[INFO] [stdout] 3 | impl<'tensor> From<&'tensor mut ArrayD<f32>> for Tensor<'tensor> {
[INFO] [stdout]   |                                                  ^^^^^^ not found in this scope
[INFO] [stdout]   |
[INFO] [stdout] help: consider importing this struct
[INFO] [stdout]   |
[INFO] [stdout] 2 + use dlpackrs::Tensor;
[INFO] [stdout]   |
[INFO] [stdout] 
[INFO] [stdout] error[E0412]: cannot find type `ArrayD` in this scope
[INFO] [stdout]  --> src/lib.rs:72:31
[INFO] [stdout]   |
[INFO] [stdout] 4 |     fn from(arr: &'tensor mut ArrayD<f32>) -> Self {
[INFO] [stdout]   |                               ^^^^^^ not found in this scope
[INFO] [stdout] 
[INFO] [stdout] error[E0433]: failed to resolve: use of undeclared type `DLTensor`
[INFO] [stdout]  --> src/lib.rs:73:21
[INFO] [stdout]   |
[INFO] [stdout] 5 |         let inner = DLTensor::new(
[INFO] [stdout]   |                     ^^^^^^^^ use of undeclared type `DLTensor`
[INFO] [stdout]   |
[INFO] [stdout] help: consider importing one of these structs
[INFO] [stdout]   |
[INFO] [stdout] 2 + use dlpack_sys::DLTensor;
[INFO] [stdout]   |
[INFO] [stdout] 2 + use dlpackrs::ffi::DLTensor;
[INFO] [stdout]   |
[INFO] [stdout] 
[INFO] [stdout] error[E0412]: cannot find type `c_void` in this scope
[INFO] [stdout]  --> src/lib.rs:74:38
[INFO] [stdout]   |
[INFO] [stdout] 6 |             arr.as_mut_ptr() as *mut c_void,
[INFO] [stdout]   |                                      ^^^^^^ not found in this scope
[INFO] [stdout]   |
[INFO] [stdout] help: consider importing one of these items
[INFO] [stdout]   |
[INFO] [stdout] 2 + use std::ffi::c_void;
[INFO] [stdout]   |
[INFO] [stdout] 2 + use std::os::raw::c_void;
[INFO] [stdout]   |
[INFO] [stdout] 2 + use core::ffi::c_void;
[INFO] [stdout]   |
[INFO] [stdout] 
[INFO] [stdout] error[E0433]: failed to resolve: use of undeclared type `Device`
[INFO] [stdout]  --> src/lib.rs:75:13
[INFO] [stdout]   |
[INFO] [stdout] 7 |             Device::default(),
[INFO] [stdout]   |             ^^^^^^ use of undeclared type `Device`
[INFO] [stdout]   |
[INFO] [stdout] help: consider importing this struct
[INFO] [stdout]   |
[INFO] [stdout] 2 + use dlpackrs::Device;
[INFO] [stdout]   |
[INFO] [stdout] 
[INFO] [stdout] error[E0433]: failed to resolve: use of undeclared type `DataType`
[INFO] [stdout]  --> src/lib.rs:77:13
[INFO] [stdout]   |
[INFO] [stdout] 9 |             DataType::f32(),
[INFO] [stdout]   |             ^^^^^^^^ use of undeclared type `DataType`
[INFO] [stdout]   |
[INFO] [stdout] help: consider importing this struct
[INFO] [stdout]   |
[INFO] [stdout] 2 + use dlpackrs::DataType;
[INFO] [stdout]   |
[INFO] [stdout] 
[INFO] [stdout] error[E0412]: cannot find type `Tensor` in this scope
[INFO] [stdout]   --> src/lib.rs:86:33
[INFO] [stdout]    |
[INFO] [stdout] 18 | impl<'tensor> From<&'tensor mut Tensor<'tensor>> for ArrayD<f32> {
[INFO] [stdout]    |                                 ^^^^^^ not found in this scope
[INFO] [stdout]    |
[INFO] [stdout] help: consider importing this struct
[INFO] [stdout]    |
[INFO] [stdout] 2  + use dlpackrs::Tensor;
[INFO] [stdout]    |
[INFO] [stdout] 
[INFO] [stdout] error[E0412]: cannot find type `ArrayD` in this scope
[INFO] [stdout]   --> src/lib.rs:86:54
[INFO] [stdout]    |
[INFO] [stdout] 18 | impl<'tensor> From<&'tensor mut Tensor<'tensor>> for ArrayD<f32> {
[INFO] [stdout]    |                                                      ^^^^^^ not found in this scope
[INFO] [stdout] 
[INFO] [stdout] error[E0412]: cannot find type `Tensor` in this scope
[INFO] [stdout]   --> src/lib.rs:87:29
[INFO] [stdout]    |
[INFO] [stdout] 19 |     fn from(t: &'tensor mut Tensor<'tensor>) -> Self {
[INFO] [stdout]    |                             ^^^^^^ not found in this scope
[INFO] [stdout]    |
[INFO] [stdout] help: consider importing this struct
[INFO] [stdout]    |
[INFO] [stdout] 2  + use dlpackrs::Tensor;
[INFO] [stdout]    |
[INFO] [stdout] 
[INFO] [stdout] error[E0425]: cannot find function, tuple struct or tuple variant `Tensor` in this scope
[INFO] [stdout]   --> src/lib.rs:82:9
[INFO] [stdout]    |
[INFO] [stdout] 14 |         Tensor(inner)
[INFO] [stdout]    |         ^^^^^^ not found in this scope
[INFO] [stdout] 
[INFO] [stdout] error[E0433]: failed to resolve: use of undeclared type `RawArrayViewMut`
[INFO] [stdout]   --> src/lib.rs:89:23
[INFO] [stdout]    |
[INFO] [stdout] 21 |             let arr = RawArrayViewMut::from_shape_ptr(t.0.shape().unwrap(), t.0.data() as *mut f32);
[INFO] [stdout]    |                       ^^^^^^^^^^^^^^^ use of undeclared type `RawArrayViewMut`
[INFO] [stdout] 
[INFO] [stdout] error: aborting due to 12 previous errors
[INFO] [stdout] 
[INFO] [stdout] Some errors have detailed explanations: E0412, E0425, E0433.
[INFO] [stdout] For more information about an error, try `rustc --explain E0412`.
[INFO] [stdout] Couldn't compile the test.
[INFO] [stdout] 
[INFO] [stdout] failures:
[INFO] [stdout]     src/lib.rs - (line 42)
[INFO] [stdout]     src/lib.rs - (line 70)
[INFO] [stdout] 
[INFO] [stdout] test result: FAILED. 3 passed; 2 failed; 0 ignored; 0 measured; 0 filtered out; finished in 0.49s
[INFO] [stdout] 
[INFO] [stderr] error: doctest failed, to rerun pass `--doc`
[INFO] running `Command { std: "docker" "inspect" "b1cbcdcf0f144c35b36bb1d646dfceb9180ffd85f89c064ba6b34a4e464f7334", kill_on_drop: false }`
[INFO] running `Command { std: "docker" "rm" "-f" "b1cbcdcf0f144c35b36bb1d646dfceb9180ffd85f89c064ba6b34a4e464f7334", kill_on_drop: false }`
[INFO] [stdout] b1cbcdcf0f144c35b36bb1d646dfceb9180ffd85f89c064ba6b34a4e464f7334
