[INFO] fetching crate dji-log-parser 0.5.4...
[INFO] testing dji-log-parser-0.5.4 against 1.83.0 for beta-1.84.0-4-retry
[INFO] extracting crate dji-log-parser 0.5.4 into /workspace/builds/worker-6-tc1/source
[INFO] validating manifest of crates.io crate dji-log-parser 0.5.4 on toolchain 1.83.0
[INFO] running `Command { std: CARGO_HOME="/workspace/cargo-home" RUSTUP_HOME="/workspace/rustup-home" "/workspace/cargo-home/bin/cargo" "+1.83.0" "metadata" "--manifest-path" "Cargo.toml" "--no-deps", kill_on_drop: false }`
[INFO] started tweaking crates.io crate dji-log-parser 0.5.4
[INFO] finished tweaking crates.io crate dji-log-parser 0.5.4
[INFO] tweaked toml for crates.io crate dji-log-parser 0.5.4 written to /workspace/builds/worker-6-tc1/source/Cargo.toml
[INFO] running `Command { std: CARGO_HOME="/workspace/cargo-home" RUSTUP_HOME="/workspace/rustup-home" "/workspace/cargo-home/bin/cargo" "+1.83.0" "generate-lockfile" "--manifest-path" "Cargo.toml", kill_on_drop: false }`
[INFO] [stderr]     Updating crates.io index
[INFO] [stderr]      Locking 126 packages to latest compatible versions
[INFO] [stderr]       Adding base64 v0.21.7 (available: v0.22.1)
[INFO] [stderr]       Adding binrw v0.13.3 (available: v0.14.1)
[INFO] [stderr]       Adding serde-wasm-bindgen v0.4.5 (available: v0.6.5)
[INFO] [stderr]       Adding thiserror v1.0.69 (available: v2.0.7)
[INFO] running `Command { std: CARGO_HOME="/workspace/cargo-home" RUSTUP_HOME="/workspace/rustup-home" "/workspace/cargo-home/bin/cargo" "+1.83.0" "fetch" "--manifest-path" "Cargo.toml", kill_on_drop: false }`
[INFO] [stderr]  Downloading crates ...
[INFO] [stderr]   Downloaded crc64 v2.0.0
[INFO] [stderr]   Downloaded tsify-next-macros v0.5.4
[INFO] [stderr]   Downloaded tsify-next v0.5.4
[INFO] running `Command { std: "docker" "create" "-v" "/var/lib/crater-agent-workspace/builds/worker-6-tc1/target:/opt/rustwide/target:rw,Z" "-v" "/var/lib/crater-agent-workspace/builds/worker-6-tc1/source:/opt/rustwide/workdir:ro,Z" "-v" "/var/lib/crater-agent-workspace/cargo-home:/opt/rustwide/cargo-home:ro,Z" "-v" "/var/lib/crater-agent-workspace/rustup-home:/opt/rustwide/rustup-home:ro,Z" "-e" "SOURCE_DIR=/opt/rustwide/workdir" "-e" "CARGO_TARGET_DIR=/opt/rustwide/target" "-e" "CARGO_HOME=/opt/rustwide/cargo-home" "-e" "RUSTUP_HOME=/opt/rustwide/rustup-home" "-w" "/opt/rustwide/workdir" "-m" "1610612736" "--user" "0:0" "--network" "none" "ghcr.io/rust-lang/crates-build-env/linux@sha256:f3a9d4ad9d972b27faf3965f35b62e55ba32bbce8f20bc8fe909558a86702fde" "/opt/rustwide/cargo-home/bin/cargo" "+1.83.0" "metadata" "--no-deps" "--format-version=1", kill_on_drop: false }`
[INFO] [stdout] aaf2c3f153eae16802cdae3c43ea1a7f07212ab663d846eda6529c10c30bb908
[INFO] running `Command { std: "docker" "start" "-a" "aaf2c3f153eae16802cdae3c43ea1a7f07212ab663d846eda6529c10c30bb908", kill_on_drop: false }`
[INFO] running `Command { std: "docker" "inspect" "aaf2c3f153eae16802cdae3c43ea1a7f07212ab663d846eda6529c10c30bb908", kill_on_drop: false }`
[INFO] running `Command { std: "docker" "rm" "-f" "aaf2c3f153eae16802cdae3c43ea1a7f07212ab663d846eda6529c10c30bb908", kill_on_drop: false }`
[INFO] [stdout] aaf2c3f153eae16802cdae3c43ea1a7f07212ab663d846eda6529c10c30bb908
[INFO] running `Command { std: "docker" "create" "-v" "/var/lib/crater-agent-workspace/builds/worker-6-tc1/target:/opt/rustwide/target:rw,Z" "-v" "/var/lib/crater-agent-workspace/builds/worker-6-tc1/source:/opt/rustwide/workdir:ro,Z" "-v" "/var/lib/crater-agent-workspace/cargo-home:/opt/rustwide/cargo-home:ro,Z" "-v" "/var/lib/crater-agent-workspace/rustup-home:/opt/rustwide/rustup-home:ro,Z" "-e" "SOURCE_DIR=/opt/rustwide/workdir" "-e" "CARGO_TARGET_DIR=/opt/rustwide/target" "-e" "CARGO_INCREMENTAL=0" "-e" "RUST_BACKTRACE=full" "-e" "RUSTFLAGS=--cap-lints=warn" "-e" "RUSTDOCFLAGS=--cap-lints=warn" "-e" "CARGO_HOME=/opt/rustwide/cargo-home" "-e" "RUSTUP_HOME=/opt/rustwide/rustup-home" "-w" "/opt/rustwide/workdir" "-m" "1610612736" "--user" "0:0" "--network" "none" "ghcr.io/rust-lang/crates-build-env/linux@sha256:f3a9d4ad9d972b27faf3965f35b62e55ba32bbce8f20bc8fe909558a86702fde" "/opt/rustwide/cargo-home/bin/cargo" "+1.83.0" "build" "--frozen" "--message-format=json", kill_on_drop: false }`
[INFO] [stdout] f4567beee916223992f2cb1ed8b4397ad92810bd469d6ed1163f56dfc3bc5c0e
[INFO] running `Command { std: "docker" "start" "-a" "f4567beee916223992f2cb1ed8b4397ad92810bd469d6ed1163f56dfc3bc5c0e", kill_on_drop: false }`
[INFO] [stderr]    Compiling proc-macro2 v1.0.92
[INFO] [stderr]    Compiling unicode-ident v1.0.14
[INFO] [stderr]    Compiling stable_deref_trait v1.2.0
[INFO] [stderr]    Compiling litemap v0.7.4
[INFO] [stderr]    Compiling typenum v1.17.0
[INFO] [stderr]    Compiling version_check v0.9.5
[INFO] [stderr]    Compiling writeable v0.5.5
[INFO] [stderr]    Compiling shlex v1.3.0
[INFO] [stderr]    Compiling cfg-if v1.0.0
[INFO] [stderr]    Compiling libc v0.2.168
[INFO] [stderr]    Compiling icu_locid_transform_data v1.5.0
[INFO] [stderr]    Compiling icu_properties_data v1.5.0
[INFO] [stderr]    Compiling utf8_iter v1.0.4
[INFO] [stderr]    Compiling icu_normalizer_data v1.5.0
[INFO] [stderr]    Compiling smallvec v1.13.2
[INFO] [stderr]    Compiling serde v1.0.216
[INFO] [stderr]    Compiling utf16_iter v1.0.5
[INFO] [stderr]    Compiling write16 v1.0.0
[INFO] [stderr]    Compiling rustls-pki-types v1.10.1
[INFO] [stderr]    Compiling autocfg v1.4.0
[INFO] [stderr]    Compiling untrusted v0.9.0
[INFO] [stderr]    Compiling cc v1.2.4
[INFO] [stderr]    Compiling syn v1.0.109
[INFO] [stderr]    Compiling spin v0.9.8
[INFO] [stderr]    Compiling serde_json v1.0.133
[INFO] [stderr]    Compiling rustls v0.23.20
[INFO] [stderr]    Compiling adler2 v2.0.0
[INFO] [stderr]    Compiling percent-encoding v2.3.1
[INFO] [stderr]    Compiling binrw_derive v0.13.3
[INFO] [stderr]    Compiling crc32fast v1.4.2
[INFO] [stderr]    Compiling miniz_oxide v0.8.0
[INFO] [stderr]    Compiling form_urlencoded v1.2.1
[INFO] [stderr]    Compiling generic-array v0.14.7
[INFO] [stderr]    Compiling zeroize v1.8.1
[INFO] [stderr]    Compiling owo-colors v3.5.0
[INFO] [stderr]    Compiling thiserror v1.0.69
[INFO] [stderr]    Compiling memchr v2.7.4
[INFO] [stderr]    Compiling subtle v2.6.1
[INFO] [stderr]    Compiling binrw v0.13.3
[INFO] [stderr]    Compiling log v0.4.22
[INFO] [stderr]    Compiling ryu v1.0.18
[INFO] [stderr]    Compiling num-traits v0.2.19
[INFO] [stderr]    Compiling either v1.13.0
[INFO] [stderr]    Compiling itoa v1.0.14
[INFO] [stderr]    Compiling once_cell v1.20.2
[INFO] [stderr]    Compiling webpki-roots v0.26.7
[INFO] [stderr]    Compiling array-init v2.1.0
[INFO] [stderr]    Compiling iana-time-zone v0.1.61
[INFO] [stderr]    Compiling cpufeatures v0.2.16
[INFO] [stderr]    Compiling base64 v0.22.1
[INFO] [stderr]    Compiling quote v1.0.37
[INFO] [stderr]    Compiling bytemuck v1.20.0
[INFO] [stderr]    Compiling crc64 v2.0.0
[INFO] [stderr]    Compiling flate2 v1.0.35
[INFO] [stderr]    Compiling base64 v0.21.7
[INFO] [stderr]    Compiling syn v2.0.90
[INFO] [stderr]    Compiling getrandom v0.2.15
[INFO] [stderr]    Compiling ring v0.17.8
[INFO] [stderr]    Compiling block-padding v0.3.3
[INFO] [stderr]    Compiling crypto-common v0.1.6
[INFO] [stderr]    Compiling inout v0.1.3
[INFO] [stderr]    Compiling cipher v0.4.4
[INFO] [stderr]    Compiling aes v0.8.4
[INFO] [stderr]    Compiling cbc v0.1.2
[INFO] [stderr]    Compiling synstructure v0.13.1
[INFO] [stderr]    Compiling zerovec-derive v0.10.3
[INFO] [stderr]    Compiling displaydoc v0.2.5
[INFO] [stderr]    Compiling icu_provider_macros v1.5.0
[INFO] [stderr]    Compiling serde_derive v1.0.216
[INFO] [stderr]    Compiling thiserror-impl v1.0.69
[INFO] [stderr]    Compiling zerofrom-derive v0.1.5
[INFO] [stderr]    Compiling yoke-derive v0.7.5
[INFO] [stderr]    Compiling zerofrom v0.1.5
[INFO] [stderr]    Compiling yoke v0.7.5
[INFO] [stderr]    Compiling zerovec v0.10.4
[INFO] [stderr]    Compiling rustls-webpki v0.102.8
[INFO] [stderr]    Compiling tinystr v0.7.6
[INFO] [stderr]    Compiling icu_collections v1.5.0
[INFO] [stderr]    Compiling icu_locid v1.5.0
[INFO] [stderr]    Compiling icu_provider v1.5.0
[INFO] [stderr]    Compiling icu_locid_transform v1.5.0
[INFO] [stderr]    Compiling icu_properties v1.5.1
[INFO] [stderr]    Compiling chrono v0.4.39
[INFO] [stderr]    Compiling icu_normalizer v1.5.0
[INFO] [stderr]    Compiling idna_adapter v1.2.0
[INFO] [stderr]    Compiling idna v1.0.3
[INFO] [stderr]    Compiling url v2.5.4
[INFO] [stderr]    Compiling ureq v2.12.1
[INFO] [stderr]    Compiling dji-log-parser v0.5.4 (/opt/rustwide/workdir)
[INFO] [stdout] warning: fields `version_data` and `signature_data` are never read
[INFO] [stdout]   --> src/layout/auxiliary.rs:27:9
[INFO] [stdout]    |
[INFO] [stdout] 26 | pub struct AuxiliaryInfo {
[INFO] [stdout]    |            ------------- fields in this struct
[INFO] [stdout] 27 |     pub version_data: u8,
[INFO] [stdout]    |         ^^^^^^^^^^^^
[INFO] [stdout] ...
[INFO] [stdout] 35 |     pub signature_data: Vec<u8>,
[INFO] [stdout]    |         ^^^^^^^^^^^^^^
[INFO] [stdout]    |
[INFO] [stdout]    = note: `AuxiliaryInfo` has a derived impl for the trait `Debug`, but this is intentionally ignored during dead code analysis
[INFO] [stdout]    = note: `#[warn(dead_code)]` on by default
[INFO] [stdout] 
[INFO] [stdout] 
[INFO] [stderr]     Finished `dev` profile [unoptimized + debuginfo] target(s) in 28.33s
[INFO] running `Command { std: "docker" "inspect" "f4567beee916223992f2cb1ed8b4397ad92810bd469d6ed1163f56dfc3bc5c0e", kill_on_drop: false }`
[INFO] running `Command { std: "docker" "rm" "-f" "f4567beee916223992f2cb1ed8b4397ad92810bd469d6ed1163f56dfc3bc5c0e", kill_on_drop: false }`
[INFO] [stdout] f4567beee916223992f2cb1ed8b4397ad92810bd469d6ed1163f56dfc3bc5c0e
[INFO] running `Command { std: "docker" "create" "-v" "/var/lib/crater-agent-workspace/builds/worker-6-tc1/target:/opt/rustwide/target:rw,Z" "-v" "/var/lib/crater-agent-workspace/builds/worker-6-tc1/source:/opt/rustwide/workdir:ro,Z" "-v" "/var/lib/crater-agent-workspace/cargo-home:/opt/rustwide/cargo-home:ro,Z" "-v" "/var/lib/crater-agent-workspace/rustup-home:/opt/rustwide/rustup-home:ro,Z" "-e" "SOURCE_DIR=/opt/rustwide/workdir" "-e" "CARGO_TARGET_DIR=/opt/rustwide/target" "-e" "CARGO_INCREMENTAL=0" "-e" "RUST_BACKTRACE=full" "-e" "RUSTFLAGS=--cap-lints=warn" "-e" "RUSTDOCFLAGS=--cap-lints=warn" "-e" "CARGO_HOME=/opt/rustwide/cargo-home" "-e" "RUSTUP_HOME=/opt/rustwide/rustup-home" "-w" "/opt/rustwide/workdir" "-m" "1610612736" "--user" "0:0" "--network" "none" "ghcr.io/rust-lang/crates-build-env/linux@sha256:f3a9d4ad9d972b27faf3965f35b62e55ba32bbce8f20bc8fe909558a86702fde" "/opt/rustwide/cargo-home/bin/cargo" "+1.83.0" "test" "--frozen" "--no-run" "--message-format=json", kill_on_drop: false }`
[INFO] [stdout] b72ce2acc8c3e3186d1439ad9c2d7a136d5b440f98ea7fe11891927b8e9f4bf0
[INFO] running `Command { std: "docker" "start" "-a" "b72ce2acc8c3e3186d1439ad9c2d7a136d5b440f98ea7fe11891927b8e9f4bf0", kill_on_drop: false }`
[INFO] [stderr]    Compiling dji-log-parser v0.5.4 (/opt/rustwide/workdir)
[INFO] [stdout] warning: fields `version_data` and `signature_data` are never read
[INFO] [stdout]   --> src/layout/auxiliary.rs:27:9
[INFO] [stdout]    |
[INFO] [stdout] 26 | pub struct AuxiliaryInfo {
[INFO] [stdout]    |            ------------- fields in this struct
[INFO] [stdout] 27 |     pub version_data: u8,
[INFO] [stdout]    |         ^^^^^^^^^^^^
[INFO] [stdout] ...
[INFO] [stdout] 35 |     pub signature_data: Vec<u8>,
[INFO] [stdout]    |         ^^^^^^^^^^^^^^
[INFO] [stdout]    |
[INFO] [stdout]    = note: `AuxiliaryInfo` has a derived impl for the trait `Debug`, but this is intentionally ignored during dead code analysis
[INFO] [stdout]    = note: `#[warn(dead_code)]` on by default
[INFO] [stdout] 
[INFO] [stdout] 
[INFO] [stdout] warning: fields `version_data` and `signature_data` are never read
[INFO] [stdout]   --> src/layout/auxiliary.rs:27:9
[INFO] [stdout]    |
[INFO] [stdout] 26 | pub struct AuxiliaryInfo {
[INFO] [stdout]    |            ------------- fields in this struct
[INFO] [stdout] 27 |     pub version_data: u8,
[INFO] [stdout]    |         ^^^^^^^^^^^^
[INFO] [stdout] ...
[INFO] [stdout] 35 |     pub signature_data: Vec<u8>,
[INFO] [stdout]    |         ^^^^^^^^^^^^^^
[INFO] [stdout]    |
[INFO] [stdout]    = note: `AuxiliaryInfo` has a derived impl for the trait `Debug`, but this is intentionally ignored during dead code analysis
[INFO] [stdout]    = note: `#[warn(dead_code)]` on by default
[INFO] [stdout] 
[INFO] [stdout] 
[INFO] [stderr]     Finished `test` profile [unoptimized + debuginfo] target(s) in 2.74s
[INFO] running `Command { std: "docker" "inspect" "b72ce2acc8c3e3186d1439ad9c2d7a136d5b440f98ea7fe11891927b8e9f4bf0", kill_on_drop: false }`
[INFO] running `Command { std: "docker" "rm" "-f" "b72ce2acc8c3e3186d1439ad9c2d7a136d5b440f98ea7fe11891927b8e9f4bf0", kill_on_drop: false }`
[INFO] [stdout] b72ce2acc8c3e3186d1439ad9c2d7a136d5b440f98ea7fe11891927b8e9f4bf0
[INFO] running `Command { std: "docker" "create" "-v" "/var/lib/crater-agent-workspace/builds/worker-6-tc1/target:/opt/rustwide/target:rw,Z" "-v" "/var/lib/crater-agent-workspace/builds/worker-6-tc1/source:/opt/rustwide/workdir:ro,Z" "-v" "/var/lib/crater-agent-workspace/cargo-home:/opt/rustwide/cargo-home:ro,Z" "-v" "/var/lib/crater-agent-workspace/rustup-home:/opt/rustwide/rustup-home:ro,Z" "-e" "SOURCE_DIR=/opt/rustwide/workdir" "-e" "CARGO_TARGET_DIR=/opt/rustwide/target" "-e" "CARGO_INCREMENTAL=0" "-e" "RUST_BACKTRACE=full" "-e" "RUSTFLAGS=--cap-lints=warn" "-e" "RUSTDOCFLAGS=--cap-lints=warn" "-e" "CARGO_HOME=/opt/rustwide/cargo-home" "-e" "RUSTUP_HOME=/opt/rustwide/rustup-home" "-w" "/opt/rustwide/workdir" "-m" "1610612736" "--user" "0:0" "--network" "none" "ghcr.io/rust-lang/crates-build-env/linux@sha256:f3a9d4ad9d972b27faf3965f35b62e55ba32bbce8f20bc8fe909558a86702fde" "/opt/rustwide/cargo-home/bin/cargo" "+1.83.0" "test" "--frozen", kill_on_drop: false }`
[INFO] [stdout] 1134a8c1cd45fa401043e645624d21676497e3a7bca5a818b3d3930f73118f29
[INFO] running `Command { std: "docker" "start" "-a" "1134a8c1cd45fa401043e645624d21676497e3a7bca5a818b3d3930f73118f29", kill_on_drop: false }`
[INFO] [stderr] warning: fields `version_data` and `signature_data` are never read
[INFO] [stderr]   --> src/layout/auxiliary.rs:27:9
[INFO] [stderr]    |
[INFO] [stderr] 26 | pub struct AuxiliaryInfo {
[INFO] [stderr]    |            ------------- fields in this struct
[INFO] [stderr] 27 |     pub version_data: u8,
[INFO] [stderr]    |         ^^^^^^^^^^^^
[INFO] [stderr] ...
[INFO] [stderr] 35 |     pub signature_data: Vec<u8>,
[INFO] [stderr]    |         ^^^^^^^^^^^^^^
[INFO] [stderr]    |
[INFO] [stderr]    = note: `AuxiliaryInfo` has a derived impl for the trait `Debug`, but this is intentionally ignored during dead code analysis
[INFO] [stderr]    = note: `#[warn(dead_code)]` on by default
[INFO] [stderr] 
[INFO] [stderr] warning: `dji-log-parser` (lib) generated 1 warning
[INFO] [stderr] warning: `dji-log-parser` (lib test) generated 1 warning (1 duplicate)
[INFO] [stderr]     Finished `test` profile [unoptimized + debuginfo] target(s) in 0.11s
[INFO] [stderr]      Running unittests src/lib.rs (/opt/rustwide/target/debug/deps/dji_log_parser-85ee3b1169f54cb6)
[INFO] [stdout] 
[INFO] [stdout] running 0 tests
[INFO] [stdout] 
[INFO] [stdout] test result: ok. 0 passed; 0 failed; 0 ignored; 0 measured; 0 filtered out; finished in 0.00s
[INFO] [stdout] 
[INFO] [stderr]    Doc-tests dji_log_parser
[INFO] [stdout] 
[INFO] [stdout] running 11 tests
[INFO] [stdout] test src/lib.rs - (line 83) ... FAILED
[INFO] [stdout] test src/lib.rs - (line 34) ... FAILED
[INFO] [stdout] test src/lib.rs - (line 46) ... FAILED
[INFO] [stdout] test src/lib.rs - DJILog::from_bytes (line 193) ... FAILED
[INFO] [stdout] test src/utils.rs - utils::pad_with_zeros (line 187) ... FAILED
[INFO] [stdout] test src/lib.rs - (line 62) ... FAILED
[INFO] [stdout] test src/utils.rs - utils::sub_byte_field (line 131) ... FAILED
[INFO] [stdout] test src/lib.rs - (line 26) ... FAILED
[INFO] [stdout] test src/lib.rs - (line 68) ... FAILED
[INFO] [stdout] test src/lib.rs - (line 77) ... FAILED
[INFO] [stdout] test src/utils.rs - utils::read_u16 (line 113) ... ok
[INFO] [stdout] 
[INFO] [stdout] failures:
[INFO] [stdout] 
[INFO] [stdout] ---- src/lib.rs - (line 83) stdout ----
[INFO] [stdout] error[E0425]: cannot find value `parser` in this scope
[INFO] [stdout]  --> src/lib.rs:84:15
[INFO] [stdout]   |
[INFO] [stdout] 3 | let records = parser.records(Some(keychains));
[INFO] [stdout]   |               ^^^^^^ not found in this scope
[INFO] [stdout] 
[INFO] [stdout] error[E0425]: cannot find value `keychains` in this scope
[INFO] [stdout]  --> src/lib.rs:84:35
[INFO] [stdout]   |
[INFO] [stdout] 3 | let records = parser.records(Some(keychains));
[INFO] [stdout]   |                                   ^^^^^^^^^ not found in this scope
[INFO] [stdout] 
[INFO] [stdout] error: aborting due to 2 previous errors
[INFO] [stdout] 
[INFO] [stdout] For more information about this error, try `rustc --explain E0425`.
[INFO] [stdout] Couldn't compile the test.
[INFO] [stdout] ---- src/lib.rs - (line 34) stdout ----
[INFO] [stdout] error[E0425]: cannot find value `parser` in this scope
[INFO] [stdout]  --> src/lib.rs:36:27
[INFO] [stdout]   |
[INFO] [stdout] 4 | println!("Version: {:?}", parser.version);
[INFO] [stdout]   |                           ^^^^^^ not found in this scope
[INFO] [stdout] 
[INFO] [stdout] error[E0425]: cannot find value `parser` in this scope
[INFO] [stdout]  --> src/lib.rs:39:25
[INFO] [stdout]   |
[INFO] [stdout] 7 | println!("Details: {}", parser.details);
[INFO] [stdout]   |                         ^^^^^^ not found in this scope
[INFO] [stdout] 
[INFO] [stdout] error: aborting due to 2 previous errors
[INFO] [stdout] 
[INFO] [stdout] For more information about this error, try `rustc --explain E0425`.
[INFO] [stdout] Couldn't compile the test.
[INFO] [stdout] ---- src/lib.rs - (line 46) stdout ----
[INFO] [stdout] error[E0425]: cannot find value `parser` in this scope
[INFO] [stdout]  --> src/lib.rs:48:17
[INFO] [stdout]   |
[INFO] [stdout] 4 | let keychains = parser.fetch_keychains("__DJI_API_KEY__").unwrap();
[INFO] [stdout]   |                 ^^^^^^ not found in this scope
[INFO] [stdout] 
[INFO] [stdout] error: aborting due to 1 previous error
[INFO] [stdout] 
[INFO] [stdout] For more information about this error, try `rustc --explain E0425`.
[INFO] [stdout] Couldn't compile the test.
[INFO] [stdout] ---- src/lib.rs - DJILog::from_bytes (line 193) stdout ----
[INFO] [stdout] error: couldn't read `src/path/to/log/file`: No such file or directory (os error 2)
[INFO] [stdout]  --> src/lib.rs:196:17
[INFO] [stdout]   |
[INFO] [stdout] 5 | let log_bytes = include_bytes!("path/to/log/file");
[INFO] [stdout]   |                 ^^^^^^^^^^^^^^^^^^^^^^^^^^^^^^^^^^
[INFO] [stdout]   |
[INFO] [stdout]   = note: this error originates in the macro `include_bytes` (in Nightly builds, run with -Z macro-backtrace for more info)
[INFO] [stdout] 
[INFO] [stdout] error[E0432]: unresolved import `djilog_parser`
[INFO] [stdout]  --> src/lib.rs:194:5
[INFO] [stdout]   |
[INFO] [stdout] 3 | use djilog_parser::DJILog;
[INFO] [stdout]   |     ^^^^^^^^^^^^^ use of undeclared crate or module `djilog_parser`
[INFO] [stdout]   |
[INFO] [stdout] help: there is a crate or module with a similar name
[INFO] [stdout]   |
[INFO] [stdout] 3 | use dji_log_parser::DJILog;
[INFO] [stdout]   |     ~~~~~~~~~~~~~~
[INFO] [stdout] 
[INFO] [stdout] error: aborting due to 2 previous errors
[INFO] [stdout] 
[INFO] [stdout] For more information about this error, try `rustc --explain E0432`.
[INFO] [stdout] Couldn't compile the test.
[INFO] [stdout] ---- src/utils.rs - utils::pad_with_zeros (line 187) stdout ----
[INFO] [stdout] error[E0425]: cannot find function `pad_with_zeros` in this scope
[INFO] [stdout]  --> src/utils.rs:189:20
[INFO] [stdout]   |
[INFO] [stdout] 4 | let padded_bytes = pad_with_zeros(&bytes[..], 16);
[INFO] [stdout]   |                    ^^^^^^^^^^^^^^ not found in this scope
[INFO] [stdout] 
[INFO] [stdout] error: aborting due to 1 previous error
[INFO] [stdout] 
[INFO] [stdout] For more information about this error, try `rustc --explain E0425`.
[INFO] [stdout] Couldn't compile the test.
[INFO] [stdout] ---- src/lib.rs - (line 62) stdout ----
[INFO] [stdout] error[E0425]: cannot find value `parser` in this scope
[INFO] [stdout]  --> src/lib.rs:63:14
[INFO] [stdout]   |
[INFO] [stdout] 3 | let frames = parser.frames(None);
[INFO] [stdout]   |              ^^^^^^ not found in this scope
[INFO] [stdout] 
[INFO] [stdout] error: aborting due to 1 previous error
[INFO] [stdout] 
[INFO] [stdout] For more information about this error, try `rustc --explain E0425`.
[INFO] [stdout] Couldn't compile the test.
[INFO] [stdout] ---- src/utils.rs - utils::sub_byte_field (line 131) stdout ----
[INFO] [stdout] error[E0425]: cannot find function `sub_byte_field` in this scope
[INFO] [stdout]  --> src/utils.rs:134:12
[INFO] [stdout]   |
[INFO] [stdout] 5 | assert_eq!(sub_byte_field(byte, mask), 0b00000101);
[INFO] [stdout]   |            ^^^^^^^^^^^^^^ not found in this scope
[INFO] [stdout] 
[INFO] [stdout] error: aborting due to 1 previous error
[INFO] [stdout] 
[INFO] [stdout] For more information about this error, try `rustc --explain E0425`.
[INFO] [stdout] Couldn't compile the test.
[INFO] [stdout] ---- src/lib.rs - (line 26) stdout ----
[INFO] [stdout] error[E0433]: failed to resolve: use of undeclared type `DJILog`
[INFO] [stdout]  --> src/lib.rs:27:14
[INFO] [stdout]   |
[INFO] [stdout] 3 | let parser = DJILog::from_bytes(bytes).unwrap();
[INFO] [stdout]   |              ^^^^^^ use of undeclared type `DJILog`
[INFO] [stdout]   |
[INFO] [stdout] help: consider importing this struct
[INFO] [stdout]   |
[INFO] [stdout] 2 + use dji_log_parser::DJILog;
[INFO] [stdout]   |
[INFO] [stdout] 
[INFO] [stdout] error[E0425]: cannot find value `bytes` in this scope
[INFO] [stdout]  --> src/lib.rs:27:33
[INFO] [stdout]   |
[INFO] [stdout] 3 | let parser = DJILog::from_bytes(bytes).unwrap();
[INFO] [stdout]   |                                 ^^^^^ not found in this scope
[INFO] [stdout] 
[INFO] [stdout] error: aborting due to 2 previous errors
[INFO] [stdout] 
[INFO] [stdout] Some errors have detailed explanations: E0425, E0433.
[INFO] [stdout] For more information about an error, try `rustc --explain E0425`.
[INFO] [stdout] Couldn't compile the test.
[INFO] [stdout] ---- src/lib.rs - (line 68) stdout ----
[INFO] [stdout] error[E0425]: cannot find value `parser` in this scope
[INFO] [stdout]  --> src/lib.rs:69:14
[INFO] [stdout]   |
[INFO] [stdout] 3 | let frames = parser.frames(Some(keychains));
[INFO] [stdout]   |              ^^^^^^ not found in this scope
[INFO] [stdout] 
[INFO] [stdout] error[E0425]: cannot find value `keychains` in this scope
[INFO] [stdout]  --> src/lib.rs:69:33
[INFO] [stdout]   |
[INFO] [stdout] 3 | let frames = parser.frames(Some(keychains));
[INFO] [stdout]   |                                 ^^^^^^^^^ not found in this scope
[INFO] [stdout] 
[INFO] [stdout] error: aborting due to 2 previous errors
[INFO] [stdout] 
[INFO] [stdout] For more information about this error, try `rustc --explain E0425`.
[INFO] [stdout] Couldn't compile the test.
[INFO] [stdout] ---- src/lib.rs - (line 77) stdout ----
[INFO] [stdout] error[E0425]: cannot find value `parser` in this scope
[INFO] [stdout]  --> src/lib.rs:78:15
[INFO] [stdout]   |
[INFO] [stdout] 3 | let records = parser.records(None);
[INFO] [stdout]   |               ^^^^^^ not found in this scope
[INFO] [stdout] 
[INFO] [stdout] error: aborting due to 1 previous error
[INFO] [stdout] 
[INFO] [stdout] For more information about this error, try `rustc --explain E0425`.
[INFO] [stdout] Couldn't compile the test.
[INFO] [stdout] 
[INFO] [stdout] failures:
[INFO] [stdout]     src/lib.rs - (line 26)
[INFO] [stdout]     src/lib.rs - (line 34)
[INFO] [stdout]     src/lib.rs - (line 46)
[INFO] [stdout]     src/lib.rs - (line 62)
[INFO] [stdout]     src/lib.rs - (line 68)
[INFO] [stdout]     src/lib.rs - (line 77)
[INFO] [stdout]     src/lib.rs - (line 83)
[INFO] [stdout]     src/lib.rs - DJILog::from_bytes (line 193)
[INFO] [stdout]     src/utils.rs - utils::pad_with_zeros (line 187)
[INFO] [stdout]     src/utils.rs - utils::sub_byte_field (line 131)
[INFO] [stdout] 
[INFO] [stdout] test result: FAILED. 1 passed; 10 failed; 0 ignored; 0 measured; 0 filtered out; finished in 0.30s
[INFO] [stdout] 
[INFO] [stderr] error: doctest failed, to rerun pass `--doc`
[INFO] running `Command { std: "docker" "inspect" "1134a8c1cd45fa401043e645624d21676497e3a7bca5a818b3d3930f73118f29", kill_on_drop: false }`
[INFO] running `Command { std: "docker" "rm" "-f" "1134a8c1cd45fa401043e645624d21676497e3a7bca5a818b3d3930f73118f29", kill_on_drop: false }`
[INFO] [stdout] 1134a8c1cd45fa401043e645624d21676497e3a7bca5a818b3d3930f73118f29
