[INFO] fetching crate dist_lock_codegen 0.0.1...
[INFO] testing dist_lock_codegen-0.0.1 against beta-2024-12-08 for beta-1.84.0-4-retry
[INFO] extracting crate dist_lock_codegen 0.0.1 into /workspace/builds/worker-1-tc2/source
[INFO] validating manifest of crates.io crate dist_lock_codegen 0.0.1 on toolchain beta-2024-12-08
[INFO] running `Command { std: CARGO_HOME="/workspace/cargo-home" RUSTUP_HOME="/workspace/rustup-home" "/workspace/cargo-home/bin/cargo" "+beta-2024-12-08" "metadata" "--manifest-path" "Cargo.toml" "--no-deps", kill_on_drop: false }`
[INFO] started tweaking crates.io crate dist_lock_codegen 0.0.1
[INFO] finished tweaking crates.io crate dist_lock_codegen 0.0.1
[INFO] tweaked toml for crates.io crate dist_lock_codegen 0.0.1 written to /workspace/builds/worker-1-tc2/source/Cargo.toml
[INFO] running `Command { std: CARGO_HOME="/workspace/cargo-home" RUSTUP_HOME="/workspace/rustup-home" "/workspace/cargo-home/bin/cargo" "+beta-2024-12-08" "generate-lockfile" "--manifest-path" "Cargo.toml", kill_on_drop: false }`
[INFO] [stderr]     Updating crates.io index
[INFO] [stderr]      Locking 6 packages to latest compatible versions
[INFO] running `Command { std: CARGO_HOME="/workspace/cargo-home" RUSTUP_HOME="/workspace/rustup-home" "/workspace/cargo-home/bin/cargo" "+beta-2024-12-08" "fetch" "--manifest-path" "Cargo.toml", kill_on_drop: false }`
[INFO] running `Command { std: "docker" "create" "-v" "/var/lib/crater-agent-workspace/builds/worker-1-tc2/target:/opt/rustwide/target:rw,Z" "-v" "/var/lib/crater-agent-workspace/builds/worker-1-tc2/source:/opt/rustwide/workdir:ro,Z" "-v" "/var/lib/crater-agent-workspace/cargo-home:/opt/rustwide/cargo-home:ro,Z" "-v" "/var/lib/crater-agent-workspace/rustup-home:/opt/rustwide/rustup-home:ro,Z" "-e" "SOURCE_DIR=/opt/rustwide/workdir" "-e" "CARGO_TARGET_DIR=/opt/rustwide/target" "-e" "CARGO_HOME=/opt/rustwide/cargo-home" "-e" "RUSTUP_HOME=/opt/rustwide/rustup-home" "-w" "/opt/rustwide/workdir" "-m" "1610612736" "--user" "0:0" "--network" "none" "ghcr.io/rust-lang/crates-build-env/linux@sha256:f3a9d4ad9d972b27faf3965f35b62e55ba32bbce8f20bc8fe909558a86702fde" "/opt/rustwide/cargo-home/bin/cargo" "+beta-2024-12-08" "metadata" "--no-deps" "--format-version=1", kill_on_drop: false }`
[INFO] [stdout] ec6fef81644e7021d6239341c352c0d65f74e20116ec5aaad048a2319daf6244
[INFO] running `Command { std: "docker" "start" "-a" "ec6fef81644e7021d6239341c352c0d65f74e20116ec5aaad048a2319daf6244", kill_on_drop: false }`
[INFO] running `Command { std: "docker" "inspect" "ec6fef81644e7021d6239341c352c0d65f74e20116ec5aaad048a2319daf6244", kill_on_drop: false }`
[INFO] running `Command { std: "docker" "rm" "-f" "ec6fef81644e7021d6239341c352c0d65f74e20116ec5aaad048a2319daf6244", kill_on_drop: false }`
[INFO] [stdout] ec6fef81644e7021d6239341c352c0d65f74e20116ec5aaad048a2319daf6244
[INFO] running `Command { std: "docker" "create" "-v" "/var/lib/crater-agent-workspace/builds/worker-1-tc2/target:/opt/rustwide/target:rw,Z" "-v" "/var/lib/crater-agent-workspace/builds/worker-1-tc2/source:/opt/rustwide/workdir:ro,Z" "-v" "/var/lib/crater-agent-workspace/cargo-home:/opt/rustwide/cargo-home:ro,Z" "-v" "/var/lib/crater-agent-workspace/rustup-home:/opt/rustwide/rustup-home:ro,Z" "-e" "SOURCE_DIR=/opt/rustwide/workdir" "-e" "CARGO_TARGET_DIR=/opt/rustwide/target" "-e" "CARGO_INCREMENTAL=0" "-e" "RUST_BACKTRACE=full" "-e" "RUSTFLAGS=--cap-lints=warn" "-e" "RUSTDOCFLAGS=--cap-lints=warn" "-e" "CARGO_HOME=/opt/rustwide/cargo-home" "-e" "RUSTUP_HOME=/opt/rustwide/rustup-home" "-w" "/opt/rustwide/workdir" "-m" "1610612736" "--user" "0:0" "--network" "none" "ghcr.io/rust-lang/crates-build-env/linux@sha256:f3a9d4ad9d972b27faf3965f35b62e55ba32bbce8f20bc8fe909558a86702fde" "/opt/rustwide/cargo-home/bin/cargo" "+beta-2024-12-08" "build" "--frozen" "--message-format=json", kill_on_drop: false }`
[INFO] [stdout] c49bf28de674b49a731d5e32c5646deffbce02dfd87338b74a1c2444eca814a9
[INFO] running `Command { std: "docker" "start" "-a" "c49bf28de674b49a731d5e32c5646deffbce02dfd87338b74a1c2444eca814a9", kill_on_drop: false }`
[INFO] [stderr]    Compiling proc-macro2 v1.0.92
[INFO] [stderr]    Compiling unicode-ident v1.0.14
[INFO] [stderr]    Compiling humantime v2.1.0
[INFO] [stderr]    Compiling cfg-if v1.0.0
[INFO] [stderr]    Compiling quote v1.0.37
[INFO] [stderr]    Compiling syn v2.0.90
[INFO] [stderr]    Compiling dist_lock_codegen v0.0.1 (/opt/rustwide/workdir)
[INFO] [stderr]     Finished `dev` profile [unoptimized + debuginfo] target(s) in 7.92s
[INFO] running `Command { std: "docker" "inspect" "c49bf28de674b49a731d5e32c5646deffbce02dfd87338b74a1c2444eca814a9", kill_on_drop: false }`
[INFO] running `Command { std: "docker" "rm" "-f" "c49bf28de674b49a731d5e32c5646deffbce02dfd87338b74a1c2444eca814a9", kill_on_drop: false }`
[INFO] [stdout] c49bf28de674b49a731d5e32c5646deffbce02dfd87338b74a1c2444eca814a9
[INFO] running `Command { std: "docker" "create" "-v" "/var/lib/crater-agent-workspace/builds/worker-1-tc2/target:/opt/rustwide/target:rw,Z" "-v" "/var/lib/crater-agent-workspace/builds/worker-1-tc2/source:/opt/rustwide/workdir:ro,Z" "-v" "/var/lib/crater-agent-workspace/cargo-home:/opt/rustwide/cargo-home:ro,Z" "-v" "/var/lib/crater-agent-workspace/rustup-home:/opt/rustwide/rustup-home:ro,Z" "-e" "SOURCE_DIR=/opt/rustwide/workdir" "-e" "CARGO_TARGET_DIR=/opt/rustwide/target" "-e" "CARGO_INCREMENTAL=0" "-e" "RUST_BACKTRACE=full" "-e" "RUSTFLAGS=--cap-lints=warn" "-e" "RUSTDOCFLAGS=--cap-lints=warn" "-e" "CARGO_HOME=/opt/rustwide/cargo-home" "-e" "RUSTUP_HOME=/opt/rustwide/rustup-home" "-w" "/opt/rustwide/workdir" "-m" "1610612736" "--user" "0:0" "--network" "none" "ghcr.io/rust-lang/crates-build-env/linux@sha256:f3a9d4ad9d972b27faf3965f35b62e55ba32bbce8f20bc8fe909558a86702fde" "/opt/rustwide/cargo-home/bin/cargo" "+beta-2024-12-08" "test" "--frozen" "--no-run" "--message-format=json", kill_on_drop: false }`
[INFO] [stdout] 5582520ec0f21ed4f3888a9de0c74a2eb39133d21121fafe33bb578c5154261d
[INFO] running `Command { std: "docker" "start" "-a" "5582520ec0f21ed4f3888a9de0c74a2eb39133d21121fafe33bb578c5154261d", kill_on_drop: false }`
[INFO] [stderr]    Compiling dist_lock_codegen v0.0.1 (/opt/rustwide/workdir)
[INFO] [stderr]     Finished `test` profile [unoptimized + debuginfo] target(s) in 1.09s
[INFO] running `Command { std: "docker" "inspect" "5582520ec0f21ed4f3888a9de0c74a2eb39133d21121fafe33bb578c5154261d", kill_on_drop: false }`
[INFO] running `Command { std: "docker" "rm" "-f" "5582520ec0f21ed4f3888a9de0c74a2eb39133d21121fafe33bb578c5154261d", kill_on_drop: false }`
[INFO] [stdout] 5582520ec0f21ed4f3888a9de0c74a2eb39133d21121fafe33bb578c5154261d
[INFO] running `Command { std: "docker" "create" "-v" "/var/lib/crater-agent-workspace/builds/worker-1-tc2/target:/opt/rustwide/target:rw,Z" "-v" "/var/lib/crater-agent-workspace/builds/worker-1-tc2/source:/opt/rustwide/workdir:ro,Z" "-v" "/var/lib/crater-agent-workspace/cargo-home:/opt/rustwide/cargo-home:ro,Z" "-v" "/var/lib/crater-agent-workspace/rustup-home:/opt/rustwide/rustup-home:ro,Z" "-e" "SOURCE_DIR=/opt/rustwide/workdir" "-e" "CARGO_TARGET_DIR=/opt/rustwide/target" "-e" "CARGO_INCREMENTAL=0" "-e" "RUST_BACKTRACE=full" "-e" "RUSTFLAGS=--cap-lints=warn" "-e" "RUSTDOCFLAGS=--cap-lints=warn" "-e" "CARGO_HOME=/opt/rustwide/cargo-home" "-e" "RUSTUP_HOME=/opt/rustwide/rustup-home" "-w" "/opt/rustwide/workdir" "-m" "1610612736" "--user" "0:0" "--network" "none" "ghcr.io/rust-lang/crates-build-env/linux@sha256:f3a9d4ad9d972b27faf3965f35b62e55ba32bbce8f20bc8fe909558a86702fde" "/opt/rustwide/cargo-home/bin/cargo" "+beta-2024-12-08" "test" "--frozen", kill_on_drop: false }`
[INFO] [stdout] ae11aeb459966573c827143f9f44dc1f3cb9848b65b18460664038cdc30def07
[INFO] running `Command { std: "docker" "start" "-a" "ae11aeb459966573c827143f9f44dc1f3cb9848b65b18460664038cdc30def07", kill_on_drop: false }`
[INFO] [stderr]     Finished `test` profile [unoptimized + debuginfo] target(s) in 0.03s
[INFO] [stderr]      Running unittests src/lib.rs (/opt/rustwide/target/debug/deps/dist_lock_codegen-f251050651da7b8b)
[INFO] [stdout] 
[INFO] [stdout] running 0 tests
[INFO] [stdout] 
[INFO] [stdout] test result: ok. 0 passed; 0 failed; 0 ignored; 0 measured; 0 filtered out; finished in 0.00s
[INFO] [stdout] 
[INFO] [stderr]    Doc-tests dist_lock_codegen
[INFO] [stdout] 
[INFO] [stdout] running 1 test
[INFO] [stdout] test src/lib.rs - dist_lock (line 22) ... FAILED
[INFO] [stdout] 
[INFO] [stdout] failures:
[INFO] [stdout] 
[INFO] [stdout] ---- src/lib.rs - dist_lock (line 22) stdout ----
[INFO] [stdout] error: cannot find attribute `dist_lock` in this scope
[INFO] [stdout]  --> src/lib.rs:23:3
[INFO] [stdout]   |
[INFO] [stdout] 3 | #[dist_lock(name = "random_lock", at_most = "10s", at_least="6s", transport(create_conn()?))]
[INFO] [stdout]   |   ^^^^^^^^^
[INFO] [stdout]   |
[INFO] [stdout] help: consider importing this attribute macro
[INFO] [stdout]   |
[INFO] [stdout] 2 + use dist_lock_codegen::dist_lock;
[INFO] [stdout]   |
[INFO] [stdout] 
[INFO] [stdout] error[E0412]: cannot find type `LockResult` in this scope
[INFO] [stdout]  --> src/lib.rs:24:30
[INFO] [stdout]   |
[INFO] [stdout] 4 | pub async fn test_macro() -> LockResult<()> {
[INFO] [stdout]   |                              ^^^^^^^^^^ not found in this scope
[INFO] [stdout]   |
[INFO] [stdout] help: consider importing this type alias
[INFO] [stdout]   |
[INFO] [stdout] 2 + use std::sync::LockResult;
[INFO] [stdout]   |
[INFO] [stdout] 
[INFO] [stdout] error[E0425]: cannot find value `random_lock` in this scope
[INFO] [stdout]  --> src/lib.rs:25:22
[INFO] [stdout]   |
[INFO] [stdout] 5 |     println!("{:?}", random_lock.state());
[INFO] [stdout]   |                      ^^^^^^^^^^^ not found in this scope
[INFO] [stdout] 
[INFO] [stdout] error: aborting due to 3 previous errors
[INFO] [stdout] 
[INFO] [stdout] Some errors have detailed explanations: E0412, E0425.
[INFO] [stdout] For more information about an error, try `rustc --explain E0412`.
[INFO] [stdout] Couldn't compile the test.
[INFO] [stdout] 
[INFO] [stdout] failures:
[INFO] [stdout]     src/lib.rs - dist_lock (line 22)
[INFO] [stdout] 
[INFO] [stdout] test result: FAILED. 0 passed; 1 failed; 0 ignored; 0 measured; 0 filtered out; finished in 0.10s
[INFO] [stdout] 
[INFO] [stderr] error: doctest failed, to rerun pass `--doc`
[INFO] running `Command { std: "docker" "inspect" "ae11aeb459966573c827143f9f44dc1f3cb9848b65b18460664038cdc30def07", kill_on_drop: false }`
[INFO] running `Command { std: "docker" "rm" "-f" "ae11aeb459966573c827143f9f44dc1f3cb9848b65b18460664038cdc30def07", kill_on_drop: false }`
[INFO] [stdout] ae11aeb459966573c827143f9f44dc1f3cb9848b65b18460664038cdc30def07
