[INFO] fetching crate dist_lock 0.0.1...
[INFO] testing dist_lock-0.0.1 against 1.83.0 for beta-1.84.0-4-retry
[INFO] extracting crate dist_lock 0.0.1 into /workspace/builds/worker-5-tc1/source
[INFO] validating manifest of crates.io crate dist_lock 0.0.1 on toolchain 1.83.0
[INFO] running `Command { std: CARGO_HOME="/workspace/cargo-home" RUSTUP_HOME="/workspace/rustup-home" "/workspace/cargo-home/bin/cargo" "+1.83.0" "metadata" "--manifest-path" "Cargo.toml" "--no-deps", kill_on_drop: false }`
[INFO] removed /workspace/builds/worker-5-tc1/source/rust-toolchain.toml
[INFO] started tweaking crates.io crate dist_lock 0.0.1
[INFO] finished tweaking crates.io crate dist_lock 0.0.1
[INFO] tweaked toml for crates.io crate dist_lock 0.0.1 written to /workspace/builds/worker-5-tc1/source/Cargo.toml
[INFO] running `Command { std: CARGO_HOME="/workspace/cargo-home" RUSTUP_HOME="/workspace/rustup-home" "/workspace/cargo-home/bin/cargo" "+1.83.0" "generate-lockfile" "--manifest-path" "Cargo.toml", kill_on_drop: false }`
[INFO] [stderr]     Updating crates.io index
[INFO] [stderr]      Locking 212 packages to latest compatible versions
[INFO] [stderr]       Adding gethostname v0.4.3 (available: v0.5.0)
[INFO] [stderr]       Adding redis v0.23.3 (available: v0.27.6)
[INFO] [stderr]       Adding thiserror v1.0.69 (available: v2.0.7)
[INFO] running `Command { std: CARGO_HOME="/workspace/cargo-home" RUSTUP_HOME="/workspace/rustup-home" "/workspace/cargo-home/bin/cargo" "+1.83.0" "fetch" "--manifest-path" "Cargo.toml", kill_on_drop: false }`
[INFO] [stderr]  Downloading crates ...
[INFO] [stderr]   Downloaded zookeeper_derive v0.4.1
[INFO] [stderr]   Downloaded dist_lock_codegen v0.0.1
[INFO] [stderr]   Downloaded zookeeper v0.8.0
[INFO] [stderr]   Downloaded diesel v2.2.6
[INFO] [stderr]   Downloaded mysqlclient-sys v0.4.2
[INFO] running `Command { std: "docker" "create" "-v" "/var/lib/crater-agent-workspace/builds/worker-5-tc1/target:/opt/rustwide/target:rw,Z" "-v" "/var/lib/crater-agent-workspace/builds/worker-5-tc1/source:/opt/rustwide/workdir:ro,Z" "-v" "/var/lib/crater-agent-workspace/cargo-home:/opt/rustwide/cargo-home:ro,Z" "-v" "/var/lib/crater-agent-workspace/rustup-home:/opt/rustwide/rustup-home:ro,Z" "-e" "SOURCE_DIR=/opt/rustwide/workdir" "-e" "CARGO_TARGET_DIR=/opt/rustwide/target" "-e" "CARGO_HOME=/opt/rustwide/cargo-home" "-e" "RUSTUP_HOME=/opt/rustwide/rustup-home" "-w" "/opt/rustwide/workdir" "-m" "1610612736" "--user" "0:0" "--network" "none" "ghcr.io/rust-lang/crates-build-env/linux@sha256:f3a9d4ad9d972b27faf3965f35b62e55ba32bbce8f20bc8fe909558a86702fde" "/opt/rustwide/cargo-home/bin/cargo" "+1.83.0" "metadata" "--no-deps" "--format-version=1", kill_on_drop: false }`
[INFO] [stdout] bb3923ddb9a800876ef23e2048c2e20a5c610b4c489f0a2ecd65c07edac8977b
[INFO] running `Command { std: "docker" "start" "-a" "bb3923ddb9a800876ef23e2048c2e20a5c610b4c489f0a2ecd65c07edac8977b", kill_on_drop: false }`
[INFO] running `Command { std: "docker" "inspect" "bb3923ddb9a800876ef23e2048c2e20a5c610b4c489f0a2ecd65c07edac8977b", kill_on_drop: false }`
[INFO] running `Command { std: "docker" "rm" "-f" "bb3923ddb9a800876ef23e2048c2e20a5c610b4c489f0a2ecd65c07edac8977b", kill_on_drop: false }`
[INFO] [stdout] bb3923ddb9a800876ef23e2048c2e20a5c610b4c489f0a2ecd65c07edac8977b
[INFO] running `Command { std: "docker" "create" "-v" "/var/lib/crater-agent-workspace/builds/worker-5-tc1/target:/opt/rustwide/target:rw,Z" "-v" "/var/lib/crater-agent-workspace/builds/worker-5-tc1/source:/opt/rustwide/workdir:ro,Z" "-v" "/var/lib/crater-agent-workspace/cargo-home:/opt/rustwide/cargo-home:ro,Z" "-v" "/var/lib/crater-agent-workspace/rustup-home:/opt/rustwide/rustup-home:ro,Z" "-e" "SOURCE_DIR=/opt/rustwide/workdir" "-e" "CARGO_TARGET_DIR=/opt/rustwide/target" "-e" "CARGO_INCREMENTAL=0" "-e" "RUST_BACKTRACE=full" "-e" "RUSTFLAGS=--cap-lints=warn" "-e" "RUSTDOCFLAGS=--cap-lints=warn" "-e" "CARGO_HOME=/opt/rustwide/cargo-home" "-e" "RUSTUP_HOME=/opt/rustwide/rustup-home" "-w" "/opt/rustwide/workdir" "-m" "1610612736" "--user" "0:0" "--network" "none" "ghcr.io/rust-lang/crates-build-env/linux@sha256:f3a9d4ad9d972b27faf3965f35b62e55ba32bbce8f20bc8fe909558a86702fde" "/opt/rustwide/cargo-home/bin/cargo" "+1.83.0" "build" "--frozen" "--message-format=json", kill_on_drop: false }`
[INFO] [stdout] 72de7fad4f50bb749c607c8661f99963eebf32a463e9efa943013f6950e57d01
[INFO] running `Command { std: "docker" "start" "-a" "72de7fad4f50bb749c607c8661f99963eebf32a463e9efa943013f6950e57d01", kill_on_drop: false }`
[INFO] [stderr]    Compiling proc-macro2 v1.0.92
[INFO] [stderr]    Compiling unicode-ident v1.0.14
[INFO] [stderr]    Compiling stable_deref_trait v1.2.0
[INFO] [stderr]    Compiling writeable v0.5.5
[INFO] [stderr]    Compiling litemap v0.7.4
[INFO] [stderr]    Compiling libc v0.2.168
[INFO] [stderr]    Compiling icu_locid_transform_data v1.5.0
[INFO] [stderr]    Compiling icu_properties_data v1.5.0
[INFO] [stderr]    Compiling cfg-if v1.0.0
[INFO] [stderr]    Compiling byteorder v1.5.0
[INFO] [stderr]    Compiling utf16_iter v1.0.5
[INFO] [stderr]    Compiling icu_normalizer_data v1.5.0
[INFO] [stderr]    Compiling smallvec v1.13.2
[INFO] [stderr]    Compiling utf8_iter v1.0.4
[INFO] [stderr]    Compiling write16 v1.0.0
[INFO] [stderr]    Compiling autocfg v1.4.0
[INFO] [stderr]    Compiling percent-encoding v2.3.1
[INFO] [stderr]    Compiling crc16 v0.4.0
[INFO] [stderr]    Compiling memchr v2.7.4
[INFO] [stderr]    Compiling thiserror v1.0.69
[INFO] [stderr]    Compiling form_urlencoded v1.2.1
[INFO] [stderr]    Compiling bytes v1.9.0
[INFO] [stderr]    Compiling ryu v1.0.18
[INFO] [stderr]    Compiling num-traits v0.2.19
[INFO] [stderr]    Compiling humantime v2.1.0
[INFO] [stderr]    Compiling iana-time-zone v0.1.61
[INFO] [stderr]    Compiling combine v4.6.7
[INFO] [stderr]    Compiling quote v1.0.37
[INFO] [stderr]    Compiling itoa v1.0.14
[INFO] [stderr]    Compiling sha1_smol v1.0.1
[INFO] [stderr]    Compiling syn v2.0.90
[INFO] [stderr]    Compiling getrandom v0.2.15
[INFO] [stderr]    Compiling socket2 v0.4.10
[INFO] [stderr]    Compiling gethostname v0.4.3
[INFO] [stderr]    Compiling rand_core v0.6.4
[INFO] [stderr]    Compiling chrono v0.4.39
[INFO] [stderr]    Compiling synstructure v0.13.1
[INFO] [stderr]    Compiling zerofrom-derive v0.1.5
[INFO] [stderr]    Compiling yoke-derive v0.7.5
[INFO] [stderr]    Compiling zerovec-derive v0.10.3
[INFO] [stderr]    Compiling displaydoc v0.2.5
[INFO] [stderr]    Compiling icu_provider_macros v1.5.0
[INFO] [stderr]    Compiling zerocopy-derive v0.7.35
[INFO] [stderr]    Compiling thiserror-impl v1.0.69
[INFO] [stderr]    Compiling dist_lock_codegen v0.0.1
[INFO] [stderr]    Compiling zerocopy v0.7.35
[INFO] [stderr]    Compiling zerofrom v0.1.5
[INFO] [stderr]    Compiling yoke v0.7.5
[INFO] [stderr]    Compiling zerovec v0.10.4
[INFO] [stderr]    Compiling ppv-lite86 v0.2.20
[INFO] [stderr]    Compiling rand_chacha v0.3.1
[INFO] [stderr]    Compiling rand v0.8.5
[INFO] [stderr]    Compiling tinystr v0.7.6
[INFO] [stderr]    Compiling icu_collections v1.5.0
[INFO] [stderr]    Compiling icu_locid v1.5.0
[INFO] [stderr]    Compiling icu_provider v1.5.0
[INFO] [stderr]    Compiling icu_locid_transform v1.5.0
[INFO] [stderr]    Compiling icu_properties v1.5.1
[INFO] [stderr]    Compiling icu_normalizer v1.5.0
[INFO] [stderr]    Compiling idna_adapter v1.2.0
[INFO] [stderr]    Compiling idna v1.0.3
[INFO] [stderr]    Compiling url v2.5.4
[INFO] [stderr]    Compiling redis v0.23.3
[INFO] [stderr]    Compiling dist_lock v0.0.1 (/opt/rustwide/workdir)
[INFO] [stdout] warning: this function depends on never type fallback being `()`
[INFO] [stdout]   --> src/provider/redis.rs:52:15
[INFO] [stdout]    |
[INFO] [stdout] 52 |               $($async)? fn release_lock(
[INFO] [stdout]    |  ________________________^
[INFO] [stdout] 53 | |                 &self,
[INFO] [stdout] 54 | |                 config: &LockConfig,
[INFO] [stdout] 55 | |                 state: &LockState,
[INFO] [stdout] 56 | |             ) -> LockResult<LockState> {
[INFO] [stdout]    | |______________________________________^
[INFO] [stdout] ...
[INFO] [stdout] 96 |   impl_lockable_redis!(::redis::Client, get_connection, query,,);
[INFO] [stdout]    |   -------------------------------------------------------------- in this macro invocation
[INFO] [stdout]    |
[INFO] [stdout]    = warning: this was previously accepted by the compiler but is being phased out; it will become a hard error in a future release!
[INFO] [stdout]    = note: for more information, see issue #123748 <https://github.com/rust-lang/rust/issues/123748>
[INFO] [stdout]    = help: specify the types explicitly
[INFO] [stdout] note: in edition 2024, the requirement `!: FromRedisValue` will fail
[INFO] [stdout]   --> src/provider/redis.rs:96:55
[INFO] [stdout]    |
[INFO] [stdout] 96 | impl_lockable_redis!(::redis::Client, get_connection, query,,);
[INFO] [stdout]    |                                                       ^^^^^
[INFO] [stdout]    = note: `#[warn(dependency_on_unit_never_type_fallback)]` on by default
[INFO] [stdout]    = note: this warning originates in the macro `impl_lockable_redis` (in Nightly builds, run with -Z macro-backtrace for more info)
[INFO] [stdout] 
[INFO] [stdout] 
[INFO] [stdout] warning: this function depends on never type fallback being `()`
[INFO] [stdout]   --> src/provider/redis.rs:52:15
[INFO] [stdout]    |
[INFO] [stdout] 52 |               $($async)? fn release_lock(
[INFO] [stdout]    |  ________________________^
[INFO] [stdout] 53 | |                 &self,
[INFO] [stdout] 54 | |                 config: &LockConfig,
[INFO] [stdout] 55 | |                 state: &LockState,
[INFO] [stdout] 56 | |             ) -> LockResult<LockState> {
[INFO] [stdout]    | |______________________________________^
[INFO] [stdout] ...
[INFO] [stdout] 98 |   impl_lockable_redis!(::redis::cluster::ClusterClient, get_connection, query,,);
[INFO] [stdout]    |   ------------------------------------------------------------------------------ in this macro invocation
[INFO] [stdout]    |
[INFO] [stdout]    = warning: this was previously accepted by the compiler but is being phased out; it will become a hard error in a future release!
[INFO] [stdout]    = note: for more information, see issue #123748 <https://github.com/rust-lang/rust/issues/123748>
[INFO] [stdout]    = help: specify the types explicitly
[INFO] [stdout] note: in edition 2024, the requirement `!: FromRedisValue` will fail
[INFO] [stdout]   --> src/provider/redis.rs:98:71
[INFO] [stdout]    |
[INFO] [stdout] 98 | impl_lockable_redis!(::redis::cluster::ClusterClient, get_connection, query,,);
[INFO] [stdout]    |                                                                       ^^^^^
[INFO] [stdout]    = note: this warning originates in the macro `impl_lockable_redis` (in Nightly builds, run with -Z macro-backtrace for more info)
[INFO] [stdout] 
[INFO] [stdout] 
[INFO] [stderr]     Finished `dev` profile [unoptimized + debuginfo] target(s) in 57.03s
[INFO] running `Command { std: "docker" "inspect" "72de7fad4f50bb749c607c8661f99963eebf32a463e9efa943013f6950e57d01", kill_on_drop: false }`
[INFO] running `Command { std: "docker" "rm" "-f" "72de7fad4f50bb749c607c8661f99963eebf32a463e9efa943013f6950e57d01", kill_on_drop: false }`
[INFO] [stdout] 72de7fad4f50bb749c607c8661f99963eebf32a463e9efa943013f6950e57d01
[INFO] running `Command { std: "docker" "create" "-v" "/var/lib/crater-agent-workspace/builds/worker-5-tc1/target:/opt/rustwide/target:rw,Z" "-v" "/var/lib/crater-agent-workspace/builds/worker-5-tc1/source:/opt/rustwide/workdir:ro,Z" "-v" "/var/lib/crater-agent-workspace/cargo-home:/opt/rustwide/cargo-home:ro,Z" "-v" "/var/lib/crater-agent-workspace/rustup-home:/opt/rustwide/rustup-home:ro,Z" "-e" "SOURCE_DIR=/opt/rustwide/workdir" "-e" "CARGO_TARGET_DIR=/opt/rustwide/target" "-e" "CARGO_INCREMENTAL=0" "-e" "RUST_BACKTRACE=full" "-e" "RUSTFLAGS=--cap-lints=warn" "-e" "RUSTDOCFLAGS=--cap-lints=warn" "-e" "CARGO_HOME=/opt/rustwide/cargo-home" "-e" "RUSTUP_HOME=/opt/rustwide/rustup-home" "-w" "/opt/rustwide/workdir" "-m" "1610612736" "--user" "0:0" "--network" "none" "ghcr.io/rust-lang/crates-build-env/linux@sha256:f3a9d4ad9d972b27faf3965f35b62e55ba32bbce8f20bc8fe909558a86702fde" "/opt/rustwide/cargo-home/bin/cargo" "+1.83.0" "test" "--frozen" "--no-run" "--message-format=json", kill_on_drop: false }`
[INFO] [stdout] 55a9a2ace6509c9a9020c2b41ebd2009846fcad0c56aadba7f4f5c174d8408a0
[INFO] running `Command { std: "docker" "start" "-a" "55a9a2ace6509c9a9020c2b41ebd2009846fcad0c56aadba7f4f5c174d8408a0", kill_on_drop: false }`
[INFO] [stderr]    Compiling dist_lock v0.0.1 (/opt/rustwide/workdir)
[INFO] [stdout] warning: this function depends on never type fallback being `()`
[INFO] [stdout]   --> src/provider/redis.rs:52:15
[INFO] [stdout]    |
[INFO] [stdout] 52 |               $($async)? fn release_lock(
[INFO] [stdout]    |  ________________________^
[INFO] [stdout] 53 | |                 &self,
[INFO] [stdout] 54 | |                 config: &LockConfig,
[INFO] [stdout] 55 | |                 state: &LockState,
[INFO] [stdout] 56 | |             ) -> LockResult<LockState> {
[INFO] [stdout]    | |______________________________________^
[INFO] [stdout] ...
[INFO] [stdout] 96 |   impl_lockable_redis!(::redis::Client, get_connection, query,,);
[INFO] [stdout]    |   -------------------------------------------------------------- in this macro invocation
[INFO] [stdout]    |
[INFO] [stdout]    = warning: this was previously accepted by the compiler but is being phased out; it will become a hard error in a future release!
[INFO] [stdout]    = note: for more information, see issue #123748 <https://github.com/rust-lang/rust/issues/123748>
[INFO] [stdout]    = help: specify the types explicitly
[INFO] [stdout] note: in edition 2024, the requirement `!: FromRedisValue` will fail
[INFO] [stdout]   --> src/provider/redis.rs:96:55
[INFO] [stdout]    |
[INFO] [stdout] 96 | impl_lockable_redis!(::redis::Client, get_connection, query,,);
[INFO] [stdout]    |                                                       ^^^^^
[INFO] [stdout]    = note: `#[warn(dependency_on_unit_never_type_fallback)]` on by default
[INFO] [stdout]    = note: this warning originates in the macro `impl_lockable_redis` (in Nightly builds, run with -Z macro-backtrace for more info)
[INFO] [stdout] 
[INFO] [stdout] 
[INFO] [stdout] warning: this function depends on never type fallback being `()`
[INFO] [stdout]   --> src/provider/redis.rs:52:15
[INFO] [stdout]    |
[INFO] [stdout] 52 |               $($async)? fn release_lock(
[INFO] [stdout]    |  ________________________^
[INFO] [stdout] 53 | |                 &self,
[INFO] [stdout] 54 | |                 config: &LockConfig,
[INFO] [stdout] 55 | |                 state: &LockState,
[INFO] [stdout] 56 | |             ) -> LockResult<LockState> {
[INFO] [stdout]    | |______________________________________^
[INFO] [stdout] ...
[INFO] [stdout] 98 |   impl_lockable_redis!(::redis::cluster::ClusterClient, get_connection, query,,);
[INFO] [stdout]    |   ------------------------------------------------------------------------------ in this macro invocation
[INFO] [stdout]    |
[INFO] [stdout]    = warning: this was previously accepted by the compiler but is being phased out; it will become a hard error in a future release!
[INFO] [stdout]    = note: for more information, see issue #123748 <https://github.com/rust-lang/rust/issues/123748>
[INFO] [stdout]    = help: specify the types explicitly
[INFO] [stdout] note: in edition 2024, the requirement `!: FromRedisValue` will fail
[INFO] [stdout]   --> src/provider/redis.rs:98:71
[INFO] [stdout]    |
[INFO] [stdout] 98 | impl_lockable_redis!(::redis::cluster::ClusterClient, get_connection, query,,);
[INFO] [stdout]    |                                                                       ^^^^^
[INFO] [stdout]    = note: this warning originates in the macro `impl_lockable_redis` (in Nightly builds, run with -Z macro-backtrace for more info)
[INFO] [stdout] 
[INFO] [stdout] 
[INFO] [stdout] warning: this function depends on never type fallback being `()`
[INFO] [stdout]   --> src/provider/redis.rs:52:15
[INFO] [stdout]    |
[INFO] [stdout] 52 |               $($async)? fn release_lock(
[INFO] [stdout]    |  ________________________^
[INFO] [stdout] 53 | |                 &self,
[INFO] [stdout] 54 | |                 config: &LockConfig,
[INFO] [stdout] 55 | |                 state: &LockState,
[INFO] [stdout] 56 | |             ) -> LockResult<LockState> {
[INFO] [stdout]    | |______________________________________^
[INFO] [stdout] ...
[INFO] [stdout] 96 |   impl_lockable_redis!(::redis::Client, get_connection, query,,);
[INFO] [stdout]    |   -------------------------------------------------------------- in this macro invocation
[INFO] [stdout]    |
[INFO] [stdout]    = warning: this was previously accepted by the compiler but is being phased out; it will become a hard error in a future release!
[INFO] [stdout]    = note: for more information, see issue #123748 <https://github.com/rust-lang/rust/issues/123748>
[INFO] [stdout]    = help: specify the types explicitly
[INFO] [stdout] note: in edition 2024, the requirement `!: FromRedisValue` will fail
[INFO] [stdout]   --> src/provider/redis.rs:96:55
[INFO] [stdout]    |
[INFO] [stdout] 96 | impl_lockable_redis!(::redis::Client, get_connection, query,,);
[INFO] [stdout]    |                                                       ^^^^^
[INFO] [stdout]    = note: `#[warn(dependency_on_unit_never_type_fallback)]` on by default
[INFO] [stdout]    = note: this warning originates in the macro `impl_lockable_redis` (in Nightly builds, run with -Z macro-backtrace for more info)
[INFO] [stdout] 
[INFO] [stdout] 
[INFO] [stdout] warning: this function depends on never type fallback being `()`
[INFO] [stdout]   --> src/provider/redis.rs:52:15
[INFO] [stdout]    |
[INFO] [stdout] 52 |               $($async)? fn release_lock(
[INFO] [stdout]    |  ________________________^
[INFO] [stdout] 53 | |                 &self,
[INFO] [stdout] 54 | |                 config: &LockConfig,
[INFO] [stdout] 55 | |                 state: &LockState,
[INFO] [stdout] 56 | |             ) -> LockResult<LockState> {
[INFO] [stdout]    | |______________________________________^
[INFO] [stdout] ...
[INFO] [stdout] 98 |   impl_lockable_redis!(::redis::cluster::ClusterClient, get_connection, query,,);
[INFO] [stdout]    |   ------------------------------------------------------------------------------ in this macro invocation
[INFO] [stdout]    |
[INFO] [stdout]    = warning: this was previously accepted by the compiler but is being phased out; it will become a hard error in a future release!
[INFO] [stdout]    = note: for more information, see issue #123748 <https://github.com/rust-lang/rust/issues/123748>
[INFO] [stdout]    = help: specify the types explicitly
[INFO] [stdout] note: in edition 2024, the requirement `!: FromRedisValue` will fail
[INFO] [stdout]   --> src/provider/redis.rs:98:71
[INFO] [stdout]    |
[INFO] [stdout] 98 | impl_lockable_redis!(::redis::cluster::ClusterClient, get_connection, query,,);
[INFO] [stdout]    |                                                                       ^^^^^
[INFO] [stdout]    = note: this warning originates in the macro `impl_lockable_redis` (in Nightly builds, run with -Z macro-backtrace for more info)
[INFO] [stdout] 
[INFO] [stdout] 
[INFO] [stdout] warning: use of deprecated associated function `chrono::TimeDelta::max_value`: Use `TimeDelta::MAX` instead
[INFO] [stdout]   --> src/lib.rs:86:21
[INFO] [stdout]    |
[INFO] [stdout] 86 |         let a = Duration::max_value();
[INFO] [stdout]    |                           ^^^^^^^^^
[INFO] [stdout]    |
[INFO] [stdout]    = note: `#[warn(deprecated)]` on by default
[INFO] [stdout] 
[INFO] [stdout] 
[INFO] [stderr]     Finished `test` profile [unoptimized + debuginfo] target(s) in 0.94s
[INFO] running `Command { std: "docker" "inspect" "55a9a2ace6509c9a9020c2b41ebd2009846fcad0c56aadba7f4f5c174d8408a0", kill_on_drop: false }`
[INFO] running `Command { std: "docker" "rm" "-f" "55a9a2ace6509c9a9020c2b41ebd2009846fcad0c56aadba7f4f5c174d8408a0", kill_on_drop: false }`
[INFO] [stdout] 55a9a2ace6509c9a9020c2b41ebd2009846fcad0c56aadba7f4f5c174d8408a0
[INFO] running `Command { std: "docker" "create" "-v" "/var/lib/crater-agent-workspace/builds/worker-5-tc1/target:/opt/rustwide/target:rw,Z" "-v" "/var/lib/crater-agent-workspace/builds/worker-5-tc1/source:/opt/rustwide/workdir:ro,Z" "-v" "/var/lib/crater-agent-workspace/cargo-home:/opt/rustwide/cargo-home:ro,Z" "-v" "/var/lib/crater-agent-workspace/rustup-home:/opt/rustwide/rustup-home:ro,Z" "-e" "SOURCE_DIR=/opt/rustwide/workdir" "-e" "CARGO_TARGET_DIR=/opt/rustwide/target" "-e" "CARGO_INCREMENTAL=0" "-e" "RUST_BACKTRACE=full" "-e" "RUSTFLAGS=--cap-lints=warn" "-e" "RUSTDOCFLAGS=--cap-lints=warn" "-e" "CARGO_HOME=/opt/rustwide/cargo-home" "-e" "RUSTUP_HOME=/opt/rustwide/rustup-home" "-w" "/opt/rustwide/workdir" "-m" "1610612736" "--user" "0:0" "--network" "none" "ghcr.io/rust-lang/crates-build-env/linux@sha256:f3a9d4ad9d972b27faf3965f35b62e55ba32bbce8f20bc8fe909558a86702fde" "/opt/rustwide/cargo-home/bin/cargo" "+1.83.0" "test" "--frozen", kill_on_drop: false }`
[INFO] [stdout] dab26ec06d5802a8bcdb19515b57496b20760074d2c02e0ad49cda4f4873c648
[INFO] running `Command { std: "docker" "start" "-a" "dab26ec06d5802a8bcdb19515b57496b20760074d2c02e0ad49cda4f4873c648", kill_on_drop: false }`
[INFO] [stderr] warning: this function depends on never type fallback being `()`
[INFO] [stderr]   --> src/provider/redis.rs:52:15
[INFO] [stderr]    |
[INFO] [stderr] 52 |               $($async)? fn release_lock(
[INFO] [stderr]    |  ________________________^
[INFO] [stderr] 53 | |                 &self,
[INFO] [stderr] 54 | |                 config: &LockConfig,
[INFO] [stderr] 55 | |                 state: &LockState,
[INFO] [stderr] 56 | |             ) -> LockResult<LockState> {
[INFO] [stderr]    | |______________________________________^
[INFO] [stderr] ...
[INFO] [stderr] 96 |   impl_lockable_redis!(::redis::Client, get_connection, query,,);
[INFO] [stderr]    |   -------------------------------------------------------------- in this macro invocation
[INFO] [stderr]    |
[INFO] [stderr]    = warning: this was previously accepted by the compiler but is being phased out; it will become a hard error in a future release!
[INFO] [stderr]    = note: for more information, see issue #123748 <https://github.com/rust-lang/rust/issues/123748>
[INFO] [stderr]    = help: specify the types explicitly
[INFO] [stderr] note: in edition 2024, the requirement `!: FromRedisValue` will fail
[INFO] [stderr]   --> src/provider/redis.rs:96:55
[INFO] [stderr]    |
[INFO] [stderr] 96 | impl_lockable_redis!(::redis::Client, get_connection, query,,);
[INFO] [stderr]    |                                                       ^^^^^
[INFO] [stderr]    = note: `#[warn(dependency_on_unit_never_type_fallback)]` on by default
[INFO] [stderr]    = note: this warning originates in the macro `impl_lockable_redis` (in Nightly builds, run with -Z macro-backtrace for more info)
[INFO] [stderr] 
[INFO] [stderr] warning: this function depends on never type fallback being `()`
[INFO] [stderr]   --> src/provider/redis.rs:52:15
[INFO] [stderr]    |
[INFO] [stderr] 52 |               $($async)? fn release_lock(
[INFO] [stderr]    |  ________________________^
[INFO] [stderr] 53 | |                 &self,
[INFO] [stderr] 54 | |                 config: &LockConfig,
[INFO] [stderr] 55 | |                 state: &LockState,
[INFO] [stderr] 56 | |             ) -> LockResult<LockState> {
[INFO] [stderr]    | |______________________________________^
[INFO] [stderr] ...
[INFO] [stderr] 98 |   impl_lockable_redis!(::redis::cluster::ClusterClient, get_connection, query,,);
[INFO] [stderr]    |   ------------------------------------------------------------------------------ in this macro invocation
[INFO] [stderr]    |
[INFO] [stderr]    = warning: this was previously accepted by the compiler but is being phased out; it will become a hard error in a future release!
[INFO] [stderr]    = note: for more information, see issue #123748 <https://github.com/rust-lang/rust/issues/123748>
[INFO] [stderr]    = help: specify the types explicitly
[INFO] [stderr] note: in edition 2024, the requirement `!: FromRedisValue` will fail
[INFO] [stderr]   --> src/provider/redis.rs:98:71
[INFO] [stderr]    |
[INFO] [stderr] 98 | impl_lockable_redis!(::redis::cluster::ClusterClient, get_connection, query,,);
[INFO] [stderr]    |                                                                       ^^^^^
[INFO] [stderr]    = note: this warning originates in the macro `impl_lockable_redis` (in Nightly builds, run with -Z macro-backtrace for more info)
[INFO] [stderr] 
[INFO] [stderr] warning: `dist_lock` (lib) generated 2 warnings
[INFO] [stderr] warning: use of deprecated associated function `chrono::TimeDelta::max_value`: Use `TimeDelta::MAX` instead
[INFO] [stderr]   --> src/lib.rs:86:21
[INFO] [stderr]    |
[INFO] [stderr] 86 |         let a = Duration::max_value();
[INFO] [stderr]    |                           ^^^^^^^^^
[INFO] [stderr]    |
[INFO] [stderr]    = note: `#[warn(deprecated)]` on by default
[INFO] [stderr] 
[INFO] [stderr] warning: `dist_lock` (lib test) generated 3 warnings (2 duplicates)
[INFO] [stderr]     Finished `test` profile [unoptimized + debuginfo] target(s) in 0.16s
[INFO] [stderr]      Running unittests src/lib.rs (/opt/rustwide/target/debug/deps/dist_lock-b581f2605fea2118)
[INFO] [stdout] 
[INFO] [stdout] running 1 test
[INFO] [stdout] test tests::it_works ... FAILED
[INFO] [stdout] 
[INFO] [stdout] failures:
[INFO] [stdout] 
[INFO] [stdout] ---- tests::it_works stdout ----
[INFO] [stdout] thread 'tests::it_works' panicked at /opt/rustwide/cargo-home/registry/src/index.crates.io-6f17d22bba15001f/chrono-0.4.39/src/datetime/mod.rs:1482:38:
[INFO] [stdout] `DateTime + TimeDelta` overflowed
[INFO] [stdout] stack backtrace:
[INFO] [stdout]    0:     0x654134f6427a - std::backtrace_rs::backtrace::libunwind::trace::h5a5b8284f2d0c266
[INFO] [stdout]                                at /rustc/90b35a6239c3d8bdabc530a6a0816f7ff89a0aaf/library/std/src/../../backtrace/src/backtrace/libunwind.rs:116:5
[INFO] [stdout]    1:     0x654134f6427a - std::backtrace_rs::backtrace::trace_unsynchronized::h76d4f1c9b0b875e3
[INFO] [stdout]                                at /rustc/90b35a6239c3d8bdabc530a6a0816f7ff89a0aaf/library/std/src/../../backtrace/src/backtrace/mod.rs:66:5
[INFO] [stdout]    2:     0x654134f6427a - std::sys::backtrace::_print_fmt::hc4546b8364a537c6
[INFO] [stdout]                                at /rustc/90b35a6239c3d8bdabc530a6a0816f7ff89a0aaf/library/std/src/sys/backtrace.rs:66:9
[INFO] [stdout]    3:     0x654134f6427a - <std::sys::backtrace::BacktraceLock::print::DisplayBacktrace as core::fmt::Display>::fmt::h5b6bd5631a6d1f6b
[INFO] [stdout]                                at /rustc/90b35a6239c3d8bdabc530a6a0816f7ff89a0aaf/library/std/src/sys/backtrace.rs:39:26
[INFO] [stdout]    4:     0x654134f89503 - core::fmt::rt::Argument::fmt::h270f6602a2b96f62
[INFO] [stdout]                                at /rustc/90b35a6239c3d8bdabc530a6a0816f7ff89a0aaf/library/core/src/fmt/rt.rs:177:76
[INFO] [stdout]    5:     0x654134f89503 - core::fmt::write::h7550c97b06c86515
[INFO] [stdout]                                at /rustc/90b35a6239c3d8bdabc530a6a0816f7ff89a0aaf/library/core/src/fmt/mod.rs:1186:21
[INFO] [stdout]    6:     0x654134f61443 - std::io::Write::write_fmt::h509ff860e5956e5e
[INFO] [stdout]                                at /rustc/90b35a6239c3d8bdabc530a6a0816f7ff89a0aaf/library/std/src/io/mod.rs:1839:15
[INFO] [stdout]    7:     0x654134f640c2 - std::sys::backtrace::BacktraceLock::print::h2395ccd2c84ba3aa
[INFO] [stdout]                                at /rustc/90b35a6239c3d8bdabc530a6a0816f7ff89a0aaf/library/std/src/sys/backtrace.rs:42:9
[INFO] [stdout]    8:     0x654134f656da - std::panicking::default_hook::{{closure}}::he19d4c7230e07961
[INFO] [stdout]                                at /rustc/90b35a6239c3d8bdabc530a6a0816f7ff89a0aaf/library/std/src/panicking.rs:268:22
[INFO] [stdout]    9:     0x654134f654e4 - std::panicking::default_hook::hf614597d3c67bbdb
[INFO] [stdout]                                at /rustc/90b35a6239c3d8bdabc530a6a0816f7ff89a0aaf/library/std/src/panicking.rs:292:9
[INFO] [stdout]   10:     0x654134f2ec49 - <alloc::boxed::Box<F,A> as core::ops::function::Fn<Args>>::call::h39b51ce4599c23d1
[INFO] [stdout]                                at /rustc/90b35a6239c3d8bdabc530a6a0816f7ff89a0aaf/library/alloc/src/boxed.rs:2468:9
[INFO] [stdout]   11:     0x654134f2ec49 - test::test_main::{{closure}}::he977ae839a582784
[INFO] [stdout]                                at /rustc/90b35a6239c3d8bdabc530a6a0816f7ff89a0aaf/library/test/src/lib.rs:133:21
[INFO] [stdout]   12:     0x654134f65d78 - <alloc::boxed::Box<F,A> as core::ops::function::Fn<Args>>::call::h9455091b6b06f9fb
[INFO] [stdout]                                at /rustc/90b35a6239c3d8bdabc530a6a0816f7ff89a0aaf/library/alloc/src/boxed.rs:2468:9
[INFO] [stdout]   13:     0x654134f65d78 - std::panicking::rust_panic_with_hook::h8942133a8b252070
[INFO] [stdout]                                at /rustc/90b35a6239c3d8bdabc530a6a0816f7ff89a0aaf/library/std/src/panicking.rs:809:13
[INFO] [stdout]   14:     0x654134f65b3a - std::panicking::begin_panic_handler::{{closure}}::hb5f5963570096b29
[INFO] [stdout]                                at /rustc/90b35a6239c3d8bdabc530a6a0816f7ff89a0aaf/library/std/src/panicking.rs:674:13
[INFO] [stdout]   15:     0x654134f64759 - std::sys::backtrace::__rust_end_short_backtrace::h6208cedc1922feda
[INFO] [stdout]                                at /rustc/90b35a6239c3d8bdabc530a6a0816f7ff89a0aaf/library/std/src/sys/backtrace.rs:170:18
[INFO] [stdout]   16:     0x654134f657cc - rust_begin_unwind
[INFO] [stdout]                                at /rustc/90b35a6239c3d8bdabc530a6a0816f7ff89a0aaf/library/std/src/panicking.rs:665:5
[INFO] [stdout]   17:     0x654134ef5a50 - core::panicking::panic_fmt::h0c3082644d1bf418
[INFO] [stdout]                                at /rustc/90b35a6239c3d8bdabc530a6a0816f7ff89a0aaf/library/core/src/panicking.rs:74:14
[INFO] [stdout]   18:     0x654134ef5a2b - core::panicking::panic_display::h735d9af8bded520c
[INFO] [stdout]                                at /rustc/90b35a6239c3d8bdabc530a6a0816f7ff89a0aaf/library/core/src/panicking.rs:264:5
[INFO] [stdout]   19:     0x654134ef5a2b - core::option::expect_failed::h95d2432053ef5ebb
[INFO] [stdout]                                at /rustc/90b35a6239c3d8bdabc530a6a0816f7ff89a0aaf/library/core/src/option.rs:2021:5
[INFO] [stdout]   20:     0x654134ef6548 - core::option::Option<T>::expect::h83b99f71f6ea9e94
[INFO] [stdout]                                at /rustc/90b35a6239c3d8bdabc530a6a0816f7ff89a0aaf/library/core/src/option.rs:933:21
[INFO] [stdout]   21:     0x654134ef6383 - <chrono::datetime::DateTime<Tz> as core::ops::arith::Add<chrono::time_delta::TimeDelta>>::add::hef0bc10e9a5fb949
[INFO] [stdout]                                at /opt/rustwide/cargo-home/registry/src/index.crates.io-6f17d22bba15001f/chrono-0.4.39/src/datetime/mod.rs:1482:9
[INFO] [stdout]   22:     0x654134ef692c - dist_lock::tests::it_works::h0abf7377c895d403
[INFO] [stdout]                                at /opt/rustwide/workdir/src/lib.rs:87:12
[INFO] [stdout]   23:     0x654134ef68d7 - dist_lock::tests::it_works::{{closure}}::ha06143670eb02c5a
[INFO] [stdout]                                at /opt/rustwide/workdir/src/lib.rs:85:15
[INFO] [stdout]   24:     0x654134ef64b6 - core::ops::function::FnOnce::call_once::h9de14d1adca2ca08
[INFO] [stdout]                                at /rustc/90b35a6239c3d8bdabc530a6a0816f7ff89a0aaf/library/core/src/ops/function.rs:250:5
[INFO] [stdout]   25:     0x654134f3360b - core::ops::function::FnOnce::call_once::h109cf8051a59b34e
[INFO] [stdout]                                at /rustc/90b35a6239c3d8bdabc530a6a0816f7ff89a0aaf/library/core/src/ops/function.rs:250:5
[INFO] [stdout]   26:     0x654134f3360b - test::__rust_begin_short_backtrace::hf4fff89d377446ba
[INFO] [stdout]                                at /rustc/90b35a6239c3d8bdabc530a6a0816f7ff89a0aaf/library/test/src/lib.rs:621:18
[INFO] [stdout]   27:     0x654134f32e47 - test::run_test_in_process::{{closure}}::h0e39181dd7ee5a43
[INFO] [stdout]                                at /rustc/90b35a6239c3d8bdabc530a6a0816f7ff89a0aaf/library/test/src/lib.rs:644:60
[INFO] [stdout]   28:     0x654134f32e47 - <core::panic::unwind_safe::AssertUnwindSafe<F> as core::ops::function::FnOnce<()>>::call_once::hc5a66a30f0bdfd1f
[INFO] [stdout]                                at /rustc/90b35a6239c3d8bdabc530a6a0816f7ff89a0aaf/library/core/src/panic/unwind_safe.rs:272:9
[INFO] [stdout]   29:     0x654134f32e47 - std::panicking::try::do_call::h873b7cf639554a5e
[INFO] [stdout]                                at /rustc/90b35a6239c3d8bdabc530a6a0816f7ff89a0aaf/library/std/src/panicking.rs:557:40
[INFO] [stdout]   30:     0x654134f32e47 - std::panicking::try::hdb19862fad9c8bd1
[INFO] [stdout]                                at /rustc/90b35a6239c3d8bdabc530a6a0816f7ff89a0aaf/library/std/src/panicking.rs:520:19
[INFO] [stdout]   31:     0x654134f32e47 - std::panic::catch_unwind::h281fe732d236d260
[INFO] [stdout]                                at /rustc/90b35a6239c3d8bdabc530a6a0816f7ff89a0aaf/library/std/src/panic.rs:358:14
[INFO] [stdout]   32:     0x654134f32e47 - test::run_test_in_process::h949b6df8457ed338
[INFO] [stdout]                                at /rustc/90b35a6239c3d8bdabc530a6a0816f7ff89a0aaf/library/test/src/lib.rs:644:27
[INFO] [stdout]   33:     0x654134f32e47 - test::run_test::{{closure}}::h52c556a6d4740e10
[INFO] [stdout]                                at /rustc/90b35a6239c3d8bdabc530a6a0816f7ff89a0aaf/library/test/src/lib.rs:565:43
[INFO] [stdout]   34:     0x654134ef8124 - test::run_test::{{closure}}::h4237f6381c45ccb9
[INFO] [stdout]                                at /rustc/90b35a6239c3d8bdabc530a6a0816f7ff89a0aaf/library/test/src/lib.rs:595:41
[INFO] [stdout]   35:     0x654134ef8124 - std::sys::backtrace::__rust_begin_short_backtrace::h505c97a579eca628
[INFO] [stdout]                                at /rustc/90b35a6239c3d8bdabc530a6a0816f7ff89a0aaf/library/std/src/sys/backtrace.rs:154:18
[INFO] [stdout]   36:     0x654134efb7ee - std::thread::Builder::spawn_unchecked_::{{closure}}::{{closure}}::h9e86b2e2bc107ea3
[INFO] [stdout]                                at /rustc/90b35a6239c3d8bdabc530a6a0816f7ff89a0aaf/library/std/src/thread/mod.rs:538:17
[INFO] [stdout]   37:     0x654134efb7ee - <core::panic::unwind_safe::AssertUnwindSafe<F> as core::ops::function::FnOnce<()>>::call_once::h8b06ddb275ff4a25
[INFO] [stdout]                                at /rustc/90b35a6239c3d8bdabc530a6a0816f7ff89a0aaf/library/core/src/panic/unwind_safe.rs:272:9
[INFO] [stdout]   38:     0x654134efb7ee - std::panicking::try::do_call::hb26ecd7cd9a9355d
[INFO] [stdout]                                at /rustc/90b35a6239c3d8bdabc530a6a0816f7ff89a0aaf/library/std/src/panicking.rs:557:40
[INFO] [stdout]   39:     0x654134efb7ee - std::panicking::try::h8ddeca9d705f9069
[INFO] [stdout]                                at /rustc/90b35a6239c3d8bdabc530a6a0816f7ff89a0aaf/library/std/src/panicking.rs:520:19
[INFO] [stdout]   40:     0x654134efb7ee - std::panic::catch_unwind::h49e1c33078844c46
[INFO] [stdout]                                at /rustc/90b35a6239c3d8bdabc530a6a0816f7ff89a0aaf/library/std/src/panic.rs:358:14
[INFO] [stdout]   41:     0x654134efb7ee - std::thread::Builder::spawn_unchecked_::{{closure}}::h6073db6ff56ad35d
[INFO] [stdout]                                at /rustc/90b35a6239c3d8bdabc530a6a0816f7ff89a0aaf/library/std/src/thread/mod.rs:537:30
[INFO] [stdout]   42:     0x654134efb7ee - core::ops::function::FnOnce::call_once{{vtable.shim}}::h2c5a5f3779c774f1
[INFO] [stdout]                                at /rustc/90b35a6239c3d8bdabc530a6a0816f7ff89a0aaf/library/core/src/ops/function.rs:250:5
[INFO] [stdout]   43:     0x654134f69acb - <alloc::boxed::Box<F,A> as core::ops::function::FnOnce<Args>>::call_once::hf75717d9f28faebf
[INFO] [stdout]                                at /rustc/90b35a6239c3d8bdabc530a6a0816f7ff89a0aaf/library/alloc/src/boxed.rs:2454:9
[INFO] [stdout]   44:     0x654134f69acb - <alloc::boxed::Box<F,A> as core::ops::function::FnOnce<Args>>::call_once::h7bd883a5f3c5f3c1
[INFO] [stdout]                                at /rustc/90b35a6239c3d8bdabc530a6a0816f7ff89a0aaf/library/alloc/src/boxed.rs:2454:9
[INFO] [stdout]   45:     0x654134f69acb - std::sys::pal::unix::thread::Thread::new::thread_start::hcc78f3943333fa94
[INFO] [stdout]                                at /rustc/90b35a6239c3d8bdabc530a6a0816f7ff89a0aaf/library/std/src/sys/pal/unix/thread.rs:105:17
[INFO] [stdout]   46:     0x7a68e8c51ac3 - <unknown>
[INFO] [stdout]   47:     0x7a68e8ce2a04 - clone
[INFO] [stdout]   48:                0x0 - <unknown>
[INFO] [stdout] 
[INFO] [stdout] 
[INFO] [stdout] failures:
[INFO] [stdout]     tests::it_works
[INFO] [stdout] 
[INFO] [stdout] test result: FAILED. 0 passed; 1 failed; 0 ignored; 0 measured; 0 filtered out; finished in 0.02s
[INFO] [stdout] 
[INFO] [stderr] error: test failed, to rerun pass `--lib`
[INFO] running `Command { std: "docker" "inspect" "dab26ec06d5802a8bcdb19515b57496b20760074d2c02e0ad49cda4f4873c648", kill_on_drop: false }`
[INFO] running `Command { std: "docker" "rm" "-f" "dab26ec06d5802a8bcdb19515b57496b20760074d2c02e0ad49cda4f4873c648", kill_on_drop: false }`
[INFO] [stdout] dab26ec06d5802a8bcdb19515b57496b20760074d2c02e0ad49cda4f4873c648
