[INFO] fetching crate disqualified 1.0.0...
[INFO] testing disqualified-1.0.0 against 1.83.0 for beta-1.84.0-4-retry
[INFO] extracting crate disqualified 1.0.0 into /workspace/builds/worker-2-tc1/source
[INFO] validating manifest of crates.io crate disqualified 1.0.0 on toolchain 1.83.0
[INFO] running `Command { std: CARGO_HOME="/workspace/cargo-home" RUSTUP_HOME="/workspace/rustup-home" "/workspace/cargo-home/bin/cargo" "+1.83.0" "metadata" "--manifest-path" "Cargo.toml" "--no-deps", kill_on_drop: false }`
[INFO] started tweaking crates.io crate disqualified 1.0.0
[INFO] finished tweaking crates.io crate disqualified 1.0.0
[INFO] tweaked toml for crates.io crate disqualified 1.0.0 written to /workspace/builds/worker-2-tc1/source/Cargo.toml
[INFO] running `Command { std: CARGO_HOME="/workspace/cargo-home" RUSTUP_HOME="/workspace/rustup-home" "/workspace/cargo-home/bin/cargo" "+1.83.0" "generate-lockfile" "--manifest-path" "Cargo.toml", kill_on_drop: false }`
[INFO] [stderr]     Blocking waiting for file lock on package cache
[INFO] running `Command { std: CARGO_HOME="/workspace/cargo-home" RUSTUP_HOME="/workspace/rustup-home" "/workspace/cargo-home/bin/cargo" "+1.83.0" "fetch" "--manifest-path" "Cargo.toml", kill_on_drop: false }`
[INFO] [stderr]     Blocking waiting for file lock on package cache
[INFO] running `Command { std: "docker" "create" "-v" "/var/lib/crater-agent-workspace/builds/worker-2-tc1/target:/opt/rustwide/target:rw,Z" "-v" "/var/lib/crater-agent-workspace/builds/worker-2-tc1/source:/opt/rustwide/workdir:ro,Z" "-v" "/var/lib/crater-agent-workspace/cargo-home:/opt/rustwide/cargo-home:ro,Z" "-v" "/var/lib/crater-agent-workspace/rustup-home:/opt/rustwide/rustup-home:ro,Z" "-e" "SOURCE_DIR=/opt/rustwide/workdir" "-e" "CARGO_TARGET_DIR=/opt/rustwide/target" "-e" "CARGO_HOME=/opt/rustwide/cargo-home" "-e" "RUSTUP_HOME=/opt/rustwide/rustup-home" "-w" "/opt/rustwide/workdir" "-m" "1610612736" "--user" "0:0" "--network" "none" "ghcr.io/rust-lang/crates-build-env/linux@sha256:f3a9d4ad9d972b27faf3965f35b62e55ba32bbce8f20bc8fe909558a86702fde" "/opt/rustwide/cargo-home/bin/cargo" "+1.83.0" "metadata" "--no-deps" "--format-version=1", kill_on_drop: false }`
[INFO] [stdout] f71985baaf061ac808383e339bd22053412bc9895166e6639dc169aa8c77372d
[INFO] running `Command { std: "docker" "start" "-a" "f71985baaf061ac808383e339bd22053412bc9895166e6639dc169aa8c77372d", kill_on_drop: false }`
[INFO] running `Command { std: "docker" "inspect" "f71985baaf061ac808383e339bd22053412bc9895166e6639dc169aa8c77372d", kill_on_drop: false }`
[INFO] running `Command { std: "docker" "rm" "-f" "f71985baaf061ac808383e339bd22053412bc9895166e6639dc169aa8c77372d", kill_on_drop: false }`
[INFO] [stdout] f71985baaf061ac808383e339bd22053412bc9895166e6639dc169aa8c77372d
[INFO] running `Command { std: "docker" "create" "-v" "/var/lib/crater-agent-workspace/builds/worker-2-tc1/target:/opt/rustwide/target:rw,Z" "-v" "/var/lib/crater-agent-workspace/builds/worker-2-tc1/source:/opt/rustwide/workdir:ro,Z" "-v" "/var/lib/crater-agent-workspace/cargo-home:/opt/rustwide/cargo-home:ro,Z" "-v" "/var/lib/crater-agent-workspace/rustup-home:/opt/rustwide/rustup-home:ro,Z" "-e" "SOURCE_DIR=/opt/rustwide/workdir" "-e" "CARGO_TARGET_DIR=/opt/rustwide/target" "-e" "CARGO_INCREMENTAL=0" "-e" "RUST_BACKTRACE=full" "-e" "RUSTFLAGS=--cap-lints=warn" "-e" "RUSTDOCFLAGS=--cap-lints=warn" "-e" "CARGO_HOME=/opt/rustwide/cargo-home" "-e" "RUSTUP_HOME=/opt/rustwide/rustup-home" "-w" "/opt/rustwide/workdir" "-m" "1610612736" "--user" "0:0" "--network" "none" "ghcr.io/rust-lang/crates-build-env/linux@sha256:f3a9d4ad9d972b27faf3965f35b62e55ba32bbce8f20bc8fe909558a86702fde" "/opt/rustwide/cargo-home/bin/cargo" "+1.83.0" "build" "--frozen" "--message-format=json", kill_on_drop: false }`
[INFO] [stdout] 81f2e4e0dd2234278046d659084d799e4a44dddcc6730f527182ccb9bea95334
[INFO] running `Command { std: "docker" "start" "-a" "81f2e4e0dd2234278046d659084d799e4a44dddcc6730f527182ccb9bea95334", kill_on_drop: false }`
[INFO] [stderr]    Compiling disqualified v1.0.0 (/opt/rustwide/workdir)
[INFO] [stderr]     Finished `dev` profile [unoptimized + debuginfo] target(s) in 0.14s
[INFO] running `Command { std: "docker" "inspect" "81f2e4e0dd2234278046d659084d799e4a44dddcc6730f527182ccb9bea95334", kill_on_drop: false }`
[INFO] running `Command { std: "docker" "rm" "-f" "81f2e4e0dd2234278046d659084d799e4a44dddcc6730f527182ccb9bea95334", kill_on_drop: false }`
[INFO] [stdout] 81f2e4e0dd2234278046d659084d799e4a44dddcc6730f527182ccb9bea95334
[INFO] running `Command { std: "docker" "create" "-v" "/var/lib/crater-agent-workspace/builds/worker-2-tc1/target:/opt/rustwide/target:rw,Z" "-v" "/var/lib/crater-agent-workspace/builds/worker-2-tc1/source:/opt/rustwide/workdir:ro,Z" "-v" "/var/lib/crater-agent-workspace/cargo-home:/opt/rustwide/cargo-home:ro,Z" "-v" "/var/lib/crater-agent-workspace/rustup-home:/opt/rustwide/rustup-home:ro,Z" "-e" "SOURCE_DIR=/opt/rustwide/workdir" "-e" "CARGO_TARGET_DIR=/opt/rustwide/target" "-e" "CARGO_INCREMENTAL=0" "-e" "RUST_BACKTRACE=full" "-e" "RUSTFLAGS=--cap-lints=warn" "-e" "RUSTDOCFLAGS=--cap-lints=warn" "-e" "CARGO_HOME=/opt/rustwide/cargo-home" "-e" "RUSTUP_HOME=/opt/rustwide/rustup-home" "-w" "/opt/rustwide/workdir" "-m" "1610612736" "--user" "0:0" "--network" "none" "ghcr.io/rust-lang/crates-build-env/linux@sha256:f3a9d4ad9d972b27faf3965f35b62e55ba32bbce8f20bc8fe909558a86702fde" "/opt/rustwide/cargo-home/bin/cargo" "+1.83.0" "test" "--frozen" "--no-run" "--message-format=json", kill_on_drop: false }`
[INFO] [stdout] 59b4c6b3f6b8358f96272ad411a5ca160b598260623850a590a2865bbac4a189
[INFO] running `Command { std: "docker" "start" "-a" "59b4c6b3f6b8358f96272ad411a5ca160b598260623850a590a2865bbac4a189", kill_on_drop: false }`
[INFO] [stderr]    Compiling disqualified v1.0.0 (/opt/rustwide/workdir)
[INFO] [stderr]     Finished `test` profile [unoptimized + debuginfo] target(s) in 0.46s
[INFO] running `Command { std: "docker" "inspect" "59b4c6b3f6b8358f96272ad411a5ca160b598260623850a590a2865bbac4a189", kill_on_drop: false }`
[INFO] running `Command { std: "docker" "rm" "-f" "59b4c6b3f6b8358f96272ad411a5ca160b598260623850a590a2865bbac4a189", kill_on_drop: false }`
[INFO] [stdout] 59b4c6b3f6b8358f96272ad411a5ca160b598260623850a590a2865bbac4a189
[INFO] running `Command { std: "docker" "create" "-v" "/var/lib/crater-agent-workspace/builds/worker-2-tc1/target:/opt/rustwide/target:rw,Z" "-v" "/var/lib/crater-agent-workspace/builds/worker-2-tc1/source:/opt/rustwide/workdir:ro,Z" "-v" "/var/lib/crater-agent-workspace/cargo-home:/opt/rustwide/cargo-home:ro,Z" "-v" "/var/lib/crater-agent-workspace/rustup-home:/opt/rustwide/rustup-home:ro,Z" "-e" "SOURCE_DIR=/opt/rustwide/workdir" "-e" "CARGO_TARGET_DIR=/opt/rustwide/target" "-e" "CARGO_INCREMENTAL=0" "-e" "RUST_BACKTRACE=full" "-e" "RUSTFLAGS=--cap-lints=warn" "-e" "RUSTDOCFLAGS=--cap-lints=warn" "-e" "CARGO_HOME=/opt/rustwide/cargo-home" "-e" "RUSTUP_HOME=/opt/rustwide/rustup-home" "-w" "/opt/rustwide/workdir" "-m" "1610612736" "--user" "0:0" "--network" "none" "ghcr.io/rust-lang/crates-build-env/linux@sha256:f3a9d4ad9d972b27faf3965f35b62e55ba32bbce8f20bc8fe909558a86702fde" "/opt/rustwide/cargo-home/bin/cargo" "+1.83.0" "test" "--frozen", kill_on_drop: false }`
[INFO] [stdout] 03eefdc95bdeebe7a9fc233fdc641b8c0999169ad6ad4f9ae141d9d7f68f432c
[INFO] running `Command { std: "docker" "start" "-a" "03eefdc95bdeebe7a9fc233fdc641b8c0999169ad6ad4f9ae141d9d7f68f432c", kill_on_drop: false }`
[INFO] [stderr]     Finished `test` profile [unoptimized + debuginfo] target(s) in 0.01s
[INFO] [stderr]      Running unittests src/lib.rs (/opt/rustwide/target/debug/deps/disqualified-77e57849bf9194a3)
[INFO] [stdout] 
[INFO] [stdout] running 10 tests
[INFO] [stdout] test short_name::name_formatting_tests::array_type ... ok
[INFO] [stdout] test short_name::name_formatting_tests::nested_generics ... ok
[INFO] [stdout] test short_name::name_formatting_tests::generics ... ok
[INFO] [stdout] test short_name::name_formatting_tests::trivial_generics ... ok
[INFO] [stdout] test short_name::name_formatting_tests::tuple_type ... ok
[INFO] [stdout] test short_name::name_formatting_tests::enums ... ok
[INFO] [stdout] test short_name::name_formatting_tests::path_separated ... ok
[INFO] [stdout] test short_name::name_formatting_tests::sub_path_after_closing_bracket ... ok
[INFO] [stdout] test short_name::name_formatting_tests::trivial ... ok
[INFO] [stderr]    Doc-tests disqualified
[INFO] [stdout] test short_name::name_formatting_tests::multiple_type_parameters ... ok
[INFO] [stdout] 
[INFO] [stdout] test result: ok. 10 passed; 0 failed; 0 ignored; 0 measured; 0 filtered out; finished in 0.01s
[INFO] [stdout] 
[INFO] [stdout] 
[INFO] [stdout] running 1 test
[INFO] [stdout] test src/short_name.rs - short_name::ShortName (line 13) ... FAILED
[INFO] [stdout] 
[INFO] [stdout] failures:
[INFO] [stdout] 
[INFO] [stdout] ---- src/short_name.rs - short_name::ShortName (line 13) stdout ----
[INFO] [stdout] error[E0432]: unresolved import `bevy_reflect`
[INFO] [stdout]  --> src/short_name.rs:14:5
[INFO] [stdout]   |
[INFO] [stdout] 3 | use bevy_reflect::ShortName;
[INFO] [stdout]   |     ^^^^^^^^^^^^ use of undeclared crate or module `bevy_reflect`
[INFO] [stdout] 
[INFO] [stdout] error: aborting due to 1 previous error
[INFO] [stdout] 
[INFO] [stdout] For more information about this error, try `rustc --explain E0432`.
[INFO] [stdout] Couldn't compile the test.
[INFO] [stdout] 
[INFO] [stdout] failures:
[INFO] [stdout]     src/short_name.rs - short_name::ShortName (line 13)
[INFO] [stdout] 
[INFO] [stdout] test result: FAILED. 0 passed; 1 failed; 0 ignored; 0 measured; 0 filtered out; finished in 0.04s
[INFO] [stdout] 
[INFO] [stderr] error: doctest failed, to rerun pass `--doc`
[INFO] running `Command { std: "docker" "inspect" "03eefdc95bdeebe7a9fc233fdc641b8c0999169ad6ad4f9ae141d9d7f68f432c", kill_on_drop: false }`
[INFO] running `Command { std: "docker" "rm" "-f" "03eefdc95bdeebe7a9fc233fdc641b8c0999169ad6ad4f9ae141d9d7f68f432c", kill_on_drop: false }`
[INFO] [stdout] 03eefdc95bdeebe7a9fc233fdc641b8c0999169ad6ad4f9ae141d9d7f68f432c
