[INFO] fetching crate disk-queue 0.1.1...
[INFO] testing disk-queue-0.1.1 against 1.83.0 for beta-1.84.0-4-retry
[INFO] extracting crate disk-queue 0.1.1 into /workspace/builds/worker-2-tc1/source
[INFO] validating manifest of crates.io crate disk-queue 0.1.1 on toolchain 1.83.0
[INFO] running `Command { std: CARGO_HOME="/workspace/cargo-home" RUSTUP_HOME="/workspace/rustup-home" "/workspace/cargo-home/bin/cargo" "+1.83.0" "metadata" "--manifest-path" "Cargo.toml" "--no-deps", kill_on_drop: false }`
[INFO] started tweaking crates.io crate disk-queue 0.1.1
[INFO] finished tweaking crates.io crate disk-queue 0.1.1
[INFO] tweaked toml for crates.io crate disk-queue 0.1.1 written to /workspace/builds/worker-2-tc1/source/Cargo.toml
[INFO] crate crates.io crate disk-queue 0.1.1 already has a lockfile, it will not be regenerated
[INFO] running `Command { std: CARGO_HOME="/workspace/cargo-home" RUSTUP_HOME="/workspace/rustup-home" "/workspace/cargo-home/bin/cargo" "+1.83.0" "fetch" "--manifest-path" "Cargo.toml", kill_on_drop: false }`
[INFO] [stderr]  Downloading crates ...
[INFO] [stderr]   Downloaded plotters v0.3.3
[INFO] running `Command { std: "docker" "create" "-v" "/var/lib/crater-agent-workspace/builds/worker-2-tc1/target:/opt/rustwide/target:rw,Z" "-v" "/var/lib/crater-agent-workspace/builds/worker-2-tc1/source:/opt/rustwide/workdir:ro,Z" "-v" "/var/lib/crater-agent-workspace/cargo-home:/opt/rustwide/cargo-home:ro,Z" "-v" "/var/lib/crater-agent-workspace/rustup-home:/opt/rustwide/rustup-home:ro,Z" "-e" "SOURCE_DIR=/opt/rustwide/workdir" "-e" "CARGO_TARGET_DIR=/opt/rustwide/target" "-e" "CARGO_HOME=/opt/rustwide/cargo-home" "-e" "RUSTUP_HOME=/opt/rustwide/rustup-home" "-w" "/opt/rustwide/workdir" "-m" "1610612736" "--user" "0:0" "--network" "none" "ghcr.io/rust-lang/crates-build-env/linux@sha256:f3a9d4ad9d972b27faf3965f35b62e55ba32bbce8f20bc8fe909558a86702fde" "/opt/rustwide/cargo-home/bin/cargo" "+1.83.0" "metadata" "--no-deps" "--format-version=1", kill_on_drop: false }`
[INFO] [stdout] af14f6db347ebbb96a4e842c0fb73880ea072367715393e9c20f988805243708
[INFO] running `Command { std: "docker" "start" "-a" "af14f6db347ebbb96a4e842c0fb73880ea072367715393e9c20f988805243708", kill_on_drop: false }`
[INFO] running `Command { std: "docker" "inspect" "af14f6db347ebbb96a4e842c0fb73880ea072367715393e9c20f988805243708", kill_on_drop: false }`
[INFO] running `Command { std: "docker" "rm" "-f" "af14f6db347ebbb96a4e842c0fb73880ea072367715393e9c20f988805243708", kill_on_drop: false }`
[INFO] [stdout] af14f6db347ebbb96a4e842c0fb73880ea072367715393e9c20f988805243708
[INFO] running `Command { std: "docker" "create" "-v" "/var/lib/crater-agent-workspace/builds/worker-2-tc1/target:/opt/rustwide/target:rw,Z" "-v" "/var/lib/crater-agent-workspace/builds/worker-2-tc1/source:/opt/rustwide/workdir:ro,Z" "-v" "/var/lib/crater-agent-workspace/cargo-home:/opt/rustwide/cargo-home:ro,Z" "-v" "/var/lib/crater-agent-workspace/rustup-home:/opt/rustwide/rustup-home:ro,Z" "-e" "SOURCE_DIR=/opt/rustwide/workdir" "-e" "CARGO_TARGET_DIR=/opt/rustwide/target" "-e" "CARGO_INCREMENTAL=0" "-e" "RUST_BACKTRACE=full" "-e" "RUSTFLAGS=--cap-lints=warn" "-e" "RUSTDOCFLAGS=--cap-lints=warn" "-e" "CARGO_HOME=/opt/rustwide/cargo-home" "-e" "RUSTUP_HOME=/opt/rustwide/rustup-home" "-w" "/opt/rustwide/workdir" "-m" "1610612736" "--user" "0:0" "--network" "none" "ghcr.io/rust-lang/crates-build-env/linux@sha256:f3a9d4ad9d972b27faf3965f35b62e55ba32bbce8f20bc8fe909558a86702fde" "/opt/rustwide/cargo-home/bin/cargo" "+1.83.0" "build" "--frozen" "--message-format=json", kill_on_drop: false }`
[INFO] [stdout] c12e68695063512b06a0f01e5bf997b0ae66bff77fb26b2dbfca6d44ac0ef104
[INFO] running `Command { std: "docker" "start" "-a" "c12e68695063512b06a0f01e5bf997b0ae66bff77fb26b2dbfca6d44ac0ef104", kill_on_drop: false }`
[INFO] [stderr]    Compiling libc v0.2.132
[INFO] [stderr]    Compiling memmap v0.7.0
[INFO] [stderr]    Compiling disk-queue v0.1.1 (/opt/rustwide/workdir)
[INFO] [stdout] warning: non-binding let on a synchronization lock
[INFO] [stdout]    --> src/page.rs:192:17
[INFO] [stdout]     |
[INFO] [stdout] 192 |             let _ = rwlatch.read().unwrap();
[INFO] [stdout]     |                 ^ this lock is not assigned to a binding and is immediately dropped
[INFO] [stdout]     |
[INFO] [stdout]     = note: `#[warn(let_underscore_lock)]` on by default
[INFO] [stdout] help: consider binding to an unused variable to avoid immediately dropping the value
[INFO] [stdout]     |
[INFO] [stdout] 192 |             let _unused = rwlatch.read().unwrap();
[INFO] [stdout]     |                 ~~~~~~~
[INFO] [stdout] help: consider immediately dropping the value
[INFO] [stdout]     |
[INFO] [stdout] 192 |             drop(rwlatch.read().unwrap());
[INFO] [stdout]     |             ~~~~~                       +
[INFO] [stdout] 
[INFO] [stdout] 
[INFO] [stdout] warning: non-binding let on a synchronization lock
[INFO] [stdout]    --> src/page.rs:233:17
[INFO] [stdout]     |
[INFO] [stdout] 233 |             let _ = self.rwlatch.read().unwrap();
[INFO] [stdout]     |                 ^ this lock is not assigned to a binding and is immediately dropped
[INFO] [stdout]     |
[INFO] [stdout] help: consider binding to an unused variable to avoid immediately dropping the value
[INFO] [stdout]     |
[INFO] [stdout] 233 |             let _unused = self.rwlatch.read().unwrap();
[INFO] [stdout]     |                 ~~~~~~~
[INFO] [stdout] help: consider immediately dropping the value
[INFO] [stdout]     |
[INFO] [stdout] 233 |             drop(self.rwlatch.read().unwrap());
[INFO] [stdout]     |             ~~~~~                            +
[INFO] [stdout] 
[INFO] [stdout] 
[INFO] [stdout] warning: non-binding let on a synchronization lock
[INFO] [stdout]    --> src/page.rs:242:17
[INFO] [stdout]     |
[INFO] [stdout] 242 |             let _ = self.rwlatch.write().unwrap();
[INFO] [stdout]     |                 ^ this lock is not assigned to a binding and is immediately dropped
[INFO] [stdout]     |
[INFO] [stdout] help: consider binding to an unused variable to avoid immediately dropping the value
[INFO] [stdout]     |
[INFO] [stdout] 242 |             let _unused = self.rwlatch.write().unwrap();
[INFO] [stdout]     |                 ~~~~~~~
[INFO] [stdout] help: consider immediately dropping the value
[INFO] [stdout]     |
[INFO] [stdout] 242 |             drop(self.rwlatch.write().unwrap());
[INFO] [stdout]     |             ~~~~~                             +
[INFO] [stdout] 
[INFO] [stdout] 
[INFO] [stdout] warning: non-binding let on a synchronization lock
[INFO] [stdout]    --> src/page.rs:256:21
[INFO] [stdout]     |
[INFO] [stdout] 256 |                 let _ = self.rwlatch.read().unwrap();
[INFO] [stdout]     |                     ^ this lock is not assigned to a binding and is immediately dropped
[INFO] [stdout]     |
[INFO] [stdout] help: consider binding to an unused variable to avoid immediately dropping the value
[INFO] [stdout]     |
[INFO] [stdout] 256 |                 let _unused = self.rwlatch.read().unwrap();
[INFO] [stdout]     |                     ~~~~~~~
[INFO] [stdout] help: consider immediately dropping the value
[INFO] [stdout]     |
[INFO] [stdout] 256 |                 drop(self.rwlatch.read().unwrap());
[INFO] [stdout]     |                 ~~~~~                            +
[INFO] [stdout] 
[INFO] [stdout] 
[INFO] [stdout] warning: non-binding let on a synchronization lock
[INFO] [stdout]    --> src/page.rs:274:21
[INFO] [stdout]     |
[INFO] [stdout] 274 |                 let _ = self.rwlatch.read().unwrap();
[INFO] [stdout]     |                     ^ this lock is not assigned to a binding and is immediately dropped
[INFO] [stdout]     |
[INFO] [stdout] help: consider binding to an unused variable to avoid immediately dropping the value
[INFO] [stdout]     |
[INFO] [stdout] 274 |                 let _unused = self.rwlatch.read().unwrap();
[INFO] [stdout]     |                     ~~~~~~~
[INFO] [stdout] help: consider immediately dropping the value
[INFO] [stdout]     |
[INFO] [stdout] 274 |                 drop(self.rwlatch.read().unwrap());
[INFO] [stdout]     |                 ~~~~~                            +
[INFO] [stdout] 
[INFO] [stdout] 
[INFO] [stdout] warning: non-binding let on a synchronization lock
[INFO] [stdout]    --> src/page.rs:307:17
[INFO] [stdout]     |
[INFO] [stdout] 307 |             let _ = self.rwlatch.write().unwrap();
[INFO] [stdout]     |                 ^ this lock is not assigned to a binding and is immediately dropped
[INFO] [stdout]     |
[INFO] [stdout] help: consider binding to an unused variable to avoid immediately dropping the value
[INFO] [stdout]     |
[INFO] [stdout] 307 |             let _unused = self.rwlatch.write().unwrap();
[INFO] [stdout]     |                 ~~~~~~~
[INFO] [stdout] help: consider immediately dropping the value
[INFO] [stdout]     |
[INFO] [stdout] 307 |             drop(self.rwlatch.write().unwrap());
[INFO] [stdout]     |             ~~~~~                             +
[INFO] [stdout] 
[INFO] [stdout] 
[INFO] [stderr]     Finished `dev` profile [unoptimized + debuginfo] target(s) in 1.40s
[INFO] running `Command { std: "docker" "inspect" "c12e68695063512b06a0f01e5bf997b0ae66bff77fb26b2dbfca6d44ac0ef104", kill_on_drop: false }`
[INFO] running `Command { std: "docker" "rm" "-f" "c12e68695063512b06a0f01e5bf997b0ae66bff77fb26b2dbfca6d44ac0ef104", kill_on_drop: false }`
[INFO] [stdout] c12e68695063512b06a0f01e5bf997b0ae66bff77fb26b2dbfca6d44ac0ef104
[INFO] running `Command { std: "docker" "create" "-v" "/var/lib/crater-agent-workspace/builds/worker-2-tc1/target:/opt/rustwide/target:rw,Z" "-v" "/var/lib/crater-agent-workspace/builds/worker-2-tc1/source:/opt/rustwide/workdir:ro,Z" "-v" "/var/lib/crater-agent-workspace/cargo-home:/opt/rustwide/cargo-home:ro,Z" "-v" "/var/lib/crater-agent-workspace/rustup-home:/opt/rustwide/rustup-home:ro,Z" "-e" "SOURCE_DIR=/opt/rustwide/workdir" "-e" "CARGO_TARGET_DIR=/opt/rustwide/target" "-e" "CARGO_INCREMENTAL=0" "-e" "RUST_BACKTRACE=full" "-e" "RUSTFLAGS=--cap-lints=warn" "-e" "RUSTDOCFLAGS=--cap-lints=warn" "-e" "CARGO_HOME=/opt/rustwide/cargo-home" "-e" "RUSTUP_HOME=/opt/rustwide/rustup-home" "-w" "/opt/rustwide/workdir" "-m" "1610612736" "--user" "0:0" "--network" "none" "ghcr.io/rust-lang/crates-build-env/linux@sha256:f3a9d4ad9d972b27faf3965f35b62e55ba32bbce8f20bc8fe909558a86702fde" "/opt/rustwide/cargo-home/bin/cargo" "+1.83.0" "test" "--frozen" "--no-run" "--message-format=json", kill_on_drop: false }`
[INFO] [stdout] 64b5af92173990a1bb2e7f5d13d8687078cb3b92de96edf4325df11c8da9e85d
[INFO] running `Command { std: "docker" "start" "-a" "64b5af92173990a1bb2e7f5d13d8687078cb3b92de96edf4325df11c8da9e85d", kill_on_drop: false }`
[INFO] [stderr]    Compiling autocfg v1.1.0
[INFO] [stderr]    Compiling cfg-if v1.0.0
[INFO] [stderr]    Compiling serde v1.0.144
[INFO] [stderr]    Compiling crossbeam-utils v0.8.11
[INFO] [stderr]    Compiling once_cell v1.14.0
[INFO] [stderr]    Compiling memchr v2.5.0
[INFO] [stderr]    Compiling proc-macro2 v1.0.43
[INFO] [stderr]    Compiling rayon-core v1.9.3
[INFO] [stderr]    Compiling scopeguard v1.1.0
[INFO] [stderr]    Compiling quote v1.0.21
[INFO] [stderr]    Compiling unicode-ident v1.0.3
[INFO] [stderr]    Compiling syn v1.0.99
[INFO] [stderr]    Compiling either v1.8.0
[INFO] [stderr]    Compiling ryu v1.0.11
[INFO] [stderr]    Compiling serde_json v1.0.85
[INFO] [stderr]    Compiling num_cpus v1.13.1
[INFO] [stderr]    Compiling getrandom v0.2.7
[INFO] [stderr]    Compiling lazy_static v1.4.0
[INFO] [stderr]    Compiling itoa v1.0.3
[INFO] [stderr]    Compiling plotters-backend v0.3.4
[INFO] [stderr]    Compiling regex-automata v0.1.10
[INFO] [stderr]    Compiling serde_derive v1.0.144
[INFO] [stderr]    Compiling unicode-width v0.1.9
[INFO] [stderr]    Compiling rand_core v0.6.3
[INFO] [stderr]    Compiling itertools v0.10.3
[INFO] [stderr]    Compiling ppv-lite86 v0.2.16
[INFO] [stderr]    Compiling memoffset v0.6.5
[INFO] [stderr]    Compiling crossbeam-epoch v0.9.10
[INFO] [stderr]    Compiling num-traits v0.2.15
[INFO] [stderr]    Compiling rayon v1.5.3
[INFO] [stderr]    Compiling textwrap v0.11.0
[INFO] [stderr]    Compiling regex-syntax v0.6.27
[INFO] [stderr]    Compiling plotters-svg v0.3.3
[INFO] [stderr]    Compiling half v1.8.2
[INFO] [stderr]    Compiling itoa v0.4.8
[INFO] [stderr]    Compiling bitflags v1.3.2
[INFO] [stderr]    Compiling cast v0.3.0
[INFO] [stderr]    Compiling same-file v1.0.6
[INFO] [stderr]    Compiling clap v2.34.0
[INFO] [stderr]    Compiling atty v0.2.14
[INFO] [stderr]    Compiling oorandom v11.1.3
[INFO] [stderr]    Compiling walkdir v2.3.2
[INFO] [stderr]    Compiling crossbeam-channel v0.5.6
[INFO] [stderr]    Compiling csv-core v0.1.10
[INFO] [stderr]    Compiling rand_chacha v0.3.1
[INFO] [stdout] warning: non-binding let on a synchronization lock
[INFO] [stdout]    --> src/page.rs:192:17
[INFO] [stdout]     |
[INFO] [stdout] 192 |             let _ = rwlatch.read().unwrap();
[INFO] [stdout]     |                 ^ this lock is not assigned to a binding and is immediately dropped
[INFO] [stdout]     |
[INFO] [stdout]     = note: `#[warn(let_underscore_lock)]` on by default
[INFO] [stdout] help: consider binding to an unused variable to avoid immediately dropping the value
[INFO] [stdout]     |
[INFO] [stdout] 192 |             let _unused = rwlatch.read().unwrap();
[INFO] [stdout]     |                 ~~~~~~~
[INFO] [stdout] help: consider immediately dropping the value
[INFO] [stdout]     |
[INFO] [stdout] 192 |             drop(rwlatch.read().unwrap());
[INFO] [stdout]     |             ~~~~~                       +
[INFO] [stdout] 
[INFO] [stdout] 
[INFO] [stdout] warning: non-binding let on a synchronization lock
[INFO] [stdout]    --> src/page.rs:233:17
[INFO] [stdout]     |
[INFO] [stdout] 233 |             let _ = self.rwlatch.read().unwrap();
[INFO] [stdout]     |                 ^ this lock is not assigned to a binding and is immediately dropped
[INFO] [stdout]     |
[INFO] [stdout] help: consider binding to an unused variable to avoid immediately dropping the value
[INFO] [stdout]     |
[INFO] [stdout] 233 |             let _unused = self.rwlatch.read().unwrap();
[INFO] [stdout]     |                 ~~~~~~~
[INFO] [stdout] help: consider immediately dropping the value
[INFO] [stdout]     |
[INFO] [stdout] 233 |             drop(self.rwlatch.read().unwrap());
[INFO] [stdout]     |             ~~~~~                            +
[INFO] [stdout] 
[INFO] [stdout] 
[INFO] [stdout] warning: non-binding let on a synchronization lock
[INFO] [stdout]    --> src/page.rs:242:17
[INFO] [stdout]     |
[INFO] [stdout] 242 |             let _ = self.rwlatch.write().unwrap();
[INFO] [stdout]     |                 ^ this lock is not assigned to a binding and is immediately dropped
[INFO] [stdout]     |
[INFO] [stdout] help: consider binding to an unused variable to avoid immediately dropping the value
[INFO] [stdout]     |
[INFO] [stdout] 242 |             let _unused = self.rwlatch.write().unwrap();
[INFO] [stdout]     |                 ~~~~~~~
[INFO] [stdout] help: consider immediately dropping the value
[INFO] [stdout]     |
[INFO] [stdout] 242 |             drop(self.rwlatch.write().unwrap());
[INFO] [stdout]     |             ~~~~~                             +
[INFO] [stdout] 
[INFO] [stdout] 
[INFO] [stdout] warning: non-binding let on a synchronization lock
[INFO] [stdout]    --> src/page.rs:256:21
[INFO] [stdout]     |
[INFO] [stdout] 256 |                 let _ = self.rwlatch.read().unwrap();
[INFO] [stdout]     |                     ^ this lock is not assigned to a binding and is immediately dropped
[INFO] [stdout]     |
[INFO] [stdout] help: consider binding to an unused variable to avoid immediately dropping the value
[INFO] [stdout]     |
[INFO] [stdout] 256 |                 let _unused = self.rwlatch.read().unwrap();
[INFO] [stdout]     |                     ~~~~~~~
[INFO] [stdout] help: consider immediately dropping the value
[INFO] [stdout]     |
[INFO] [stdout] 256 |                 drop(self.rwlatch.read().unwrap());
[INFO] [stdout]     |                 ~~~~~                            +
[INFO] [stdout] 
[INFO] [stdout] 
[INFO] [stdout] warning: non-binding let on a synchronization lock
[INFO] [stdout]    --> src/page.rs:274:21
[INFO] [stdout]     |
[INFO] [stdout] 274 |                 let _ = self.rwlatch.read().unwrap();
[INFO] [stdout]     |                     ^ this lock is not assigned to a binding and is immediately dropped
[INFO] [stdout]     |
[INFO] [stdout] help: consider binding to an unused variable to avoid immediately dropping the value
[INFO] [stdout]     |
[INFO] [stdout] 274 |                 let _unused = self.rwlatch.read().unwrap();
[INFO] [stdout]     |                     ~~~~~~~
[INFO] [stdout] help: consider immediately dropping the value
[INFO] [stdout]     |
[INFO] [stdout] 274 |                 drop(self.rwlatch.read().unwrap());
[INFO] [stdout]     |                 ~~~~~                            +
[INFO] [stdout] 
[INFO] [stdout] 
[INFO] [stdout] warning: non-binding let on a synchronization lock
[INFO] [stdout]    --> src/page.rs:307:17
[INFO] [stdout]     |
[INFO] [stdout] 307 |             let _ = self.rwlatch.write().unwrap();
[INFO] [stdout]     |                 ^ this lock is not assigned to a binding and is immediately dropped
[INFO] [stdout]     |
[INFO] [stdout] help: consider binding to an unused variable to avoid immediately dropping the value
[INFO] [stdout]     |
[INFO] [stdout] 307 |             let _unused = self.rwlatch.write().unwrap();
[INFO] [stdout]     |                 ~~~~~~~
[INFO] [stdout] help: consider immediately dropping the value
[INFO] [stdout]     |
[INFO] [stdout] 307 |             drop(self.rwlatch.write().unwrap());
[INFO] [stdout]     |             ~~~~~                             +
[INFO] [stdout] 
[INFO] [stdout] 
[INFO] [stderr]    Compiling rand v0.8.5
[INFO] [stderr]    Compiling crossbeam-deque v0.8.2
[INFO] [stderr]    Compiling regex v1.6.0
[INFO] [stderr]    Compiling criterion-plot v0.4.5
[INFO] [stderr]    Compiling plotters v0.3.3
[INFO] [stderr]    Compiling bstr v0.2.17
[INFO] [stderr]    Compiling serde_cbor v0.11.2
[INFO] [stderr]    Compiling csv v1.1.6
[INFO] [stderr]    Compiling tinytemplate v1.2.1
[INFO] [stderr]    Compiling criterion v0.3.6
[INFO] [stderr]    Compiling disk-queue v0.1.1 (/opt/rustwide/workdir)
[INFO] [stdout] warning: non-binding let on a synchronization lock
[INFO] [stdout]    --> src/page.rs:192:17
[INFO] [stdout]     |
[INFO] [stdout] 192 |             let _ = rwlatch.read().unwrap();
[INFO] [stdout]     |                 ^ this lock is not assigned to a binding and is immediately dropped
[INFO] [stdout]     |
[INFO] [stdout]     = note: `#[warn(let_underscore_lock)]` on by default
[INFO] [stdout] help: consider binding to an unused variable to avoid immediately dropping the value
[INFO] [stdout]     |
[INFO] [stdout] 192 |             let _unused = rwlatch.read().unwrap();
[INFO] [stdout]     |                 ~~~~~~~
[INFO] [stdout] help: consider immediately dropping the value
[INFO] [stdout]     |
[INFO] [stdout] 192 |             drop(rwlatch.read().unwrap());
[INFO] [stdout]     |             ~~~~~                       +
[INFO] [stdout] 
[INFO] [stdout] 
[INFO] [stdout] warning: non-binding let on a synchronization lock
[INFO] [stdout]    --> src/page.rs:233:17
[INFO] [stdout]     |
[INFO] [stdout] 233 |             let _ = self.rwlatch.read().unwrap();
[INFO] [stdout]     |                 ^ this lock is not assigned to a binding and is immediately dropped
[INFO] [stdout]     |
[INFO] [stdout] help: consider binding to an unused variable to avoid immediately dropping the value
[INFO] [stdout]     |
[INFO] [stdout] 233 |             let _unused = self.rwlatch.read().unwrap();
[INFO] [stdout]     |                 ~~~~~~~
[INFO] [stdout] help: consider immediately dropping the value
[INFO] [stdout]     |
[INFO] [stdout] 233 |             drop(self.rwlatch.read().unwrap());
[INFO] [stdout]     |             ~~~~~                            +
[INFO] [stdout] 
[INFO] [stdout] 
[INFO] [stdout] warning: non-binding let on a synchronization lock
[INFO] [stdout]    --> src/page.rs:242:17
[INFO] [stdout]     |
[INFO] [stdout] 242 |             let _ = self.rwlatch.write().unwrap();
[INFO] [stdout]     |                 ^ this lock is not assigned to a binding and is immediately dropped
[INFO] [stdout]     |
[INFO] [stdout] help: consider binding to an unused variable to avoid immediately dropping the value
[INFO] [stdout]     |
[INFO] [stdout] 242 |             let _unused = self.rwlatch.write().unwrap();
[INFO] [stdout]     |                 ~~~~~~~
[INFO] [stdout] help: consider immediately dropping the value
[INFO] [stdout]     |
[INFO] [stdout] 242 |             drop(self.rwlatch.write().unwrap());
[INFO] [stdout]     |             ~~~~~                             +
[INFO] [stdout] 
[INFO] [stdout] 
[INFO] [stdout] warning: non-binding let on a synchronization lock
[INFO] [stdout]    --> src/page.rs:256:21
[INFO] [stdout]     |
[INFO] [stdout] 256 |                 let _ = self.rwlatch.read().unwrap();
[INFO] [stdout]     |                     ^ this lock is not assigned to a binding and is immediately dropped
[INFO] [stdout]     |
[INFO] [stdout] help: consider binding to an unused variable to avoid immediately dropping the value
[INFO] [stdout]     |
[INFO] [stdout] 256 |                 let _unused = self.rwlatch.read().unwrap();
[INFO] [stdout]     |                     ~~~~~~~
[INFO] [stdout] help: consider immediately dropping the value
[INFO] [stdout]     |
[INFO] [stdout] 256 |                 drop(self.rwlatch.read().unwrap());
[INFO] [stdout]     |                 ~~~~~                            +
[INFO] [stdout] 
[INFO] [stdout] 
[INFO] [stdout] warning: non-binding let on a synchronization lock
[INFO] [stdout]    --> src/page.rs:274:21
[INFO] [stdout]     |
[INFO] [stdout] 274 |                 let _ = self.rwlatch.read().unwrap();
[INFO] [stdout]     |                     ^ this lock is not assigned to a binding and is immediately dropped
[INFO] [stdout]     |
[INFO] [stdout] help: consider binding to an unused variable to avoid immediately dropping the value
[INFO] [stdout]     |
[INFO] [stdout] 274 |                 let _unused = self.rwlatch.read().unwrap();
[INFO] [stdout]     |                     ~~~~~~~
[INFO] [stdout] help: consider immediately dropping the value
[INFO] [stdout]     |
[INFO] [stdout] 274 |                 drop(self.rwlatch.read().unwrap());
[INFO] [stdout]     |                 ~~~~~                            +
[INFO] [stdout] 
[INFO] [stdout] 
[INFO] [stdout] warning: non-binding let on a synchronization lock
[INFO] [stdout]    --> src/page.rs:307:17
[INFO] [stdout]     |
[INFO] [stdout] 307 |             let _ = self.rwlatch.write().unwrap();
[INFO] [stdout]     |                 ^ this lock is not assigned to a binding and is immediately dropped
[INFO] [stdout]     |
[INFO] [stdout] help: consider binding to an unused variable to avoid immediately dropping the value
[INFO] [stdout]     |
[INFO] [stdout] 307 |             let _unused = self.rwlatch.write().unwrap();
[INFO] [stdout]     |                 ~~~~~~~
[INFO] [stdout] help: consider immediately dropping the value
[INFO] [stdout]     |
[INFO] [stdout] 307 |             drop(self.rwlatch.write().unwrap());
[INFO] [stdout]     |             ~~~~~                             +
[INFO] [stdout] 
[INFO] [stdout] 
[INFO] [stderr]     Finished `test` profile [unoptimized + debuginfo] target(s) in 22.54s
[INFO] running `Command { std: "docker" "inspect" "64b5af92173990a1bb2e7f5d13d8687078cb3b92de96edf4325df11c8da9e85d", kill_on_drop: false }`
[INFO] running `Command { std: "docker" "rm" "-f" "64b5af92173990a1bb2e7f5d13d8687078cb3b92de96edf4325df11c8da9e85d", kill_on_drop: false }`
[INFO] [stdout] 64b5af92173990a1bb2e7f5d13d8687078cb3b92de96edf4325df11c8da9e85d
[INFO] running `Command { std: "docker" "create" "-v" "/var/lib/crater-agent-workspace/builds/worker-2-tc1/target:/opt/rustwide/target:rw,Z" "-v" "/var/lib/crater-agent-workspace/builds/worker-2-tc1/source:/opt/rustwide/workdir:ro,Z" "-v" "/var/lib/crater-agent-workspace/cargo-home:/opt/rustwide/cargo-home:ro,Z" "-v" "/var/lib/crater-agent-workspace/rustup-home:/opt/rustwide/rustup-home:ro,Z" "-e" "SOURCE_DIR=/opt/rustwide/workdir" "-e" "CARGO_TARGET_DIR=/opt/rustwide/target" "-e" "CARGO_INCREMENTAL=0" "-e" "RUST_BACKTRACE=full" "-e" "RUSTFLAGS=--cap-lints=warn" "-e" "RUSTDOCFLAGS=--cap-lints=warn" "-e" "CARGO_HOME=/opt/rustwide/cargo-home" "-e" "RUSTUP_HOME=/opt/rustwide/rustup-home" "-w" "/opt/rustwide/workdir" "-m" "1610612736" "--user" "0:0" "--network" "none" "ghcr.io/rust-lang/crates-build-env/linux@sha256:f3a9d4ad9d972b27faf3965f35b62e55ba32bbce8f20bc8fe909558a86702fde" "/opt/rustwide/cargo-home/bin/cargo" "+1.83.0" "test" "--frozen", kill_on_drop: false }`
[INFO] [stdout] 06a2595827a56293d37d281f92ecb8b37d57e0c41bd7ac4dfeaa78ca055c7c7e
[INFO] running `Command { std: "docker" "start" "-a" "06a2595827a56293d37d281f92ecb8b37d57e0c41bd7ac4dfeaa78ca055c7c7e", kill_on_drop: false }`
[INFO] [stderr] warning: non-binding let on a synchronization lock
[INFO] [stderr]    --> src/page.rs:192:17
[INFO] [stderr]     |
[INFO] [stderr] 192 |             let _ = rwlatch.read().unwrap();
[INFO] [stderr]     |                 ^ this lock is not assigned to a binding and is immediately dropped
[INFO] [stderr]     |
[INFO] [stderr]     = note: `#[warn(let_underscore_lock)]` on by default
[INFO] [stderr] help: consider binding to an unused variable to avoid immediately dropping the value
[INFO] [stderr]     |
[INFO] [stderr] 192 |             let _unused = rwlatch.read().unwrap();
[INFO] [stderr]     |                 ~~~~~~~
[INFO] [stderr] help: consider immediately dropping the value
[INFO] [stderr]     |
[INFO] [stderr] 192 |             drop(rwlatch.read().unwrap());
[INFO] [stderr]     |             ~~~~~                       +
[INFO] [stderr] 
[INFO] [stderr] warning: non-binding let on a synchronization lock
[INFO] [stderr]    --> src/page.rs:233:17
[INFO] [stderr]     |
[INFO] [stderr] 233 |             let _ = self.rwlatch.read().unwrap();
[INFO] [stderr]     |                 ^ this lock is not assigned to a binding and is immediately dropped
[INFO] [stderr]     |
[INFO] [stderr] help: consider binding to an unused variable to avoid immediately dropping the value
[INFO] [stderr]     |
[INFO] [stderr] 233 |             let _unused = self.rwlatch.read().unwrap();
[INFO] [stderr]     |                 ~~~~~~~
[INFO] [stderr] help: consider immediately dropping the value
[INFO] [stderr]     |
[INFO] [stderr] 233 |             drop(self.rwlatch.read().unwrap());
[INFO] [stderr]     |             ~~~~~                            +
[INFO] [stderr] 
[INFO] [stderr] warning: non-binding let on a synchronization lock
[INFO] [stderr]    --> src/page.rs:242:17
[INFO] [stderr]     |
[INFO] [stderr] 242 |             let _ = self.rwlatch.write().unwrap();
[INFO] [stderr]     |                 ^ this lock is not assigned to a binding and is immediately dropped
[INFO] [stderr]     |
[INFO] [stderr] help: consider binding to an unused variable to avoid immediately dropping the value
[INFO] [stderr]     |
[INFO] [stderr] 242 |             let _unused = self.rwlatch.write().unwrap();
[INFO] [stderr]     |                 ~~~~~~~
[INFO] [stderr] help: consider immediately dropping the value
[INFO] [stderr]     |
[INFO] [stderr] 242 |             drop(self.rwlatch.write().unwrap());
[INFO] [stderr]     |             ~~~~~                             +
[INFO] [stderr] 
[INFO] [stderr] warning: non-binding let on a synchronization lock
[INFO] [stderr]    --> src/page.rs:256:21
[INFO] [stderr]     |
[INFO] [stderr] 256 |                 let _ = self.rwlatch.read().unwrap();
[INFO] [stderr]     |                     ^ this lock is not assigned to a binding and is immediately dropped
[INFO] [stderr]     |
[INFO] [stderr] help: consider binding to an unused variable to avoid immediately dropping the value
[INFO] [stderr]     |
[INFO] [stderr] 256 |                 let _unused = self.rwlatch.read().unwrap();
[INFO] [stderr]     |                     ~~~~~~~
[INFO] [stderr] help: consider immediately dropping the value
[INFO] [stderr]     |
[INFO] [stderr] 256 |                 drop(self.rwlatch.read().unwrap());
[INFO] [stderr]     |                 ~~~~~                            +
[INFO] [stderr] 
[INFO] [stderr] warning: non-binding let on a synchronization lock
[INFO] [stderr]    --> src/page.rs:274:21
[INFO] [stderr]     |
[INFO] [stderr] 274 |                 let _ = self.rwlatch.read().unwrap();
[INFO] [stderr]     |                     ^ this lock is not assigned to a binding and is immediately dropped
[INFO] [stderr]     |
[INFO] [stderr] help: consider binding to an unused variable to avoid immediately dropping the value
[INFO] [stderr]     |
[INFO] [stderr] 274 |                 let _unused = self.rwlatch.read().unwrap();
[INFO] [stderr]     |                     ~~~~~~~
[INFO] [stderr] help: consider immediately dropping the value
[INFO] [stderr]     |
[INFO] [stderr] 274 |                 drop(self.rwlatch.read().unwrap());
[INFO] [stderr]     |                 ~~~~~                            +
[INFO] [stderr] 
[INFO] [stderr] warning: non-binding let on a synchronization lock
[INFO] [stderr]    --> src/page.rs:307:17
[INFO] [stderr]     |
[INFO] [stderr] 307 |             let _ = self.rwlatch.write().unwrap();
[INFO] [stderr]     |                 ^ this lock is not assigned to a binding and is immediately dropped
[INFO] [stderr]     |
[INFO] [stderr] help: consider binding to an unused variable to avoid immediately dropping the value
[INFO] [stderr]     |
[INFO] [stderr] 307 |             let _unused = self.rwlatch.write().unwrap();
[INFO] [stderr]     |                 ~~~~~~~
[INFO] [stderr] help: consider immediately dropping the value
[INFO] [stderr]     |
[INFO] [stderr] 307 |             drop(self.rwlatch.write().unwrap());
[INFO] [stderr]     |             ~~~~~                             +
[INFO] [stderr] 
[INFO] [stderr] warning: `disk-queue` (lib) generated 6 warnings (run `cargo fix --lib -p disk-queue` to apply 6 suggestions)
[INFO] [stderr] warning: `disk-queue` (lib test) generated 6 warnings (6 duplicates)
[INFO] [stderr]     Finished `test` profile [unoptimized + debuginfo] target(s) in 0.09s
[INFO] [stderr]      Running unittests src/lib.rs (/opt/rustwide/target/debug/deps/disk_queue-04aa4c503b5fdc64)
[INFO] [stdout] 
[INFO] [stdout] running 4 tests
[INFO] [stdout] test tests::basic ... FAILED
[INFO] [stdout] test tests::multithreaded ... FAILED
[INFO] [stdout] test tests::multiple_pages ... FAILED
[INFO] [stdout] test tests::read_plenty ... FAILED
[INFO] [stdout] 
[INFO] [stdout] failures:
[INFO] [stdout] 
[INFO] [stdout] ---- tests::basic stdout ----
[INFO] [stdout] thread 'tests::basic' panicked at src/lib.rs:57:47:
[INFO] [stdout] called `Result::unwrap()` on an `Err` value: Os { code: 30, kind: ReadOnlyFilesystem, message: "Read-only file system" }
[INFO] [stdout] stack backtrace:
[INFO] [stdout]    0:     0x64af63155f2a - std::backtrace_rs::backtrace::libunwind::trace::h5a5b8284f2d0c266
[INFO] [stdout]                                at /rustc/90b35a6239c3d8bdabc530a6a0816f7ff89a0aaf/library/std/src/../../backtrace/src/backtrace/libunwind.rs:116:5
[INFO] [stdout]    1:     0x64af63155f2a - std::backtrace_rs::backtrace::trace_unsynchronized::h76d4f1c9b0b875e3
[INFO] [stdout]                                at /rustc/90b35a6239c3d8bdabc530a6a0816f7ff89a0aaf/library/std/src/../../backtrace/src/backtrace/mod.rs:66:5
[INFO] [stdout]    2:     0x64af63155f2a - std::sys::backtrace::_print_fmt::hc4546b8364a537c6
[INFO] [stdout]                                at /rustc/90b35a6239c3d8bdabc530a6a0816f7ff89a0aaf/library/std/src/sys/backtrace.rs:66:9
[INFO] [stdout]    3:     0x64af63155f2a - <std::sys::backtrace::BacktraceLock::print::DisplayBacktrace as core::fmt::Display>::fmt::h5b6bd5631a6d1f6b
[INFO] [stdout]                                at /rustc/90b35a6239c3d8bdabc530a6a0816f7ff89a0aaf/library/std/src/sys/backtrace.rs:39:26
[INFO] [stdout]    4:     0x64af6317b553 - core::fmt::rt::Argument::fmt::h270f6602a2b96f62
[INFO] [stdout]                                at /rustc/90b35a6239c3d8bdabc530a6a0816f7ff89a0aaf/library/core/src/fmt/rt.rs:177:76
[INFO] [stdout]    5:     0x64af6317b553 - core::fmt::write::h7550c97b06c86515
[INFO] [stdout]                                at /rustc/90b35a6239c3d8bdabc530a6a0816f7ff89a0aaf/library/core/src/fmt/mod.rs:1186:21
[INFO] [stdout]    6:     0x64af631530c3 - std::io::Write::write_fmt::h509ff860e5956e5e
[INFO] [stdout]                                at /rustc/90b35a6239c3d8bdabc530a6a0816f7ff89a0aaf/library/std/src/io/mod.rs:1839:15
[INFO] [stdout]    7:     0x64af63155d72 - std::sys::backtrace::BacktraceLock::print::h2395ccd2c84ba3aa
[INFO] [stdout]                                at /rustc/90b35a6239c3d8bdabc530a6a0816f7ff89a0aaf/library/std/src/sys/backtrace.rs:42:9
[INFO] [stdout]    8:     0x64af6315738a - std::panicking::default_hook::{{closure}}::he19d4c7230e07961
[INFO] [stdout]                                at /rustc/90b35a6239c3d8bdabc530a6a0816f7ff89a0aaf/library/std/src/panicking.rs:268:22
[INFO] [stdout]    9:     0x64af63157194 - std::panicking::default_hook::hf614597d3c67bbdb
[INFO] [stdout]                                at /rustc/90b35a6239c3d8bdabc530a6a0816f7ff89a0aaf/library/std/src/panicking.rs:292:9
[INFO] [stdout]   10:     0x64af630e7159 - <alloc::boxed::Box<F,A> as core::ops::function::Fn<Args>>::call::h39b51ce4599c23d1
[INFO] [stdout]                                at /rustc/90b35a6239c3d8bdabc530a6a0816f7ff89a0aaf/library/alloc/src/boxed.rs:2468:9
[INFO] [stdout]   11:     0x64af630e7159 - test::test_main::{{closure}}::he977ae839a582784
[INFO] [stdout]                                at /rustc/90b35a6239c3d8bdabc530a6a0816f7ff89a0aaf/library/test/src/lib.rs:133:21
[INFO] [stdout]   12:     0x64af63157a28 - <alloc::boxed::Box<F,A> as core::ops::function::Fn<Args>>::call::h9455091b6b06f9fb
[INFO] [stdout]                                at /rustc/90b35a6239c3d8bdabc530a6a0816f7ff89a0aaf/library/alloc/src/boxed.rs:2468:9
[INFO] [stdout]   13:     0x64af63157a28 - std::panicking::rust_panic_with_hook::h8942133a8b252070
[INFO] [stdout]                                at /rustc/90b35a6239c3d8bdabc530a6a0816f7ff89a0aaf/library/std/src/panicking.rs:809:13
[INFO] [stdout]   14:     0x64af631577ea - std::panicking::begin_panic_handler::{{closure}}::hb5f5963570096b29
[INFO] [stdout]                                at /rustc/90b35a6239c3d8bdabc530a6a0816f7ff89a0aaf/library/std/src/panicking.rs:674:13
[INFO] [stdout]   15:     0x64af63156409 - std::sys::backtrace::__rust_end_short_backtrace::h6208cedc1922feda
[INFO] [stdout]                                at /rustc/90b35a6239c3d8bdabc530a6a0816f7ff89a0aaf/library/std/src/sys/backtrace.rs:170:18
[INFO] [stdout]   16:     0x64af6315747c - rust_begin_unwind
[INFO] [stdout]                                at /rustc/90b35a6239c3d8bdabc530a6a0816f7ff89a0aaf/library/std/src/panicking.rs:665:5
[INFO] [stdout]   17:     0x64af63096090 - core::panicking::panic_fmt::h0c3082644d1bf418
[INFO] [stdout]                                at /rustc/90b35a6239c3d8bdabc530a6a0816f7ff89a0aaf/library/core/src/panicking.rs:74:14
[INFO] [stdout]   18:     0x64af630964d6 - core::result::unwrap_failed::hd20b4aa073bda1e2
[INFO] [stdout]                                at /rustc/90b35a6239c3d8bdabc530a6a0816f7ff89a0aaf/library/core/src/result.rs:1700:5
[INFO] [stdout]   19:     0x64af630a281d - core::result::Result<T,E>::unwrap::hf795fbaf48125ee7
[INFO] [stdout]                                at /rustc/90b35a6239c3d8bdabc530a6a0816f7ff89a0aaf/library/core/src/result.rs:1104:23
[INFO] [stdout]   20:     0x64af630a281d - disk_queue::DiskQueue::open::h2dde0dc22aa9c43d
[INFO] [stdout]                                at /opt/rustwide/workdir/src/lib.rs:57:28
[INFO] [stdout]   21:     0x64af630a5bbb - disk_queue::tests::basic::h9921cf967500b90c
[INFO] [stdout]                                at /opt/rustwide/workdir/src/lib.rs:293:25
[INFO] [stdout]   22:     0x64af630a59e7 - disk_queue::tests::basic::{{closure}}::h159c08ce017d8bf4
[INFO] [stdout]                                at /opt/rustwide/workdir/src/lib.rs:285:15
[INFO] [stdout]   23:     0x64af630acf46 - core::ops::function::FnOnce::call_once::hf7b1dd8e40dba250
[INFO] [stdout]                                at /rustc/90b35a6239c3d8bdabc530a6a0816f7ff89a0aaf/library/core/src/ops/function.rs:250:5
[INFO] [stdout]   24:     0x64af630ebb1b - core::ops::function::FnOnce::call_once::h109cf8051a59b34e
[INFO] [stdout]                                at /rustc/90b35a6239c3d8bdabc530a6a0816f7ff89a0aaf/library/core/src/ops/function.rs:250:5
[INFO] [stdout]   25:     0x64af630ebb1b - test::__rust_begin_short_backtrace::hf4fff89d377446ba
[INFO] [stdout]                                at /rustc/90b35a6239c3d8bdabc530a6a0816f7ff89a0aaf/library/test/src/lib.rs:621:18
[INFO] [stdout]   26:     0x64af630eb357 - test::run_test_in_process::{{closure}}::h0e39181dd7ee5a43
[INFO] [stdout]                                at /rustc/90b35a6239c3d8bdabc530a6a0816f7ff89a0aaf/library/test/src/lib.rs:644:60
[INFO] [stdout]   27:     0x64af630eb357 - <core::panic::unwind_safe::AssertUnwindSafe<F> as core::ops::function::FnOnce<()>>::call_once::hc5a66a30f0bdfd1f
[INFO] [stdout]                                at /rustc/90b35a6239c3d8bdabc530a6a0816f7ff89a0aaf/library/core/src/panic/unwind_safe.rs:272:9
[INFO] [stdout]   28:     0x64af630eb357 - std::panicking::try::do_call::h873b7cf639554a5e
[INFO] [stdout]                                at /rustc/90b35a6239c3d8bdabc530a6a0816f7ff89a0aaf/library/std/src/panicking.rs:557:40
[INFO] [stdout]   29:     0x64af630eb357 - std::panicking::try::hdb19862fad9c8bd1
[INFO] [stdout]                                at /rustc/90b35a6239c3d8bdabc530a6a0816f7ff89a0aaf/library/std/src/panicking.rs:520:19
[INFO] [stdout]   30:     0x64af630eb357 - std::panic::catch_unwind::h281fe732d236d260
[INFO] [stdout]                                at /rustc/90b35a6239c3d8bdabc530a6a0816f7ff89a0aaf/library/std/src/panic.rs:358:14
[INFO] [stdout]   31:     0x64af630eb357 - test::run_test_in_process::h949b6df8457ed338
[INFO] [stdout]                                at /rustc/90b35a6239c3d8bdabc530a6a0816f7ff89a0aaf/library/test/src/lib.rs:644:27
[INFO] [stdout]   32:     0x64af630eb357 - test::run_test::{{closure}}::h52c556a6d4740e10
[INFO] [stdout]                                at /rustc/90b35a6239c3d8bdabc530a6a0816f7ff89a0aaf/library/test/src/lib.rs:565:43
[INFO] [stdout]   33:     0x64af630b0634 - test::run_test::{{closure}}::h4237f6381c45ccb9
[INFO] [stdout]                                at /rustc/90b35a6239c3d8bdabc530a6a0816f7ff89a0aaf/library/test/src/lib.rs:595:41
[INFO] [stdout]   34:     0x64af630b0634 - std::sys::backtrace::__rust_begin_short_backtrace::h505c97a579eca628
[INFO] [stdout]                                at /rustc/90b35a6239c3d8bdabc530a6a0816f7ff89a0aaf/library/std/src/sys/backtrace.rs:154:18
[INFO] [stdout]   35:     0x64af630b3cfe - std::thread::Builder::spawn_unchecked_::{{closure}}::{{closure}}::h9e86b2e2bc107ea3
[INFO] [stdout]                                at /rustc/90b35a6239c3d8bdabc530a6a0816f7ff89a0aaf/library/std/src/thread/mod.rs:538:17
[INFO] [stdout]   36:     0x64af630b3cfe - <core::panic::unwind_safe::AssertUnwindSafe<F> as core::ops::function::FnOnce<()>>::call_once::h8b06ddb275ff4a25
[INFO] [stdout]                                at /rustc/90b35a6239c3d8bdabc530a6a0816f7ff89a0aaf/library/core/src/panic/unwind_safe.rs:272:9
[INFO] [stdout]   37:     0x64af630b3cfe - std::panicking::try::do_call::hb26ecd7cd9a9355d
[INFO] [stdout]                                at /rustc/90b35a6239c3d8bdabc530a6a0816f7ff89a0aaf/library/std/src/panicking.rs:557:40
[INFO] [stdout]   38:     0x64af630b3cfe - std::panicking::try::h8ddeca9d705f9069
[INFO] [stdout]                                at /rustc/90b35a6239c3d8bdabc530a6a0816f7ff89a0aaf/library/std/src/panicking.rs:520:19
[INFO] [stdout]   39:     0x64af630b3cfe - std::panic::catch_unwind::h49e1c33078844c46
[INFO] [stdout]                                at /rustc/90b35a6239c3d8bdabc530a6a0816f7ff89a0aaf/library/std/src/panic.rs:358:14
[INFO] [stdout]   40:     0x64af630b3cfe - std::thread::Builder::spawn_unchecked_::{{closure}}::h6073db6ff56ad35d
[INFO] [stdout]                                at /rustc/90b35a6239c3d8bdabc530a6a0816f7ff89a0aaf/library/std/src/thread/mod.rs:537:30
[INFO] [stdout]   41:     0x64af630b3cfe - core::ops::function::FnOnce::call_once{{vtable.shim}}::h2c5a5f3779c774f1
[INFO] [stdout]                                at /rustc/90b35a6239c3d8bdabc530a6a0816f7ff89a0aaf/library/core/src/ops/function.rs:250:5
[INFO] [stdout]   42:     0x64af6315b86b - <alloc::boxed::Box<F,A> as core::ops::function::FnOnce<Args>>::call_once::hf75717d9f28faebf
[INFO] [stdout]                                at /rustc/90b35a6239c3d8bdabc530a6a0816f7ff89a0aaf/library/alloc/src/boxed.rs:2454:9
[INFO] [stdout]   43:     0x64af6315b86b - <alloc::boxed::Box<F,A> as core::ops::function::FnOnce<Args>>::call_once::h7bd883a5f3c5f3c1
[INFO] [stdout]                                at /rustc/90b35a6239c3d8bdabc530a6a0816f7ff89a0aaf/library/alloc/src/boxed.rs:2454:9
[INFO] [stdout]   44:     0x64af6315b86b - std::sys::pal::unix::thread::Thread::new::thread_start::hcc78f3943333fa94
[INFO] [stdout]                                at /rustc/90b35a6239c3d8bdabc530a6a0816f7ff89a0aaf/library/std/src/sys/pal/unix/thread.rs:105:17
[INFO] [stdout]   45:     0x7d245f23dac3 - <unknown>
[INFO] [stdout]   46:     0x7d245f2cea04 - clone
[INFO] [stdout]   47:                0x0 - <unknown>
[INFO] [stdout] 
[INFO] [stdout] ---- tests::multithreaded stdout ----
[INFO] [stdout] thread 'tests::multithreaded' panicked at src/lib.rs:57:47:
[INFO] [stdout] called `Result::unwrap()` on an `Err` value: Os { code: 30, kind: ReadOnlyFilesystem, message: "Read-only file system" }
[INFO] [stdout] stack backtrace:
[INFO] [stdout]    0:     0x64af63155f2a - std::backtrace_rs::backtrace::libunwind::trace::h5a5b8284f2d0c266
[INFO] [stdout]                                at /rustc/90b35a6239c3d8bdabc530a6a0816f7ff89a0aaf/library/std/src/../../backtrace/src/backtrace/libunwind.rs:116:5
[INFO] [stdout]    1:     0x64af63155f2a - std::backtrace_rs::backtrace::trace_unsynchronized::h76d4f1c9b0b875e3
[INFO] [stdout]                                at /rustc/90b35a6239c3d8bdabc530a6a0816f7ff89a0aaf/library/std/src/../../backtrace/src/backtrace/mod.rs:66:5
[INFO] [stdout]    2:     0x64af63155f2a - std::sys::backtrace::_print_fmt::hc4546b8364a537c6
[INFO] [stdout]                                at /rustc/90b35a6239c3d8bdabc530a6a0816f7ff89a0aaf/library/std/src/sys/backtrace.rs:66:9
[INFO] [stdout]    3:     0x64af63155f2a - <std::sys::backtrace::BacktraceLock::print::DisplayBacktrace as core::fmt::Display>::fmt::h5b6bd5631a6d1f6b
[INFO] [stdout]                                at /rustc/90b35a6239c3d8bdabc530a6a0816f7ff89a0aaf/library/std/src/sys/backtrace.rs:39:26
[INFO] [stdout]    4:     0x64af6317b553 - core::fmt::rt::Argument::fmt::h270f6602a2b96f62
[INFO] [stdout]                                at /rustc/90b35a6239c3d8bdabc530a6a0816f7ff89a0aaf/library/core/src/fmt/rt.rs:177:76
[INFO] [stdout]    5:     0x64af6317b553 - core::fmt::write::h7550c97b06c86515
[INFO] [stdout]                                at /rustc/90b35a6239c3d8bdabc530a6a0816f7ff89a0aaf/library/core/src/fmt/mod.rs:1186:21
[INFO] [stdout]    6:     0x64af631530c3 - std::io::Write::write_fmt::h509ff860e5956e5e
[INFO] [stdout]                                at /rustc/90b35a6239c3d8bdabc530a6a0816f7ff89a0aaf/library/std/src/io/mod.rs:1839:15
[INFO] [stdout]    7:     0x64af63155d72 - std::sys::backtrace::BacktraceLock::print::h2395ccd2c84ba3aa
[INFO] [stdout]                                at /rustc/90b35a6239c3d8bdabc530a6a0816f7ff89a0aaf/library/std/src/sys/backtrace.rs:42:9
[INFO] [stdout]    8:     0x64af6315738a - std::panicking::default_hook::{{closure}}::he19d4c7230e07961
[INFO] [stdout]                                at /rustc/90b35a6239c3d8bdabc530a6a0816f7ff89a0aaf/library/std/src/panicking.rs:268:22
[INFO] [stdout]    9:     0x64af63157194 - std::panicking::default_hook::hf614597d3c67bbdb
[INFO] [stdout]                                at /rustc/90b35a6239c3d8bdabc530a6a0816f7ff89a0aaf/library/std/src/panicking.rs:292:9
[INFO] [stdout]   10:     0x64af630e7159 - <alloc::boxed::Box<F,A> as core::ops::function::Fn<Args>>::call::h39b51ce4599c23d1
[INFO] [stdout]                                at /rustc/90b35a6239c3d8bdabc530a6a0816f7ff89a0aaf/library/alloc/src/boxed.rs:2468:9
[INFO] [stdout]   11:     0x64af630e7159 - test::test_main::{{closure}}::he977ae839a582784
[INFO] [stdout]                                at /rustc/90b35a6239c3d8bdabc530a6a0816f7ff89a0aaf/library/test/src/lib.rs:133:21
[INFO] [stdout]   12:     0x64af63157a28 - <alloc::boxed::Box<F,A> as core::ops::function::Fn<Args>>::call::h9455091b6b06f9fb
[INFO] [stdout]                                at /rustc/90b35a6239c3d8bdabc530a6a0816f7ff89a0aaf/library/alloc/src/boxed.rs:2468:9
[INFO] [stdout]   13:     0x64af63157a28 - std::panicking::rust_panic_with_hook::h8942133a8b252070
[INFO] [stdout]                                at /rustc/90b35a6239c3d8bdabc530a6a0816f7ff89a0aaf/library/std/src/panicking.rs:809:13
[INFO] [stdout]   14:     0x64af631577ea - std::panicking::begin_panic_handler::{{closure}}::hb5f5963570096b29
[INFO] [stdout]                                at /rustc/90b35a6239c3d8bdabc530a6a0816f7ff89a0aaf/library/std/src/panicking.rs:674:13
[INFO] [stdout]   15:     0x64af63156409 - std::sys::backtrace::__rust_end_short_backtrace::h6208cedc1922feda
[INFO] [stdout]                                at /rustc/90b35a6239c3d8bdabc530a6a0816f7ff89a0aaf/library/std/src/sys/backtrace.rs:170:18
[INFO] [stdout]   16:     0x64af6315747c - rust_begin_unwind
[INFO] [stdout]                                at /rustc/90b35a6239c3d8bdabc530a6a0816f7ff89a0aaf/library/std/src/panicking.rs:665:5
[INFO] [stdout]   17:     0x64af63096090 - core::panicking::panic_fmt::h0c3082644d1bf418
[INFO] [stdout]                                at /rustc/90b35a6239c3d8bdabc530a6a0816f7ff89a0aaf/library/core/src/panicking.rs:74:14
[INFO] [stdout]   18:     0x64af630964d6 - core::result::unwrap_failed::hd20b4aa073bda1e2
[INFO] [stdout]                                at /rustc/90b35a6239c3d8bdabc530a6a0816f7ff89a0aaf/library/core/src/result.rs:1700:5
[INFO] [stdout]   19:     0x64af630a281d - core::result::Result<T,E>::unwrap::hf795fbaf48125ee7
[INFO] [stdout]                                at /rustc/90b35a6239c3d8bdabc530a6a0816f7ff89a0aaf/library/core/src/result.rs:1104:23
[INFO] [stdout]   20:     0x64af630a281d - disk_queue::DiskQueue::open::h2dde0dc22aa9c43d
[INFO] [stdout]                                at /opt/rustwide/workdir/src/lib.rs:57:28
[INFO] [stdout]   21:     0x64af630a6173 - disk_queue::tests::multithreaded::he6676aefe565d362
[INFO] [stdout]                                at /opt/rustwide/workdir/src/lib.rs:396:39
[INFO] [stdout]   22:     0x64af630a5f37 - disk_queue::tests::multithreaded::{{closure}}::h1611d967eba3e855
[INFO] [stdout]                                at /opt/rustwide/workdir/src/lib.rs:387:23
[INFO] [stdout]   23:     0x64af630acdc6 - core::ops::function::FnOnce::call_once::h41cba5bad3d1ca88
[INFO] [stdout]                                at /rustc/90b35a6239c3d8bdabc530a6a0816f7ff89a0aaf/library/core/src/ops/function.rs:250:5
[INFO] [stdout]   24:     0x64af630ebb1b - core::ops::function::FnOnce::call_once::h109cf8051a59b34e
[INFO] [stdout]                                at /rustc/90b35a6239c3d8bdabc530a6a0816f7ff89a0aaf/library/core/src/ops/function.rs:250:5
[INFO] [stdout]   25:     0x64af630ebb1b - test::__rust_begin_short_backtrace::hf4fff89d377446ba
[INFO] [stdout]                                at /rustc/90b35a6239c3d8bdabc530a6a0816f7ff89a0aaf/library/test/src/lib.rs:621:18
[INFO] [stdout]   26:     0x64af630eb357 - test::run_test_in_process::{{closure}}::h0e39181dd7ee5a43
[INFO] [stdout]                                at /rustc/90b35a6239c3d8bdabc530a6a0816f7ff89a0aaf/library/test/src/lib.rs:644:60
[INFO] [stdout]   27:     0x64af630eb357 - <core::panic::unwind_safe::AssertUnwindSafe<F> as core::ops::function::FnOnce<()>>::call_once::hc5a66a30f0bdfd1f
[INFO] [stdout]                                at /rustc/90b35a6239c3d8bdabc530a6a0816f7ff89a0aaf/library/core/src/panic/unwind_safe.rs:272:9
[INFO] [stdout]   28:     0x64af630eb357 - std::panicking::try::do_call::h873b7cf639554a5e
[INFO] [stdout]                                at /rustc/90b35a6239c3d8bdabc530a6a0816f7ff89a0aaf/library/std/src/panicking.rs:557:40
[INFO] [stdout]   29:     0x64af630eb357 - std::panicking::try::hdb19862fad9c8bd1
[INFO] [stdout]                                at /rustc/90b35a6239c3d8bdabc530a6a0816f7ff89a0aaf/library/std/src/panicking.rs:520:19
[INFO] [stdout]   30:     0x64af630eb357 - std::panic::catch_unwind::h281fe732d236d260
[INFO] [stdout]                                at /rustc/90b35a6239c3d8bdabc530a6a0816f7ff89a0aaf/library/std/src/panic.rs:358:14
[INFO] [stdout]   31:     0x64af630eb357 - test::run_test_in_process::h949b6df8457ed338
[INFO] [stdout]                                at /rustc/90b35a6239c3d8bdabc530a6a0816f7ff89a0aaf/library/test/src/lib.rs:644:27
[INFO] [stdout]   32:     0x64af630eb357 - test::run_test::{{closure}}::h52c556a6d4740e10
[INFO] [stdout]                                at /rustc/90b35a6239c3d8bdabc530a6a0816f7ff89a0aaf/library/test/src/lib.rs:565:43
[INFO] [stdout]   33:     0x64af630b0634 - test::run_test::{{closure}}::h4237f6381c45ccb9
[INFO] [stdout]                                at /rustc/90b35a6239c3d8bdabc530a6a0816f7ff89a0aaf/library/test/src/lib.rs:595:41
[INFO] [stdout]   34:     0x64af630b0634 - std::sys::backtrace::__rust_begin_short_backtrace::h505c97a579eca628
[INFO] [stdout]                                at /rustc/90b35a6239c3d8bdabc530a6a0816f7ff89a0aaf/library/std/src/sys/backtrace.rs:154:18
[INFO] [stdout]   35:     0x64af630b3cfe - std::thread::Builder::spawn_unchecked_::{{closure}}::{{closure}}::h9e86b2e2bc107ea3
[INFO] [stdout]                                at /rustc/90b35a6239c3d8bdabc530a6a0816f7ff89a0aaf/library/std/src/thread/mod.rs:538:17
[INFO] [stdout]   36:     0x64af630b3cfe - <core::panic::unwind_safe::AssertUnwindSafe<F> as core::ops::function::FnOnce<()>>::call_once::h8b06ddb275ff4a25
[INFO] [stdout]                                at /rustc/90b35a6239c3d8bdabc530a6a0816f7ff89a0aaf/library/core/src/panic/unwind_safe.rs:272:9
[INFO] [stdout]   37:     0x64af630b3cfe - std::panicking::try::do_call::hb26ecd7cd9a9355d
[INFO] [stdout]                                at /rustc/90b35a6239c3d8bdabc530a6a0816f7ff89a0aaf/library/std/src/panicking.rs:557:40
[INFO] [stdout]   38:     0x64af630b3cfe - std::panicking::try::h8ddeca9d705f9069
[INFO] [stdout]                                at /rustc/90b35a6239c3d8bdabc530a6a0816f7ff89a0aaf/library/std/src/panicking.rs:520:19
[INFO] [stdout]   39:     0x64af630b3cfe - std::panic::catch_unwind::h49e1c33078844c46
[INFO] [stdout]                                at /rustc/90b35a6239c3d8bdabc530a6a0816f7ff89a0aaf/library/std/src/panic.rs:358:14
[INFO] [stdout]   40:     0x64af630b3cfe - std::thread::Builder::spawn_unchecked_::{{closure}}::h6073db6ff56ad35d
[INFO] [stdout]                                at /rustc/90b35a6239c3d8bdabc530a6a0816f7ff89a0aaf/library/std/src/thread/mod.rs:537:30
[INFO] [stdout]   41:     0x64af630b3cfe - core::ops::function::FnOnce::call_once{{vtable.shim}}::h2c5a5f3779c774f1
[INFO] [stdout]                                at /rustc/90b35a6239c3d8bdabc530a6a0816f7ff89a0aaf/library/core/src/ops/function.rs:250:5
[INFO] [stdout]   42:     0x64af6315b86b - <alloc::boxed::Box<F,A> as core::ops::function::FnOnce<Args>>::call_once::hf75717d9f28faebf
[INFO] [stdout]                                at /rustc/90b35a6239c3d8bdabc530a6a0816f7ff89a0aaf/library/alloc/src/boxed.rs:2454:9
[INFO] [stdout]   43:     0x64af6315b86b - <alloc::boxed::Box<F,A> as core::ops::function::FnOnce<Args>>::call_once::h7bd883a5f3c5f3c1
[INFO] [stdout]                                at /rustc/90b35a6239c3d8bdabc530a6a0816f7ff89a0aaf/library/alloc/src/boxed.rs:2454:9
[INFO] [stdout]   44:     0x64af6315b86b - std::sys::pal::unix::thread::Thread::new::thread_start::hcc78f3943333fa94
[INFO] [stdout]                                at /rustc/90b35a6239c3d8bdabc530a6a0816f7ff89a0aaf/library/std/src/sys/pal/unix/thread.rs:105:17
[INFO] [stdout]   45:     0x7d245f23dac3 - <unknown>
[INFO] [stdout]   46:     0x7d245f2cea04 - clone
[INFO] [stdout]   47:                0x0 - <unknown>
[INFO] [stdout] 
[INFO] [stdout] ---- tests::multiple_pages stdout ----
[INFO] [stdout] thread 'tests::multiple_pages' panicked at src/lib.rs:57:47:
[INFO] [stdout] called `Result::unwrap()` on an `Err` value: Os { code: 30, kind: ReadOnlyFilesystem, message: "Read-only file system" }
[INFO] [stdout] stack backtrace:
[INFO] [stdout]    0:     0x64af63155f2a - std::backtrace_rs::backtrace::libunwind::trace::h5a5b8284f2d0c266
[INFO] [stdout]                                at /rustc/90b35a6239c3d8bdabc530a6a0816f7ff89a0aaf/library/std/src/../../backtrace/src/backtrace/libunwind.rs:116:5
[INFO] [stdout]    1:     0x64af63155f2a - std::backtrace_rs::backtrace::trace_unsynchronized::h76d4f1c9b0b875e3
[INFO] [stdout]                                at /rustc/90b35a6239c3d8bdabc530a6a0816f7ff89a0aaf/library/std/src/../../backtrace/src/backtrace/mod.rs:66:5
[INFO] [stdout]    2:     0x64af63155f2a - std::sys::backtrace::_print_fmt::hc4546b8364a537c6
[INFO] [stdout]                                at /rustc/90b35a6239c3d8bdabc530a6a0816f7ff89a0aaf/library/std/src/sys/backtrace.rs:66:9
[INFO] [stdout]    3:     0x64af63155f2a - <std::sys::backtrace::BacktraceLock::print::DisplayBacktrace as core::fmt::Display>::fmt::h5b6bd5631a6d1f6b
[INFO] [stdout]                                at /rustc/90b35a6239c3d8bdabc530a6a0816f7ff89a0aaf/library/std/src/sys/backtrace.rs:39:26
[INFO] [stdout]    4:     0x64af6317b553 - core::fmt::rt::Argument::fmt::h270f6602a2b96f62
[INFO] [stdout]                                at /rustc/90b35a6239c3d8bdabc530a6a0816f7ff89a0aaf/library/core/src/fmt/rt.rs:177:76
[INFO] [stdout]    5:     0x64af6317b553 - core::fmt::write::h7550c97b06c86515
[INFO] [stdout]                                at /rustc/90b35a6239c3d8bdabc530a6a0816f7ff89a0aaf/library/core/src/fmt/mod.rs:1186:21
[INFO] [stdout]    6:     0x64af631530c3 - std::io::Write::write_fmt::h509ff860e5956e5e
[INFO] [stdout]                                at /rustc/90b35a6239c3d8bdabc530a6a0816f7ff89a0aaf/library/std/src/io/mod.rs:1839:15
[INFO] [stdout]    7:     0x64af63155d72 - std::sys::backtrace::BacktraceLock::print::h2395ccd2c84ba3aa
[INFO] [stdout]                                at /rustc/90b35a6239c3d8bdabc530a6a0816f7ff89a0aaf/library/std/src/sys/backtrace.rs:42:9
[INFO] [stdout]    8:     0x64af6315738a - std::panicking::default_hook::{{closure}}::he19d4c7230e07961
[INFO] [stdout]                                at /rustc/90b35a6239c3d8bdabc530a6a0816f7ff89a0aaf/library/std/src/panicking.rs:268:22
[INFO] [stdout]    9:     0x64af63157194 - std::panicking::default_hook::hf614597d3c67bbdb
[INFO] [stdout]                                at /rustc/90b35a6239c3d8bdabc530a6a0816f7ff89a0aaf/library/std/src/panicking.rs:292:9
[INFO] [stdout]   10:     0x64af630e7159 - <alloc::boxed::Box<F,A> as core::ops::function::Fn<Args>>::call::h39b51ce4599c23d1
[INFO] [stdout]                                at /rustc/90b35a6239c3d8bdabc530a6a0816f7ff89a0aaf/library/alloc/src/boxed.rs:2468:9
[INFO] [stdout]   11:     0x64af630e7159 - test::test_main::{{closure}}::he977ae839a582784
[INFO] [stdout]                                at /rustc/90b35a6239c3d8bdabc530a6a0816f7ff89a0aaf/library/test/src/lib.rs:133:21
[INFO] [stdout]   12:     0x64af63157a28 - <alloc::boxed::Box<F,A> as core::ops::function::Fn<Args>>::call::h9455091b6b06f9fb
[INFO] [stdout]                                at /rustc/90b35a6239c3d8bdabc530a6a0816f7ff89a0aaf/library/alloc/src/boxed.rs:2468:9
[INFO] [stdout]   13:     0x64af63157a28 - std::panicking::rust_panic_with_hook::h8942133a8b252070
[INFO] [stdout]                                at /rustc/90b35a6239c3d8bdabc530a6a0816f7ff89a0aaf/library/std/src/panicking.rs:809:13
[INFO] [stdout]   14:     0x64af631577ea - std::panicking::begin_panic_handler::{{closure}}::hb5f5963570096b29
[INFO] [stdout]                                at /rustc/90b35a6239c3d8bdabc530a6a0816f7ff89a0aaf/library/std/src/panicking.rs:674:13
[INFO] [stdout]   15:     0x64af63156409 - std::sys::backtrace::__rust_end_short_backtrace::h6208cedc1922feda
[INFO] [stdout]                                at /rustc/90b35a6239c3d8bdabc530a6a0816f7ff89a0aaf/library/std/src/sys/backtrace.rs:170:18
[INFO] [stdout]   16:     0x64af6315747c - rust_begin_unwind
[INFO] [stdout]                                at /rustc/90b35a6239c3d8bdabc530a6a0816f7ff89a0aaf/library/std/src/panicking.rs:665:5
[INFO] [stdout]   17:     0x64af63096090 - core::panicking::panic_fmt::h0c3082644d1bf418
[INFO] [stdout]                                at /rustc/90b35a6239c3d8bdabc530a6a0816f7ff89a0aaf/library/core/src/panicking.rs:74:14
[INFO] [stdout]   18:     0x64af630964d6 - core::result::unwrap_failed::hd20b4aa073bda1e2
[INFO] [stdout]                                at /rustc/90b35a6239c3d8bdabc530a6a0816f7ff89a0aaf/library/core/src/result.rs:1700:5
[INFO] [stdout]   19:     0x64af630a281d - core::result::Result<T,E>::unwrap::hf795fbaf48125ee7
[INFO] [stdout]                                at /rustc/90b35a6239c3d8bdabc530a6a0816f7ff89a0aaf/library/core/src/result.rs:1104:23
[INFO] [stdout]   20:     0x64af630a281d - disk_queue::DiskQueue::open::h2dde0dc22aa9c43d
[INFO] [stdout]                                at /opt/rustwide/workdir/src/lib.rs:57:28
[INFO] [stdout]   21:     0x64af630a5211 - disk_queue::tests::test_read_write_single_threaded::h702f88b7e20d81a1
[INFO] [stdout]                                at /opt/rustwide/workdir/src/lib.rs:328:25
[INFO] [stdout]   22:     0x64af630a5ec5 - disk_queue::tests::multiple_pages::h019f48f82ae4e56b
[INFO] [stdout]                                at /opt/rustwide/workdir/src/lib.rs:377:9
[INFO] [stdout]   23:     0x64af630a5e97 - disk_queue::tests::multiple_pages::{{closure}}::h4d55a9ac7cc09eb4
[INFO] [stdout]                                at /opt/rustwide/workdir/src/lib.rs:376:24
[INFO] [stdout]   24:     0x64af630ace06 - core::ops::function::FnOnce::call_once::h4725a394beb5692e
[INFO] [stdout]                                at /rustc/90b35a6239c3d8bdabc530a6a0816f7ff89a0aaf/library/core/src/ops/function.rs:250:5
[INFO] [stdout]   25:     0x64af630ebb1b - core::ops::function::FnOnce::call_once::h109cf8051a59b34e
[INFO] [stdout]                                at /rustc/90b35a6239c3d8bdabc530a6a0816f7ff89a0aaf/library/core/src/ops/function.rs:250:5
[INFO] [stdout]   26:     0x64af630ebb1b - test::__rust_begin_short_backtrace::hf4fff89d377446ba
[INFO] [stdout]                                at /rustc/90b35a6239c3d8bdabc530a6a0816f7ff89a0aaf/library/test/src/lib.rs:621:18
[INFO] [stdout]   27:     0x64af630eb357 - test::run_test_in_process::{{closure}}::h0e39181dd7ee5a43
[INFO] [stdout]                                at /rustc/90b35a6239c3d8bdabc530a6a0816f7ff89a0aaf/library/test/src/lib.rs:644:60
[INFO] [stdout]   28:     0x64af630eb357 - <core::panic::unwind_safe::AssertUnwindSafe<F> as core::ops::function::FnOnce<()>>::call_once::hc5a66a30f0bdfd1f
[INFO] [stdout]                                at /rustc/90b35a6239c3d8bdabc530a6a0816f7ff89a0aaf/library/core/src/panic/unwind_safe.rs:272:9
[INFO] [stdout]   29:     0x64af630eb357 - std::panicking::try::do_call::h873b7cf639554a5e
[INFO] [stdout]                                at /rustc/90b35a6239c3d8bdabc530a6a0816f7ff89a0aaf/library/std/src/panicking.rs:557:40
[INFO] [stdout]   30:     0x64af630eb357 - std::panicking::try::hdb19862fad9c8bd1
[INFO] [stdout]                                at /rustc/90b35a6239c3d8bdabc530a6a0816f7ff89a0aaf/library/std/src/panicking.rs:520:19
[INFO] [stdout]   31:     0x64af630eb357 - std::panic::catch_unwind::h281fe732d236d260
[INFO] [stdout]                                at /rustc/90b35a6239c3d8bdabc530a6a0816f7ff89a0aaf/library/std/src/panic.rs:358:14
[INFO] [stdout]   32:     0x64af630eb357 - test::run_test_in_process::h949b6df8457ed338
[INFO] [stdout]                                at /rustc/90b35a6239c3d8bdabc530a6a0816f7ff89a0aaf/library/test/src/lib.rs:644:27
[INFO] [stdout]   33:     0x64af630eb357 - test::run_test::{{closure}}::h52c556a6d4740e10
[INFO] [stdout]                                at /rustc/90b35a6239c3d8bdabc530a6a0816f7ff89a0aaf/library/test/src/lib.rs:565:43
[INFO] [stdout]   34:     0x64af630b0634 - test::run_test::{{closure}}::h4237f6381c45ccb9
[INFO] [stdout]                                at /rustc/90b35a6239c3d8bdabc530a6a0816f7ff89a0aaf/library/test/src/lib.rs:595:41
[INFO] [stdout]   35:     0x64af630b0634 - std::sys::backtrace::__rust_begin_short_backtrace::h505c97a579eca628
[INFO] [stdout]                                at /rustc/90b35a6239c3d8bdabc530a6a0816f7ff89a0aaf/library/std/src/sys/backtrace.rs:154:18
[INFO] [stdout]   36:     0x64af630b3cfe - std::thread::Builder::spawn_unchecked_::{{closure}}::{{closure}}::h9e86b2e2bc107ea3
[INFO] [stdout]                                at /rustc/90b35a6239c3d8bdabc530a6a0816f7ff89a0aaf/library/std/src/thread/mod.rs:538:17
[INFO] [stdout]   37:     0x64af630b3cfe - <core::panic::unwind_safe::AssertUnwindSafe<F> as core::ops::function::FnOnce<()>>::call_once::h8b06ddb275ff4a25
[INFO] [stdout]                                at /rustc/90b35a6239c3d8bdabc530a6a0816f7ff89a0aaf/library/core/src/panic/unwind_safe.rs:272:9
[INFO] [stdout]   38:     0x64af630b3cfe - std::panicking::try::do_call::hb26ecd7cd9a9355d
[INFO] [stdout]                                at /rustc/90b35a6239c3d8bdabc530a6a0816f7ff89a0aaf/library/std/src/panicking.rs:557:40
[INFO] [stdout]   39:     0x64af630b3cfe - std::panicking::try::h8ddeca9d705f9069
[INFO] [stdout]                                at /rustc/90b35a6239c3d8bdabc530a6a0816f7ff89a0aaf/library/std/src/panicking.rs:520:19
[INFO] [stdout]   40:     0x64af630b3cfe - std::panic::catch_unwind::h49e1c33078844c46
[INFO] [stdout]                                at /rustc/90b35a6239c3d8bdabc530a6a0816f7ff89a0aaf/library/std/src/panic.rs:358:14
[INFO] [stdout]   41:     0x64af630b3cfe - std::thread::Builder::spawn_unchecked_::{{closure}}::h6073db6ff56ad35d
[INFO] [stdout]                                at /rustc/90b35a6239c3d8bdabc530a6a0816f7ff89a0aaf/library/std/src/thread/mod.rs:537:30
[INFO] [stdout]   42:     0x64af630b3cfe - core::ops::function::FnOnce::call_once{{vtable.shim}}::h2c5a5f3779c774f1
[INFO] [stdout]                                at /rustc/90b35a6239c3d8bdabc530a6a0816f7ff89a0aaf/library/core/src/ops/function.rs:250:5
[INFO] [stdout]   43:     0x64af6315b86b - <alloc::boxed::Box<F,A> as core::ops::function::FnOnce<Args>>::call_once::hf75717d9f28faebf
[INFO] [stdout]                                at /rustc/90b35a6239c3d8bdabc530a6a0816f7ff89a0aaf/library/alloc/src/boxed.rs:2454:9
[INFO] [stdout]   44:     0x64af6315b86b - <alloc::boxed::Box<F,A> as core::ops::function::FnOnce<Args>>::call_once::h7bd883a5f3c5f3c1
[INFO] [stdout]                                at /rustc/90b35a6239c3d8bdabc530a6a0816f7ff89a0aaf/library/alloc/src/boxed.rs:2454:9
[INFO] [stdout]   45:     0x64af6315b86b - std::sys::pal::unix::thread::Thread::new::thread_start::hcc78f3943333fa94
[INFO] [stdout]                                at /rustc/90b35a6239c3d8bdabc530a6a0816f7ff89a0aaf/library/std/src/sys/pal/unix/thread.rs:105:17
[INFO] [stdout]   46:     0x7d245f23dac3 - <unknown>
[INFO] [stdout]   47:     0x7d245f2cea04 - clone
[INFO] [stdout]   48:                0x0 - <unknown>
[INFO] [stdout] 
[INFO] [stdout] ---- tests::read_plenty stdout ----
[INFO] [stdout] thread 'tests::read_plenty' panicked at src/lib.rs:57:47:
[INFO] [stdout] called `Result::unwrap()` on an `Err` value: Os { code: 30, kind: ReadOnlyFilesystem, message: "Read-only file system" }
[INFO] [stdout] stack backtrace:
[INFO] [stdout]    0:     0x64af63155f2a - std::backtrace_rs::backtrace::libunwind::trace::h5a5b8284f2d0c266
[INFO] [stdout]                                at /rustc/90b35a6239c3d8bdabc530a6a0816f7ff89a0aaf/library/std/src/../../backtrace/src/backtrace/libunwind.rs:116:5
[INFO] [stdout]    1:     0x64af63155f2a - std::backtrace_rs::backtrace::trace_unsynchronized::h76d4f1c9b0b875e3
[INFO] [stdout]                                at /rustc/90b35a6239c3d8bdabc530a6a0816f7ff89a0aaf/library/std/src/../../backtrace/src/backtrace/mod.rs:66:5
[INFO] [stdout]    2:     0x64af63155f2a - std::sys::backtrace::_print_fmt::hc4546b8364a537c6
[INFO] [stdout]                                at /rustc/90b35a6239c3d8bdabc530a6a0816f7ff89a0aaf/library/std/src/sys/backtrace.rs:66:9
[INFO] [stdout]    3:     0x64af63155f2a - <std::sys::backtrace::BacktraceLock::print::DisplayBacktrace as core::fmt::Display>::fmt::h5b6bd5631a6d1f6b
[INFO] [stdout]                                at /rustc/90b35a6239c3d8bdabc530a6a0816f7ff89a0aaf/library/std/src/sys/backtrace.rs:39:26
[INFO] [stdout]    4:     0x64af6317b553 - core::fmt::rt::Argument::fmt::h270f6602a2b96f62
[INFO] [stdout]                                at /rustc/90b35a6239c3d8bdabc530a6a0816f7ff89a0aaf/library/core/src/fmt/rt.rs:177:76
[INFO] [stdout]    5:     0x64af6317b553 - core::fmt::write::h7550c97b06c86515
[INFO] [stdout]                                at /rustc/90b35a6239c3d8bdabc530a6a0816f7ff89a0aaf/library/core/src/fmt/mod.rs:1186:21
[INFO] [stdout]    6:     0x64af631530c3 - std::io::Write::write_fmt::h509ff860e5956e5e
[INFO] [stdout]                                at /rustc/90b35a6239c3d8bdabc530a6a0816f7ff89a0aaf/library/std/src/io/mod.rs:1839:15
[INFO] [stdout]    7:     0x64af63155d72 - std::sys::backtrace::BacktraceLock::print::h2395ccd2c84ba3aa
[INFO] [stdout]                                at /rustc/90b35a6239c3d8bdabc530a6a0816f7ff89a0aaf/library/std/src/sys/backtrace.rs:42:9
[INFO] [stdout]    8:     0x64af6315738a - std::panicking::default_hook::{{closure}}::he19d4c7230e07961
[INFO] [stdout]                                at /rustc/90b35a6239c3d8bdabc530a6a0816f7ff89a0aaf/library/std/src/panicking.rs:268:22
[INFO] [stdout]    9:     0x64af63157194 - std::panicking::default_hook::hf614597d3c67bbdb
[INFO] [stdout]                                at /rustc/90b35a6239c3d8bdabc530a6a0816f7ff89a0aaf/library/std/src/panicking.rs:292:9
[INFO] [stdout]   10:     0x64af630e7159 - <alloc::boxed::Box<F,A> as core::ops::function::Fn<Args>>::call::h39b51ce4599c23d1
[INFO] [stdout]                                at /rustc/90b35a6239c3d8bdabc530a6a0816f7ff89a0aaf/library/alloc/src/boxed.rs:2468:9
[INFO] [stdout]   11:     0x64af630e7159 - test::test_main::{{closure}}::he977ae839a582784
[INFO] [stdout]                                at /rustc/90b35a6239c3d8bdabc530a6a0816f7ff89a0aaf/library/test/src/lib.rs:133:21
[INFO] [stdout]   12:     0x64af63157a28 - <alloc::boxed::Box<F,A> as core::ops::function::Fn<Args>>::call::h9455091b6b06f9fb
[INFO] [stdout]                                at /rustc/90b35a6239c3d8bdabc530a6a0816f7ff89a0aaf/library/alloc/src/boxed.rs:2468:9
[INFO] [stdout]   13:     0x64af63157a28 - std::panicking::rust_panic_with_hook::h8942133a8b252070
[INFO] [stdout]                                at /rustc/90b35a6239c3d8bdabc530a6a0816f7ff89a0aaf/library/std/src/panicking.rs:809:13
[INFO] [stdout]   14:     0x64af631577ea - std::panicking::begin_panic_handler::{{closure}}::hb5f5963570096b29
[INFO] [stdout]                                at /rustc/90b35a6239c3d8bdabc530a6a0816f7ff89a0aaf/library/std/src/panicking.rs:674:13
[INFO] [stdout]   15:     0x64af63156409 - std::sys::backtrace::__rust_end_short_backtrace::h6208cedc1922feda
[INFO] [stdout]                                at /rustc/90b35a6239c3d8bdabc530a6a0816f7ff89a0aaf/library/std/src/sys/backtrace.rs:170:18
[INFO] [stdout]   16:     0x64af6315747c - rust_begin_unwind
[INFO] [stdout]                                at /rustc/90b35a6239c3d8bdabc530a6a0816f7ff89a0aaf/library/std/src/panicking.rs:665:5
[INFO] [stdout]   17:     0x64af63096090 - core::panicking::panic_fmt::h0c3082644d1bf418
[INFO] [stdout]                                at /rustc/90b35a6239c3d8bdabc530a6a0816f7ff89a0aaf/library/core/src/panicking.rs:74:14
[INFO] [stdout]   18:     0x64af630964d6 - core::result::unwrap_failed::hd20b4aa073bda1e2
[INFO] [stdout]                                at /rustc/90b35a6239c3d8bdabc530a6a0816f7ff89a0aaf/library/core/src/result.rs:1700:5
[INFO] [stdout]   19:     0x64af630a281d - core::result::Result<T,E>::unwrap::hf795fbaf48125ee7
[INFO] [stdout]                                at /rustc/90b35a6239c3d8bdabc530a6a0816f7ff89a0aaf/library/core/src/result.rs:1104:23
[INFO] [stdout]   20:     0x64af630a281d - disk_queue::DiskQueue::open::h2dde0dc22aa9c43d
[INFO] [stdout]                                at /opt/rustwide/workdir/src/lib.rs:57:28
[INFO] [stdout]   21:     0x64af630a5211 - disk_queue::tests::test_read_write_single_threaded::h702f88b7e20d81a1
[INFO] [stdout]                                at /opt/rustwide/workdir/src/lib.rs:328:25
[INFO] [stdout]   22:     0x64af630a5f15 - disk_queue::tests::read_plenty::h77c808b1d557017d
[INFO] [stdout]                                at /opt/rustwide/workdir/src/lib.rs:383:9
[INFO] [stdout]   23:     0x64af630a5ee7 - disk_queue::tests::read_plenty::{{closure}}::h781f28d15dc5e171
[INFO] [stdout]                                at /opt/rustwide/workdir/src/lib.rs:382:21
[INFO] [stdout]   24:     0x64af630ace86 - core::ops::function::FnOnce::call_once::h86bf7d434252872a
[INFO] [stdout]                                at /rustc/90b35a6239c3d8bdabc530a6a0816f7ff89a0aaf/library/core/src/ops/function.rs:250:5
[INFO] [stdout]   25:     0x64af630ebb1b - core::ops::function::FnOnce::call_once::h109cf8051a59b34e
[INFO] [stdout]                                at /rustc/90b35a6239c3d8bdabc530a6a0816f7ff89a0aaf/library/core/src/ops/function.rs:250:5
[INFO] [stdout]   26:     0x64af630ebb1b - test::__rust_begin_short_backtrace::hf4fff89d377446ba
[INFO] [stdout]                                at /rustc/90b35a6239c3d8bdabc530a6a0816f7ff89a0aaf/library/test/src/lib.rs:621:18
[INFO] [stdout]   27:     0x64af630eb357 - test::run_test_in_process::{{closure}}::h0e39181dd7ee5a43
[INFO] [stdout]                                at /rustc/90b35a6239c3d8bdabc530a6a0816f7ff89a0aaf/library/test/src/lib.rs:644:60
[INFO] [stdout]   28:     0x64af630eb357 - <core::panic::unwind_safe::AssertUnwindSafe<F> as core::ops::function::FnOnce<()>>::call_once::hc5a66a30f0bdfd1f
[INFO] [stdout]                                at /rustc/90b35a6239c3d8bdabc530a6a0816f7ff89a0aaf/library/core/src/panic/unwind_safe.rs:272:9
[INFO] [stdout]   29:     0x64af630eb357 - std::panicking::try::do_call::h873b7cf639554a5e
[INFO] [stdout]                                at /rustc/90b35a6239c3d8bdabc530a6a0816f7ff89a0aaf/library/std/src/panicking.rs:557:40
[INFO] [stdout]   30:     0x64af630eb357 - std::panicking::try::hdb19862fad9c8bd1
[INFO] [stdout]                                at /rustc/90b35a6239c3d8bdabc530a6a0816f7ff89a0aaf/library/std/src/panicking.rs:520:19
[INFO] [stdout]   31:     0x64af630eb357 - std::panic::catch_unwind::h281fe732d236d260
[INFO] [stdout]                                at /rustc/90b35a6239c3d8bdabc530a6a0816f7ff89a0aaf/library/std/src/panic.rs:358:14
[INFO] [stdout]   32:     0x64af630eb357 - test::run_test_in_process::h949b6df8457ed338
[INFO] [stdout]                                at /rustc/90b35a6239c3d8bdabc530a6a0816f7ff89a0aaf/library/test/src/lib.rs:644:27
[INFO] [stdout]   33:     0x64af630eb357 - test::run_test::{{closure}}::h52c556a6d4740e10
[INFO] [stdout]                                at /rustc/90b35a6239c3d8bdabc530a6a0816f7ff89a0aaf/library/test/src/lib.rs:565:43
[INFO] [stdout]   34:     0x64af630b0634 - test::run_test::{{closure}}::h4237f6381c45ccb9
[INFO] [stdout]                                at /rustc/90b35a6239c3d8bdabc530a6a0816f7ff89a0aaf/library/test/src/lib.rs:595:41
[INFO] [stdout]   35:     0x64af630b0634 - std::sys::backtrace::__rust_begin_short_backtrace::h505c97a579eca628
[INFO] [stdout]                                at /rustc/90b35a6239c3d8bdabc530a6a0816f7ff89a0aaf/library/std/src/sys/backtrace.rs:154:18
[INFO] [stdout]   36:     0x64af630b3cfe - std::thread::Builder::spawn_unchecked_::{{closure}}::{{closure}}::h9e86b2e2bc107ea3
[INFO] [stdout]                                at /rustc/90b35a6239c3d8bdabc530a6a0816f7ff89a0aaf/library/std/src/thread/mod.rs:538:17
[INFO] [stdout]   37:     0x64af630b3cfe - <core::panic::unwind_safe::AssertUnwindSafe<F> as core::ops::function::FnOnce<()>>::call_once::h8b06ddb275ff4a25
[INFO] [stdout]                                at /rustc/90b35a6239c3d8bdabc530a6a0816f7ff89a0aaf/library/core/src/panic/unwind_safe.rs:272:9
[INFO] [stdout]   38:     0x64af630b3cfe - std::panicking::try::do_call::hb26ecd7cd9a9355d
[INFO] [stdout]                                at /rustc/90b35a6239c3d8bdabc530a6a0816f7ff89a0aaf/library/std/src/panicking.rs:557:40
[INFO] [stdout]   39:     0x64af630b3cfe - std::panicking::try::h8ddeca9d705f9069
[INFO] [stdout]                                at /rustc/90b35a6239c3d8bdabc530a6a0816f7ff89a0aaf/library/std/src/panicking.rs:520:19
[INFO] [stdout]   40:     0x64af630b3cfe - std::panic::catch_unwind::h49e1c33078844c46
[INFO] [stdout]                                at /rustc/90b35a6239c3d8bdabc530a6a0816f7ff89a0aaf/library/std/src/panic.rs:358:14
[INFO] [stdout]   41:     0x64af630b3cfe - std::thread::Builder::spawn_unchecked_::{{closure}}::h6073db6ff56ad35d
[INFO] [stdout]                                at /rustc/90b35a6239c3d8bdabc530a6a0816f7ff89a0aaf/library/std/src/thread/mod.rs:537:30
[INFO] [stdout]   42:     0x64af630b3cfe - core::ops::function::FnOnce::call_once{{vtable.shim}}::h2c5a5f3779c774f1
[INFO] [stdout]                                at /rustc/90b35a6239c3d8bdabc530a6a0816f7ff89a0aaf/library/core/src/ops/function.rs:250:5
[INFO] [stdout]   43:     0x64af6315b86b - <alloc::boxed::Box<F,A> as core::ops::function::FnOnce<Args>>::call_once::hf75717d9f28faebf
[INFO] [stdout]                                at /rustc/90b35a6239c3d8bdabc530a6a0816f7ff89a0aaf/library/alloc/src/boxed.rs:2454:9
[INFO] [stdout]   44:     0x64af6315b86b - <alloc::boxed::Box<F,A> as core::ops::function::FnOnce<Args>>::call_once::h7bd883a5f3c5f3c1
[INFO] [stdout]                                at /rustc/90b35a6239c3d8bdabc530a6a0816f7ff89a0aaf/library/alloc/src/boxed.rs:2454:9
[INFO] [stdout]   45:     0x64af6315b86b - std::sys::pal::unix::thread::Thread::new::thread_start::hcc78f3943333fa94
[INFO] [stdout]                                at /rustc/90b35a6239c3d8bdabc530a6a0816f7ff89a0aaf/library/std/src/sys/pal/unix/thread.rs:105:17
[INFO] [stdout]   46:     0x7d245f23dac3 - <unknown>
[INFO] [stdout]   47:     0x7d245f2cea04 - clone
[INFO] [stdout]   48:                0x0 - <unknown>
[INFO] [stdout] 
[INFO] [stdout] 
[INFO] [stdout] failures:
[INFO] [stdout]     tests::basic
[INFO] [stdout]     tests::multiple_pages
[INFO] [stdout]     tests::multithreaded
[INFO] [stdout]     tests::read_plenty
[INFO] [stdout] 
[INFO] [stdout] test result: FAILED. 0 passed; 4 failed; 0 ignored; 0 measured; 0 filtered out; finished in 0.05s
[INFO] [stdout] 
[INFO] [stderr] error: test failed, to rerun pass `--lib`
[INFO] running `Command { std: "docker" "inspect" "06a2595827a56293d37d281f92ecb8b37d57e0c41bd7ac4dfeaa78ca055c7c7e", kill_on_drop: false }`
[INFO] running `Command { std: "docker" "rm" "-f" "06a2595827a56293d37d281f92ecb8b37d57e0c41bd7ac4dfeaa78ca055c7c7e", kill_on_drop: false }`
[INFO] [stdout] 06a2595827a56293d37d281f92ecb8b37d57e0c41bd7ac4dfeaa78ca055c7c7e
