[INFO] fetching crate disc_riider 0.2.1...
[INFO] testing disc_riider-0.2.1 against 1.83.0 for beta-1.84.0-4-retry
[INFO] extracting crate disc_riider 0.2.1 into /workspace/builds/worker-5-tc1/source
[INFO] validating manifest of crates.io crate disc_riider 0.2.1 on toolchain 1.83.0
[INFO] running `Command { std: CARGO_HOME="/workspace/cargo-home" RUSTUP_HOME="/workspace/rustup-home" "/workspace/cargo-home/bin/cargo" "+1.83.0" "metadata" "--manifest-path" "Cargo.toml" "--no-deps", kill_on_drop: false }`
[INFO] started tweaking crates.io crate disc_riider 0.2.1
[INFO] finished tweaking crates.io crate disc_riider 0.2.1
[INFO] tweaked toml for crates.io crate disc_riider 0.2.1 written to /workspace/builds/worker-5-tc1/source/Cargo.toml
[INFO] running `Command { std: CARGO_HOME="/workspace/cargo-home" RUSTUP_HOME="/workspace/rustup-home" "/workspace/cargo-home/bin/cargo" "+1.83.0" "generate-lockfile" "--manifest-path" "Cargo.toml", kill_on_drop: false }`
[INFO] [stderr]     Updating crates.io index
[INFO] [stderr]      Locking 29 packages to latest compatible versions
[INFO] [stderr]       Adding binrw v0.11.2 (available: v0.14.1)
[INFO] [stderr]       Adding thiserror v1.0.69 (available: v2.0.7)
[INFO] running `Command { std: CARGO_HOME="/workspace/cargo-home" RUSTUP_HOME="/workspace/rustup-home" "/workspace/cargo-home/bin/cargo" "+1.83.0" "fetch" "--manifest-path" "Cargo.toml", kill_on_drop: false }`
[INFO] [stderr]  Downloading crates ...
[INFO] [stderr]   Downloaded binrw_derive v0.11.2
[INFO] [stderr]   Downloaded binrw v0.11.2
[INFO] running `Command { std: "docker" "create" "-v" "/var/lib/crater-agent-workspace/builds/worker-5-tc1/target:/opt/rustwide/target:rw,Z" "-v" "/var/lib/crater-agent-workspace/builds/worker-5-tc1/source:/opt/rustwide/workdir:ro,Z" "-v" "/var/lib/crater-agent-workspace/cargo-home:/opt/rustwide/cargo-home:ro,Z" "-v" "/var/lib/crater-agent-workspace/rustup-home:/opt/rustwide/rustup-home:ro,Z" "-e" "SOURCE_DIR=/opt/rustwide/workdir" "-e" "CARGO_TARGET_DIR=/opt/rustwide/target" "-e" "CARGO_HOME=/opt/rustwide/cargo-home" "-e" "RUSTUP_HOME=/opt/rustwide/rustup-home" "-w" "/opt/rustwide/workdir" "-m" "1610612736" "--user" "0:0" "--network" "none" "ghcr.io/rust-lang/crates-build-env/linux@sha256:f3a9d4ad9d972b27faf3965f35b62e55ba32bbce8f20bc8fe909558a86702fde" "/opt/rustwide/cargo-home/bin/cargo" "+1.83.0" "metadata" "--no-deps" "--format-version=1", kill_on_drop: false }`
[INFO] [stdout] c5254d40a8032ee43934460b7ab1d796fc863e6f9074e209f865d999fc8c8a47
[INFO] running `Command { std: "docker" "start" "-a" "c5254d40a8032ee43934460b7ab1d796fc863e6f9074e209f865d999fc8c8a47", kill_on_drop: false }`
[INFO] running `Command { std: "docker" "inspect" "c5254d40a8032ee43934460b7ab1d796fc863e6f9074e209f865d999fc8c8a47", kill_on_drop: false }`
[INFO] running `Command { std: "docker" "rm" "-f" "c5254d40a8032ee43934460b7ab1d796fc863e6f9074e209f865d999fc8c8a47", kill_on_drop: false }`
[INFO] [stdout] c5254d40a8032ee43934460b7ab1d796fc863e6f9074e209f865d999fc8c8a47
[INFO] running `Command { std: "docker" "create" "-v" "/var/lib/crater-agent-workspace/builds/worker-5-tc1/target:/opt/rustwide/target:rw,Z" "-v" "/var/lib/crater-agent-workspace/builds/worker-5-tc1/source:/opt/rustwide/workdir:ro,Z" "-v" "/var/lib/crater-agent-workspace/cargo-home:/opt/rustwide/cargo-home:ro,Z" "-v" "/var/lib/crater-agent-workspace/rustup-home:/opt/rustwide/rustup-home:ro,Z" "-e" "SOURCE_DIR=/opt/rustwide/workdir" "-e" "CARGO_TARGET_DIR=/opt/rustwide/target" "-e" "CARGO_INCREMENTAL=0" "-e" "RUST_BACKTRACE=full" "-e" "RUSTFLAGS=--cap-lints=warn" "-e" "RUSTDOCFLAGS=--cap-lints=warn" "-e" "CARGO_HOME=/opt/rustwide/cargo-home" "-e" "RUSTUP_HOME=/opt/rustwide/rustup-home" "-w" "/opt/rustwide/workdir" "-m" "1610612736" "--user" "0:0" "--network" "none" "ghcr.io/rust-lang/crates-build-env/linux@sha256:f3a9d4ad9d972b27faf3965f35b62e55ba32bbce8f20bc8fe909558a86702fde" "/opt/rustwide/cargo-home/bin/cargo" "+1.83.0" "build" "--frozen" "--message-format=json", kill_on_drop: false }`
[INFO] [stdout] c8d157263ce4b70156ffca419f01a0bad79f5a3117b1a1f76b3e444c4786083f
[INFO] running `Command { std: "docker" "start" "-a" "c8d157263ce4b70156ffca419f01a0bad79f5a3117b1a1f76b3e444c4786083f", kill_on_drop: false }`
[INFO] [stderr]    Compiling version_check v0.9.5
[INFO] [stderr]    Compiling typenum v1.17.0
[INFO] [stderr]    Compiling proc-macro2 v1.0.92
[INFO] [stderr]    Compiling syn v1.0.109
[INFO] [stderr]    Compiling binrw_derive v0.11.2
[INFO] [stderr]    Compiling owo-colors v3.5.0
[INFO] [stderr]    Compiling binrw v0.11.2
[INFO] [stderr]    Compiling cpufeatures v0.2.16
[INFO] [stderr]    Compiling either v1.13.0
[INFO] [stderr]    Compiling thiserror v1.0.69
[INFO] [stderr]    Compiling bytemuck v1.20.0
[INFO] [stderr]    Compiling array-init v2.1.0
[INFO] [stderr]    Compiling encoding_rs v0.8.35
[INFO] [stderr]    Compiling generic-array v0.14.7
[INFO] [stderr]    Compiling quote v1.0.37
[INFO] [stderr]    Compiling syn v2.0.90
[INFO] [stderr]    Compiling crypto-common v0.1.6
[INFO] [stderr]    Compiling block-padding v0.3.3
[INFO] [stderr]    Compiling block-buffer v0.10.4
[INFO] [stderr]    Compiling inout v0.1.3
[INFO] [stderr]    Compiling digest v0.10.7
[INFO] [stderr]    Compiling cipher v0.4.4
[INFO] [stderr]    Compiling sha1 v0.10.6
[INFO] [stderr]    Compiling aes v0.8.4
[INFO] [stderr]    Compiling cbc v0.1.2
[INFO] [stderr]    Compiling thiserror-impl v1.0.69
[INFO] [stderr]    Compiling disc_riider v0.2.1 (/opt/rustwide/workdir)
[INFO] [stdout] warning: variant `Readonly` is never constructed
[INFO] [stdout]   --> src/reader_writer.rs:17:5
[INFO] [stdout]    |
[INFO] [stdout] 16 | enum OpenMode {
[INFO] [stdout]    |      -------- variant in this enum
[INFO] [stdout] 17 |     Readonly { max_group: u64 },
[INFO] [stdout]    |     ^^^^^^^^
[INFO] [stdout]    |
[INFO] [stdout]    = note: `#[warn(dead_code)]` on by default
[INFO] [stdout] 
[INFO] [stdout] 
[INFO] [stdout] warning: method `can_write` is never used
[INFO] [stdout]   --> src/reader_writer.rs:24:8
[INFO] [stdout]    |
[INFO] [stdout] 23 | impl OpenMode {
[INFO] [stdout]    | ------------- method in this implementation
[INFO] [stdout] 24 |     fn can_write(&self) -> bool {
[INFO] [stdout]    |        ^^^^^^^^^
[INFO] [stdout] 
[INFO] [stdout] 
[INFO] [stdout] warning: method `with_file` is never used
[INFO] [stdout]   --> src/reader_writer.rs:60:12
[INFO] [stdout]    |
[INFO] [stdout] 59 | impl WiiEncryptedReadWriteStreamInner {
[INFO] [stdout]    | ------------------------------------- method in this implementation
[INFO] [stdout] 60 |     pub fn with_file<'a, RS: Read + Seek>(
[INFO] [stdout]    |            ^^^^^^^^^
[INFO] [stdout] 
[INFO] [stdout] 
[INFO] [stdout] warning: enum `VerificationError` is never used
[INFO] [stdout]    --> src/reader_writer.rs:131:6
[INFO] [stdout]     |
[INFO] [stdout] 131 | enum VerificationError {
[INFO] [stdout]     |      ^^^^^^^^^^^^^^^^^
[INFO] [stdout] 
[INFO] [stdout] 
[INFO] [stdout] warning: function `decrypt_verify_group` is never used
[INFO] [stdout]    --> src/reader_writer.rs:142:4
[INFO] [stdout]     |
[INFO] [stdout] 142 | fn decrypt_verify_group(
[INFO] [stdout]     |    ^^^^^^^^^^^^^^^^^^^^
[INFO] [stdout] 
[INFO] [stdout] 
[INFO] [stdout] warning: associated items `create_readonly` and `read_into_vec` are never used
[INFO] [stdout]    --> src/reader_writer.rs:214:12
[INFO] [stdout]     |
[INFO] [stdout] 209 | impl<'a, RS: Read + Seek> WiiEncryptedReadWriteStream<'a, RS> {
[INFO] [stdout]     | ------------------------------------------------------------- associated items in this implementation
[INFO] [stdout] ...
[INFO] [stdout] 214 |     pub fn create_readonly(
[INFO] [stdout]     |            ^^^^^^^^^^^^^^^
[INFO] [stdout] ...
[INFO] [stdout] 278 |     pub fn read_into_vec(
[INFO] [stdout]     |            ^^^^^^^^^^^^^
[INFO] [stdout] 
[INFO] [stdout] 
[INFO] [stderr]     Finished `dev` profile [unoptimized + debuginfo] target(s) in 20.77s
[INFO] running `Command { std: "docker" "inspect" "c8d157263ce4b70156ffca419f01a0bad79f5a3117b1a1f76b3e444c4786083f", kill_on_drop: false }`
[INFO] running `Command { std: "docker" "rm" "-f" "c8d157263ce4b70156ffca419f01a0bad79f5a3117b1a1f76b3e444c4786083f", kill_on_drop: false }`
[INFO] [stdout] c8d157263ce4b70156ffca419f01a0bad79f5a3117b1a1f76b3e444c4786083f
[INFO] running `Command { std: "docker" "create" "-v" "/var/lib/crater-agent-workspace/builds/worker-5-tc1/target:/opt/rustwide/target:rw,Z" "-v" "/var/lib/crater-agent-workspace/builds/worker-5-tc1/source:/opt/rustwide/workdir:ro,Z" "-v" "/var/lib/crater-agent-workspace/cargo-home:/opt/rustwide/cargo-home:ro,Z" "-v" "/var/lib/crater-agent-workspace/rustup-home:/opt/rustwide/rustup-home:ro,Z" "-e" "SOURCE_DIR=/opt/rustwide/workdir" "-e" "CARGO_TARGET_DIR=/opt/rustwide/target" "-e" "CARGO_INCREMENTAL=0" "-e" "RUST_BACKTRACE=full" "-e" "RUSTFLAGS=--cap-lints=warn" "-e" "RUSTDOCFLAGS=--cap-lints=warn" "-e" "CARGO_HOME=/opt/rustwide/cargo-home" "-e" "RUSTUP_HOME=/opt/rustwide/rustup-home" "-w" "/opt/rustwide/workdir" "-m" "1610612736" "--user" "0:0" "--network" "none" "ghcr.io/rust-lang/crates-build-env/linux@sha256:f3a9d4ad9d972b27faf3965f35b62e55ba32bbce8f20bc8fe909558a86702fde" "/opt/rustwide/cargo-home/bin/cargo" "+1.83.0" "test" "--frozen" "--no-run" "--message-format=json", kill_on_drop: false }`
[INFO] [stdout] 1527054e00e93647e41f212f2a1afa0b9211c8a73c13205244cba713b0d502ea
[INFO] running `Command { std: "docker" "start" "-a" "1527054e00e93647e41f212f2a1afa0b9211c8a73c13205244cba713b0d502ea", kill_on_drop: false }`
[INFO] [stderr]    Compiling disc_riider v0.2.1 (/opt/rustwide/workdir)
[INFO] [stdout] warning: variant `Readonly` is never constructed
[INFO] [stdout]   --> src/reader_writer.rs:17:5
[INFO] [stdout]    |
[INFO] [stdout] 16 | enum OpenMode {
[INFO] [stdout]    |      -------- variant in this enum
[INFO] [stdout] 17 |     Readonly { max_group: u64 },
[INFO] [stdout]    |     ^^^^^^^^
[INFO] [stdout]    |
[INFO] [stdout]    = note: `#[warn(dead_code)]` on by default
[INFO] [stdout] 
[INFO] [stdout] 
[INFO] [stdout] warning: method `can_write` is never used
[INFO] [stdout]   --> src/reader_writer.rs:24:8
[INFO] [stdout]    |
[INFO] [stdout] 23 | impl OpenMode {
[INFO] [stdout]    | ------------- method in this implementation
[INFO] [stdout] 24 |     fn can_write(&self) -> bool {
[INFO] [stdout]    |        ^^^^^^^^^
[INFO] [stdout] 
[INFO] [stdout] 
[INFO] [stdout] warning: method `with_file` is never used
[INFO] [stdout]   --> src/reader_writer.rs:60:12
[INFO] [stdout]    |
[INFO] [stdout] 59 | impl WiiEncryptedReadWriteStreamInner {
[INFO] [stdout]    | ------------------------------------- method in this implementation
[INFO] [stdout] 60 |     pub fn with_file<'a, RS: Read + Seek>(
[INFO] [stdout]    |            ^^^^^^^^^
[INFO] [stdout] 
[INFO] [stdout] 
[INFO] [stdout] warning: enum `VerificationError` is never used
[INFO] [stdout]    --> src/reader_writer.rs:131:6
[INFO] [stdout]     |
[INFO] [stdout] 131 | enum VerificationError {
[INFO] [stdout]     |      ^^^^^^^^^^^^^^^^^
[INFO] [stdout] 
[INFO] [stdout] 
[INFO] [stdout] warning: function `decrypt_verify_group` is never used
[INFO] [stdout]    --> src/reader_writer.rs:142:4
[INFO] [stdout]     |
[INFO] [stdout] 142 | fn decrypt_verify_group(
[INFO] [stdout]     |    ^^^^^^^^^^^^^^^^^^^^
[INFO] [stdout] 
[INFO] [stdout] 
[INFO] [stdout] warning: associated items `create_readonly` and `read_into_vec` are never used
[INFO] [stdout]    --> src/reader_writer.rs:214:12
[INFO] [stdout]     |
[INFO] [stdout] 209 | impl<'a, RS: Read + Seek> WiiEncryptedReadWriteStream<'a, RS> {
[INFO] [stdout]     | ------------------------------------------------------------- associated items in this implementation
[INFO] [stdout] ...
[INFO] [stdout] 214 |     pub fn create_readonly(
[INFO] [stdout]     |            ^^^^^^^^^^^^^^^
[INFO] [stdout] ...
[INFO] [stdout] 278 |     pub fn read_into_vec(
[INFO] [stdout]     |            ^^^^^^^^^^^^^
[INFO] [stdout] 
[INFO] [stdout] 
[INFO] [stdout] warning: variant `Readonly` is never constructed
[INFO] [stdout]   --> src/reader_writer.rs:17:5
[INFO] [stdout]    |
[INFO] [stdout] 16 | enum OpenMode {
[INFO] [stdout]    |      -------- variant in this enum
[INFO] [stdout] 17 |     Readonly { max_group: u64 },
[INFO] [stdout]    |     ^^^^^^^^
[INFO] [stdout]    |
[INFO] [stdout]    = note: `#[warn(dead_code)]` on by default
[INFO] [stdout] 
[INFO] [stdout] 
[INFO] [stdout] warning: method `can_write` is never used
[INFO] [stdout]   --> src/reader_writer.rs:24:8
[INFO] [stdout]    |
[INFO] [stdout] 23 | impl OpenMode {
[INFO] [stdout]    | ------------- method in this implementation
[INFO] [stdout] 24 |     fn can_write(&self) -> bool {
[INFO] [stdout]    |        ^^^^^^^^^
[INFO] [stdout] 
[INFO] [stdout] 
[INFO] [stdout] warning: method `with_file` is never used
[INFO] [stdout]   --> src/reader_writer.rs:60:12
[INFO] [stdout]    |
[INFO] [stdout] 59 | impl WiiEncryptedReadWriteStreamInner {
[INFO] [stdout]    | ------------------------------------- method in this implementation
[INFO] [stdout] 60 |     pub fn with_file<'a, RS: Read + Seek>(
[INFO] [stdout]    |            ^^^^^^^^^
[INFO] [stdout] 
[INFO] [stdout] 
[INFO] [stdout] warning: enum `VerificationError` is never used
[INFO] [stdout]    --> src/reader_writer.rs:131:6
[INFO] [stdout]     |
[INFO] [stdout] 131 | enum VerificationError {
[INFO] [stdout]     |      ^^^^^^^^^^^^^^^^^
[INFO] [stdout] 
[INFO] [stdout] 
[INFO] [stdout] warning: function `decrypt_verify_group` is never used
[INFO] [stdout]    --> src/reader_writer.rs:142:4
[INFO] [stdout]     |
[INFO] [stdout] 142 | fn decrypt_verify_group(
[INFO] [stdout]     |    ^^^^^^^^^^^^^^^^^^^^
[INFO] [stdout] 
[INFO] [stdout] 
[INFO] [stdout] warning: associated function `create_readonly` is never used
[INFO] [stdout]    --> src/reader_writer.rs:214:12
[INFO] [stdout]     |
[INFO] [stdout] 209 | impl<'a, RS: Read + Seek> WiiEncryptedReadWriteStream<'a, RS> {
[INFO] [stdout]     | ------------------------------------------------------------- associated function in this implementation
[INFO] [stdout] ...
[INFO] [stdout] 214 |     pub fn create_readonly(
[INFO] [stdout]     |            ^^^^^^^^^^^^^^^
[INFO] [stdout] 
[INFO] [stdout] 
[INFO] [stderr]     Finished `test` profile [unoptimized + debuginfo] target(s) in 2.30s
[INFO] running `Command { std: "docker" "inspect" "1527054e00e93647e41f212f2a1afa0b9211c8a73c13205244cba713b0d502ea", kill_on_drop: false }`
[INFO] running `Command { std: "docker" "rm" "-f" "1527054e00e93647e41f212f2a1afa0b9211c8a73c13205244cba713b0d502ea", kill_on_drop: false }`
[INFO] [stdout] 1527054e00e93647e41f212f2a1afa0b9211c8a73c13205244cba713b0d502ea
[INFO] running `Command { std: "docker" "create" "-v" "/var/lib/crater-agent-workspace/builds/worker-5-tc1/target:/opt/rustwide/target:rw,Z" "-v" "/var/lib/crater-agent-workspace/builds/worker-5-tc1/source:/opt/rustwide/workdir:ro,Z" "-v" "/var/lib/crater-agent-workspace/cargo-home:/opt/rustwide/cargo-home:ro,Z" "-v" "/var/lib/crater-agent-workspace/rustup-home:/opt/rustwide/rustup-home:ro,Z" "-e" "SOURCE_DIR=/opt/rustwide/workdir" "-e" "CARGO_TARGET_DIR=/opt/rustwide/target" "-e" "CARGO_INCREMENTAL=0" "-e" "RUST_BACKTRACE=full" "-e" "RUSTFLAGS=--cap-lints=warn" "-e" "RUSTDOCFLAGS=--cap-lints=warn" "-e" "CARGO_HOME=/opt/rustwide/cargo-home" "-e" "RUSTUP_HOME=/opt/rustwide/rustup-home" "-w" "/opt/rustwide/workdir" "-m" "1610612736" "--user" "0:0" "--network" "none" "ghcr.io/rust-lang/crates-build-env/linux@sha256:f3a9d4ad9d972b27faf3965f35b62e55ba32bbce8f20bc8fe909558a86702fde" "/opt/rustwide/cargo-home/bin/cargo" "+1.83.0" "test" "--frozen", kill_on_drop: false }`
[INFO] [stdout] bd79b16517ac2ff06a4e42b1f0b278bc5e9b90c6239bbac86accd6843ea7d95c
[INFO] running `Command { std: "docker" "start" "-a" "bd79b16517ac2ff06a4e42b1f0b278bc5e9b90c6239bbac86accd6843ea7d95c", kill_on_drop: false }`
[INFO] [stderr] warning: variant `Readonly` is never constructed
[INFO] [stderr]   --> src/reader_writer.rs:17:5
[INFO] [stderr]    |
[INFO] [stderr] 16 | enum OpenMode {
[INFO] [stderr]    |      -------- variant in this enum
[INFO] [stderr] 17 |     Readonly { max_group: u64 },
[INFO] [stderr]    |     ^^^^^^^^
[INFO] [stderr]    |
[INFO] [stderr]    = note: `#[warn(dead_code)]` on by default
[INFO] [stderr] 
[INFO] [stderr] warning: method `can_write` is never used
[INFO] [stderr]   --> src/reader_writer.rs:24:8
[INFO] [stderr]    |
[INFO] [stderr] 23 | impl OpenMode {
[INFO] [stderr]    | ------------- method in this implementation
[INFO] [stderr] 24 |     fn can_write(&self) -> bool {
[INFO] [stderr]    |        ^^^^^^^^^
[INFO] [stderr] 
[INFO] [stderr] warning: method `with_file` is never used
[INFO] [stderr]   --> src/reader_writer.rs:60:12
[INFO] [stderr]    |
[INFO] [stderr] 59 | impl WiiEncryptedReadWriteStreamInner {
[INFO] [stderr]    | ------------------------------------- method in this implementation
[INFO] [stderr] 60 |     pub fn with_file<'a, RS: Read + Seek>(
[INFO] [stderr]    |            ^^^^^^^^^
[INFO] [stderr] 
[INFO] [stderr] warning: enum `VerificationError` is never used
[INFO] [stderr]    --> src/reader_writer.rs:131:6
[INFO] [stderr]     |
[INFO] [stderr] 131 | enum VerificationError {
[INFO] [stderr]     |      ^^^^^^^^^^^^^^^^^
[INFO] [stderr] 
[INFO] [stderr] warning: function `decrypt_verify_group` is never used
[INFO] [stderr]    --> src/reader_writer.rs:142:4
[INFO] [stderr]     |
[INFO] [stderr] 142 | fn decrypt_verify_group(
[INFO] [stderr]     |    ^^^^^^^^^^^^^^^^^^^^
[INFO] [stderr] 
[INFO] [stderr] warning: associated items `create_readonly` and `read_into_vec` are never used
[INFO] [stderr]    --> src/reader_writer.rs:214:12
[INFO] [stderr]     |
[INFO] [stderr] 209 | impl<'a, RS: Read + Seek> WiiEncryptedReadWriteStream<'a, RS> {
[INFO] [stderr]     | ------------------------------------------------------------- associated items in this implementation
[INFO] [stderr] ...
[INFO] [stderr] 214 |     pub fn create_readonly(
[INFO] [stderr]     |            ^^^^^^^^^^^^^^^
[INFO] [stderr] ...
[INFO] [stderr] 278 |     pub fn read_into_vec(
[INFO] [stderr]     |            ^^^^^^^^^^^^^
[INFO] [stderr] 
[INFO] [stderr] warning: associated function `create_readonly` is never used
[INFO] [stderr]    --> src/reader_writer.rs:214:12
[INFO] [stderr]     |
[INFO] [stderr] 209 | impl<'a, RS: Read + Seek> WiiEncryptedReadWriteStream<'a, RS> {
[INFO] [stderr]     | ------------------------------------------------------------- associated function in this implementation
[INFO] [stderr] ...
[INFO] [stderr] 214 |     pub fn create_readonly(
[INFO] [stderr]     |            ^^^^^^^^^^^^^^^
[INFO] [stderr] 
[INFO] [stderr] warning: `disc_riider` (lib) generated 6 warnings
[INFO] [stderr] warning: `disc_riider` (lib test) generated 6 warnings (5 duplicates)
[INFO] [stderr]     Finished `test` profile [unoptimized + debuginfo] target(s) in 0.04s
[INFO] [stderr]      Running unittests src/lib.rs (/opt/rustwide/target/debug/deps/disc_riider-3b4ce7ad71073bfb)
[INFO] [stdout] 
[INFO] [stdout] running 8 tests
[INFO] [stdout] test dir_reader::test::test_dir_read ... ok
[INFO] [stdout] test fst::test::test_find ... ok
[INFO] [stdout] test fst::test::test_build ... ok
[INFO] [stdout] test fst::test::test_remove ... ok
[INFO] [stdout] test fst::test::test_add ... ok
[INFO] [stdout] test window::test::test_window ... ok
[INFO] [stdout] test window::test::test_window_with_len ... ok
[INFO] [stdout] test reader_writer::test::test_write ... FAILED
[INFO] [stdout] 
[INFO] [stdout] failures:
[INFO] [stdout] 
[INFO] [stdout] ---- reader_writer::test::test_write stdout ----
[INFO] [stdout] thread 'reader_writer::test::test_write' panicked at src/reader_writer.rs:533:49:
[INFO] [stdout] called `Result::unwrap()` on an `Err` value: Os { code: 30, kind: ReadOnlyFilesystem, message: "Read-only file system" }
[INFO] [stdout] stack backtrace:
[INFO] [stdout]    0:     0x624653234fea - std::backtrace_rs::backtrace::libunwind::trace::h5a5b8284f2d0c266
[INFO] [stdout]                                at /rustc/90b35a6239c3d8bdabc530a6a0816f7ff89a0aaf/library/std/src/../../backtrace/src/backtrace/libunwind.rs:116:5
[INFO] [stdout]    1:     0x624653234fea - std::backtrace_rs::backtrace::trace_unsynchronized::h76d4f1c9b0b875e3
[INFO] [stdout]                                at /rustc/90b35a6239c3d8bdabc530a6a0816f7ff89a0aaf/library/std/src/../../backtrace/src/backtrace/mod.rs:66:5
[INFO] [stdout]    2:     0x624653234fea - std::sys::backtrace::_print_fmt::hc4546b8364a537c6
[INFO] [stdout]                                at /rustc/90b35a6239c3d8bdabc530a6a0816f7ff89a0aaf/library/std/src/sys/backtrace.rs:66:9
[INFO] [stdout]    3:     0x624653234fea - <std::sys::backtrace::BacktraceLock::print::DisplayBacktrace as core::fmt::Display>::fmt::h5b6bd5631a6d1f6b
[INFO] [stdout]                                at /rustc/90b35a6239c3d8bdabc530a6a0816f7ff89a0aaf/library/std/src/sys/backtrace.rs:39:26
[INFO] [stdout]    4:     0x62465325a913 - core::fmt::rt::Argument::fmt::h270f6602a2b96f62
[INFO] [stdout]                                at /rustc/90b35a6239c3d8bdabc530a6a0816f7ff89a0aaf/library/core/src/fmt/rt.rs:177:76
[INFO] [stdout]    5:     0x62465325a913 - core::fmt::write::h7550c97b06c86515
[INFO] [stdout]                                at /rustc/90b35a6239c3d8bdabc530a6a0816f7ff89a0aaf/library/core/src/fmt/mod.rs:1186:21
[INFO] [stdout]    6:     0x624653232013 - std::io::Write::write_fmt::h509ff860e5956e5e
[INFO] [stdout]                                at /rustc/90b35a6239c3d8bdabc530a6a0816f7ff89a0aaf/library/std/src/io/mod.rs:1839:15
[INFO] [stdout]    7:     0x624653234e32 - std::sys::backtrace::BacktraceLock::print::h2395ccd2c84ba3aa
[INFO] [stdout]                                at /rustc/90b35a6239c3d8bdabc530a6a0816f7ff89a0aaf/library/std/src/sys/backtrace.rs:42:9
[INFO] [stdout]    8:     0x62465323644a - std::panicking::default_hook::{{closure}}::he19d4c7230e07961
[INFO] [stdout]                                at /rustc/90b35a6239c3d8bdabc530a6a0816f7ff89a0aaf/library/std/src/panicking.rs:268:22
[INFO] [stdout]    9:     0x624653236254 - std::panicking::default_hook::hf614597d3c67bbdb
[INFO] [stdout]                                at /rustc/90b35a6239c3d8bdabc530a6a0816f7ff89a0aaf/library/std/src/panicking.rs:292:9
[INFO] [stdout]   10:     0x624653180859 - <alloc::boxed::Box<F,A> as core::ops::function::Fn<Args>>::call::h39b51ce4599c23d1
[INFO] [stdout]                                at /rustc/90b35a6239c3d8bdabc530a6a0816f7ff89a0aaf/library/alloc/src/boxed.rs:2468:9
[INFO] [stdout]   11:     0x624653180859 - test::test_main::{{closure}}::he977ae839a582784
[INFO] [stdout]                                at /rustc/90b35a6239c3d8bdabc530a6a0816f7ff89a0aaf/library/test/src/lib.rs:133:21
[INFO] [stdout]   12:     0x624653236ae8 - <alloc::boxed::Box<F,A> as core::ops::function::Fn<Args>>::call::h9455091b6b06f9fb
[INFO] [stdout]                                at /rustc/90b35a6239c3d8bdabc530a6a0816f7ff89a0aaf/library/alloc/src/boxed.rs:2468:9
[INFO] [stdout]   13:     0x624653236ae8 - std::panicking::rust_panic_with_hook::h8942133a8b252070
[INFO] [stdout]                                at /rustc/90b35a6239c3d8bdabc530a6a0816f7ff89a0aaf/library/std/src/panicking.rs:809:13
[INFO] [stdout]   14:     0x6246532368aa - std::panicking::begin_panic_handler::{{closure}}::hb5f5963570096b29
[INFO] [stdout]                                at /rustc/90b35a6239c3d8bdabc530a6a0816f7ff89a0aaf/library/std/src/panicking.rs:674:13
[INFO] [stdout]   15:     0x6246532354c9 - std::sys::backtrace::__rust_end_short_backtrace::h6208cedc1922feda
[INFO] [stdout]                                at /rustc/90b35a6239c3d8bdabc530a6a0816f7ff89a0aaf/library/std/src/sys/backtrace.rs:170:18
[INFO] [stdout]   16:     0x62465323653c - rust_begin_unwind
[INFO] [stdout]                                at /rustc/90b35a6239c3d8bdabc530a6a0816f7ff89a0aaf/library/std/src/panicking.rs:665:5
[INFO] [stdout]   17:     0x624653113b50 - core::panicking::panic_fmt::h0c3082644d1bf418
[INFO] [stdout]                                at /rustc/90b35a6239c3d8bdabc530a6a0816f7ff89a0aaf/library/core/src/panicking.rs:74:14
[INFO] [stdout]   18:     0x624653113f96 - core::result::unwrap_failed::hd20b4aa073bda1e2
[INFO] [stdout]                                at /rustc/90b35a6239c3d8bdabc530a6a0816f7ff89a0aaf/library/core/src/result.rs:1700:5
[INFO] [stdout]   19:     0x624653134b05 - core::result::Result<T,E>::unwrap::h53ba59ba46fa5439
[INFO] [stdout]                                at /rustc/90b35a6239c3d8bdabc530a6a0816f7ff89a0aaf/library/core/src/result.rs:1104:23
[INFO] [stdout]   20:     0x624653134b05 - disc_riider::reader_writer::test::test_write::h52d9b74988f7cd8c
[INFO] [stdout]                                at /opt/rustwide/workdir/src/reader_writer.rs:533:24
[INFO] [stdout]   21:     0x624653133f37 - disc_riider::reader_writer::test::test_write::{{closure}}::hfa3313e20c72f4c5
[INFO] [stdout]                                at /opt/rustwide/workdir/src/reader_writer.rs:509:20
[INFO] [stdout]   22:     0x6246531408f6 - core::ops::function::FnOnce::call_once::h197e1c45f045e3c0
[INFO] [stdout]                                at /rustc/90b35a6239c3d8bdabc530a6a0816f7ff89a0aaf/library/core/src/ops/function.rs:250:5
[INFO] [stdout]   23:     0x62465318521b - core::ops::function::FnOnce::call_once::h109cf8051a59b34e
[INFO] [stdout]                                at /rustc/90b35a6239c3d8bdabc530a6a0816f7ff89a0aaf/library/core/src/ops/function.rs:250:5
[INFO] [stdout]   24:     0x62465318521b - test::__rust_begin_short_backtrace::hf4fff89d377446ba
[INFO] [stdout]                                at /rustc/90b35a6239c3d8bdabc530a6a0816f7ff89a0aaf/library/test/src/lib.rs:621:18
[INFO] [stdout]   25:     0x624653184a57 - test::run_test_in_process::{{closure}}::h0e39181dd7ee5a43
[INFO] [stdout]                                at /rustc/90b35a6239c3d8bdabc530a6a0816f7ff89a0aaf/library/test/src/lib.rs:644:60
[INFO] [stdout]   26:     0x624653184a57 - <core::panic::unwind_safe::AssertUnwindSafe<F> as core::ops::function::FnOnce<()>>::call_once::hc5a66a30f0bdfd1f
[INFO] [stdout]                                at /rustc/90b35a6239c3d8bdabc530a6a0816f7ff89a0aaf/library/core/src/panic/unwind_safe.rs:272:9
[INFO] [stdout]   27:     0x624653184a57 - std::panicking::try::do_call::h873b7cf639554a5e
[INFO] [stdout]                                at /rustc/90b35a6239c3d8bdabc530a6a0816f7ff89a0aaf/library/std/src/panicking.rs:557:40
[INFO] [stdout]   28:     0x624653184a57 - std::panicking::try::hdb19862fad9c8bd1
[INFO] [stdout]                                at /rustc/90b35a6239c3d8bdabc530a6a0816f7ff89a0aaf/library/std/src/panicking.rs:520:19
[INFO] [stdout]   29:     0x624653184a57 - std::panic::catch_unwind::h281fe732d236d260
[INFO] [stdout]                                at /rustc/90b35a6239c3d8bdabc530a6a0816f7ff89a0aaf/library/std/src/panic.rs:358:14
[INFO] [stdout]   30:     0x624653184a57 - test::run_test_in_process::h949b6df8457ed338
[INFO] [stdout]                                at /rustc/90b35a6239c3d8bdabc530a6a0816f7ff89a0aaf/library/test/src/lib.rs:644:27
[INFO] [stdout]   31:     0x624653184a57 - test::run_test::{{closure}}::h52c556a6d4740e10
[INFO] [stdout]                                at /rustc/90b35a6239c3d8bdabc530a6a0816f7ff89a0aaf/library/test/src/lib.rs:565:43
[INFO] [stdout]   32:     0x624653149d34 - test::run_test::{{closure}}::h4237f6381c45ccb9
[INFO] [stdout]                                at /rustc/90b35a6239c3d8bdabc530a6a0816f7ff89a0aaf/library/test/src/lib.rs:595:41
[INFO] [stdout]   33:     0x624653149d34 - std::sys::backtrace::__rust_begin_short_backtrace::h505c97a579eca628
[INFO] [stdout]                                at /rustc/90b35a6239c3d8bdabc530a6a0816f7ff89a0aaf/library/std/src/sys/backtrace.rs:154:18
[INFO] [stdout]   34:     0x62465314d3fe - std::thread::Builder::spawn_unchecked_::{{closure}}::{{closure}}::h9e86b2e2bc107ea3
[INFO] [stdout]                                at /rustc/90b35a6239c3d8bdabc530a6a0816f7ff89a0aaf/library/std/src/thread/mod.rs:538:17
[INFO] [stdout]   35:     0x62465314d3fe - <core::panic::unwind_safe::AssertUnwindSafe<F> as core::ops::function::FnOnce<()>>::call_once::h8b06ddb275ff4a25
[INFO] [stdout]                                at /rustc/90b35a6239c3d8bdabc530a6a0816f7ff89a0aaf/library/core/src/panic/unwind_safe.rs:272:9
[INFO] [stdout]   36:     0x62465314d3fe - std::panicking::try::do_call::hb26ecd7cd9a9355d
[INFO] [stdout]                                at /rustc/90b35a6239c3d8bdabc530a6a0816f7ff89a0aaf/library/std/src/panicking.rs:557:40
[INFO] [stdout]   37:     0x62465314d3fe - std::panicking::try::h8ddeca9d705f9069
[INFO] [stdout]                                at /rustc/90b35a6239c3d8bdabc530a6a0816f7ff89a0aaf/library/std/src/panicking.rs:520:19
[INFO] [stdout]   38:     0x62465314d3fe - std::panic::catch_unwind::h49e1c33078844c46
[INFO] [stdout]                                at /rustc/90b35a6239c3d8bdabc530a6a0816f7ff89a0aaf/library/std/src/panic.rs:358:14
[INFO] [stdout]   39:     0x62465314d3fe - std::thread::Builder::spawn_unchecked_::{{closure}}::h6073db6ff56ad35d
[INFO] [stdout]                                at /rustc/90b35a6239c3d8bdabc530a6a0816f7ff89a0aaf/library/std/src/thread/mod.rs:537:30
[INFO] [stdout]   40:     0x62465314d3fe - core::ops::function::FnOnce::call_once{{vtable.shim}}::h2c5a5f3779c774f1
[INFO] [stdout]                                at /rustc/90b35a6239c3d8bdabc530a6a0816f7ff89a0aaf/library/core/src/ops/function.rs:250:5
[INFO] [stdout]   41:     0x62465323ac8b - <alloc::boxed::Box<F,A> as core::ops::function::FnOnce<Args>>::call_once::hf75717d9f28faebf
[INFO] [stdout]                                at /rustc/90b35a6239c3d8bdabc530a6a0816f7ff89a0aaf/library/alloc/src/boxed.rs:2454:9
[INFO] [stdout]   42:     0x62465323ac8b - <alloc::boxed::Box<F,A> as core::ops::function::FnOnce<Args>>::call_once::h7bd883a5f3c5f3c1
[INFO] [stdout]                                at /rustc/90b35a6239c3d8bdabc530a6a0816f7ff89a0aaf/library/alloc/src/boxed.rs:2454:9
[INFO] [stdout]   43:     0x62465323ac8b - std::sys::pal::unix::thread::Thread::new::thread_start::hcc78f3943333fa94
[INFO] [stdout]                                at /rustc/90b35a6239c3d8bdabc530a6a0816f7ff89a0aaf/library/std/src/sys/pal/unix/thread.rs:105:17
[INFO] [stdout]   44:     0x7918b7b01ac3 - <unknown>
[INFO] [stdout]   45:     0x7918b7b92a04 - clone
[INFO] [stdout]   46:                0x0 - <unknown>
[INFO] [stdout] 
[INFO] [stdout] 
[INFO] [stdout] failures:
[INFO] [stdout]     reader_writer::test::test_write
[INFO] [stdout] 
[INFO] [stdout] test result: FAILED. 7 passed; 1 failed; 0 ignored; 0 measured; 0 filtered out; finished in 2.51s
[INFO] [stdout] 
[INFO] [stderr] error: test failed, to rerun pass `--lib`
[INFO] running `Command { std: "docker" "inspect" "bd79b16517ac2ff06a4e42b1f0b278bc5e9b90c6239bbac86accd6843ea7d95c", kill_on_drop: false }`
[INFO] running `Command { std: "docker" "rm" "-f" "bd79b16517ac2ff06a4e42b1f0b278bc5e9b90c6239bbac86accd6843ea7d95c", kill_on_drop: false }`
[INFO] [stdout] bd79b16517ac2ff06a4e42b1f0b278bc5e9b90c6239bbac86accd6843ea7d95c
