[INFO] fetching crate dirscent 0.1.0...
[INFO] testing dirscent-0.1.0 against beta-2024-12-08 for beta-1.84.0-4-retry
[INFO] extracting crate dirscent 0.1.0 into /workspace/builds/worker-1-tc2/source
[INFO] validating manifest of crates.io crate dirscent 0.1.0 on toolchain beta-2024-12-08
[INFO] running `Command { std: CARGO_HOME="/workspace/cargo-home" RUSTUP_HOME="/workspace/rustup-home" "/workspace/cargo-home/bin/cargo" "+beta-2024-12-08" "metadata" "--manifest-path" "Cargo.toml" "--no-deps", kill_on_drop: false }`
[INFO] started tweaking crates.io crate dirscent 0.1.0
[INFO] finished tweaking crates.io crate dirscent 0.1.0
[INFO] tweaked toml for crates.io crate dirscent 0.1.0 written to /workspace/builds/worker-1-tc2/source/Cargo.toml
[INFO] crate crates.io crate dirscent 0.1.0 already has a lockfile, it will not be regenerated
[INFO] running `Command { std: CARGO_HOME="/workspace/cargo-home" RUSTUP_HOME="/workspace/rustup-home" "/workspace/cargo-home/bin/cargo" "+beta-2024-12-08" "fetch" "--manifest-path" "Cargo.toml", kill_on_drop: false }`
[INFO] running `Command { std: "docker" "create" "-v" "/var/lib/crater-agent-workspace/builds/worker-1-tc2/target:/opt/rustwide/target:rw,Z" "-v" "/var/lib/crater-agent-workspace/builds/worker-1-tc2/source:/opt/rustwide/workdir:ro,Z" "-v" "/var/lib/crater-agent-workspace/cargo-home:/opt/rustwide/cargo-home:ro,Z" "-v" "/var/lib/crater-agent-workspace/rustup-home:/opt/rustwide/rustup-home:ro,Z" "-e" "SOURCE_DIR=/opt/rustwide/workdir" "-e" "CARGO_TARGET_DIR=/opt/rustwide/target" "-e" "CARGO_HOME=/opt/rustwide/cargo-home" "-e" "RUSTUP_HOME=/opt/rustwide/rustup-home" "-w" "/opt/rustwide/workdir" "-m" "1610612736" "--user" "0:0" "--network" "none" "ghcr.io/rust-lang/crates-build-env/linux@sha256:f3a9d4ad9d972b27faf3965f35b62e55ba32bbce8f20bc8fe909558a86702fde" "/opt/rustwide/cargo-home/bin/cargo" "+beta-2024-12-08" "metadata" "--no-deps" "--format-version=1", kill_on_drop: false }`
[INFO] [stdout] 33ab808acc6f744e85af7b3f1ef66080c209378f637b7917eb1db83b3f7d7b83
[INFO] running `Command { std: "docker" "start" "-a" "33ab808acc6f744e85af7b3f1ef66080c209378f637b7917eb1db83b3f7d7b83", kill_on_drop: false }`
[INFO] running `Command { std: "docker" "inspect" "33ab808acc6f744e85af7b3f1ef66080c209378f637b7917eb1db83b3f7d7b83", kill_on_drop: false }`
[INFO] running `Command { std: "docker" "rm" "-f" "33ab808acc6f744e85af7b3f1ef66080c209378f637b7917eb1db83b3f7d7b83", kill_on_drop: false }`
[INFO] [stdout] 33ab808acc6f744e85af7b3f1ef66080c209378f637b7917eb1db83b3f7d7b83
[INFO] running `Command { std: "docker" "create" "-v" "/var/lib/crater-agent-workspace/builds/worker-1-tc2/target:/opt/rustwide/target:rw,Z" "-v" "/var/lib/crater-agent-workspace/builds/worker-1-tc2/source:/opt/rustwide/workdir:ro,Z" "-v" "/var/lib/crater-agent-workspace/cargo-home:/opt/rustwide/cargo-home:ro,Z" "-v" "/var/lib/crater-agent-workspace/rustup-home:/opt/rustwide/rustup-home:ro,Z" "-e" "SOURCE_DIR=/opt/rustwide/workdir" "-e" "CARGO_TARGET_DIR=/opt/rustwide/target" "-e" "CARGO_INCREMENTAL=0" "-e" "RUST_BACKTRACE=full" "-e" "RUSTFLAGS=--cap-lints=warn" "-e" "RUSTDOCFLAGS=--cap-lints=warn" "-e" "CARGO_HOME=/opt/rustwide/cargo-home" "-e" "RUSTUP_HOME=/opt/rustwide/rustup-home" "-w" "/opt/rustwide/workdir" "-m" "1610612736" "--user" "0:0" "--network" "none" "ghcr.io/rust-lang/crates-build-env/linux@sha256:f3a9d4ad9d972b27faf3965f35b62e55ba32bbce8f20bc8fe909558a86702fde" "/opt/rustwide/cargo-home/bin/cargo" "+beta-2024-12-08" "build" "--frozen" "--message-format=json", kill_on_drop: false }`
[INFO] [stdout] 4a397aba725e1d85b410e9d1942fae468fbee9386406172284cd51858866199f
[INFO] running `Command { std: "docker" "start" "-a" "4a397aba725e1d85b410e9d1942fae468fbee9386406172284cd51858866199f", kill_on_drop: false }`
[INFO] [stderr]    Compiling dirscent v0.1.0 (/opt/rustwide/workdir)
[INFO] [stderr]     Finished `dev` profile [unoptimized + debuginfo] target(s) in 0.26s
[INFO] running `Command { std: "docker" "inspect" "4a397aba725e1d85b410e9d1942fae468fbee9386406172284cd51858866199f", kill_on_drop: false }`
[INFO] running `Command { std: "docker" "rm" "-f" "4a397aba725e1d85b410e9d1942fae468fbee9386406172284cd51858866199f", kill_on_drop: false }`
[INFO] [stdout] 4a397aba725e1d85b410e9d1942fae468fbee9386406172284cd51858866199f
[INFO] running `Command { std: "docker" "create" "-v" "/var/lib/crater-agent-workspace/builds/worker-1-tc2/target:/opt/rustwide/target:rw,Z" "-v" "/var/lib/crater-agent-workspace/builds/worker-1-tc2/source:/opt/rustwide/workdir:ro,Z" "-v" "/var/lib/crater-agent-workspace/cargo-home:/opt/rustwide/cargo-home:ro,Z" "-v" "/var/lib/crater-agent-workspace/rustup-home:/opt/rustwide/rustup-home:ro,Z" "-e" "SOURCE_DIR=/opt/rustwide/workdir" "-e" "CARGO_TARGET_DIR=/opt/rustwide/target" "-e" "CARGO_INCREMENTAL=0" "-e" "RUST_BACKTRACE=full" "-e" "RUSTFLAGS=--cap-lints=warn" "-e" "RUSTDOCFLAGS=--cap-lints=warn" "-e" "CARGO_HOME=/opt/rustwide/cargo-home" "-e" "RUSTUP_HOME=/opt/rustwide/rustup-home" "-w" "/opt/rustwide/workdir" "-m" "1610612736" "--user" "0:0" "--network" "none" "ghcr.io/rust-lang/crates-build-env/linux@sha256:f3a9d4ad9d972b27faf3965f35b62e55ba32bbce8f20bc8fe909558a86702fde" "/opt/rustwide/cargo-home/bin/cargo" "+beta-2024-12-08" "test" "--frozen" "--no-run" "--message-format=json", kill_on_drop: false }`
[INFO] [stdout] 22009bef2b35a5af7be0282f322ea58a09c00cce981388e793b919ab45fdb2c8
[INFO] running `Command { std: "docker" "start" "-a" "22009bef2b35a5af7be0282f322ea58a09c00cce981388e793b919ab45fdb2c8", kill_on_drop: false }`
[INFO] [stderr] warning: dirscent v0.1.0 (/opt/rustwide/workdir) ignoring invalid dependency `hyperfine` which is missing a lib target
[INFO] [stderr]    Compiling dirscent v0.1.0 (/opt/rustwide/workdir)
[INFO] [stderr]     Finished `test` profile [unoptimized + debuginfo] target(s) in 0.54s
[INFO] running `Command { std: "docker" "inspect" "22009bef2b35a5af7be0282f322ea58a09c00cce981388e793b919ab45fdb2c8", kill_on_drop: false }`
[INFO] running `Command { std: "docker" "rm" "-f" "22009bef2b35a5af7be0282f322ea58a09c00cce981388e793b919ab45fdb2c8", kill_on_drop: false }`
[INFO] [stdout] 22009bef2b35a5af7be0282f322ea58a09c00cce981388e793b919ab45fdb2c8
[INFO] running `Command { std: "docker" "create" "-v" "/var/lib/crater-agent-workspace/builds/worker-1-tc2/target:/opt/rustwide/target:rw,Z" "-v" "/var/lib/crater-agent-workspace/builds/worker-1-tc2/source:/opt/rustwide/workdir:ro,Z" "-v" "/var/lib/crater-agent-workspace/cargo-home:/opt/rustwide/cargo-home:ro,Z" "-v" "/var/lib/crater-agent-workspace/rustup-home:/opt/rustwide/rustup-home:ro,Z" "-e" "SOURCE_DIR=/opt/rustwide/workdir" "-e" "CARGO_TARGET_DIR=/opt/rustwide/target" "-e" "CARGO_INCREMENTAL=0" "-e" "RUST_BACKTRACE=full" "-e" "RUSTFLAGS=--cap-lints=warn" "-e" "RUSTDOCFLAGS=--cap-lints=warn" "-e" "CARGO_HOME=/opt/rustwide/cargo-home" "-e" "RUSTUP_HOME=/opt/rustwide/rustup-home" "-w" "/opt/rustwide/workdir" "-m" "1610612736" "--user" "0:0" "--network" "none" "ghcr.io/rust-lang/crates-build-env/linux@sha256:f3a9d4ad9d972b27faf3965f35b62e55ba32bbce8f20bc8fe909558a86702fde" "/opt/rustwide/cargo-home/bin/cargo" "+beta-2024-12-08" "test" "--frozen", kill_on_drop: false }`
[INFO] [stdout] 905b6ca016f176a808ceb9b582434b00e19fbd510f7c13930c8d9655a8f11d69
[INFO] running `Command { std: "docker" "start" "-a" "905b6ca016f176a808ceb9b582434b00e19fbd510f7c13930c8d9655a8f11d69", kill_on_drop: false }`
[INFO] [stderr] warning: dirscent v0.1.0 (/opt/rustwide/workdir) ignoring invalid dependency `hyperfine` which is missing a lib target
[INFO] [stderr]     Finished `test` profile [unoptimized + debuginfo] target(s) in 0.09s
[INFO] [stderr]      Running unittests src/lib.rs (/opt/rustwide/target/debug/deps/dirscent-5740f1037d169e82)
[INFO] [stdout] 
[INFO] [stderr]    Doc-tests dirscent
[INFO] [stdout] running 0 tests
[INFO] [stdout] 
[INFO] [stdout] test result: ok. 0 passed; 0 failed; 0 ignored; 0 measured; 0 filtered out; finished in 0.00s
[INFO] [stdout] 
[INFO] [stdout] 
[INFO] [stdout] running 2 tests
[INFO] [stdout] test src/lib.rs - (line 23) - compile ... ok
[INFO] [stdout] test src/dirscent.rs - dirscent::Dirscent (line 42) - compile ... FAILED
[INFO] [stdout] 
[INFO] [stdout] failures:
[INFO] [stdout] 
[INFO] [stdout] ---- src/dirscent.rs - dirscent::Dirscent (line 42) stdout ----
[INFO] [stdout] error[E0423]: expected value, found built-in attribute `path`
[INFO] [stdout]  --> src/dirscent.rs:46:20
[INFO] [stdout]   |
[INFO] [stdout] 7 | for it in dirscent(path)
[INFO] [stdout]   |                    ^^^^ not a value
[INFO] [stdout] 
[INFO] [stdout] error[E0425]: cannot find value `cli` in this scope
[INFO] [stdout]   --> src/dirscent.rs:51:34
[INFO] [stdout]    |
[INFO] [stdout] 12 |     .with_skip_permission_denied(cli.ignore_perm_errors)
[INFO] [stdout]    |                                  ^^^ not found in this scope
[INFO] [stdout] 
[INFO] [stdout] error: aborting due to 2 previous errors
[INFO] [stdout] 
[INFO] [stdout] Some errors have detailed explanations: E0423, E0425.
[INFO] [stdout] For more information about an error, try `rustc --explain E0423`.
[INFO] [stdout] Couldn't compile the test.
[INFO] [stdout] 
[INFO] [stdout] failures:
[INFO] [stdout]     src/dirscent.rs - dirscent::Dirscent (line 42)
[INFO] [stdout] 
[INFO] [stdout] test result: FAILED. 1 passed; 1 failed; 0 ignored; 0 measured; 0 filtered out; finished in 0.08s
[INFO] [stdout] 
[INFO] [stderr] error: doctest failed, to rerun pass `--doc`
[INFO] running `Command { std: "docker" "inspect" "905b6ca016f176a808ceb9b582434b00e19fbd510f7c13930c8d9655a8f11d69", kill_on_drop: false }`
[INFO] running `Command { std: "docker" "rm" "-f" "905b6ca016f176a808ceb9b582434b00e19fbd510f7c13930c8d9655a8f11d69", kill_on_drop: false }`
[INFO] [stdout] 905b6ca016f176a808ceb9b582434b00e19fbd510f7c13930c8d9655a8f11d69
