[INFO] fetching crate dirk_macros 0.1.1...
[INFO] testing dirk_macros-0.1.1 against 1.83.0 for beta-1.84.0-4-retry
[INFO] extracting crate dirk_macros 0.1.1 into /workspace/builds/worker-7-tc1/source
[INFO] validating manifest of crates.io crate dirk_macros 0.1.1 on toolchain 1.83.0
[INFO] running `Command { std: CARGO_HOME="/workspace/cargo-home" RUSTUP_HOME="/workspace/rustup-home" "/workspace/cargo-home/bin/cargo" "+1.83.0" "metadata" "--manifest-path" "Cargo.toml" "--no-deps", kill_on_drop: false }`
[INFO] started tweaking crates.io crate dirk_macros 0.1.1
[INFO] finished tweaking crates.io crate dirk_macros 0.1.1
[INFO] tweaked toml for crates.io crate dirk_macros 0.1.1 written to /workspace/builds/worker-7-tc1/source/Cargo.toml
[INFO] running `Command { std: CARGO_HOME="/workspace/cargo-home" RUSTUP_HOME="/workspace/rustup-home" "/workspace/cargo-home/bin/cargo" "+1.83.0" "generate-lockfile" "--manifest-path" "Cargo.toml", kill_on_drop: false }`
[INFO] [stderr]     Updating crates.io index
[INFO] [stderr]      Locking 12 packages to latest compatible versions
[INFO] running `Command { std: CARGO_HOME="/workspace/cargo-home" RUSTUP_HOME="/workspace/rustup-home" "/workspace/cargo-home/bin/cargo" "+1.83.0" "fetch" "--manifest-path" "Cargo.toml", kill_on_drop: false }`
[INFO] running `Command { std: "docker" "create" "-v" "/var/lib/crater-agent-workspace/builds/worker-7-tc1/target:/opt/rustwide/target:rw,Z" "-v" "/var/lib/crater-agent-workspace/builds/worker-7-tc1/source:/opt/rustwide/workdir:ro,Z" "-v" "/var/lib/crater-agent-workspace/cargo-home:/opt/rustwide/cargo-home:ro,Z" "-v" "/var/lib/crater-agent-workspace/rustup-home:/opt/rustwide/rustup-home:ro,Z" "-e" "SOURCE_DIR=/opt/rustwide/workdir" "-e" "CARGO_TARGET_DIR=/opt/rustwide/target" "-e" "CARGO_HOME=/opt/rustwide/cargo-home" "-e" "RUSTUP_HOME=/opt/rustwide/rustup-home" "-w" "/opt/rustwide/workdir" "-m" "1610612736" "--user" "0:0" "--network" "none" "ghcr.io/rust-lang/crates-build-env/linux@sha256:f3a9d4ad9d972b27faf3965f35b62e55ba32bbce8f20bc8fe909558a86702fde" "/opt/rustwide/cargo-home/bin/cargo" "+1.83.0" "metadata" "--no-deps" "--format-version=1", kill_on_drop: false }`
[INFO] [stdout] 5481652a5961d232c0b2f26d0ad38bcf5853efcfb2708bd0e2d481e5c01b8fe7
[INFO] running `Command { std: "docker" "start" "-a" "5481652a5961d232c0b2f26d0ad38bcf5853efcfb2708bd0e2d481e5c01b8fe7", kill_on_drop: false }`
[INFO] running `Command { std: "docker" "inspect" "5481652a5961d232c0b2f26d0ad38bcf5853efcfb2708bd0e2d481e5c01b8fe7", kill_on_drop: false }`
[INFO] running `Command { std: "docker" "rm" "-f" "5481652a5961d232c0b2f26d0ad38bcf5853efcfb2708bd0e2d481e5c01b8fe7", kill_on_drop: false }`
[INFO] [stdout] 5481652a5961d232c0b2f26d0ad38bcf5853efcfb2708bd0e2d481e5c01b8fe7
[INFO] running `Command { std: "docker" "create" "-v" "/var/lib/crater-agent-workspace/builds/worker-7-tc1/target:/opt/rustwide/target:rw,Z" "-v" "/var/lib/crater-agent-workspace/builds/worker-7-tc1/source:/opt/rustwide/workdir:ro,Z" "-v" "/var/lib/crater-agent-workspace/cargo-home:/opt/rustwide/cargo-home:ro,Z" "-v" "/var/lib/crater-agent-workspace/rustup-home:/opt/rustwide/rustup-home:ro,Z" "-e" "SOURCE_DIR=/opt/rustwide/workdir" "-e" "CARGO_TARGET_DIR=/opt/rustwide/target" "-e" "CARGO_INCREMENTAL=0" "-e" "RUST_BACKTRACE=full" "-e" "RUSTFLAGS=--cap-lints=warn" "-e" "RUSTDOCFLAGS=--cap-lints=warn" "-e" "CARGO_HOME=/opt/rustwide/cargo-home" "-e" "RUSTUP_HOME=/opt/rustwide/rustup-home" "-w" "/opt/rustwide/workdir" "-m" "1610612736" "--user" "0:0" "--network" "none" "ghcr.io/rust-lang/crates-build-env/linux@sha256:f3a9d4ad9d972b27faf3965f35b62e55ba32bbce8f20bc8fe909558a86702fde" "/opt/rustwide/cargo-home/bin/cargo" "+1.83.0" "build" "--frozen" "--message-format=json", kill_on_drop: false }`
[INFO] [stdout] 38824213e08b3b41a2d274143a71fcf132ffc863f5bc957848b9f9277aa0d8c4
[INFO] running `Command { std: "docker" "start" "-a" "38824213e08b3b41a2d274143a71fcf132ffc863f5bc957848b9f9277aa0d8c4", kill_on_drop: false }`
[INFO] [stderr]    Compiling version_check v0.9.5
[INFO] [stderr]    Compiling unicode-ident v1.0.14
[INFO] [stderr]    Compiling syn v1.0.109
[INFO] [stderr]    Compiling either v1.13.0
[INFO] [stderr]    Compiling unicode-segmentation v1.12.0
[INFO] [stderr]    Compiling proc-macro2 v1.0.92
[INFO] [stderr]    Compiling itertools v0.13.0
[INFO] [stderr]    Compiling convert_case v0.6.0
[INFO] [stderr]    Compiling proc-macro-error-attr v1.0.4
[INFO] [stderr]    Compiling proc-macro-error v1.0.4
[INFO] [stderr]    Compiling quote v1.0.37
[INFO] [stderr]    Compiling syn v2.0.90
[INFO] [stderr]    Compiling dirk_macros v0.1.1 (/opt/rustwide/workdir)
[INFO] [stderr]     Finished `dev` profile [unoptimized + debuginfo] target(s) in 10.85s
[INFO] running `Command { std: "docker" "inspect" "38824213e08b3b41a2d274143a71fcf132ffc863f5bc957848b9f9277aa0d8c4", kill_on_drop: false }`
[INFO] running `Command { std: "docker" "rm" "-f" "38824213e08b3b41a2d274143a71fcf132ffc863f5bc957848b9f9277aa0d8c4", kill_on_drop: false }`
[INFO] [stdout] 38824213e08b3b41a2d274143a71fcf132ffc863f5bc957848b9f9277aa0d8c4
[INFO] running `Command { std: "docker" "create" "-v" "/var/lib/crater-agent-workspace/builds/worker-7-tc1/target:/opt/rustwide/target:rw,Z" "-v" "/var/lib/crater-agent-workspace/builds/worker-7-tc1/source:/opt/rustwide/workdir:ro,Z" "-v" "/var/lib/crater-agent-workspace/cargo-home:/opt/rustwide/cargo-home:ro,Z" "-v" "/var/lib/crater-agent-workspace/rustup-home:/opt/rustwide/rustup-home:ro,Z" "-e" "SOURCE_DIR=/opt/rustwide/workdir" "-e" "CARGO_TARGET_DIR=/opt/rustwide/target" "-e" "CARGO_INCREMENTAL=0" "-e" "RUST_BACKTRACE=full" "-e" "RUSTFLAGS=--cap-lints=warn" "-e" "RUSTDOCFLAGS=--cap-lints=warn" "-e" "CARGO_HOME=/opt/rustwide/cargo-home" "-e" "RUSTUP_HOME=/opt/rustwide/rustup-home" "-w" "/opt/rustwide/workdir" "-m" "1610612736" "--user" "0:0" "--network" "none" "ghcr.io/rust-lang/crates-build-env/linux@sha256:f3a9d4ad9d972b27faf3965f35b62e55ba32bbce8f20bc8fe909558a86702fde" "/opt/rustwide/cargo-home/bin/cargo" "+1.83.0" "test" "--frozen" "--no-run" "--message-format=json", kill_on_drop: false }`
[INFO] [stdout] c53945010054db7331689d3b8c412fd11cd294cf29f80f4c37abf73854b87df9
[INFO] running `Command { std: "docker" "start" "-a" "c53945010054db7331689d3b8c412fd11cd294cf29f80f4c37abf73854b87df9", kill_on_drop: false }`
[INFO] [stderr]    Compiling dirk_macros v0.1.1 (/opt/rustwide/workdir)
[INFO] [stderr]     Finished `test` profile [unoptimized + debuginfo] target(s) in 3.11s
[INFO] running `Command { std: "docker" "inspect" "c53945010054db7331689d3b8c412fd11cd294cf29f80f4c37abf73854b87df9", kill_on_drop: false }`
[INFO] running `Command { std: "docker" "rm" "-f" "c53945010054db7331689d3b8c412fd11cd294cf29f80f4c37abf73854b87df9", kill_on_drop: false }`
[INFO] [stdout] c53945010054db7331689d3b8c412fd11cd294cf29f80f4c37abf73854b87df9
[INFO] running `Command { std: "docker" "create" "-v" "/var/lib/crater-agent-workspace/builds/worker-7-tc1/target:/opt/rustwide/target:rw,Z" "-v" "/var/lib/crater-agent-workspace/builds/worker-7-tc1/source:/opt/rustwide/workdir:ro,Z" "-v" "/var/lib/crater-agent-workspace/cargo-home:/opt/rustwide/cargo-home:ro,Z" "-v" "/var/lib/crater-agent-workspace/rustup-home:/opt/rustwide/rustup-home:ro,Z" "-e" "SOURCE_DIR=/opt/rustwide/workdir" "-e" "CARGO_TARGET_DIR=/opt/rustwide/target" "-e" "CARGO_INCREMENTAL=0" "-e" "RUST_BACKTRACE=full" "-e" "RUSTFLAGS=--cap-lints=warn" "-e" "RUSTDOCFLAGS=--cap-lints=warn" "-e" "CARGO_HOME=/opt/rustwide/cargo-home" "-e" "RUSTUP_HOME=/opt/rustwide/rustup-home" "-w" "/opt/rustwide/workdir" "-m" "1610612736" "--user" "0:0" "--network" "none" "ghcr.io/rust-lang/crates-build-env/linux@sha256:f3a9d4ad9d972b27faf3965f35b62e55ba32bbce8f20bc8fe909558a86702fde" "/opt/rustwide/cargo-home/bin/cargo" "+1.83.0" "test" "--frozen", kill_on_drop: false }`
[INFO] [stdout] e6398d484c3171f0d1abac1b263b1294bfa9ad3bf056e4ade8ab1da40062d631
[INFO] running `Command { std: "docker" "start" "-a" "e6398d484c3171f0d1abac1b263b1294bfa9ad3bf056e4ade8ab1da40062d631", kill_on_drop: false }`
[INFO] [stderr]     Finished `test` profile [unoptimized + debuginfo] target(s) in 0.03s
[INFO] [stderr]      Running unittests src/lib.rs (/opt/rustwide/target/debug/deps/dirk_macros-b752ca9bac643116)
[INFO] [stdout] 
[INFO] [stdout] running 0 tests
[INFO] [stdout] 
[INFO] [stdout] test result: ok. 0 passed; 0 failed; 0 ignored; 0 measured; 0 filtered out; finished in 0.00s
[INFO] [stdout] 
[INFO] [stderr]    Doc-tests dirk_macros
[INFO] [stdout] 
[INFO] [stdout] running 7 tests
[INFO] [stdout] test src/lib.rs - provides (line 100) ... FAILED
[INFO] [stdout] test src/lib.rs - provides (line 28) ... FAILED
[INFO] [stdout] test src/lib.rs - component (line 233) - compile ... FAILED
[INFO] [stdout] test src/lib.rs - use_provides (line 140) ... FAILED
[INFO] [stdout] test src/lib.rs - use_component (line 328) ... FAILED
[INFO] [stdout] test src/lib.rs - provides (line 63) ... FAILED
[INFO] [stdout] test src/lib.rs - component (line 197) - compile ... FAILED
[INFO] [stdout] 
[INFO] [stdout] failures:
[INFO] [stdout] 
[INFO] [stdout] ---- src/lib.rs - provides (line 100) stdout ----
[INFO] [stdout] error[E0433]: failed to resolve: use of undeclared crate or module `dirk_framework`
[INFO] [stdout]   --> src/lib.rs:108:5
[INFO] [stdout]    |
[INFO] [stdout] 10 | use dirk_framework::provides::Provider;
[INFO] [stdout]    |     ^^^^^^^^^^^^^^ use of undeclared crate or module `dirk_framework`
[INFO] [stdout] 
[INFO] [stdout] error[E0432]: unresolved import `dirk_framework`
[INFO] [stdout]   --> src/lib.rs:109:5
[INFO] [stdout]    |
[INFO] [stdout] 11 | use dirk_framework::provides;
[INFO] [stdout]    |     ^^^^^^^^^^^^^^ use of undeclared crate or module `dirk_framework`
[INFO] [stdout] 
[INFO] [stdout] error[E0433]: failed to resolve: use of undeclared type `SingletonFactoryProvidedSingleton`
[INFO] [stdout]   --> src/lib.rs:118:15
[INFO] [stdout]    |
[INFO] [stdout] 20 | let factory = SingletonFactoryProvidedSingleton::create();
[INFO] [stdout]    |               ^^^^^^^^^^^^^^^^^^^^^^^^^^^^^^^^^ use of undeclared type `SingletonFactoryProvidedSingleton`
[INFO] [stdout] 
[INFO] [stdout] error: aborting due to 3 previous errors
[INFO] [stdout] 
[INFO] [stdout] Some errors have detailed explanations: E0432, E0433.
[INFO] [stdout] For more information about an error, try `rustc --explain E0432`.
[INFO] [stdout] Couldn't compile the test.
[INFO] [stdout] ---- src/lib.rs - provides (line 28) stdout ----
[INFO] [stdout] error[E0433]: failed to resolve: use of undeclared crate or module `dirk_framework`
[INFO] [stdout]   --> src/lib.rs:38:5
[INFO] [stdout]    |
[INFO] [stdout] 12 | use dirk_framework::provides::Provider;
[INFO] [stdout]    |     ^^^^^^^^^^^^^^ use of undeclared crate or module `dirk_framework`
[INFO] [stdout] 
[INFO] [stdout] error[E0432]: unresolved import `dirk_framework`
[INFO] [stdout]   --> src/lib.rs:39:5
[INFO] [stdout]    |
[INFO] [stdout] 13 | use dirk_framework::provides;
[INFO] [stdout]    |     ^^^^^^^^^^^^^^ use of undeclared crate or module `dirk_framework`
[INFO] [stdout] 
[INFO] [stdout] error[E0433]: failed to resolve: use of undeclared crate or module `dirk_framework`
[INFO] [stdout]   --> src/lib.rs:46:6
[INFO] [stdout]    |
[INFO] [stdout] 20 | impl dirk_framework::provides::Provider<usize> for InnerProvider {
[INFO] [stdout]    |      ^^^^^^^^^^^^^^ use of undeclared crate or module `dirk_framework`
[INFO] [stdout] 
[INFO] [stdout] error[E0433]: failed to resolve: use of undeclared type `StaticFactoryProvidedStatic`
[INFO] [stdout]   --> src/lib.rs:53:15
[INFO] [stdout]    |
[INFO] [stdout] 27 | let factory = StaticFactoryProvidedStatic::create(inner_provider.clone());
[INFO] [stdout]    |               ^^^^^^^^^^^^^^^^^^^^^^^^^^^ use of undeclared type `StaticFactoryProvidedStatic`
[INFO] [stdout] 
[INFO] [stdout] error: aborting due to 4 previous errors
[INFO] [stdout] 
[INFO] [stdout] Some errors have detailed explanations: E0432, E0433.
[INFO] [stdout] For more information about an error, try `rustc --explain E0432`.
[INFO] [stdout] Couldn't compile the test.
[INFO] [stdout] ---- src/lib.rs - component (line 233) stdout ----
[INFO] [stdout] error[E0432]: unresolved import `dirk_framework`
[INFO] [stdout]   --> src/lib.rs:248:5
[INFO] [stdout]    |
[INFO] [stdout] 17 | use dirk_framework::component;
[INFO] [stdout]    |     ^^^^^^^^^^^^^^ use of undeclared crate or module `dirk_framework`
[INFO] [stdout] 
[INFO] [stdout] error[E0432]: unresolved import `dirk_framework`
[INFO] [stdout]   --> src/lib.rs:249:5
[INFO] [stdout]    |
[INFO] [stdout] 18 | use dirk_framework::provides;
[INFO] [stdout]    |     ^^^^^^^^^^^^^^ use of undeclared crate or module `dirk_framework`
[INFO] [stdout] 
[INFO] [stdout] error: aborting due to 2 previous errors
[INFO] [stdout] 
[INFO] [stdout] For more information about this error, try `rustc --explain E0432`.
[INFO] [stdout] Couldn't compile the test.
[INFO] [stdout] ---- src/lib.rs - use_provides (line 140) stdout ----
[INFO] [stdout] error[E0432]: unresolved import `dirk_framework`
[INFO] [stdout]  --> src/lib.rs:146:8
[INFO] [stdout]   |
[INFO] [stdout] 8 |    use dirk_framework::provides;
[INFO] [stdout]   |        ^^^^^^^^^^^^^^ use of undeclared crate or module `dirk_framework`
[INFO] [stdout] 
[INFO] [stdout] error[E0433]: failed to resolve: use of undeclared crate or module `dirk_framework`
[INFO] [stdout]   --> src/lib.rs:171:5
[INFO] [stdout]    |
[INFO] [stdout] 33 | use dirk_framework::{component, use_provides, component::StaticComponent};
[INFO] [stdout]    |     ^^^^^^^^^^^^^^ use of undeclared crate or module `dirk_framework`
[INFO] [stdout] 
[INFO] [stdout] error[E0432]: unresolved import `dirk_framework`
[INFO] [stdout]   --> src/lib.rs:171:5
[INFO] [stdout]    |
[INFO] [stdout] 33 | use dirk_framework::{component, use_provides, component::StaticComponent};
[INFO] [stdout]    |     ^^^^^^^^^^^^^^ use of undeclared crate or module `dirk_framework`
[INFO] [stdout] 
[INFO] [stdout] error[E0433]: failed to resolve: use of undeclared type `DirkCar`
[INFO] [stdout]   --> src/lib.rs:172:11
[INFO] [stdout]    |
[INFO] [stdout] 34 | let car = DirkCar::create();
[INFO] [stdout]    |           ^^^^^^^ use of undeclared type `DirkCar`
[INFO] [stdout] 
[INFO] [stdout] error: aborting due to 4 previous errors
[INFO] [stdout] 
[INFO] [stdout] Some errors have detailed explanations: E0432, E0433.
[INFO] [stdout] For more information about an error, try `rustc --explain E0432`.
[INFO] [stdout] Couldn't compile the test.
[INFO] [stdout] ---- src/lib.rs - use_component (line 328) stdout ----
[INFO] [stdout] error[E0432]: unresolved import `dirk_framework`
[INFO] [stdout]  --> src/lib.rs:331:10
[INFO] [stdout]   |
[INFO] [stdout] 5 |      use dirk_framework::{provides, component};
[INFO] [stdout]   |          ^^^^^^^^^^^^^^ use of undeclared crate or module `dirk_framework`
[INFO] [stdout] 
[INFO] [stdout] error[E0433]: failed to resolve: use of undeclared crate or module `dirk_framework`
[INFO] [stdout]   --> src/lib.rs:359:5
[INFO] [stdout]    |
[INFO] [stdout] 33 | use dirk_framework::{use_component, component::StaticComponent};
[INFO] [stdout]    |     ^^^^^^^^^^^^^^ use of undeclared crate or module `dirk_framework`
[INFO] [stdout] 
[INFO] [stdout] error[E0432]: unresolved import `dirk_framework`
[INFO] [stdout]   --> src/lib.rs:359:5
[INFO] [stdout]    |
[INFO] [stdout] 33 | use dirk_framework::{use_component, component::StaticComponent};
[INFO] [stdout]    |     ^^^^^^^^^^^^^^ use of undeclared crate or module `dirk_framework`
[INFO] [stdout] 
[INFO] [stdout] error[E0433]: failed to resolve: use of undeclared type `DirkCar`
[INFO] [stdout]   --> src/lib.rs:360:12
[INFO] [stdout]    |
[INFO] [stdout] 34 |  let car = DirkCar::create();
[INFO] [stdout]    |            ^^^^^^^ use of undeclared type `DirkCar`
[INFO] [stdout] 
[INFO] [stdout] error: aborting due to 4 previous errors
[INFO] [stdout] 
[INFO] [stdout] Some errors have detailed explanations: E0432, E0433.
[INFO] [stdout] For more information about an error, try `rustc --explain E0432`.
[INFO] [stdout] Couldn't compile the test.
[INFO] [stdout] ---- src/lib.rs - provides (line 63) stdout ----
[INFO] [stdout] error[E0433]: failed to resolve: use of undeclared crate or module `dirk_framework`
[INFO] [stdout]   --> src/lib.rs:73:5
[INFO] [stdout]    |
[INFO] [stdout] 12 | use dirk_framework::provides::Provider;
[INFO] [stdout]    |     ^^^^^^^^^^^^^^ use of undeclared crate or module `dirk_framework`
[INFO] [stdout] 
[INFO] [stdout] error[E0432]: unresolved import `dirk_framework`
[INFO] [stdout]   --> src/lib.rs:74:5
[INFO] [stdout]    |
[INFO] [stdout] 13 | use dirk_framework::provides;
[INFO] [stdout]    |     ^^^^^^^^^^^^^^ use of undeclared crate or module `dirk_framework`
[INFO] [stdout] 
[INFO] [stdout] error[E0433]: failed to resolve: use of undeclared crate or module `dirk_framework`
[INFO] [stdout]   --> src/lib.rs:81:6
[INFO] [stdout]    |
[INFO] [stdout] 20 | impl dirk_framework::provides::Provider<usize> for InnerProvider {
[INFO] [stdout]    |      ^^^^^^^^^^^^^^ use of undeclared crate or module `dirk_framework`
[INFO] [stdout] 
[INFO] [stdout] error[E0433]: failed to resolve: use of undeclared type `ScopedFactoryProvidedScoped`
[INFO] [stdout]   --> src/lib.rs:88:15
[INFO] [stdout]    |
[INFO] [stdout] 27 | let factory = ScopedFactoryProvidedScoped::create(inner_provider.clone());
[INFO] [stdout]    |               ^^^^^^^^^^^^^^^^^^^^^^^^^^^ use of undeclared type `ScopedFactoryProvidedScoped`
[INFO] [stdout] 
[INFO] [stdout] error: aborting due to 4 previous errors
[INFO] [stdout] 
[INFO] [stdout] Some errors have detailed explanations: E0432, E0433.
[INFO] [stdout] For more information about an error, try `rustc --explain E0432`.
[INFO] [stdout] Couldn't compile the test.
[INFO] [stdout] ---- src/lib.rs - component (line 197) stdout ----
[INFO] [stdout] error[E0433]: failed to resolve: use of undeclared crate or module `dirk_framework`
[INFO] [stdout]   --> src/lib.rs:209:6
[INFO] [stdout]    |
[INFO] [stdout] 14 |  use dirk_framework::component::Component;
[INFO] [stdout]    |      ^^^^^^^^^^^^^^ use of undeclared crate or module `dirk_framework`
[INFO] [stdout] 
[INFO] [stdout] error[E0433]: failed to resolve: use of undeclared crate or module `dirk_framework`
[INFO] [stdout]   --> src/lib.rs:210:6
[INFO] [stdout]    |
[INFO] [stdout] 15 |  use dirk_framework::component::builder::Builder;
[INFO] [stdout]    |      ^^^^^^^^^^^^^^ use of undeclared crate or module `dirk_framework`
[INFO] [stdout] 
[INFO] [stdout] error[E0433]: failed to resolve: use of undeclared crate or module `dirk_framework`
[INFO] [stdout]   --> src/lib.rs:218:6
[INFO] [stdout]    |
[INFO] [stdout] 23 |  use dirk_framework::component::StaticComponent;
[INFO] [stdout]    |      ^^^^^^^^^^^^^^ use of undeclared crate or module `dirk_framework`
[INFO] [stdout] 
[INFO] [stdout] error[E0432]: unresolved import `dirk_framework`
[INFO] [stdout]  --> src/lib.rs:199:5
[INFO] [stdout]   |
[INFO] [stdout] 4 | use dirk_framework::component; /// Required by `#[component(...)]`
[INFO] [stdout]   |     ^^^^^^^^^^^^^^ use of undeclared crate or module `dirk_framework`
[INFO] [stdout] 
[INFO] [stdout] error[E0433]: failed to resolve: use of undeclared type `DirkAComponent`
[INFO] [stdout]   --> src/lib.rs:213:18
[INFO] [stdout]    |
[INFO] [stdout] 18 |  let component = DirkAComponent::builder() // prefix `Dirk` !!!
[INFO] [stdout]    |                  ^^^^^^^^^^^^^^
[INFO] [stdout]    |                  |
[INFO] [stdout]    |                  use of undeclared type `DirkAComponent`
[INFO] [stdout]    |                  help: a trait with a similar name exists: `AComponent`
[INFO] [stdout] 
[INFO] [stdout] error[E0433]: failed to resolve: use of undeclared type `DirkAComponent`
[INFO] [stdout]   --> src/lib.rs:219:18
[INFO] [stdout]    |
[INFO] [stdout] 24 |  let component = DirkAComponent::create(); // prefix `Dirk` !!!
[INFO] [stdout]    |                  ^^^^^^^^^^^^^^
[INFO] [stdout]    |                  |
[INFO] [stdout]    |                  use of undeclared type `DirkAComponent`
[INFO] [stdout]    |                  help: a trait with a similar name exists: `AComponent`
[INFO] [stdout] 
[INFO] [stdout] error: aborting due to 6 previous errors
[INFO] [stdout] 
[INFO] [stdout] Some errors have detailed explanations: E0432, E0433.
[INFO] [stdout] For more information about an error, try `rustc --explain E0432`.
[INFO] [stdout] Couldn't compile the test.
[INFO] [stdout] 
[INFO] [stdout] failures:
[INFO] [stdout]     src/lib.rs - component (line 197)
[INFO] [stdout]     src/lib.rs - component (line 233)
[INFO] [stdout]     src/lib.rs - provides (line 100)
[INFO] [stdout]     src/lib.rs - provides (line 28)
[INFO] [stdout]     src/lib.rs - provides (line 63)
[INFO] [stdout]     src/lib.rs - use_component (line 328)
[INFO] [stdout]     src/lib.rs - use_provides (line 140)
[INFO] [stdout] 
[INFO] [stdout] test result: FAILED. 0 passed; 7 failed; 0 ignored; 0 measured; 0 filtered out; finished in 0.23s
[INFO] [stdout] 
[INFO] [stderr] error: doctest failed, to rerun pass `--doc`
[INFO] running `Command { std: "docker" "inspect" "e6398d484c3171f0d1abac1b263b1294bfa9ad3bf056e4ade8ab1da40062d631", kill_on_drop: false }`
[INFO] running `Command { std: "docker" "rm" "-f" "e6398d484c3171f0d1abac1b263b1294bfa9ad3bf056e4ade8ab1da40062d631", kill_on_drop: false }`
[INFO] [stdout] e6398d484c3171f0d1abac1b263b1294bfa9ad3bf056e4ade8ab1da40062d631
