[INFO] fetching crate dir_lines_streamer 0.2.0...
[INFO] testing dir_lines_streamer-0.2.0 against beta-2024-12-08 for beta-1.84.0-4-retry
[INFO] extracting crate dir_lines_streamer 0.2.0 into /workspace/builds/worker-2-tc2/source
[INFO] validating manifest of crates.io crate dir_lines_streamer 0.2.0 on toolchain beta-2024-12-08
[INFO] running `Command { std: CARGO_HOME="/workspace/cargo-home" RUSTUP_HOME="/workspace/rustup-home" "/workspace/cargo-home/bin/cargo" "+beta-2024-12-08" "metadata" "--manifest-path" "Cargo.toml" "--no-deps", kill_on_drop: false }`
[INFO] started tweaking crates.io crate dir_lines_streamer 0.2.0
[INFO] finished tweaking crates.io crate dir_lines_streamer 0.2.0
[INFO] tweaked toml for crates.io crate dir_lines_streamer 0.2.0 written to /workspace/builds/worker-2-tc2/source/Cargo.toml
[INFO] running `Command { std: CARGO_HOME="/workspace/cargo-home" RUSTUP_HOME="/workspace/rustup-home" "/workspace/cargo-home/bin/cargo" "+beta-2024-12-08" "generate-lockfile" "--manifest-path" "Cargo.toml", kill_on_drop: false }`
[INFO] [stderr]     Blocking waiting for file lock on package cache
[INFO] [stderr]     Updating crates.io index
[INFO] [stderr]      Locking 46 packages to latest compatible versions
[INFO] [stderr]       Adding env_logger v0.6.2 (available: v0.11.5)
[INFO] running `Command { std: CARGO_HOME="/workspace/cargo-home" RUSTUP_HOME="/workspace/rustup-home" "/workspace/cargo-home/bin/cargo" "+beta-2024-12-08" "fetch" "--manifest-path" "Cargo.toml", kill_on_drop: false }`
[INFO] [stderr]     Blocking waiting for file lock on package cache
[INFO] running `Command { std: "docker" "create" "-v" "/var/lib/crater-agent-workspace/builds/worker-2-tc2/target:/opt/rustwide/target:rw,Z" "-v" "/var/lib/crater-agent-workspace/builds/worker-2-tc2/source:/opt/rustwide/workdir:ro,Z" "-v" "/var/lib/crater-agent-workspace/cargo-home:/opt/rustwide/cargo-home:ro,Z" "-v" "/var/lib/crater-agent-workspace/rustup-home:/opt/rustwide/rustup-home:ro,Z" "-e" "SOURCE_DIR=/opt/rustwide/workdir" "-e" "CARGO_TARGET_DIR=/opt/rustwide/target" "-e" "CARGO_HOME=/opt/rustwide/cargo-home" "-e" "RUSTUP_HOME=/opt/rustwide/rustup-home" "-w" "/opt/rustwide/workdir" "-m" "1610612736" "--user" "0:0" "--network" "none" "ghcr.io/rust-lang/crates-build-env/linux@sha256:f3a9d4ad9d972b27faf3965f35b62e55ba32bbce8f20bc8fe909558a86702fde" "/opt/rustwide/cargo-home/bin/cargo" "+beta-2024-12-08" "metadata" "--no-deps" "--format-version=1", kill_on_drop: false }`
[INFO] [stdout] 66597da031699fd43f75a761e05a16ced8d093aa337f9094f99fe2a6e5c35047
[INFO] running `Command { std: "docker" "start" "-a" "66597da031699fd43f75a761e05a16ced8d093aa337f9094f99fe2a6e5c35047", kill_on_drop: false }`
[INFO] running `Command { std: "docker" "inspect" "66597da031699fd43f75a761e05a16ced8d093aa337f9094f99fe2a6e5c35047", kill_on_drop: false }`
[INFO] running `Command { std: "docker" "rm" "-f" "66597da031699fd43f75a761e05a16ced8d093aa337f9094f99fe2a6e5c35047", kill_on_drop: false }`
[INFO] [stdout] 66597da031699fd43f75a761e05a16ced8d093aa337f9094f99fe2a6e5c35047
[INFO] running `Command { std: "docker" "create" "-v" "/var/lib/crater-agent-workspace/builds/worker-2-tc2/target:/opt/rustwide/target:rw,Z" "-v" "/var/lib/crater-agent-workspace/builds/worker-2-tc2/source:/opt/rustwide/workdir:ro,Z" "-v" "/var/lib/crater-agent-workspace/cargo-home:/opt/rustwide/cargo-home:ro,Z" "-v" "/var/lib/crater-agent-workspace/rustup-home:/opt/rustwide/rustup-home:ro,Z" "-e" "SOURCE_DIR=/opt/rustwide/workdir" "-e" "CARGO_TARGET_DIR=/opt/rustwide/target" "-e" "CARGO_INCREMENTAL=0" "-e" "RUST_BACKTRACE=full" "-e" "RUSTFLAGS=--cap-lints=warn" "-e" "RUSTDOCFLAGS=--cap-lints=warn" "-e" "CARGO_HOME=/opt/rustwide/cargo-home" "-e" "RUSTUP_HOME=/opt/rustwide/rustup-home" "-w" "/opt/rustwide/workdir" "-m" "1610612736" "--user" "0:0" "--network" "none" "ghcr.io/rust-lang/crates-build-env/linux@sha256:f3a9d4ad9d972b27faf3965f35b62e55ba32bbce8f20bc8fe909558a86702fde" "/opt/rustwide/cargo-home/bin/cargo" "+beta-2024-12-08" "build" "--frozen" "--message-format=json", kill_on_drop: false }`
[INFO] [stdout] 7d85268a99f1d75f58b3c931a70a981b76a419115d7aca27419206ce940ac15f
[INFO] running `Command { std: "docker" "start" "-a" "7d85268a99f1d75f58b3c931a70a981b76a419115d7aca27419206ce940ac15f", kill_on_drop: false }`
[INFO] [stderr]    Compiling proc-macro2 v1.0.92
[INFO] [stderr]    Compiling unicode-ident v1.0.14
[INFO] [stderr]    Compiling syn v1.0.109
[INFO] [stderr]    Compiling adler2 v2.0.0
[INFO] [stderr]    Compiling libc v0.2.168
[INFO] [stderr]    Compiling cfg-if v1.0.0
[INFO] [stderr]    Compiling unicode-xid v0.2.6
[INFO] [stderr]    Compiling memchr v2.7.4
[INFO] [stderr]    Compiling failure_derive v0.1.8
[INFO] [stderr]    Compiling gimli v0.31.1
[INFO] [stderr]    Compiling rustc-demangle v0.1.24
[INFO] [stderr]    Compiling log v0.4.22
[INFO] [stderr]    Compiling alphanumeric-sort v1.5.3
[INFO] [stderr]    Compiling crc32fast v1.4.2
[INFO] [stderr]    Compiling miniz_oxide v0.8.0
[INFO] [stderr]    Compiling object v0.36.5
[INFO] [stderr]    Compiling flate2 v1.0.35
[INFO] [stderr]    Compiling quote v1.0.37
[INFO] [stderr]    Compiling addr2line v0.24.2
[INFO] [stderr]    Compiling synstructure v0.12.6
[INFO] [stderr]    Compiling backtrace v0.3.74
[INFO] [stderr]    Compiling failure v0.1.8
[INFO] [stderr]    Compiling dir_lines_streamer v0.2.0 (/opt/rustwide/workdir)
[INFO] [stdout] warning: non-local `impl` definition, `impl` blocks should be written at the same level as their item
[INFO] [stdout]   --> src/lib.rs:16:17
[INFO] [stdout]    |
[INFO] [stdout] 16 | #[derive(Debug, Fail)]
[INFO] [stdout]    |                 ^---
[INFO] [stdout]    |                 |
[INFO] [stdout]    |                 `Fail` is not local
[INFO] [stdout]    |                 move the `impl` block outside of this constant `_DERIVE_failure_Fail_FOR_DirectoryLinesStreamerError`
[INFO] [stdout] 17 | pub enum DirectoryLinesStreamerError {
[INFO] [stdout]    |          --------------------------- `DirectoryLinesStreamerError` is not local
[INFO] [stdout]    |
[INFO] [stdout]    = note: the derive macro `Fail` defines the non-local `impl`, and may need to be changed
[INFO] [stdout]    = note: the derive macro `Fail` may come from an old version of the `failure_derive` crate, try updating your dependency with `cargo update -p failure_derive`
[INFO] [stdout]    = note: an `impl` is never scoped, even when it is nested inside an item, as it may impact type checking outside of that item, which can be the case if neither the trait or the self type are at the same nesting level as the `impl`
[INFO] [stdout]    = note: items in an anonymous const item (`const _: () = { ... }`) are treated as in the same scope as the anonymous const's declaration for the purpose of this lint
[INFO] [stdout]    = note: `#[warn(non_local_definitions)]` on by default
[INFO] [stdout]    = note: this warning originates in the derive macro `Fail` (in Nightly builds, run with -Z macro-backtrace for more info)
[INFO] [stdout] 
[INFO] [stdout] 
[INFO] [stdout] warning: non-local `impl` definition, `impl` blocks should be written at the same level as their item
[INFO] [stdout]   --> src/lib.rs:16:17
[INFO] [stdout]    |
[INFO] [stdout] 16 | #[derive(Debug, Fail)]
[INFO] [stdout]    |                 ^---
[INFO] [stdout]    |                 |
[INFO] [stdout]    |                 `Display` is not local
[INFO] [stdout]    |                 move the `impl` block outside of this constant `_DERIVE_failure_core_fmt_Display_FOR_DirectoryLinesStreamerError`
[INFO] [stdout] 17 | pub enum DirectoryLinesStreamerError {
[INFO] [stdout]    |          --------------------------- `DirectoryLinesStreamerError` is not local
[INFO] [stdout]    |
[INFO] [stdout]    = note: the derive macro `Fail` defines the non-local `impl`, and may need to be changed
[INFO] [stdout]    = note: the derive macro `Fail` may come from an old version of the `failure_derive` crate, try updating your dependency with `cargo update -p failure_derive`
[INFO] [stdout]    = note: an `impl` is never scoped, even when it is nested inside an item, as it may impact type checking outside of that item, which can be the case if neither the trait or the self type are at the same nesting level as the `impl`
[INFO] [stdout]    = note: items in an anonymous const item (`const _: () = { ... }`) are treated as in the same scope as the anonymous const's declaration for the purpose of this lint
[INFO] [stdout]    = note: this warning originates in the derive macro `Fail` (in Nightly builds, run with -Z macro-backtrace for more info)
[INFO] [stdout] 
[INFO] [stdout] 
[INFO] [stderr]     Finished `dev` profile [unoptimized + debuginfo] target(s) in 8.62s
[INFO] running `Command { std: "docker" "inspect" "7d85268a99f1d75f58b3c931a70a981b76a419115d7aca27419206ce940ac15f", kill_on_drop: false }`
[INFO] running `Command { std: "docker" "rm" "-f" "7d85268a99f1d75f58b3c931a70a981b76a419115d7aca27419206ce940ac15f", kill_on_drop: false }`
[INFO] [stdout] 7d85268a99f1d75f58b3c931a70a981b76a419115d7aca27419206ce940ac15f
[INFO] running `Command { std: "docker" "create" "-v" "/var/lib/crater-agent-workspace/builds/worker-2-tc2/target:/opt/rustwide/target:rw,Z" "-v" "/var/lib/crater-agent-workspace/builds/worker-2-tc2/source:/opt/rustwide/workdir:ro,Z" "-v" "/var/lib/crater-agent-workspace/cargo-home:/opt/rustwide/cargo-home:ro,Z" "-v" "/var/lib/crater-agent-workspace/rustup-home:/opt/rustwide/rustup-home:ro,Z" "-e" "SOURCE_DIR=/opt/rustwide/workdir" "-e" "CARGO_TARGET_DIR=/opt/rustwide/target" "-e" "CARGO_INCREMENTAL=0" "-e" "RUST_BACKTRACE=full" "-e" "RUSTFLAGS=--cap-lints=warn" "-e" "RUSTDOCFLAGS=--cap-lints=warn" "-e" "CARGO_HOME=/opt/rustwide/cargo-home" "-e" "RUSTUP_HOME=/opt/rustwide/rustup-home" "-w" "/opt/rustwide/workdir" "-m" "1610612736" "--user" "0:0" "--network" "none" "ghcr.io/rust-lang/crates-build-env/linux@sha256:f3a9d4ad9d972b27faf3965f35b62e55ba32bbce8f20bc8fe909558a86702fde" "/opt/rustwide/cargo-home/bin/cargo" "+beta-2024-12-08" "test" "--frozen" "--no-run" "--message-format=json", kill_on_drop: false }`
[INFO] [stdout] 1048ac7b75e521fb8791394f0ef19383bf01850d5b3c118a10f935d736c4aa29
[INFO] running `Command { std: "docker" "start" "-a" "1048ac7b75e521fb8791394f0ef19383bf01850d5b3c118a10f935d736c4aa29", kill_on_drop: false }`
[INFO] [stderr]    Compiling aho-corasick v1.1.3
[INFO] [stderr]    Compiling regex-syntax v0.8.5
[INFO] [stderr]    Compiling quick-error v1.2.3
[INFO] [stderr]    Compiling atty v0.2.14
[INFO] [stderr]    Compiling termcolor v1.4.1
[INFO] [stdout] warning: non-local `impl` definition, `impl` blocks should be written at the same level as their item
[INFO] [stdout]   --> src/lib.rs:16:17
[INFO] [stdout]    |
[INFO] [stdout] 16 | #[derive(Debug, Fail)]
[INFO] [stdout]    |                 ^---
[INFO] [stdout]    |                 |
[INFO] [stdout]    |                 `Fail` is not local
[INFO] [stdout]    |                 move the `impl` block outside of this constant `_DERIVE_failure_Fail_FOR_DirectoryLinesStreamerError`
[INFO] [stdout] 17 | pub enum DirectoryLinesStreamerError {
[INFO] [stdout]    |          --------------------------- `DirectoryLinesStreamerError` is not local
[INFO] [stdout]    |
[INFO] [stdout]    = note: the derive macro `Fail` defines the non-local `impl`, and may need to be changed
[INFO] [stdout]    = note: the derive macro `Fail` may come from an old version of the `failure_derive` crate, try updating your dependency with `cargo update -p failure_derive`
[INFO] [stdout]    = note: an `impl` is never scoped, even when it is nested inside an item, as it may impact type checking outside of that item, which can be the case if neither the trait or the self type are at the same nesting level as the `impl`
[INFO] [stdout]    = note: items in an anonymous const item (`const _: () = { ... }`) are treated as in the same scope as the anonymous const's declaration for the purpose of this lint
[INFO] [stdout]    = note: `#[warn(non_local_definitions)]` on by default
[INFO] [stdout]    = note: this warning originates in the derive macro `Fail` (in Nightly builds, run with -Z macro-backtrace for more info)
[INFO] [stdout] 
[INFO] [stdout] 
[INFO] [stdout] warning: non-local `impl` definition, `impl` blocks should be written at the same level as their item
[INFO] [stdout]   --> src/lib.rs:16:17
[INFO] [stdout]    |
[INFO] [stdout] 16 | #[derive(Debug, Fail)]
[INFO] [stdout]    |                 ^---
[INFO] [stdout]    |                 |
[INFO] [stdout]    |                 `Display` is not local
[INFO] [stdout]    |                 move the `impl` block outside of this constant `_DERIVE_failure_core_fmt_Display_FOR_DirectoryLinesStreamerError`
[INFO] [stdout] 17 | pub enum DirectoryLinesStreamerError {
[INFO] [stdout]    |          --------------------------- `DirectoryLinesStreamerError` is not local
[INFO] [stdout]    |
[INFO] [stdout]    = note: the derive macro `Fail` defines the non-local `impl`, and may need to be changed
[INFO] [stdout]    = note: the derive macro `Fail` may come from an old version of the `failure_derive` crate, try updating your dependency with `cargo update -p failure_derive`
[INFO] [stdout]    = note: an `impl` is never scoped, even when it is nested inside an item, as it may impact type checking outside of that item, which can be the case if neither the trait or the self type are at the same nesting level as the `impl`
[INFO] [stdout]    = note: items in an anonymous const item (`const _: () = { ... }`) are treated as in the same scope as the anonymous const's declaration for the purpose of this lint
[INFO] [stdout]    = note: this warning originates in the derive macro `Fail` (in Nightly builds, run with -Z macro-backtrace for more info)
[INFO] [stdout] 
[INFO] [stdout] 
[INFO] [stderr]    Compiling humantime v1.3.0
[INFO] [stderr]    Compiling regex-automata v0.4.9
[INFO] [stderr]    Compiling regex v1.11.1
[INFO] [stderr]    Compiling env_logger v0.6.2
[INFO] [stderr]    Compiling dir_lines_streamer v0.2.0 (/opt/rustwide/workdir)
[INFO] [stdout] warning: non-local `impl` definition, `impl` blocks should be written at the same level as their item
[INFO] [stdout]   --> src/lib.rs:16:17
[INFO] [stdout]    |
[INFO] [stdout] 16 | #[derive(Debug, Fail)]
[INFO] [stdout]    |                 ^---
[INFO] [stdout]    |                 |
[INFO] [stdout]    |                 `Fail` is not local
[INFO] [stdout]    |                 move the `impl` block outside of this constant `_DERIVE_failure_Fail_FOR_DirectoryLinesStreamerError`
[INFO] [stdout] 17 | pub enum DirectoryLinesStreamerError {
[INFO] [stdout]    |          --------------------------- `DirectoryLinesStreamerError` is not local
[INFO] [stdout]    |
[INFO] [stdout]    = note: the derive macro `Fail` defines the non-local `impl`, and may need to be changed
[INFO] [stdout]    = note: the derive macro `Fail` may come from an old version of the `failure_derive` crate, try updating your dependency with `cargo update -p failure_derive`
[INFO] [stdout]    = note: an `impl` is never scoped, even when it is nested inside an item, as it may impact type checking outside of that item, which can be the case if neither the trait or the self type are at the same nesting level as the `impl`
[INFO] [stdout]    = note: items in an anonymous const item (`const _: () = { ... }`) are treated as in the same scope as the anonymous const's declaration for the purpose of this lint
[INFO] [stdout]    = note: `#[warn(non_local_definitions)]` on by default
[INFO] [stdout]    = note: this warning originates in the derive macro `Fail` (in Nightly builds, run with -Z macro-backtrace for more info)
[INFO] [stdout] 
[INFO] [stdout] 
[INFO] [stdout] warning: non-local `impl` definition, `impl` blocks should be written at the same level as their item
[INFO] [stdout]   --> src/lib.rs:16:17
[INFO] [stdout]    |
[INFO] [stdout] 16 | #[derive(Debug, Fail)]
[INFO] [stdout]    |                 ^---
[INFO] [stdout]    |                 |
[INFO] [stdout]    |                 `Display` is not local
[INFO] [stdout]    |                 move the `impl` block outside of this constant `_DERIVE_failure_core_fmt_Display_FOR_DirectoryLinesStreamerError`
[INFO] [stdout] 17 | pub enum DirectoryLinesStreamerError {
[INFO] [stdout]    |          --------------------------- `DirectoryLinesStreamerError` is not local
[INFO] [stdout]    |
[INFO] [stdout]    = note: the derive macro `Fail` defines the non-local `impl`, and may need to be changed
[INFO] [stdout]    = note: the derive macro `Fail` may come from an old version of the `failure_derive` crate, try updating your dependency with `cargo update -p failure_derive`
[INFO] [stdout]    = note: an `impl` is never scoped, even when it is nested inside an item, as it may impact type checking outside of that item, which can be the case if neither the trait or the self type are at the same nesting level as the `impl`
[INFO] [stdout]    = note: items in an anonymous const item (`const _: () = { ... }`) are treated as in the same scope as the anonymous const's declaration for the purpose of this lint
[INFO] [stdout]    = note: this warning originates in the derive macro `Fail` (in Nightly builds, run with -Z macro-backtrace for more info)
[INFO] [stdout] 
[INFO] [stdout] 
[INFO] [stderr]     Finished `test` profile [unoptimized + debuginfo] target(s) in 10.40s
[INFO] running `Command { std: "docker" "inspect" "1048ac7b75e521fb8791394f0ef19383bf01850d5b3c118a10f935d736c4aa29", kill_on_drop: false }`
[INFO] running `Command { std: "docker" "rm" "-f" "1048ac7b75e521fb8791394f0ef19383bf01850d5b3c118a10f935d736c4aa29", kill_on_drop: false }`
[INFO] [stdout] 1048ac7b75e521fb8791394f0ef19383bf01850d5b3c118a10f935d736c4aa29
[INFO] running `Command { std: "docker" "create" "-v" "/var/lib/crater-agent-workspace/builds/worker-2-tc2/target:/opt/rustwide/target:rw,Z" "-v" "/var/lib/crater-agent-workspace/builds/worker-2-tc2/source:/opt/rustwide/workdir:ro,Z" "-v" "/var/lib/crater-agent-workspace/cargo-home:/opt/rustwide/cargo-home:ro,Z" "-v" "/var/lib/crater-agent-workspace/rustup-home:/opt/rustwide/rustup-home:ro,Z" "-e" "SOURCE_DIR=/opt/rustwide/workdir" "-e" "CARGO_TARGET_DIR=/opt/rustwide/target" "-e" "CARGO_INCREMENTAL=0" "-e" "RUST_BACKTRACE=full" "-e" "RUSTFLAGS=--cap-lints=warn" "-e" "RUSTDOCFLAGS=--cap-lints=warn" "-e" "CARGO_HOME=/opt/rustwide/cargo-home" "-e" "RUSTUP_HOME=/opt/rustwide/rustup-home" "-w" "/opt/rustwide/workdir" "-m" "1610612736" "--user" "0:0" "--network" "none" "ghcr.io/rust-lang/crates-build-env/linux@sha256:f3a9d4ad9d972b27faf3965f35b62e55ba32bbce8f20bc8fe909558a86702fde" "/opt/rustwide/cargo-home/bin/cargo" "+beta-2024-12-08" "test" "--frozen", kill_on_drop: false }`
[INFO] [stdout] 3e2c2557f9edfbda2d5d7ae0c006cd31642bba6fe9c77fd3aec622149b8777de
[INFO] running `Command { std: "docker" "start" "-a" "3e2c2557f9edfbda2d5d7ae0c006cd31642bba6fe9c77fd3aec622149b8777de", kill_on_drop: false }`
[INFO] [stderr] warning: non-local `impl` definition, `impl` blocks should be written at the same level as their item
[INFO] [stderr]   --> src/lib.rs:16:17
[INFO] [stderr]    |
[INFO] [stderr] 16 | #[derive(Debug, Fail)]
[INFO] [stderr]    |                 ^---
[INFO] [stderr]    |                 |
[INFO] [stderr]    |                 `Fail` is not local
[INFO] [stderr]    |                 move the `impl` block outside of this constant `_DERIVE_failure_Fail_FOR_DirectoryLinesStreamerError`
[INFO] [stderr] 17 | pub enum DirectoryLinesStreamerError {
[INFO] [stderr]    |          --------------------------- `DirectoryLinesStreamerError` is not local
[INFO] [stderr]    |
[INFO] [stderr]    = note: the derive macro `Fail` defines the non-local `impl`, and may need to be changed
[INFO] [stderr]    = note: the derive macro `Fail` may come from an old version of the `failure_derive` crate, try updating your dependency with `cargo update -p failure_derive`
[INFO] [stderr]    = note: an `impl` is never scoped, even when it is nested inside an item, as it may impact type checking outside of that item, which can be the case if neither the trait or the self type are at the same nesting level as the `impl`
[INFO] [stderr]    = note: items in an anonymous const item (`const _: () = { ... }`) are treated as in the same scope as the anonymous const's declaration for the purpose of this lint
[INFO] [stderr]    = note: `#[warn(non_local_definitions)]` on by default
[INFO] [stderr]    = note: this warning originates in the derive macro `Fail` (in Nightly builds, run with -Z macro-backtrace for more info)
[INFO] [stderr] 
[INFO] [stderr] warning: non-local `impl` definition, `impl` blocks should be written at the same level as their item
[INFO] [stderr]   --> src/lib.rs:16:17
[INFO] [stderr]    |
[INFO] [stderr] 16 | #[derive(Debug, Fail)]
[INFO] [stderr]    |                 ^---
[INFO] [stderr]    |                 |
[INFO] [stderr]    |                 `Display` is not local
[INFO] [stderr]    |                 move the `impl` block outside of this constant `_DERIVE_failure_core_fmt_Display_FOR_DirectoryLinesStreamerError`
[INFO] [stderr] 17 | pub enum DirectoryLinesStreamerError {
[INFO] [stderr]    |          --------------------------- `DirectoryLinesStreamerError` is not local
[INFO] [stderr]    |
[INFO] [stderr]    = note: the derive macro `Fail` defines the non-local `impl`, and may need to be changed
[INFO] [stderr]    = note: the derive macro `Fail` may come from an old version of the `failure_derive` crate, try updating your dependency with `cargo update -p failure_derive`
[INFO] [stderr]    = note: an `impl` is never scoped, even when it is nested inside an item, as it may impact type checking outside of that item, which can be the case if neither the trait or the self type are at the same nesting level as the `impl`
[INFO] [stderr]    = note: items in an anonymous const item (`const _: () = { ... }`) are treated as in the same scope as the anonymous const's declaration for the purpose of this lint
[INFO] [stderr]    = note: this warning originates in the derive macro `Fail` (in Nightly builds, run with -Z macro-backtrace for more info)
[INFO] [stderr] 
[INFO] [stderr] warning: `dir_lines_streamer` (lib) generated 2 warnings
[INFO] [stderr] warning: `dir_lines_streamer` (lib test) generated 2 warnings (2 duplicates)
[INFO] [stderr]     Finished `test` profile [unoptimized + debuginfo] target(s) in 0.05s
[INFO] [stderr]      Running unittests src/lib.rs (/opt/rustwide/target/debug/deps/dir_lines_streamer-1e4411f7f7b5ebb0)
[INFO] [stdout] 
[INFO] [stderr] [2024-12-15T03:51:52Z DEBUG dir_lines_streamer] files: [
[INFO] [stdout] running 4 tests
[INFO] [stderr]     "fixtures/non-empty-dir/messages.30.gz",
[INFO] [stdout] test tests::streamer_failure ... ok
[INFO] [stderr]     "fixtures/non-empty-dir/messages.20",
[INFO] [stdout] test tests::collect ... ok
[INFO] [stderr]     "fixtures/non-empty-dir/messages.10",
[INFO] [stdout] test tests::streamer_success ... ok
[INFO] [stderr]     "fixtures/non-empty-dir/messages.2",
[INFO] [stderr]     "fixtures/non-empty-dir/messages.1",
[INFO] [stderr]     "fixtures/non-empty-dir/messages",
[INFO] [stderr] ]
[INFO] [stderr] [2024-12-15T03:51:52Z DEBUG dir_lines_streamer] Opening first file: "fixtures/non-empty-dir/messages"
[INFO] [stderr] [2024-12-15T03:51:52Z DEBUG dir_lines_streamer] Opening file: "fixtures/non-empty-dir/messages"
[INFO] [stderr] [2024-12-15T03:51:52Z DEBUG dir_lines_streamer] Opening file: "fixtures/non-empty-dir/messages.1"
[INFO] [stderr] [2024-12-15T03:51:52Z DEBUG dir_lines_streamer] Opening file: "fixtures/non-empty-dir/messages.2"
[INFO] [stderr] [2024-12-15T03:51:52Z DEBUG dir_lines_streamer] files: [
[INFO] [stderr]     "fixtures/non-empty-dir/messages.30.gz",
[INFO] [stderr]     "fixtures/non-empty-dir/messages.20",
[INFO] [stderr]     "fixtures/non-empty-dir/messages.10",
[INFO] [stderr]     "fixtures/non-empty-dir/messages.2",
[INFO] [stderr]     "fixtures/non-empty-dir/messages.1",
[INFO] [stderr]     "fixtures/non-empty-dir/messages",
[INFO] [stderr] ]
[INFO] [stderr] [2024-12-15T03:51:52Z DEBUG dir_lines_streamer] Opening first file: "fixtures/non-empty-dir/messages"
[INFO] [stderr] [2024-12-15T03:51:52Z DEBUG dir_lines_streamer] Opening file: "fixtures/non-empty-dir/messages"
[INFO] [stderr] [2024-12-15T03:51:52Z DEBUG dir_lines_streamer] Opening file: "fixtures/non-empty-dir/messages.1"
[INFO] [stderr] [2024-12-15T03:51:52Z DEBUG dir_lines_streamer] Opening file: "fixtures/non-empty-dir/messages.10"
[INFO] [stderr] [2024-12-15T03:51:52Z DEBUG dir_lines_streamer] Opening file: "fixtures/non-empty-dir/messages.20"
[INFO] [stderr] [2024-12-15T03:51:52Z DEBUG dir_lines_streamer] Opening file: "fixtures/non-empty-dir/messages.30.gz"
[INFO] [stderr] [2024-12-15T03:51:52Z DEBUG dir_lines_streamer] Opening file: "fixtures/non-empty-dir/messages.2"
[INFO] [stderr] [2024-12-15T03:51:52Z DEBUG dir_lines_streamer] Opening file: "fixtures/non-empty-dir/messages.10"
[INFO] [stderr] [2024-12-15T03:51:52Z DEBUG dir_lines_streamer] Opening file: "fixtures/non-empty-dir/messages.20"
[INFO] [stderr] [2024-12-15T03:51:52Z DEBUG dir_lines_streamer] Setting up Gzip decompression...
[INFO] [stderr] [2024-12-15T03:51:52Z DEBUG dir_lines_streamer] Opening file: "fixtures/non-empty-dir/messages.30.gz"
[INFO] [stderr] [2024-12-15T03:51:52Z DEBUG dir_lines_streamer] Setting up Gzip decompression...
[INFO] [stdout] test tests::streamer_empty ... FAILED
[INFO] [stderr] error: test failed, to rerun pass `--lib`
[INFO] [stdout] 
[INFO] [stdout] failures:
[INFO] [stdout] 
[INFO] [stdout] ---- tests::streamer_empty stdout ----
[INFO] [stdout] thread 'tests::streamer_empty' panicked at src/lib.rs:224:18:
[INFO] [stdout] Unexpected error
[INFO] [stdout] stack backtrace:
[INFO] [stdout]    0:     0x60cca89f1eaa - std::backtrace_rs::backtrace::libunwind::trace::h8810477743020387
[INFO] [stdout]                                at /rustc/202008a1b8de96d2e5b6bc02d379db03a877d34d/library/std/src/../../backtrace/src/backtrace/libunwind.rs:116:5
[INFO] [stdout]    1:     0x60cca89f1eaa - std::backtrace_rs::backtrace::trace_unsynchronized::h3aa55355dd6c54a6
[INFO] [stdout]                                at /rustc/202008a1b8de96d2e5b6bc02d379db03a877d34d/library/std/src/../../backtrace/src/backtrace/mod.rs:66:5
[INFO] [stdout]    2:     0x60cca89f1eaa - std::sys::backtrace::_print_fmt::h8588b0f62410823f
[INFO] [stdout]                                at /rustc/202008a1b8de96d2e5b6bc02d379db03a877d34d/library/std/src/sys/backtrace.rs:66:9
[INFO] [stdout]    3:     0x60cca89f1eaa - <std::sys::backtrace::BacktraceLock::print::DisplayBacktrace as core::fmt::Display>::fmt::h98c26ac25ffe89bb
[INFO] [stdout]                                at /rustc/202008a1b8de96d2e5b6bc02d379db03a877d34d/library/std/src/sys/backtrace.rs:39:26
[INFO] [stdout]    4:     0x60cca8a17fc3 - core::fmt::rt::Argument::fmt::hf95377f4aebd453b
[INFO] [stdout]                                at /rustc/202008a1b8de96d2e5b6bc02d379db03a877d34d/library/core/src/fmt/rt.rs:177:76
[INFO] [stdout]    5:     0x60cca8a17fc3 - core::fmt::write::h0dd5f6e2238c7982
[INFO] [stdout]                                at /rustc/202008a1b8de96d2e5b6bc02d379db03a877d34d/library/core/src/fmt/mod.rs:1189:21
[INFO] [stdout]    6:     0x60cca89eecf3 - std::io::Write::write_fmt::h03bb0ca26e6faf8c
[INFO] [stdout]                                at /rustc/202008a1b8de96d2e5b6bc02d379db03a877d34d/library/std/src/io/mod.rs:1884:15
[INFO] [stdout]    7:     0x60cca89f1cf2 - std::sys::backtrace::BacktraceLock::print::h5c19c1c038ee186d
[INFO] [stdout]                                at /rustc/202008a1b8de96d2e5b6bc02d379db03a877d34d/library/std/src/sys/backtrace.rs:42:9
[INFO] [stdout]    8:     0x60cca89f332d - std::panicking::default_hook::{{closure}}::h77172f079a1fcb13
[INFO] [stdout]                                at /rustc/202008a1b8de96d2e5b6bc02d379db03a877d34d/library/std/src/panicking.rs:268:22
[INFO] [stdout]    9:     0x60cca89f3137 - std::panicking::default_hook::he5f8e3b203ccddba
[INFO] [stdout]                                at /rustc/202008a1b8de96d2e5b6bc02d379db03a877d34d/library/std/src/panicking.rs:292:9
[INFO] [stdout]   10:     0x60cca88da1f7 - <alloc::boxed::Box<F,A> as core::ops::function::Fn<Args>>::call::h7a3c7b4a1ae77f2f
[INFO] [stdout]                                at /rustc/202008a1b8de96d2e5b6bc02d379db03a877d34d/library/alloc/src/boxed.rs:1986:9
[INFO] [stdout]   11:     0x60cca88da1f7 - test::test_main::{{closure}}::hf0d3b69ae9b353d1
[INFO] [stdout]                                at /rustc/202008a1b8de96d2e5b6bc02d379db03a877d34d/library/test/src/lib.rs:134:21
[INFO] [stdout]   12:     0x60cca89f39d8 - <alloc::boxed::Box<F,A> as core::ops::function::Fn<Args>>::call::h6332e82e7b189abd
[INFO] [stdout]                                at /rustc/202008a1b8de96d2e5b6bc02d379db03a877d34d/library/alloc/src/boxed.rs:1986:9
[INFO] [stdout]   13:     0x60cca89f39d8 - std::panicking::rust_panic_with_hook::h53863d4e9018df39
[INFO] [stdout]                                at /rustc/202008a1b8de96d2e5b6bc02d379db03a877d34d/library/std/src/panicking.rs:809:13
[INFO] [stdout]   14:     0x60cca889fcfa - std::panicking::begin_panic::{{closure}}::h3622887019111cc0
[INFO] [stdout]                                at /rustc/202008a1b8de96d2e5b6bc02d379db03a877d34d/library/std/src/panicking.rs:738:9
[INFO] [stdout]   15:     0x60cca889d10a - std::sys::backtrace::__rust_end_short_backtrace::hbad7376d3a2e46ec
[INFO] [stdout]                                at /rustc/202008a1b8de96d2e5b6bc02d379db03a877d34d/library/std/src/sys/backtrace.rs:170:18
[INFO] [stdout]   16:     0x60cca889fcac - std::panicking::begin_panic::h968c6eae78f7294b
[INFO] [stdout]                                at /rustc/202008a1b8de96d2e5b6bc02d379db03a877d34d/library/std/src/panicking.rs:737:5
[INFO] [stdout]   17:     0x60cca88674fe - dir_lines_streamer::tests::streamer_empty::h619a00e941d06bf3
[INFO] [stdout]                                at /opt/rustwide/workdir/src/lib.rs:224:18
[INFO] [stdout]   18:     0x60cca88673c7 - dir_lines_streamer::tests::streamer_empty::{{closure}}::h376d71b5ce4674f4
[INFO] [stdout]                                at /opt/rustwide/workdir/src/lib.rs:213:24
[INFO] [stdout]   19:     0x60cca8873c86 - core::ops::function::FnOnce::call_once::he296721bff23d960
[INFO] [stdout]                                at /rustc/202008a1b8de96d2e5b6bc02d379db03a877d34d/library/core/src/ops/function.rs:250:5
[INFO] [stdout]   20:     0x60cca88ded1b - core::ops::function::FnOnce::call_once::h871bf86719ec9aa4
[INFO] [stdout]                                at /rustc/202008a1b8de96d2e5b6bc02d379db03a877d34d/library/core/src/ops/function.rs:250:5
[INFO] [stdout]   21:     0x60cca88ded1b - test::__rust_begin_short_backtrace::h2167df1e2b7d76fd
[INFO] [stdout]                                at /rustc/202008a1b8de96d2e5b6bc02d379db03a877d34d/library/test/src/lib.rs:632:18
[INFO] [stdout]   22:     0x60cca88de708 - test::run_test_in_process::{{closure}}::h15d92f75a3adfb79
[INFO] [stdout]                                at /rustc/202008a1b8de96d2e5b6bc02d379db03a877d34d/library/test/src/lib.rs:655:60
[INFO] [stdout]   23:     0x60cca88de708 - <core::panic::unwind_safe::AssertUnwindSafe<F> as core::ops::function::FnOnce<()>>::call_once::hb6c8955835a8dbbb
[INFO] [stdout]                                at /rustc/202008a1b8de96d2e5b6bc02d379db03a877d34d/library/core/src/panic/unwind_safe.rs:272:9
[INFO] [stdout]   24:     0x60cca88de708 - std::panicking::try::do_call::hc79d0fc888a0bd30
[INFO] [stdout]                                at /rustc/202008a1b8de96d2e5b6bc02d379db03a877d34d/library/std/src/panicking.rs:557:40
[INFO] [stdout]   25:     0x60cca88de708 - std::panicking::try::hb8a7878e3a8589d6
[INFO] [stdout]                                at /rustc/202008a1b8de96d2e5b6bc02d379db03a877d34d/library/std/src/panicking.rs:520:19
[INFO] [stdout]   26:     0x60cca88de708 - std::panic::catch_unwind::hb8e4600ff0ff5cfa
[INFO] [stdout]                                at /rustc/202008a1b8de96d2e5b6bc02d379db03a877d34d/library/std/src/panic.rs:358:14
[INFO] [stdout]   27:     0x60cca88de708 - test::run_test_in_process::hc2900b0b18688dd6
[INFO] [stdout]                                at /rustc/202008a1b8de96d2e5b6bc02d379db03a877d34d/library/test/src/lib.rs:655:27
[INFO] [stdout]   28:     0x60cca88de708 - test::run_test::{{closure}}::hac2a9cb07be3d48d
[INFO] [stdout]                                at /rustc/202008a1b8de96d2e5b6bc02d379db03a877d34d/library/test/src/lib.rs:576:43
[INFO] [stdout]   29:     0x60cca88a21aa - test::run_test::{{closure}}::h4a5b729e66a38cd8
[INFO] [stdout]                                at /rustc/202008a1b8de96d2e5b6bc02d379db03a877d34d/library/test/src/lib.rs:606:41
[INFO] [stdout]   30:     0x60cca88a21aa - std::sys::backtrace::__rust_begin_short_backtrace::h0496fb742492f573
[INFO] [stdout]                                at /rustc/202008a1b8de96d2e5b6bc02d379db03a877d34d/library/std/src/sys/backtrace.rs:154:18
[INFO] [stdout]   31:     0x60cca88a5b24 - std::thread::Builder::spawn_unchecked_::{{closure}}::{{closure}}::hbb6d257c550a54bd
[INFO] [stdout]                                at /rustc/202008a1b8de96d2e5b6bc02d379db03a877d34d/library/std/src/thread/mod.rs:561:17
[INFO] [stdout]   32:     0x60cca88a5b24 - <core::panic::unwind_safe::AssertUnwindSafe<F> as core::ops::function::FnOnce<()>>::call_once::h46696fe4a6832328
[INFO] [stdout]                                at /rustc/202008a1b8de96d2e5b6bc02d379db03a877d34d/library/core/src/panic/unwind_safe.rs:272:9
[INFO] [stdout]   33:     0x60cca88a5b24 - std::panicking::try::do_call::h2625a51b667bfb64
[INFO] [stdout]                                at /rustc/202008a1b8de96d2e5b6bc02d379db03a877d34d/library/std/src/panicking.rs:557:40
[INFO] [stdout]   34:     0x60cca88a5b24 - std::panicking::try::hb956a59a1973aa4c
[INFO] [stdout]                                at /rustc/202008a1b8de96d2e5b6bc02d379db03a877d34d/library/std/src/panicking.rs:520:19
[INFO] [stdout]   35:     0x60cca88a5b24 - std::panic::catch_unwind::h64f3b9d1067ef6a0
[INFO] [stdout]                                at /rustc/202008a1b8de96d2e5b6bc02d379db03a877d34d/library/std/src/panic.rs:358:14
[INFO] [stdout]   36:     0x60cca88a5b24 - std::thread::Builder::spawn_unchecked_::{{closure}}::h42b2841295b6c0b2
[INFO] [stdout]                                at /rustc/202008a1b8de96d2e5b6bc02d379db03a877d34d/library/std/src/thread/mod.rs:559:30
[INFO] [stdout]   37:     0x60cca88a5b24 - core::ops::function::FnOnce::call_once{{vtable.shim}}::h6127de71b8124639
[INFO] [stdout]                                at /rustc/202008a1b8de96d2e5b6bc02d379db03a877d34d/library/core/src/ops/function.rs:250:5
[INFO] [stdout]   38:     0x60cca89f7e0b - <alloc::boxed::Box<F,A> as core::ops::function::FnOnce<Args>>::call_once::h42f0ba71002a1b2c
[INFO] [stdout]                                at /rustc/202008a1b8de96d2e5b6bc02d379db03a877d34d/library/alloc/src/boxed.rs:1972:9
[INFO] [stdout]   39:     0x60cca89f7e0b - <alloc::boxed::Box<F,A> as core::ops::function::FnOnce<Args>>::call_once::had9e47d7a3dcecb8
[INFO] [stdout]                                at /rustc/202008a1b8de96d2e5b6bc02d379db03a877d34d/library/alloc/src/boxed.rs:1972:9
[INFO] [stdout]   40:     0x60cca89f7e0b - std::sys::pal::unix::thread::Thread::new::thread_start::h48cf765408f6f5f2
[INFO] [stdout]                                at /rustc/202008a1b8de96d2e5b6bc02d379db03a877d34d/library/std/src/sys/pal/unix/thread.rs:105:17
[INFO] [stdout]   41:     0x799a03453ac3 - <unknown>
[INFO] [stdout]   42:     0x799a034e4a04 - clone
[INFO] [stdout]   43:                0x0 - <unknown>
[INFO] [stdout] 
[INFO] [stdout] 
[INFO] [stdout] failures:
[INFO] [stdout]     tests::streamer_empty
[INFO] [stdout] 
[INFO] [stdout] test result: FAILED. 3 passed; 1 failed; 0 ignored; 0 measured; 0 filtered out; finished in 0.04s
[INFO] [stdout] 
[INFO] running `Command { std: "docker" "inspect" "3e2c2557f9edfbda2d5d7ae0c006cd31642bba6fe9c77fd3aec622149b8777de", kill_on_drop: false }`
[INFO] running `Command { std: "docker" "rm" "-f" "3e2c2557f9edfbda2d5d7ae0c006cd31642bba6fe9c77fd3aec622149b8777de", kill_on_drop: false }`
[INFO] [stdout] 3e2c2557f9edfbda2d5d7ae0c006cd31642bba6fe9c77fd3aec622149b8777de
