[INFO] fetching crate dir-structure 0.1.4...
[INFO] testing dir-structure-0.1.4 against 1.83.0 for beta-1.84.0-4-retry
[INFO] extracting crate dir-structure 0.1.4 into /workspace/builds/worker-5-tc1/source
[INFO] validating manifest of crates.io crate dir-structure 0.1.4 on toolchain 1.83.0
[INFO] running `Command { std: CARGO_HOME="/workspace/cargo-home" RUSTUP_HOME="/workspace/rustup-home" "/workspace/cargo-home/bin/cargo" "+1.83.0" "metadata" "--manifest-path" "Cargo.toml" "--no-deps", kill_on_drop: false }`
[INFO] started tweaking crates.io crate dir-structure 0.1.4
[INFO] finished tweaking crates.io crate dir-structure 0.1.4
[INFO] tweaked toml for crates.io crate dir-structure 0.1.4 written to /workspace/builds/worker-5-tc1/source/Cargo.toml
[INFO] running `Command { std: CARGO_HOME="/workspace/cargo-home" RUSTUP_HOME="/workspace/rustup-home" "/workspace/cargo-home/bin/cargo" "+1.83.0" "generate-lockfile" "--manifest-path" "Cargo.toml", kill_on_drop: false }`
[INFO] [stderr]     Updating crates.io index
[INFO] [stderr]      Locking 13 packages to latest compatible versions
[INFO] [stderr]       Adding thiserror v1.0.69 (available: v2.0.7)
[INFO] running `Command { std: CARGO_HOME="/workspace/cargo-home" RUSTUP_HOME="/workspace/rustup-home" "/workspace/cargo-home/bin/cargo" "+1.83.0" "fetch" "--manifest-path" "Cargo.toml", kill_on_drop: false }`
[INFO] [stderr]  Downloading crates ...
[INFO] [stderr]   Downloaded dir-structure-macros v0.1.4
[INFO] running `Command { std: "docker" "create" "-v" "/var/lib/crater-agent-workspace/builds/worker-5-tc1/target:/opt/rustwide/target:rw,Z" "-v" "/var/lib/crater-agent-workspace/builds/worker-5-tc1/source:/opt/rustwide/workdir:ro,Z" "-v" "/var/lib/crater-agent-workspace/cargo-home:/opt/rustwide/cargo-home:ro,Z" "-v" "/var/lib/crater-agent-workspace/rustup-home:/opt/rustwide/rustup-home:ro,Z" "-e" "SOURCE_DIR=/opt/rustwide/workdir" "-e" "CARGO_TARGET_DIR=/opt/rustwide/target" "-e" "CARGO_HOME=/opt/rustwide/cargo-home" "-e" "RUSTUP_HOME=/opt/rustwide/rustup-home" "-w" "/opt/rustwide/workdir" "-m" "1610612736" "--user" "0:0" "--network" "none" "ghcr.io/rust-lang/crates-build-env/linux@sha256:f3a9d4ad9d972b27faf3965f35b62e55ba32bbce8f20bc8fe909558a86702fde" "/opt/rustwide/cargo-home/bin/cargo" "+1.83.0" "metadata" "--no-deps" "--format-version=1", kill_on_drop: false }`
[INFO] [stdout] 42d421a9a4c5e4baf44cf69847bbe3383b2a62334d930c55d37e8632b0205d55
[INFO] running `Command { std: "docker" "start" "-a" "42d421a9a4c5e4baf44cf69847bbe3383b2a62334d930c55d37e8632b0205d55", kill_on_drop: false }`
[INFO] running `Command { std: "docker" "inspect" "42d421a9a4c5e4baf44cf69847bbe3383b2a62334d930c55d37e8632b0205d55", kill_on_drop: false }`
[INFO] running `Command { std: "docker" "rm" "-f" "42d421a9a4c5e4baf44cf69847bbe3383b2a62334d930c55d37e8632b0205d55", kill_on_drop: false }`
[INFO] [stdout] 42d421a9a4c5e4baf44cf69847bbe3383b2a62334d930c55d37e8632b0205d55
[INFO] running `Command { std: "docker" "create" "-v" "/var/lib/crater-agent-workspace/builds/worker-5-tc1/target:/opt/rustwide/target:rw,Z" "-v" "/var/lib/crater-agent-workspace/builds/worker-5-tc1/source:/opt/rustwide/workdir:ro,Z" "-v" "/var/lib/crater-agent-workspace/cargo-home:/opt/rustwide/cargo-home:ro,Z" "-v" "/var/lib/crater-agent-workspace/rustup-home:/opt/rustwide/rustup-home:ro,Z" "-e" "SOURCE_DIR=/opt/rustwide/workdir" "-e" "CARGO_TARGET_DIR=/opt/rustwide/target" "-e" "CARGO_INCREMENTAL=0" "-e" "RUST_BACKTRACE=full" "-e" "RUSTFLAGS=--cap-lints=warn" "-e" "RUSTDOCFLAGS=--cap-lints=warn" "-e" "CARGO_HOME=/opt/rustwide/cargo-home" "-e" "RUSTUP_HOME=/opt/rustwide/rustup-home" "-w" "/opt/rustwide/workdir" "-m" "1610612736" "--user" "0:0" "--network" "none" "ghcr.io/rust-lang/crates-build-env/linux@sha256:f3a9d4ad9d972b27faf3965f35b62e55ba32bbce8f20bc8fe909558a86702fde" "/opt/rustwide/cargo-home/bin/cargo" "+1.83.0" "build" "--frozen" "--message-format=json", kill_on_drop: false }`
[INFO] [stdout] 2ccf189e0f144d80810a1817f829b0eaa16a9350ff18317bc44c9a47994127c4
[INFO] running `Command { std: "docker" "start" "-a" "2ccf189e0f144d80810a1817f829b0eaa16a9350ff18317bc44c9a47994127c4", kill_on_drop: false }`
[INFO] [stderr]    Compiling proc-macro2 v1.0.92
[INFO] [stderr]    Compiling unicode-ident v1.0.14
[INFO] [stderr]    Compiling thiserror v1.0.69
[INFO] [stderr]    Compiling quote v1.0.37
[INFO] [stderr]    Compiling syn v2.0.90
[INFO] [stderr]    Compiling thiserror-impl v1.0.69
[INFO] [stderr]    Compiling dir-structure-macros v0.1.4
[INFO] [stderr]    Compiling dir-structure v0.1.4 (/opt/rustwide/workdir)
[INFO] [stderr]     Finished `dev` profile [unoptimized + debuginfo] target(s) in 7.40s
[INFO] running `Command { std: "docker" "inspect" "2ccf189e0f144d80810a1817f829b0eaa16a9350ff18317bc44c9a47994127c4", kill_on_drop: false }`
[INFO] running `Command { std: "docker" "rm" "-f" "2ccf189e0f144d80810a1817f829b0eaa16a9350ff18317bc44c9a47994127c4", kill_on_drop: false }`
[INFO] [stdout] 2ccf189e0f144d80810a1817f829b0eaa16a9350ff18317bc44c9a47994127c4
[INFO] running `Command { std: "docker" "create" "-v" "/var/lib/crater-agent-workspace/builds/worker-5-tc1/target:/opt/rustwide/target:rw,Z" "-v" "/var/lib/crater-agent-workspace/builds/worker-5-tc1/source:/opt/rustwide/workdir:ro,Z" "-v" "/var/lib/crater-agent-workspace/cargo-home:/opt/rustwide/cargo-home:ro,Z" "-v" "/var/lib/crater-agent-workspace/rustup-home:/opt/rustwide/rustup-home:ro,Z" "-e" "SOURCE_DIR=/opt/rustwide/workdir" "-e" "CARGO_TARGET_DIR=/opt/rustwide/target" "-e" "CARGO_INCREMENTAL=0" "-e" "RUST_BACKTRACE=full" "-e" "RUSTFLAGS=--cap-lints=warn" "-e" "RUSTDOCFLAGS=--cap-lints=warn" "-e" "CARGO_HOME=/opt/rustwide/cargo-home" "-e" "RUSTUP_HOME=/opt/rustwide/rustup-home" "-w" "/opt/rustwide/workdir" "-m" "1610612736" "--user" "0:0" "--network" "none" "ghcr.io/rust-lang/crates-build-env/linux@sha256:f3a9d4ad9d972b27faf3965f35b62e55ba32bbce8f20bc8fe909558a86702fde" "/opt/rustwide/cargo-home/bin/cargo" "+1.83.0" "test" "--frozen" "--no-run" "--message-format=json", kill_on_drop: false }`
[INFO] [stdout] 3b12e7907025a364725f8a20750e3bac875f4f9e3370592a6726a49210ff5e26
[INFO] running `Command { std: "docker" "start" "-a" "3b12e7907025a364725f8a20750e3bac875f4f9e3370592a6726a49210ff5e26", kill_on_drop: false }`
[INFO] [stderr]    Compiling dir-structure v0.1.4 (/opt/rustwide/workdir)
[INFO] [stderr]     Finished `test` profile [unoptimized + debuginfo] target(s) in 0.79s
[INFO] running `Command { std: "docker" "inspect" "3b12e7907025a364725f8a20750e3bac875f4f9e3370592a6726a49210ff5e26", kill_on_drop: false }`
[INFO] running `Command { std: "docker" "rm" "-f" "3b12e7907025a364725f8a20750e3bac875f4f9e3370592a6726a49210ff5e26", kill_on_drop: false }`
[INFO] [stdout] 3b12e7907025a364725f8a20750e3bac875f4f9e3370592a6726a49210ff5e26
[INFO] running `Command { std: "docker" "create" "-v" "/var/lib/crater-agent-workspace/builds/worker-5-tc1/target:/opt/rustwide/target:rw,Z" "-v" "/var/lib/crater-agent-workspace/builds/worker-5-tc1/source:/opt/rustwide/workdir:ro,Z" "-v" "/var/lib/crater-agent-workspace/cargo-home:/opt/rustwide/cargo-home:ro,Z" "-v" "/var/lib/crater-agent-workspace/rustup-home:/opt/rustwide/rustup-home:ro,Z" "-e" "SOURCE_DIR=/opt/rustwide/workdir" "-e" "CARGO_TARGET_DIR=/opt/rustwide/target" "-e" "CARGO_INCREMENTAL=0" "-e" "RUST_BACKTRACE=full" "-e" "RUSTFLAGS=--cap-lints=warn" "-e" "RUSTDOCFLAGS=--cap-lints=warn" "-e" "CARGO_HOME=/opt/rustwide/cargo-home" "-e" "RUSTUP_HOME=/opt/rustwide/rustup-home" "-w" "/opt/rustwide/workdir" "-m" "1610612736" "--user" "0:0" "--network" "none" "ghcr.io/rust-lang/crates-build-env/linux@sha256:f3a9d4ad9d972b27faf3965f35b62e55ba32bbce8f20bc8fe909558a86702fde" "/opt/rustwide/cargo-home/bin/cargo" "+1.83.0" "test" "--frozen", kill_on_drop: false }`
[INFO] [stdout] ca7c16056211fde149f87020220713ed92a983e74f35197710dbfcf89d2740c0
[INFO] running `Command { std: "docker" "start" "-a" "ca7c16056211fde149f87020220713ed92a983e74f35197710dbfcf89d2740c0", kill_on_drop: false }`
[INFO] [stderr]     Finished `test` profile [unoptimized + debuginfo] target(s) in 0.02s
[INFO] [stderr]      Running unittests src/lib.rs (/opt/rustwide/target/debug/deps/dir_structure-b0b71f0642540b06)
[INFO] [stdout] 
[INFO] [stdout] running 0 tests
[INFO] [stdout] 
[INFO] [stdout] test result: ok. 0 passed; 0 failed; 0 ignored; 0 measured; 0 filtered out; finished in 0.00s
[INFO] [stdout] 
[INFO] [stderr]      Running tests/tests.rs (/opt/rustwide/target/debug/deps/tests-13549dd9b3bcd786)
[INFO] [stdout] 
[INFO] [stdout] running 16 tests
[INFO] [stdout] test deferred_read ... ok
[INFO] [stdout] test clean_dir_writer ... ok
[INFO] [stdout] test clean_dir_writer_newtype ... ok
[INFO] [stdout] test parse_dirs_inner_with_self_path ... ok
[INFO] [stdout] test write_numbers ... ok
[INFO] [stdout] test write_simple_with_subdir ... ok
[INFO] [stdout] test write_simple_nested ... ok
[INFO] [stdout] test read_numbers ... ok
[INFO] [stdout] test write_subdirectory_children ... ok
[INFO] [stdout] test read_simple ... ok
[INFO] [stdout] test versioned_works ... ok
[INFO] [stdout] test versioned_doesnt_call_write_if_not_changed ... ok
[INFO] [stdout] test read_simple_nested ... ok
[INFO] [stdout] test write_simple ... ok
[INFO] [stdout] test read_all_directory_files ... ok
[INFO] [stdout] test read_simple_with_subdir ... ok
[INFO] [stdout] 
[INFO] [stdout] test result: ok. 16 passed; 0 failed; 0 ignored; 0 measured; 0 filtered out; finished in 0.01s
[INFO] [stdout] 
[INFO] [stderr]    Doc-tests dir_structure
[INFO] [stdout] 
[INFO] [stdout] running 5 tests
[INFO] [stdout] test src/lib.rs - Versioned<T>::new_dirty (line 1032) ... ok
[INFO] [stdout] test src/lib.rs - Versioned (line 997) ... ok
[INFO] [stdout] test src/lib.rs - (line 9) ... FAILED
[INFO] [stdout] test src/lib.rs - Versioned<T>::edit_eq_check (line 1061) ... ok
[INFO] [stdout] test src/lib.rs - (line 53) ... FAILED
[INFO] [stdout] 
[INFO] [stdout] failures:
[INFO] [stdout] 
[INFO] [stdout] ---- src/lib.rs - (line 9) stdout ----
[INFO] [stdout] Test executable failed (exit status: 1).
[INFO] [stdout] 
[INFO] [stdout] stderr:
[INFO] [stdout] Error: Io("dir", Os { code: 30, kind: ReadOnlyFilesystem, message: "Read-only file system" })
[INFO] [stdout] 
[INFO] [stdout] 
[INFO] [stdout] ---- src/lib.rs - (line 53) stdout ----
[INFO] [stdout] Test executable failed (exit status: 1).
[INFO] [stdout] 
[INFO] [stdout] stderr:
[INFO] [stdout] Error: Os { code: 30, kind: ReadOnlyFilesystem, message: "Read-only file system" }
[INFO] [stdout] 
[INFO] [stdout] 
[INFO] [stdout] 
[INFO] [stdout] failures:
[INFO] [stdout]     src/lib.rs - (line 53)
[INFO] [stdout]     src/lib.rs - (line 9)
[INFO] [stdout] 
[INFO] [stdout] test result: FAILED. 3 passed; 2 failed; 0 ignored; 0 measured; 0 filtered out; finished in 0.30s
[INFO] [stdout] 
[INFO] [stderr] error: doctest failed, to rerun pass `--doc`
[INFO] running `Command { std: "docker" "inspect" "ca7c16056211fde149f87020220713ed92a983e74f35197710dbfcf89d2740c0", kill_on_drop: false }`
[INFO] running `Command { std: "docker" "rm" "-f" "ca7c16056211fde149f87020220713ed92a983e74f35197710dbfcf89d2740c0", kill_on_drop: false }`
[INFO] [stdout] ca7c16056211fde149f87020220713ed92a983e74f35197710dbfcf89d2740c0
