[INFO] fetching crate dioxus-studio 0.1.0...
[INFO] testing dioxus-studio-0.1.0 against 1.83.0 for beta-1.84.0-4-retry
[INFO] extracting crate dioxus-studio 0.1.0 into /workspace/builds/worker-3-tc1/source
[INFO] validating manifest of crates.io crate dioxus-studio 0.1.0 on toolchain 1.83.0
[INFO] running `Command { std: CARGO_HOME="/workspace/cargo-home" RUSTUP_HOME="/workspace/rustup-home" "/workspace/cargo-home/bin/cargo" "+1.83.0" "metadata" "--manifest-path" "Cargo.toml" "--no-deps", kill_on_drop: false }`
[INFO] started tweaking crates.io crate dioxus-studio 0.1.0
[INFO] finished tweaking crates.io crate dioxus-studio 0.1.0
[INFO] tweaked toml for crates.io crate dioxus-studio 0.1.0 written to /workspace/builds/worker-3-tc1/source/Cargo.toml
[INFO] crate crates.io crate dioxus-studio 0.1.0 already has a lockfile, it will not be regenerated
[INFO] running `Command { std: CARGO_HOME="/workspace/cargo-home" RUSTUP_HOME="/workspace/rustup-home" "/workspace/cargo-home/bin/cargo" "+1.83.0" "fetch" "--manifest-path" "Cargo.toml", kill_on_drop: false }`
[INFO] [stderr]     Updating crates.io index
[INFO] [stderr]  Downloading crates ...
[INFO] [stderr]   Downloaded binary-install v0.0.2
[INFO] [stderr]   Downloaded wasm-bindgen-wasm-conventions v0.2.78
[INFO] [stderr]   Downloaded wit-validator v0.2.1
[INFO] [stderr]   Downloaded wit-walrus v0.6.0
[INFO] [stderr]   Downloaded wit-writer v0.2.0
[INFO] [stderr]   Downloaded wasm-bindgen-threads-xform v0.2.78
[INFO] [stderr]   Downloaded wasm-bindgen-wasm-interpreter v0.2.78
[INFO] [stderr]   Downloaded walrus v0.19.0
[INFO] [stderr]   Downloaded cargo_toml v0.10.3
[INFO] [stderr]   Downloaded html_parser v0.6.2
[INFO] [stderr]   Downloaded wasm-bindgen-multi-value-xform v0.2.78
[INFO] [stderr]   Downloaded wasm-bindgen-externref-xform v0.2.78
[INFO] [stderr]   Downloaded wit-text v0.8.0
[INFO] [stderr]   Downloaded wasmparser v0.77.0
[INFO] [stderr]   Downloaded wit-parser v0.2.0
[INFO] [stderr]   Downloaded wit-schema-version v0.1.0
[INFO] [stderr]   Downloaded wasm-bindgen-cli-support v0.2.78
[INFO] running `Command { std: "docker" "create" "-v" "/var/lib/crater-agent-workspace/builds/worker-3-tc1/target:/opt/rustwide/target:rw,Z" "-v" "/var/lib/crater-agent-workspace/builds/worker-3-tc1/source:/opt/rustwide/workdir:ro,Z" "-v" "/var/lib/crater-agent-workspace/cargo-home:/opt/rustwide/cargo-home:ro,Z" "-v" "/var/lib/crater-agent-workspace/rustup-home:/opt/rustwide/rustup-home:ro,Z" "-e" "SOURCE_DIR=/opt/rustwide/workdir" "-e" "CARGO_TARGET_DIR=/opt/rustwide/target" "-e" "CARGO_HOME=/opt/rustwide/cargo-home" "-e" "RUSTUP_HOME=/opt/rustwide/rustup-home" "-w" "/opt/rustwide/workdir" "-m" "1610612736" "--user" "0:0" "--network" "none" "ghcr.io/rust-lang/crates-build-env/linux@sha256:f3a9d4ad9d972b27faf3965f35b62e55ba32bbce8f20bc8fe909558a86702fde" "/opt/rustwide/cargo-home/bin/cargo" "+1.83.0" "metadata" "--no-deps" "--format-version=1", kill_on_drop: false }`
[INFO] [stdout] e37e24a0a48a0b634a86be064d14562388d7c2b01cb17f7c8f665ed7a75879bf
[INFO] running `Command { std: "docker" "start" "-a" "e37e24a0a48a0b634a86be064d14562388d7c2b01cb17f7c8f665ed7a75879bf", kill_on_drop: false }`
[INFO] running `Command { std: "docker" "inspect" "e37e24a0a48a0b634a86be064d14562388d7c2b01cb17f7c8f665ed7a75879bf", kill_on_drop: false }`
[INFO] running `Command { std: "docker" "rm" "-f" "e37e24a0a48a0b634a86be064d14562388d7c2b01cb17f7c8f665ed7a75879bf", kill_on_drop: false }`
[INFO] [stdout] e37e24a0a48a0b634a86be064d14562388d7c2b01cb17f7c8f665ed7a75879bf
[INFO] running `Command { std: "docker" "create" "-v" "/var/lib/crater-agent-workspace/builds/worker-3-tc1/target:/opt/rustwide/target:rw,Z" "-v" "/var/lib/crater-agent-workspace/builds/worker-3-tc1/source:/opt/rustwide/workdir:ro,Z" "-v" "/var/lib/crater-agent-workspace/cargo-home:/opt/rustwide/cargo-home:ro,Z" "-v" "/var/lib/crater-agent-workspace/rustup-home:/opt/rustwide/rustup-home:ro,Z" "-e" "SOURCE_DIR=/opt/rustwide/workdir" "-e" "CARGO_TARGET_DIR=/opt/rustwide/target" "-e" "CARGO_INCREMENTAL=0" "-e" "RUST_BACKTRACE=full" "-e" "RUSTFLAGS=--cap-lints=warn" "-e" "RUSTDOCFLAGS=--cap-lints=warn" "-e" "CARGO_HOME=/opt/rustwide/cargo-home" "-e" "RUSTUP_HOME=/opt/rustwide/rustup-home" "-w" "/opt/rustwide/workdir" "-m" "1610612736" "--user" "0:0" "--network" "none" "ghcr.io/rust-lang/crates-build-env/linux@sha256:f3a9d4ad9d972b27faf3965f35b62e55ba32bbce8f20bc8fe909558a86702fde" "/opt/rustwide/cargo-home/bin/cargo" "+1.83.0" "build" "--frozen" "--message-format=json", kill_on_drop: false }`
[INFO] [stdout] 5017e1b663242fb5d84703d89920193ebc5b0f77fce6ec3e886fb30a7a9ecf6b
[INFO] running `Command { std: "docker" "start" "-a" "5017e1b663242fb5d84703d89920193ebc5b0f77fce6ec3e886fb30a7a9ecf6b", kill_on_drop: false }`
[INFO] [stderr]    Compiling libc v0.2.112
[INFO] [stderr]    Compiling proc-macro2 v1.0.36
[INFO] [stderr]    Compiling unicode-xid v0.2.2
[INFO] [stderr]    Compiling syn v1.0.84
[INFO] [stderr]    Compiling autocfg v1.0.1
[INFO] [stderr]    Compiling cc v1.0.68
[INFO] [stderr]    Compiling log v0.4.14
[INFO] [stderr]    Compiling pkg-config v0.3.24
[INFO] [stderr]    Compiling unicode-segmentation v1.8.0
[INFO] [stderr]    Compiling leb128 v0.2.4
[INFO] [stderr]    Compiling anyhow v1.0.41
[INFO] [stderr]    Compiling serde_derive v1.0.133
[INFO] [stderr]    Compiling serde v1.0.133
[INFO] [stderr]    Compiling memchr v2.4.0
[INFO] [stderr]    Compiling version_check v0.9.3
[INFO] [stderr]    Compiling id-arena v2.2.1
[INFO] [stderr]    Compiling wasmparser v0.77.0
[INFO] [stderr]    Compiling parking_lot_core v0.8.5
[INFO] [stderr]    Compiling instant v0.1.9
[INFO] [stderr]    Compiling scopeguard v1.1.0
[INFO] [stderr]    Compiling heck v0.3.3
[INFO] [stderr]    Compiling wit-schema-version v0.1.0
[INFO] [stderr]    Compiling smallvec v1.7.0
[INFO] [stderr]    Compiling proc-macro-error-attr v1.0.4
[INFO] [stderr]    Compiling ryu v1.0.5
[INFO] [stderr]    Compiling signal-hook v0.3.9
[INFO] [stderr]    Compiling futures-core v0.3.15
[INFO] [stderr]    Compiling miniz_oxide v0.4.4
[INFO] [stderr]    Compiling slab v0.4.3
[INFO] [stderr]    Compiling adler v1.0.2
[INFO] [stderr]    Compiling proc-macro-hack v0.5.19
[INFO] [stderr]    Compiling futures-macro v0.3.15
[INFO] [stderr]    Compiling proc-macro-error v1.0.4
[INFO] [stderr]    Compiling lock_api v0.4.5
[INFO] [stderr]    Compiling unicode-width v0.1.9
[INFO] [stderr]    Compiling ucd-trie v0.1.3
[INFO] [stderr]    Compiling futures-task v0.3.15
[INFO] [stderr]    Compiling crc32fast v1.3.0
[INFO] [stderr]    Compiling futures-channel v0.3.15
[INFO] [stderr]    Compiling proc-macro-nested v0.1.7
[INFO] [stderr]    Compiling serde_json v1.0.64
[INFO] [stderr]    Compiling pest v2.1.3
[INFO] [stderr]    Compiling futures-util v0.3.15
[INFO] [stderr]    Compiling failure_derive v0.1.8
[INFO] [stderr]    Compiling rustc-demangle v0.1.20
[INFO] [stderr]    Compiling quote v1.0.9
[INFO] [stderr]    Compiling signal-hook-registry v1.4.0
[INFO] [stderr]    Compiling atty v0.2.14
[INFO] [stderr]    Compiling getrandom v0.2.3
[INFO] [stderr]    Compiling mio v0.7.13
[INFO] [stderr]    Compiling futures-sink v0.3.15
[INFO] [stderr]    Compiling openssl-sys v0.9.72
[INFO] [stderr]    Compiling libz-sys v1.1.3
[INFO] [stderr]    Compiling bzip2-sys v0.1.11+1.0.8
[INFO] [stderr]    Compiling curl-sys v0.4.52+curl-7.81.0
[INFO] [stderr]    Compiling parking_lot v0.11.2
[INFO] [stderr]    Compiling rand_core v0.6.3
[INFO] [stderr]    Compiling backtrace v0.3.61
[INFO] [stderr]    Compiling gimli v0.25.0
[INFO] [stderr]    Compiling ppv-lite86 v0.2.10
[INFO] [stderr]    Compiling byteorder v1.4.3
[INFO] [stderr]    Compiling lazy_static v1.4.0
[INFO] [stderr]    Compiling cfg-if v0.1.10
[INFO] [stderr]    Compiling pin-project-lite v0.2.7
[INFO] [stderr]    Compiling maplit v1.0.2
[INFO] [stderr]    Compiling itoa v0.4.7
[INFO] [stderr]    Compiling rand_chacha v0.3.1
[INFO] [stderr]    Compiling pest_meta v2.1.3
[INFO] [stderr]    Compiling net2 v0.2.37
[INFO] [stderr]    Compiling signal-hook-mio v0.2.1
[INFO] [stderr]    Compiling iovec v0.1.4
[INFO] [stderr]    Compiling filetime v0.2.14
[INFO] [stderr]    Compiling object v0.26.0
[INFO] [stderr]    Compiling wit-parser v0.2.0
[INFO] [stderr]    Compiling textwrap v0.11.0
[INFO] [stderr]    Compiling wit-writer v0.2.0
[INFO] [stderr]    Compiling wasm-bindgen-shared v0.2.78
[INFO] [stderr]    Compiling semver v1.0.4
[INFO] [stderr]    Compiling pin-utils v0.1.0
[INFO] [stderr]    Compiling strsim v0.8.0
[INFO] [stderr]    Compiling curl v0.4.42
[INFO] [stderr]    Compiling ansi_term v0.12.1
[INFO] [stderr]    Compiling camino v1.0.5
[INFO] [stderr]    Compiling futures-io v0.3.15
[INFO] [stderr]    Compiling vec_map v0.8.2
[INFO] [stderr]    Compiling rand v0.8.4
[INFO] [stderr]    Compiling clap v2.34.0
[INFO] [stderr]    Compiling mio v0.6.23
[INFO] [stderr]    Compiling flate2 v1.0.22
[INFO] [stderr]    Compiling socket2 v0.4.0
[INFO] [stderr]    Compiling inotify-sys v0.1.5
[INFO] [stderr]    Compiling time v0.1.43
[INFO] [stderr]    Compiling xattr v0.2.2
[INFO] [stderr]    Compiling wast v21.0.0
[INFO] [stderr]    Compiling safemem v0.3.3
[INFO] [stderr]    Compiling bzip2 v0.4.3
[INFO] [stderr]    Compiling openssl-probe v0.1.4
[INFO] [stderr]    Compiling lazycell v1.3.0
[INFO] [stderr]    Compiling remove_dir_all v0.5.3
[INFO] [stderr]    Compiling same-file v1.0.6
[INFO] [stderr]    Compiling numtoa v0.1.0
[INFO] [stderr]    Compiling wasmparser v0.59.0
[INFO] [stderr]    Compiling mio-extras v2.0.6
[INFO] [stderr]    Compiling walkdir v2.3.2
[INFO] [stderr]    Compiling tempfile v3.2.0
[INFO] [stderr]    Compiling base64 v0.9.3
[INFO] [stderr]    Compiling addr2line v0.16.0
[INFO] [stderr]    Compiling termion v1.5.6
[INFO] [stderr]    Compiling tar v0.4.38
[INFO] [stderr]    Compiling inotify v0.7.1
[INFO] [stderr]    Compiling crossterm v0.20.0
[INFO] [stderr]    Compiling colored v1.9.3
[INFO] [stderr]    Compiling num_cpus v1.13.1
[INFO] [stderr]    Compiling dirs v1.0.5
[INFO] [stderr]    Compiling is_executable v0.1.2
[INFO] [stderr]    Compiling bytes v1.1.0
[INFO] [stderr]    Compiling once_cell v1.9.0
[INFO] [stderr]    Compiling cassowary v0.3.0
[INFO] [stderr]    Compiling hex v0.3.2
[INFO] [stderr]    Compiling siphasher v0.2.3
[INFO] [stderr]    Compiling fern v0.6.0
[INFO] [stderr]    Compiling notify v4.0.17
[INFO] [stderr]    Compiling crossterm v0.22.1
[INFO] [stderr]    Compiling convert_case v0.5.0
[INFO] [stderr]    Compiling fs_extra v1.2.0
[INFO] [stderr]    Compiling tui v0.16.0
[INFO] [stderr]    Compiling wit-validator v0.2.1
[INFO] [stderr]    Compiling synstructure v0.12.6
[INFO] [stderr]    Compiling pest_generator v2.1.3
[INFO] [stderr]    Compiling walrus-macro v0.19.0
[INFO] [stderr]    Compiling thiserror-impl v1.0.26
[INFO] [stderr]    Compiling structopt-derive v0.4.18
[INFO] [stderr]    Compiling tokio-macros v1.7.0
[INFO] [stderr]    Compiling pest_derive v2.1.0
[INFO] [stderr]    Compiling thiserror v1.0.26
[INFO] [stderr]    Compiling zip v0.5.13
[INFO] [stderr]    Compiling walrus v0.19.0
[INFO] [stderr]    Compiling failure v0.1.8
[INFO] [stderr]    Compiling tokio v1.15.0
[INFO] [stderr]    Compiling wit-text v0.8.0
[INFO] [stderr]    Compiling binary-install v0.0.2
[INFO] [stderr]    Compiling structopt v0.3.25
[INFO] [stderr]    Compiling wasm-bindgen-wasm-conventions v0.2.78
[INFO] [stderr]    Compiling wasm-bindgen-multi-value-xform v0.2.78
[INFO] [stderr]    Compiling wasm-bindgen-externref-xform v0.2.78
[INFO] [stderr]    Compiling wit-walrus v0.6.0
[INFO] [stderr]    Compiling wasm-bindgen-threads-xform v0.2.78
[INFO] [stderr]    Compiling wasm-bindgen-wasm-interpreter v0.2.78
[INFO] [stderr]    Compiling futures-executor v0.3.15
[INFO] [stderr]    Compiling futures v0.3.15
[INFO] [stderr]    Compiling cargo-platform v0.1.2
[INFO] [stderr]    Compiling toml v0.5.8
[INFO] [stderr]    Compiling cargo_toml v0.10.3
[INFO] [stderr]    Compiling wasm-bindgen-cli-support v0.2.78
[INFO] [stderr]    Compiling html_parser v0.6.2
[INFO] [stderr]    Compiling cargo_metadata v0.14.1
[INFO] [stderr]    Compiling dioxus-studio v0.1.0 (/opt/rustwide/workdir)
[INFO] [stdout] warning: unused imports: `Context` and `Result`
[INFO] [stdout]  --> src/cli/mod.rs:1:14
[INFO] [stdout]   |
[INFO] [stdout] 1 | use anyhow::{Context, Result};
[INFO] [stdout]   |              ^^^^^^^  ^^^^^^
[INFO] [stdout]   |
[INFO] [stdout]   = note: `#[warn(unused_imports)]` on by default
[INFO] [stdout] 
[INFO] [stdout] 
[INFO] [stdout] warning: unused import: `anyhow::Result`
[INFO] [stdout]  --> src/cli/build/mod.rs:2:5
[INFO] [stdout]   |
[INFO] [stdout] 2 | use anyhow::Result;
[INFO] [stdout]   |     ^^^^^^^^^^^^^^
[INFO] [stdout] 
[INFO] [stdout] 
[INFO] [stdout] warning: unused import: `std::path::PathBuf`
[INFO] [stdout]  --> src/cli/build/mod.rs:3:5
[INFO] [stdout]   |
[INFO] [stdout] 3 | use std::path::PathBuf;
[INFO] [stdout]   |     ^^^^^^^^^^^^^^^^^^
[INFO] [stdout] 
[INFO] [stdout] 
[INFO] [stdout] warning: unused import: `anyhow::Result`
[INFO] [stdout]  --> src/cli/cfg.rs:1:5
[INFO] [stdout]   |
[INFO] [stdout] 1 | use anyhow::Result;
[INFO] [stdout]   |     ^^^^^^^^^^^^^^
[INFO] [stdout] 
[INFO] [stdout] 
[INFO] [stdout] warning: unused import: `Serialize`
[INFO] [stdout]  --> src/cli/cfg.rs:5:26
[INFO] [stdout]   |
[INFO] [stdout] 5 | use serde::{Deserialize, Serialize};
[INFO] [stdout]   |                          ^^^^^^^^^
[INFO] [stdout] 
[INFO] [stdout] 
[INFO] [stdout] warning: unused import: `std::str::FromStr`
[INFO] [stdout]  --> src/cli/cfg.rs:7:5
[INFO] [stdout]   |
[INFO] [stdout] 7 | use std::str::FromStr;
[INFO] [stdout]   |     ^^^^^^^^^^^^^^^^^
[INFO] [stdout] 
[INFO] [stdout] 
[INFO] [stdout] warning: unused import: `std::sync::Arc`
[INFO] [stdout]  --> src/cli/cfg.rs:8:5
[INFO] [stdout]   |
[INFO] [stdout] 8 | use std::sync::Arc;
[INFO] [stdout]   |     ^^^^^^^^^^^^^^
[INFO] [stdout] 
[INFO] [stdout] 
[INFO] [stdout] warning: unused import: `crate::cfg::ConfigOptsBuild`
[INFO] [stdout]  --> src/cli/clean/mod.rs:1:5
[INFO] [stdout]   |
[INFO] [stdout] 1 | use crate::cfg::ConfigOptsBuild;
[INFO] [stdout]   |     ^^^^^^^^^^^^^^^^^^^^^^^^^^^
[INFO] [stdout] 
[INFO] [stdout] 
[INFO] [stdout] warning: unused import: `anyhow::Result`
[INFO] [stdout]  --> src/cli/clean/mod.rs:2:5
[INFO] [stdout]   |
[INFO] [stdout] 2 | use anyhow::Result;
[INFO] [stdout]   |     ^^^^^^^^^^^^^^
[INFO] [stdout] 
[INFO] [stdout] 
[INFO] [stdout] warning: unused import: `std::path::PathBuf`
[INFO] [stdout]  --> src/cli/clean/mod.rs:3:5
[INFO] [stdout]   |
[INFO] [stdout] 3 | use std::path::PathBuf;
[INFO] [stdout]   |     ^^^^^^^^^^^^^^^^^^
[INFO] [stdout] 
[INFO] [stdout] 
[INFO] [stdout] warning: unused import: `crate::cfg::ConfigOptsBuild`
[INFO] [stdout]  --> src/cli/config/mod.rs:1:5
[INFO] [stdout]   |
[INFO] [stdout] 1 | use crate::cfg::ConfigOptsBuild;
[INFO] [stdout]   |     ^^^^^^^^^^^^^^^^^^^^^^^^^^^
[INFO] [stdout] 
[INFO] [stdout] 
[INFO] [stdout] warning: unused import: `anyhow::Result`
[INFO] [stdout]  --> src/cli/config/mod.rs:2:5
[INFO] [stdout]   |
[INFO] [stdout] 2 | use anyhow::Result;
[INFO] [stdout]   |     ^^^^^^^^^^^^^^
[INFO] [stdout] 
[INFO] [stdout] 
[INFO] [stdout] warning: unused import: `std::path::PathBuf`
[INFO] [stdout]  --> src/cli/config/mod.rs:3:5
[INFO] [stdout]   |
[INFO] [stdout] 3 | use std::path::PathBuf;
[INFO] [stdout]   |     ^^^^^^^^^^^^^^^^^^
[INFO] [stdout] 
[INFO] [stdout] 
[INFO] [stdout] warning: unused import: `crate::cfg::ConfigOptsBuild`
[INFO] [stdout]  --> src/cli/serve/mod.rs:1:5
[INFO] [stdout]   |
[INFO] [stdout] 1 | use crate::cfg::ConfigOptsBuild;
[INFO] [stdout]   |     ^^^^^^^^^^^^^^^^^^^^^^^^^^^
[INFO] [stdout] 
[INFO] [stdout] 
[INFO] [stdout] warning: unused import: `anyhow::Result`
[INFO] [stdout]  --> src/cli/serve/mod.rs:2:5
[INFO] [stdout]   |
[INFO] [stdout] 2 | use anyhow::Result;
[INFO] [stdout]   |     ^^^^^^^^^^^^^^
[INFO] [stdout] 
[INFO] [stdout] 
[INFO] [stdout] warning: unused import: `std::path::PathBuf`
[INFO] [stdout]  --> src/cli/serve/mod.rs:3:5
[INFO] [stdout]   |
[INFO] [stdout] 3 | use std::path::PathBuf;
[INFO] [stdout]   |     ^^^^^^^^^^^^^^^^^^
[INFO] [stdout] 
[INFO] [stdout] 
[INFO] [stdout] warning: unused import: `crate::cfg::ConfigOptsBuild`
[INFO] [stdout]  --> src/cli/translate/mod.rs:1:5
[INFO] [stdout]   |
[INFO] [stdout] 1 | use crate::cfg::ConfigOptsBuild;
[INFO] [stdout]   |     ^^^^^^^^^^^^^^^^^^^^^^^^^^^
[INFO] [stdout] 
[INFO] [stdout] 
[INFO] [stdout] warning: unused import: `anyhow::Result`
[INFO] [stdout]  --> src/cli/translate/mod.rs:2:5
[INFO] [stdout]   |
[INFO] [stdout] 2 | use anyhow::Result;
[INFO] [stdout]   |     ^^^^^^^^^^^^^^
[INFO] [stdout] 
[INFO] [stdout] 
[INFO] [stdout] warning: unused import: `std::path::PathBuf`
[INFO] [stdout]  --> src/cli/translate/mod.rs:3:5
[INFO] [stdout]   |
[INFO] [stdout] 3 | use std::path::PathBuf;
[INFO] [stdout]   |     ^^^^^^^^^^^^^^^^^^
[INFO] [stdout] 
[INFO] [stdout] 
[INFO] [stdout] warning: unused imports: `io::Write` and `process::Command`
[INFO] [stdout]  --> src/config.rs:2:11
[INFO] [stdout]   |
[INFO] [stdout] 2 | use std::{io::Write, path::PathBuf, process::Command};
[INFO] [stdout]   |           ^^^^^^^^^                 ^^^^^^^^^^^^^^^^
[INFO] [stdout] 
[INFO] [stdout] 
[INFO] [stdout] warning: unused import: `wasm::*`
[INFO] [stdout]   --> src/lib.rs:23:13
[INFO] [stdout]    |
[INFO] [stdout] 23 |     pub use wasm::*;
[INFO] [stdout]    |             ^^^^^^^
[INFO] [stdout] 
[INFO] [stdout] 
[INFO] [stdout] warning: unused import: `assets::*`
[INFO] [stdout]   --> src/lib.rs:26:13
[INFO] [stdout]    |
[INFO] [stdout] 26 |     pub use assets::*;
[INFO] [stdout]    |             ^^^^^^^^^
[INFO] [stdout] 
[INFO] [stdout] 
[INFO] [stdout] warning: unused import: `io::Write`
[INFO] [stdout]  --> src/cli/translate/to_component.rs:9:5
[INFO] [stdout]   |
[INFO] [stdout] 9 |     io::Write,
[INFO] [stdout]   |     ^^^^^^^^^
[INFO] [stdout] 
[INFO] [stdout] 
[INFO] [stdout] warning: field `icon_index` is never read
[INFO] [stdout]   --> src/cli/translate/to_component.rs:25:5
[INFO] [stdout]    |
[INFO] [stdout] 23 | pub struct ComponentRenderer {
[INFO] [stdout]    |            ----------------- field in this struct
[INFO] [stdout] 24 |     dom: Dom,
[INFO] [stdout] 25 |     icon_index: usize,
[INFO] [stdout]    |     ^^^^^^^^^^
[INFO] [stdout]    |
[INFO] [stdout]    = note: `#[warn(dead_code)]` on by default
[INFO] [stdout] 
[INFO] [stdout] 
[INFO] [stdout] warning: unused `std::result::Result` that must be used
[INFO] [stdout]   --> src/cli/translate/translate.rs:61:5
[INFO] [stdout]    |
[INFO] [stdout] 61 |     write_tabs(f, il);
[INFO] [stdout]    |     ^^^^^^^^^^^^^^^^^
[INFO] [stdout]    |
[INFO] [stdout]    = note: this `Result` may be an `Err` variant, which should be handled
[INFO] [stdout]    = note: `#[warn(unused_must_use)]` on by default
[INFO] [stdout] help: use `let _ = ...` to ignore the resulting value
[INFO] [stdout]    |
[INFO] [stdout] 61 |     let _ = write_tabs(f, il);
[INFO] [stdout]    |     +++++++
[INFO] [stdout] 
[INFO] [stdout] 
[INFO] [stdout] warning: unused variable: `opts`
[INFO] [stdout]   --> src/main.rs:14:37
[INFO] [stdout]    |
[INFO] [stdout] 14 |         TrunkSubcommands::Translate(opts) => {
[INFO] [stdout]    |                                     ^^^^ help: if this is intentional, prefix it with an underscore: `_opts`
[INFO] [stdout]    |
[INFO] [stdout]    = note: `#[warn(unused_variables)]` on by default
[INFO] [stdout] 
[INFO] [stdout] 
[INFO] [stderr]     Finished `dev` profile [unoptimized + debuginfo] target(s) in 58.04s
[INFO] [stderr] warning: the following packages contain code that will be rejected by a future version of Rust: fs_extra v1.2.0, wasmparser v0.59.0, wasmparser v0.77.0
[INFO] [stderr] note: to see what the problems were, use the option `--future-incompat-report`, or run `cargo report future-incompatibilities --id 1`
[INFO] running `Command { std: "docker" "inspect" "5017e1b663242fb5d84703d89920193ebc5b0f77fce6ec3e886fb30a7a9ecf6b", kill_on_drop: false }`
[INFO] running `Command { std: "docker" "rm" "-f" "5017e1b663242fb5d84703d89920193ebc5b0f77fce6ec3e886fb30a7a9ecf6b", kill_on_drop: false }`
[INFO] [stdout] 5017e1b663242fb5d84703d89920193ebc5b0f77fce6ec3e886fb30a7a9ecf6b
[INFO] running `Command { std: "docker" "create" "-v" "/var/lib/crater-agent-workspace/builds/worker-3-tc1/target:/opt/rustwide/target:rw,Z" "-v" "/var/lib/crater-agent-workspace/builds/worker-3-tc1/source:/opt/rustwide/workdir:ro,Z" "-v" "/var/lib/crater-agent-workspace/cargo-home:/opt/rustwide/cargo-home:ro,Z" "-v" "/var/lib/crater-agent-workspace/rustup-home:/opt/rustwide/rustup-home:ro,Z" "-e" "SOURCE_DIR=/opt/rustwide/workdir" "-e" "CARGO_TARGET_DIR=/opt/rustwide/target" "-e" "CARGO_INCREMENTAL=0" "-e" "RUST_BACKTRACE=full" "-e" "RUSTFLAGS=--cap-lints=warn" "-e" "RUSTDOCFLAGS=--cap-lints=warn" "-e" "CARGO_HOME=/opt/rustwide/cargo-home" "-e" "RUSTUP_HOME=/opt/rustwide/rustup-home" "-w" "/opt/rustwide/workdir" "-m" "1610612736" "--user" "0:0" "--network" "none" "ghcr.io/rust-lang/crates-build-env/linux@sha256:f3a9d4ad9d972b27faf3965f35b62e55ba32bbce8f20bc8fe909558a86702fde" "/opt/rustwide/cargo-home/bin/cargo" "+1.83.0" "test" "--frozen" "--no-run" "--message-format=json", kill_on_drop: false }`
[INFO] [stdout] 91f2b69e8ffdd995d26a264334fb69286be0a2ae50b5e90d523eba873dde9d6b
[INFO] running `Command { std: "docker" "start" "-a" "91f2b69e8ffdd995d26a264334fb69286be0a2ae50b5e90d523eba873dde9d6b", kill_on_drop: false }`
[INFO] [stdout] warning: unused imports: `Context` and `Result`
[INFO] [stdout]  --> src/cli/mod.rs:1:14
[INFO] [stdout]   |
[INFO] [stdout] 1 | use anyhow::{Context, Result};
[INFO] [stdout]   |              ^^^^^^^  ^^^^^^
[INFO] [stdout]   |
[INFO] [stdout]   = note: `#[warn(unused_imports)]` on by default
[INFO] [stdout] 
[INFO] [stdout] 
[INFO] [stdout] warning: unused import: `anyhow::Result`
[INFO] [stdout]  --> src/cli/build/mod.rs:2:5
[INFO] [stdout]   |
[INFO] [stdout] 2 | use anyhow::Result;
[INFO] [stdout]   |     ^^^^^^^^^^^^^^
[INFO] [stdout] 
[INFO] [stdout] 
[INFO] [stdout] warning: unused import: `std::path::PathBuf`
[INFO] [stdout]  --> src/cli/build/mod.rs:3:5
[INFO] [stdout]   |
[INFO] [stdout] 3 | use std::path::PathBuf;
[INFO] [stdout]   |     ^^^^^^^^^^^^^^^^^^
[INFO] [stdout] 
[INFO] [stdout] 
[INFO] [stdout] warning: unused import: `anyhow::Result`
[INFO] [stdout]  --> src/cli/cfg.rs:1:5
[INFO] [stdout]   |
[INFO] [stdout] 1 | use anyhow::Result;
[INFO] [stdout]   |     ^^^^^^^^^^^^^^
[INFO] [stdout] 
[INFO] [stdout] 
[INFO] [stdout] warning: unused import: `Serialize`
[INFO] [stdout]  --> src/cli/cfg.rs:5:26
[INFO] [stdout]   |
[INFO] [stdout] 5 | use serde::{Deserialize, Serialize};
[INFO] [stdout]   |                          ^^^^^^^^^
[INFO] [stdout] 
[INFO] [stdout] 
[INFO] [stderr]    Compiling dioxus-studio v0.1.0 (/opt/rustwide/workdir)
[INFO] [stdout] warning: unused import: `std::str::FromStr`
[INFO] [stdout]  --> src/cli/cfg.rs:7:5
[INFO] [stdout]   |
[INFO] [stdout] 7 | use std::str::FromStr;
[INFO] [stdout]   |     ^^^^^^^^^^^^^^^^^
[INFO] [stdout] 
[INFO] [stdout] 
[INFO] [stdout] warning: unused import: `std::sync::Arc`
[INFO] [stdout]  --> src/cli/cfg.rs:8:5
[INFO] [stdout]   |
[INFO] [stdout] 8 | use std::sync::Arc;
[INFO] [stdout]   |     ^^^^^^^^^^^^^^
[INFO] [stdout] 
[INFO] [stdout] 
[INFO] [stdout] warning: unused import: `crate::cfg::ConfigOptsBuild`
[INFO] [stdout]  --> src/cli/clean/mod.rs:1:5
[INFO] [stdout]   |
[INFO] [stdout] 1 | use crate::cfg::ConfigOptsBuild;
[INFO] [stdout]   |     ^^^^^^^^^^^^^^^^^^^^^^^^^^^
[INFO] [stdout] 
[INFO] [stdout] 
[INFO] [stdout] warning: unused import: `anyhow::Result`
[INFO] [stdout]  --> src/cli/clean/mod.rs:2:5
[INFO] [stdout]   |
[INFO] [stdout] 2 | use anyhow::Result;
[INFO] [stdout]   |     ^^^^^^^^^^^^^^
[INFO] [stdout] 
[INFO] [stdout] 
[INFO] [stdout] warning: unused import: `std::path::PathBuf`
[INFO] [stdout]  --> src/cli/clean/mod.rs:3:5
[INFO] [stdout]   |
[INFO] [stdout] 3 | use std::path::PathBuf;
[INFO] [stdout]   |     ^^^^^^^^^^^^^^^^^^
[INFO] [stdout] 
[INFO] [stdout] 
[INFO] [stdout] warning: unused import: `crate::cfg::ConfigOptsBuild`
[INFO] [stdout]  --> src/cli/config/mod.rs:1:5
[INFO] [stdout]   |
[INFO] [stdout] 1 | use crate::cfg::ConfigOptsBuild;
[INFO] [stdout]   |     ^^^^^^^^^^^^^^^^^^^^^^^^^^^
[INFO] [stdout] 
[INFO] [stdout] 
[INFO] [stdout] warning: unused import: `anyhow::Result`
[INFO] [stdout]  --> src/cli/config/mod.rs:2:5
[INFO] [stdout]   |
[INFO] [stdout] 2 | use anyhow::Result;
[INFO] [stdout]   |     ^^^^^^^^^^^^^^
[INFO] [stdout] 
[INFO] [stdout] 
[INFO] [stdout] warning: unused import: `std::path::PathBuf`
[INFO] [stdout]  --> src/cli/config/mod.rs:3:5
[INFO] [stdout]   |
[INFO] [stdout] 3 | use std::path::PathBuf;
[INFO] [stdout]   |     ^^^^^^^^^^^^^^^^^^
[INFO] [stdout] 
[INFO] [stdout] 
[INFO] [stdout] warning: unused import: `crate::cfg::ConfigOptsBuild`
[INFO] [stdout]  --> src/cli/serve/mod.rs:1:5
[INFO] [stdout]   |
[INFO] [stdout] 1 | use crate::cfg::ConfigOptsBuild;
[INFO] [stdout]   |     ^^^^^^^^^^^^^^^^^^^^^^^^^^^
[INFO] [stdout] 
[INFO] [stdout] 
[INFO] [stdout] warning: unused import: `anyhow::Result`
[INFO] [stdout]  --> src/cli/serve/mod.rs:2:5
[INFO] [stdout]   |
[INFO] [stdout] 2 | use anyhow::Result;
[INFO] [stdout]   |     ^^^^^^^^^^^^^^
[INFO] [stdout] 
[INFO] [stdout] 
[INFO] [stdout] warning: unused import: `std::path::PathBuf`
[INFO] [stdout]  --> src/cli/serve/mod.rs:3:5
[INFO] [stdout]   |
[INFO] [stdout] 3 | use std::path::PathBuf;
[INFO] [stdout]   |     ^^^^^^^^^^^^^^^^^^
[INFO] [stdout] 
[INFO] [stdout] 
[INFO] [stdout] warning: unused import: `crate::cfg::ConfigOptsBuild`
[INFO] [stdout]  --> src/cli/translate/mod.rs:1:5
[INFO] [stdout]   |
[INFO] [stdout] 1 | use crate::cfg::ConfigOptsBuild;
[INFO] [stdout]   |     ^^^^^^^^^^^^^^^^^^^^^^^^^^^
[INFO] [stdout] 
[INFO] [stdout] 
[INFO] [stdout] warning: unused import: `anyhow::Result`
[INFO] [stdout]  --> src/cli/translate/mod.rs:2:5
[INFO] [stdout]   |
[INFO] [stdout] 2 | use anyhow::Result;
[INFO] [stdout]   |     ^^^^^^^^^^^^^^
[INFO] [stdout] 
[INFO] [stdout] 
[INFO] [stdout] warning: unused import: `std::path::PathBuf`
[INFO] [stdout]  --> src/cli/translate/mod.rs:3:5
[INFO] [stdout]   |
[INFO] [stdout] 3 | use std::path::PathBuf;
[INFO] [stdout]   |     ^^^^^^^^^^^^^^^^^^
[INFO] [stdout] 
[INFO] [stdout] 
[INFO] [stdout] warning: unused imports: `io::Write` and `process::Command`
[INFO] [stdout]  --> src/config.rs:2:11
[INFO] [stdout]   |
[INFO] [stdout] 2 | use std::{io::Write, path::PathBuf, process::Command};
[INFO] [stdout]   |           ^^^^^^^^^                 ^^^^^^^^^^^^^^^^
[INFO] [stdout] 
[INFO] [stdout] 
[INFO] [stdout] warning: unused import: `wasm::*`
[INFO] [stdout]   --> src/lib.rs:23:13
[INFO] [stdout]    |
[INFO] [stdout] 23 |     pub use wasm::*;
[INFO] [stdout]    |             ^^^^^^^
[INFO] [stdout] 
[INFO] [stdout] 
[INFO] [stdout] warning: unused import: `assets::*`
[INFO] [stdout]   --> src/lib.rs:26:13
[INFO] [stdout]    |
[INFO] [stdout] 26 |     pub use assets::*;
[INFO] [stdout]    |             ^^^^^^^^^
[INFO] [stdout] 
[INFO] [stdout] 
[INFO] [stdout] warning: unused import: `io::Write`
[INFO] [stdout]  --> src/cli/translate/to_component.rs:9:5
[INFO] [stdout]   |
[INFO] [stdout] 9 |     io::Write,
[INFO] [stdout]   |     ^^^^^^^^^
[INFO] [stdout] 
[INFO] [stdout] 
[INFO] [stdout] warning: field `icon_index` is never read
[INFO] [stdout]   --> src/cli/translate/to_component.rs:25:5
[INFO] [stdout]    |
[INFO] [stdout] 23 | pub struct ComponentRenderer {
[INFO] [stdout]    |            ----------------- field in this struct
[INFO] [stdout] 24 |     dom: Dom,
[INFO] [stdout] 25 |     icon_index: usize,
[INFO] [stdout]    |     ^^^^^^^^^^
[INFO] [stdout]    |
[INFO] [stdout]    = note: `#[warn(dead_code)]` on by default
[INFO] [stdout] 
[INFO] [stdout] 
[INFO] [stdout] warning: unused `std::result::Result` that must be used
[INFO] [stdout]   --> src/cli/translate/translate.rs:61:5
[INFO] [stdout]    |
[INFO] [stdout] 61 |     write_tabs(f, il);
[INFO] [stdout]    |     ^^^^^^^^^^^^^^^^^
[INFO] [stdout]    |
[INFO] [stdout]    = note: this `Result` may be an `Err` variant, which should be handled
[INFO] [stdout]    = note: `#[warn(unused_must_use)]` on by default
[INFO] [stdout] help: use `let _ = ...` to ignore the resulting value
[INFO] [stdout]    |
[INFO] [stdout] 61 |     let _ = write_tabs(f, il);
[INFO] [stdout]    |     +++++++
[INFO] [stdout] 
[INFO] [stdout] 
[INFO] [stdout] warning: unused imports: `Context` and `Result`
[INFO] [stdout]  --> src/cli/mod.rs:1:14
[INFO] [stdout]   |
[INFO] [stdout] 1 | use anyhow::{Context, Result};
[INFO] [stdout]   |              ^^^^^^^  ^^^^^^
[INFO] [stdout]   |
[INFO] [stdout]   = note: `#[warn(unused_imports)]` on by default
[INFO] [stdout] 
[INFO] [stdout] 
[INFO] [stdout] warning: unused import: `anyhow::Result`
[INFO] [stdout]  --> src/cli/build/mod.rs:2:5
[INFO] [stdout]   |
[INFO] [stdout] 2 | use anyhow::Result;
[INFO] [stdout]   |     ^^^^^^^^^^^^^^
[INFO] [stdout] 
[INFO] [stdout] 
[INFO] [stdout] warning: unused import: `std::path::PathBuf`
[INFO] [stdout]  --> src/cli/build/mod.rs:3:5
[INFO] [stdout]   |
[INFO] [stdout] 3 | use std::path::PathBuf;
[INFO] [stdout]   |     ^^^^^^^^^^^^^^^^^^
[INFO] [stdout] 
[INFO] [stdout] 
[INFO] [stdout] warning: unused import: `anyhow::Result`
[INFO] [stdout]  --> src/cli/cfg.rs:1:5
[INFO] [stdout]   |
[INFO] [stdout] 1 | use anyhow::Result;
[INFO] [stdout]   |     ^^^^^^^^^^^^^^
[INFO] [stdout] 
[INFO] [stdout] 
[INFO] [stdout] warning: unused import: `Serialize`
[INFO] [stdout]  --> src/cli/cfg.rs:5:26
[INFO] [stdout]   |
[INFO] [stdout] 5 | use serde::{Deserialize, Serialize};
[INFO] [stdout]   |                          ^^^^^^^^^
[INFO] [stdout] 
[INFO] [stdout] 
[INFO] [stdout] warning: unused import: `std::str::FromStr`
[INFO] [stdout]  --> src/cli/cfg.rs:7:5
[INFO] [stdout]   |
[INFO] [stdout] 7 | use std::str::FromStr;
[INFO] [stdout]   |     ^^^^^^^^^^^^^^^^^
[INFO] [stdout] 
[INFO] [stdout] 
[INFO] [stdout] warning: unused import: `std::sync::Arc`
[INFO] [stdout]  --> src/cli/cfg.rs:8:5
[INFO] [stdout]   |
[INFO] [stdout] 8 | use std::sync::Arc;
[INFO] [stdout]   |     ^^^^^^^^^^^^^^
[INFO] [stdout] 
[INFO] [stdout] 
[INFO] [stdout] warning: unused import: `crate::cfg::ConfigOptsBuild`
[INFO] [stdout]  --> src/cli/clean/mod.rs:1:5
[INFO] [stdout]   |
[INFO] [stdout] 1 | use crate::cfg::ConfigOptsBuild;
[INFO] [stdout]   |     ^^^^^^^^^^^^^^^^^^^^^^^^^^^
[INFO] [stdout] 
[INFO] [stdout] 
[INFO] [stdout] warning: unused import: `anyhow::Result`
[INFO] [stdout]  --> src/cli/clean/mod.rs:2:5
[INFO] [stdout]   |
[INFO] [stdout] 2 | use anyhow::Result;
[INFO] [stdout]   |     ^^^^^^^^^^^^^^
[INFO] [stdout] 
[INFO] [stdout] 
[INFO] [stdout] warning: unused import: `std::path::PathBuf`
[INFO] [stdout]  --> src/cli/clean/mod.rs:3:5
[INFO] [stdout]   |
[INFO] [stdout] 3 | use std::path::PathBuf;
[INFO] [stdout]   |     ^^^^^^^^^^^^^^^^^^
[INFO] [stdout] 
[INFO] [stdout] 
[INFO] [stdout] warning: unused import: `crate::cfg::ConfigOptsBuild`
[INFO] [stdout]  --> src/cli/config/mod.rs:1:5
[INFO] [stdout]   |
[INFO] [stdout] 1 | use crate::cfg::ConfigOptsBuild;
[INFO] [stdout]   |     ^^^^^^^^^^^^^^^^^^^^^^^^^^^
[INFO] [stdout] 
[INFO] [stdout] 
[INFO] [stdout] warning: unused import: `anyhow::Result`
[INFO] [stdout]  --> src/cli/config/mod.rs:2:5
[INFO] [stdout]   |
[INFO] [stdout] 2 | use anyhow::Result;
[INFO] [stdout]   |     ^^^^^^^^^^^^^^
[INFO] [stdout] 
[INFO] [stdout] 
[INFO] [stdout] warning: unused import: `std::path::PathBuf`
[INFO] [stdout]  --> src/cli/config/mod.rs:3:5
[INFO] [stdout]   |
[INFO] [stdout] 3 | use std::path::PathBuf;
[INFO] [stdout]   |     ^^^^^^^^^^^^^^^^^^
[INFO] [stdout] 
[INFO] [stdout] 
[INFO] [stdout] warning: unused import: `crate::cfg::ConfigOptsBuild`
[INFO] [stdout]  --> src/cli/serve/mod.rs:1:5
[INFO] [stdout]   |
[INFO] [stdout] 1 | use crate::cfg::ConfigOptsBuild;
[INFO] [stdout]   |     ^^^^^^^^^^^^^^^^^^^^^^^^^^^
[INFO] [stdout] 
[INFO] [stdout] 
[INFO] [stdout] warning: unused import: `anyhow::Result`
[INFO] [stdout]  --> src/cli/serve/mod.rs:2:5
[INFO] [stdout]   |
[INFO] [stdout] 2 | use anyhow::Result;
[INFO] [stdout]   |     ^^^^^^^^^^^^^^
[INFO] [stdout] 
[INFO] [stdout] 
[INFO] [stdout] warning: unused import: `std::path::PathBuf`
[INFO] [stdout]  --> src/cli/serve/mod.rs:3:5
[INFO] [stdout]   |
[INFO] [stdout] 3 | use std::path::PathBuf;
[INFO] [stdout]   |     ^^^^^^^^^^^^^^^^^^
[INFO] [stdout] 
[INFO] [stdout] 
[INFO] [stdout] warning: unused import: `crate::cfg::ConfigOptsBuild`
[INFO] [stdout]  --> src/cli/translate/mod.rs:1:5
[INFO] [stdout]   |
[INFO] [stdout] 1 | use crate::cfg::ConfigOptsBuild;
[INFO] [stdout]   |     ^^^^^^^^^^^^^^^^^^^^^^^^^^^
[INFO] [stdout] 
[INFO] [stdout] 
[INFO] [stdout] warning: unused import: `anyhow::Result`
[INFO] [stdout]  --> src/cli/translate/mod.rs:2:5
[INFO] [stdout]   |
[INFO] [stdout] 2 | use anyhow::Result;
[INFO] [stdout]   |     ^^^^^^^^^^^^^^
[INFO] [stdout] 
[INFO] [stdout] 
[INFO] [stdout] warning: unused import: `std::path::PathBuf`
[INFO] [stdout]  --> src/cli/translate/mod.rs:3:5
[INFO] [stdout]   |
[INFO] [stdout] 3 | use std::path::PathBuf;
[INFO] [stdout]   |     ^^^^^^^^^^^^^^^^^^
[INFO] [stdout] 
[INFO] [stdout] 
[INFO] [stdout] warning: unused imports: `io::Write` and `process::Command`
[INFO] [stdout]  --> src/config.rs:2:11
[INFO] [stdout]   |
[INFO] [stdout] 2 | use std::{io::Write, path::PathBuf, process::Command};
[INFO] [stdout]   |           ^^^^^^^^^                 ^^^^^^^^^^^^^^^^
[INFO] [stdout] 
[INFO] [stdout] 
[INFO] [stdout] warning: unused import: `wasm::*`
[INFO] [stdout]   --> src/lib.rs:23:13
[INFO] [stdout]    |
[INFO] [stdout] 23 |     pub use wasm::*;
[INFO] [stdout]    |             ^^^^^^^
[INFO] [stdout] 
[INFO] [stdout] 
[INFO] [stdout] warning: unused import: `assets::*`
[INFO] [stdout]   --> src/lib.rs:26:13
[INFO] [stdout]    |
[INFO] [stdout] 26 |     pub use assets::*;
[INFO] [stdout]    |             ^^^^^^^^^
[INFO] [stdout] 
[INFO] [stdout] 
[INFO] [stdout] warning: unused variable: `opts`
[INFO] [stdout]   --> src/main.rs:14:37
[INFO] [stdout]    |
[INFO] [stdout] 14 |         TrunkSubcommands::Translate(opts) => {
[INFO] [stdout]    |                                     ^^^^ help: if this is intentional, prefix it with an underscore: `_opts`
[INFO] [stdout]    |
[INFO] [stdout]    = note: `#[warn(unused_variables)]` on by default
[INFO] [stdout] 
[INFO] [stdout] 
[INFO] [stdout] warning: field `icon_index` is never read
[INFO] [stdout]   --> src/cli/translate/to_component.rs:25:5
[INFO] [stdout]    |
[INFO] [stdout] 23 | pub struct ComponentRenderer {
[INFO] [stdout]    |            ----------------- field in this struct
[INFO] [stdout] 24 |     dom: Dom,
[INFO] [stdout] 25 |     icon_index: usize,
[INFO] [stdout]    |     ^^^^^^^^^^
[INFO] [stdout]    |
[INFO] [stdout]    = note: `#[warn(dead_code)]` on by default
[INFO] [stdout] 
[INFO] [stdout] 
[INFO] [stdout] warning: unused `std::result::Result` that must be used
[INFO] [stdout]   --> src/cli/translate/translate.rs:61:5
[INFO] [stdout]    |
[INFO] [stdout] 61 |     write_tabs(f, il);
[INFO] [stdout]    |     ^^^^^^^^^^^^^^^^^
[INFO] [stdout]    |
[INFO] [stdout]    = note: this `Result` may be an `Err` variant, which should be handled
[INFO] [stdout]    = note: `#[warn(unused_must_use)]` on by default
[INFO] [stdout] help: use `let _ = ...` to ignore the resulting value
[INFO] [stdout]    |
[INFO] [stdout] 61 |     let _ = write_tabs(f, il);
[INFO] [stdout]    |     +++++++
[INFO] [stdout] 
[INFO] [stdout] 
[INFO] [stderr]     Finished `test` profile [unoptimized + debuginfo] target(s) in 3.16s
[INFO] [stderr] warning: the following packages contain code that will be rejected by a future version of Rust: fs_extra v1.2.0, wasmparser v0.59.0, wasmparser v0.77.0
[INFO] [stderr] note: to see what the problems were, use the option `--future-incompat-report`, or run `cargo report future-incompatibilities --id 1`
[INFO] running `Command { std: "docker" "inspect" "91f2b69e8ffdd995d26a264334fb69286be0a2ae50b5e90d523eba873dde9d6b", kill_on_drop: false }`
[INFO] running `Command { std: "docker" "rm" "-f" "91f2b69e8ffdd995d26a264334fb69286be0a2ae50b5e90d523eba873dde9d6b", kill_on_drop: false }`
[INFO] [stdout] 91f2b69e8ffdd995d26a264334fb69286be0a2ae50b5e90d523eba873dde9d6b
[INFO] running `Command { std: "docker" "create" "-v" "/var/lib/crater-agent-workspace/builds/worker-3-tc1/target:/opt/rustwide/target:rw,Z" "-v" "/var/lib/crater-agent-workspace/builds/worker-3-tc1/source:/opt/rustwide/workdir:ro,Z" "-v" "/var/lib/crater-agent-workspace/cargo-home:/opt/rustwide/cargo-home:ro,Z" "-v" "/var/lib/crater-agent-workspace/rustup-home:/opt/rustwide/rustup-home:ro,Z" "-e" "SOURCE_DIR=/opt/rustwide/workdir" "-e" "CARGO_TARGET_DIR=/opt/rustwide/target" "-e" "CARGO_INCREMENTAL=0" "-e" "RUST_BACKTRACE=full" "-e" "RUSTFLAGS=--cap-lints=warn" "-e" "RUSTDOCFLAGS=--cap-lints=warn" "-e" "CARGO_HOME=/opt/rustwide/cargo-home" "-e" "RUSTUP_HOME=/opt/rustwide/rustup-home" "-w" "/opt/rustwide/workdir" "-m" "1610612736" "--user" "0:0" "--network" "none" "ghcr.io/rust-lang/crates-build-env/linux@sha256:f3a9d4ad9d972b27faf3965f35b62e55ba32bbce8f20bc8fe909558a86702fde" "/opt/rustwide/cargo-home/bin/cargo" "+1.83.0" "test" "--frozen", kill_on_drop: false }`
[INFO] [stdout] 949f80e0bb44a007277c806f87b8c944fec1b1a3719dc55ba01155337a196774
[INFO] running `Command { std: "docker" "start" "-a" "949f80e0bb44a007277c806f87b8c944fec1b1a3719dc55ba01155337a196774", kill_on_drop: false }`
[INFO] [stderr] warning: unused imports: `Context` and `Result`
[INFO] [stderr]  --> src/cli/mod.rs:1:14
[INFO] [stderr]   |
[INFO] [stderr] 1 | use anyhow::{Context, Result};
[INFO] [stderr]   |              ^^^^^^^  ^^^^^^
[INFO] [stderr]   |
[INFO] [stderr]   = note: `#[warn(unused_imports)]` on by default
[INFO] [stderr] 
[INFO] [stderr] warning: unused import: `anyhow::Result`
[INFO] [stderr]  --> src/cli/build/mod.rs:2:5
[INFO] [stderr]   |
[INFO] [stderr] 2 | use anyhow::Result;
[INFO] [stderr]   |     ^^^^^^^^^^^^^^
[INFO] [stderr] 
[INFO] [stderr] warning: unused import: `std::path::PathBuf`
[INFO] [stderr]  --> src/cli/build/mod.rs:3:5
[INFO] [stderr]   |
[INFO] [stderr] 3 | use std::path::PathBuf;
[INFO] [stderr]   |     ^^^^^^^^^^^^^^^^^^
[INFO] [stderr] 
[INFO] [stderr] warning: unused import: `anyhow::Result`
[INFO] [stderr]  --> src/cli/cfg.rs:1:5
[INFO] [stderr]   |
[INFO] [stderr] 1 | use anyhow::Result;
[INFO] [stderr]   |     ^^^^^^^^^^^^^^
[INFO] [stderr] 
[INFO] [stderr] warning: unused import: `Serialize`
[INFO] [stderr]  --> src/cli/cfg.rs:5:26
[INFO] [stderr]   |
[INFO] [stderr] 5 | use serde::{Deserialize, Serialize};
[INFO] [stderr]   |                          ^^^^^^^^^
[INFO] [stderr] 
[INFO] [stderr] warning: unused import: `std::str::FromStr`
[INFO] [stderr]  --> src/cli/cfg.rs:7:5
[INFO] [stderr]   |
[INFO] [stderr] 7 | use std::str::FromStr;
[INFO] [stderr]   |     ^^^^^^^^^^^^^^^^^
[INFO] [stderr] 
[INFO] [stderr] warning: unused import: `std::sync::Arc`
[INFO] [stderr]  --> src/cli/cfg.rs:8:5
[INFO] [stderr]   |
[INFO] [stderr] 8 | use std::sync::Arc;
[INFO] [stderr]   |     ^^^^^^^^^^^^^^
[INFO] [stderr] 
[INFO] [stderr] warning: unused import: `crate::cfg::ConfigOptsBuild`
[INFO] [stderr]  --> src/cli/clean/mod.rs:1:5
[INFO] [stderr]   |
[INFO] [stderr] 1 | use crate::cfg::ConfigOptsBuild;
[INFO] [stderr]   |     ^^^^^^^^^^^^^^^^^^^^^^^^^^^
[INFO] [stderr] 
[INFO] [stderr] warning: unused import: `anyhow::Result`
[INFO] [stderr]  --> src/cli/clean/mod.rs:2:5
[INFO] [stderr]   |
[INFO] [stderr] 2 | use anyhow::Result;
[INFO] [stderr]   |     ^^^^^^^^^^^^^^
[INFO] [stderr] 
[INFO] [stderr] warning: unused import: `std::path::PathBuf`
[INFO] [stderr]  --> src/cli/clean/mod.rs:3:5
[INFO] [stderr]   |
[INFO] [stderr] 3 | use std::path::PathBuf;
[INFO] [stderr]   |     ^^^^^^^^^^^^^^^^^^
[INFO] [stderr] 
[INFO] [stderr] warning: unused import: `crate::cfg::ConfigOptsBuild`
[INFO] [stderr]  --> src/cli/config/mod.rs:1:5
[INFO] [stderr]   |
[INFO] [stderr] 1 | use crate::cfg::ConfigOptsBuild;
[INFO] [stderr]   |     ^^^^^^^^^^^^^^^^^^^^^^^^^^^
[INFO] [stderr] 
[INFO] [stderr] warning: unused import: `anyhow::Result`
[INFO] [stderr]  --> src/cli/config/mod.rs:2:5
[INFO] [stderr]   |
[INFO] [stderr] 2 | use anyhow::Result;
[INFO] [stderr]   |     ^^^^^^^^^^^^^^
[INFO] [stderr] 
[INFO] [stderr] warning: unused import: `std::path::PathBuf`
[INFO] [stderr]  --> src/cli/config/mod.rs:3:5
[INFO] [stderr]   |
[INFO] [stderr] 3 | use std::path::PathBuf;
[INFO] [stderr]   |     ^^^^^^^^^^^^^^^^^^
[INFO] [stderr] 
[INFO] [stderr] warning: unused import: `crate::cfg::ConfigOptsBuild`
[INFO] [stderr]  --> src/cli/serve/mod.rs:1:5
[INFO] [stderr]   |
[INFO] [stderr] 1 | use crate::cfg::ConfigOptsBuild;
[INFO] [stderr]   |     ^^^^^^^^^^^^^^^^^^^^^^^^^^^
[INFO] [stderr] 
[INFO] [stderr] warning: unused import: `anyhow::Result`
[INFO] [stderr]  --> src/cli/serve/mod.rs:2:5
[INFO] [stderr]   |
[INFO] [stderr] 2 | use anyhow::Result;
[INFO] [stderr]   |     ^^^^^^^^^^^^^^
[INFO] [stderr] 
[INFO] [stderr] warning: unused import: `std::path::PathBuf`
[INFO] [stderr]  --> src/cli/serve/mod.rs:3:5
[INFO] [stderr]   |
[INFO] [stderr] 3 | use std::path::PathBuf;
[INFO] [stderr]   |     ^^^^^^^^^^^^^^^^^^
[INFO] [stderr] 
[INFO] [stderr] warning: unused import: `crate::cfg::ConfigOptsBuild`
[INFO] [stderr]  --> src/cli/translate/mod.rs:1:5
[INFO] [stderr]   |
[INFO] [stderr] 1 | use crate::cfg::ConfigOptsBuild;
[INFO] [stderr]   |     ^^^^^^^^^^^^^^^^^^^^^^^^^^^
[INFO] [stderr] 
[INFO] [stderr] warning: unused import: `anyhow::Result`
[INFO] [stderr]  --> src/cli/translate/mod.rs:2:5
[INFO] [stderr]   |
[INFO] [stderr] 2 | use anyhow::Result;
[INFO] [stderr]   |     ^^^^^^^^^^^^^^
[INFO] [stderr] 
[INFO] [stderr] warning: unused import: `std::path::PathBuf`
[INFO] [stderr]  --> src/cli/translate/mod.rs:3:5
[INFO] [stderr]   |
[INFO] [stderr] 3 | use std::path::PathBuf;
[INFO] [stderr]   |     ^^^^^^^^^^^^^^^^^^
[INFO] [stderr] 
[INFO] [stderr] warning: unused imports: `io::Write` and `process::Command`
[INFO] [stderr]  --> src/config.rs:2:11
[INFO] [stderr]   |
[INFO] [stderr] 2 | use std::{io::Write, path::PathBuf, process::Command};
[INFO] [stderr]   |           ^^^^^^^^^                 ^^^^^^^^^^^^^^^^
[INFO] [stderr] 
[INFO] [stderr] warning: unused import: `wasm::*`
[INFO] [stderr]   --> src/lib.rs:23:13
[INFO] [stderr]    |
[INFO] [stderr] 23 |     pub use wasm::*;
[INFO] [stderr]    |             ^^^^^^^
[INFO] [stderr] 
[INFO] [stderr] warning: unused import: `assets::*`
[INFO] [stderr]   --> src/lib.rs:26:13
[INFO] [stderr]    |
[INFO] [stderr] 26 |     pub use assets::*;
[INFO] [stderr]    |             ^^^^^^^^^
[INFO] [stderr] 
[INFO] [stderr] warning: unused import: `io::Write`
[INFO] [stderr]  --> src/cli/translate/to_component.rs:9:5
[INFO] [stderr]   |
[INFO] [stderr] 9 |     io::Write,
[INFO] [stderr]   |     ^^^^^^^^^
[INFO] [stderr] 
[INFO] [stderr] warning: field `icon_index` is never read
[INFO] [stderr]   --> src/cli/translate/to_component.rs:25:5
[INFO] [stderr]    |
[INFO] [stderr] 23 | pub struct ComponentRenderer {
[INFO] [stderr]    |            ----------------- field in this struct
[INFO] [stderr] 24 |     dom: Dom,
[INFO] [stderr] 25 |     icon_index: usize,
[INFO] [stderr]    |     ^^^^^^^^^^
[INFO] [stderr]    |
[INFO] [stderr]    = note: `#[warn(dead_code)]` on by default
[INFO] [stderr] 
[INFO] [stderr] warning: unused `std::result::Result` that must be used
[INFO] [stderr]   --> src/cli/translate/translate.rs:61:5
[INFO] [stderr]    |
[INFO] [stderr] 61 |     write_tabs(f, il);
[INFO] [stderr]    |     ^^^^^^^^^^^^^^^^^
[INFO] [stderr]    |
[INFO] [stderr]    = note: this `Result` may be an `Err` variant, which should be handled
[INFO] [stderr]    = note: `#[warn(unused_must_use)]` on by default
[INFO] [stderr] help: use `let _ = ...` to ignore the resulting value
[INFO] [stderr]    |
[INFO] [stderr] 61 |     let _ = write_tabs(f, il);
[INFO] [stderr]    |     +++++++
[INFO] [stderr] 
[INFO] [stderr] warning: `dioxus-studio` (lib) generated 25 warnings (run `cargo fix --lib -p dioxus-studio` to apply 22 suggestions)
[INFO] [stderr] warning: `dioxus-studio` (lib test) generated 24 warnings (24 duplicates)
[INFO] [stderr] warning: unused variable: `opts`
[INFO] [stderr]   --> src/main.rs:14:37
[INFO] [stderr]    |
[INFO] [stderr] 14 |         TrunkSubcommands::Translate(opts) => {
[INFO] [stderr]    |                                     ^^^^ help: if this is intentional, prefix it with an underscore: `_opts`
[INFO] [stderr]    |
[INFO] [stderr]    = note: `#[warn(unused_variables)]` on by default
[INFO] [stderr] 
[INFO] [stderr] warning: `dioxus-studio` (bin "dioxus" test) generated 1 warning
[INFO] [stderr]     Finished `test` profile [unoptimized + debuginfo] target(s) in 0.22s
[INFO] [stderr] warning: the following packages contain code that will be rejected by a future version of Rust: fs_extra v1.2.0, wasmparser v0.59.0, wasmparser v0.77.0
[INFO] [stderr] note: to see what the problems were, use the option `--future-incompat-report`, or run `cargo report future-incompatibilities --id 1`
[INFO] [stderr]      Running unittests src/lib.rs (/opt/rustwide/target/debug/deps/dioxus_studio-c85f81e5487742fd)
[INFO] [stdout] 
[INFO] [stdout] running 1 test
[INFO] [stdout] test cli::translate::to_component::generates_svgs ... FAILED
[INFO] [stdout] 
[INFO] [stdout] failures:
[INFO] [stdout] 
[INFO] [stdout] ---- cli::translate::to_component::generates_svgs stdout ----
[INFO] [stdout] [src/cli/translate/to_component.rs:175:5] &out = "\nfn component(cx: Scope) -> Element {\n    cx.render(rsx!(\n        div { \n            icons::icon_0 {}\n            icons::icon_1 {}\n            icons::icon_2 {}\n            icons::icon_3 {}\n        }\n    ))\n}\n\nmod icons {\n    pub(super) fn icon_0(cx: Scope) -> Element {\n        cx.render(rsx!(\n            svg { class: \"h-5 w-5 text-gray-500\",\n                fill: \"currentColor\",\n                view_box: \"0 0 20 20\",\n                path { \n                    fill_rule: \"evenodd\",\n                    clip_rule: \"evenodd\",\n                    d: \"M8 4a4 4 0 100 8 4 4 0 000-8zM2 8a6 6 0 1110.89 3.476l4.817 4.817a1 1 0 01-1.414 1.414l-4.816-4.816A6 6 0 012 8z\",\n                }\n            }\n\t\t))\n\t}\n\n    pub(super) fn icon_1(cx: Scope) -> Element {\n        cx.render(rsx!(\n            svg { class: \"h-5 w-5 text-gray-500\",\n                fill: \"currentColor\",\n                view_box: \"0 0 20 20\",\n                path { \n                    clip_rule: \"evenodd\",\n                    fill_rule: \"evenodd\",\n                    d: \"M8 4a4 4 0 100 8 4 4 0 000-8zM2 8a6 6 0 1110.89 3.476l4.817 4.817a1 1 0 01-1.414 1.414l-4.816-4.816A6 6 0 012 8z\",\n                }\n            }\n\t\t))\n\t}\n\n    pub(super) fn icon_2(cx: Scope) -> Element {\n        cx.render(rsx!(\n            svg { class: \"h-5 w-5 text-gray-500\",\n                fill: \"currentColor\",\n                view_box: \"0 0 20 20\",\n                path { \n                    d: \"M8 4a4 4 0 100 8 4 4 0 000-8zM2 8a6 6 0 1110.89 3.476l4.817 4.817a1 1 0 01-1.414 1.414l-4.816-4.816A6 6 0 012 8z\",\n                    fill_rule: \"evenodd\",\n                    clip_rule: \"evenodd\",\n                }\n            }\n\t\t))\n\t}\n\n    pub(super) fn icon_3(cx: Scope) -> Element {\n        cx.render(rsx!(\n            svg { class: \"h-5 w-5 text-gray-500\",\n                fill: \"currentColor\",\n                view_box: \"0 0 20 20\",\n                path { \n                    clip_rule: \"evenodd\",\n                    fill_rule: \"evenodd\",\n                    d: \"M8 4a4 4 0 100 8 4 4 0 000-8zM2 8a6 6 0 1110.89 3.476l4.817 4.817a1 1 0 01-1.414 1.414l-4.816-4.816A6 6 0 012 8z\",\n                }\n            }\n\t\t))\n\t}\n\n}\n"
[INFO] [stdout] thread 'cli::translate::to_component::generates_svgs' panicked at src/cli/translate/to_component.rs:178:10:
[INFO] [stdout] called `Result::unwrap()` on an `Err` value: Os { code: 30, kind: ReadOnlyFilesystem, message: "Read-only file system" }
[INFO] [stdout] stack backtrace:
[INFO] [stdout]    0:     0x5b00ddee43ba - std::backtrace_rs::backtrace::libunwind::trace::h5a5b8284f2d0c266
[INFO] [stdout]                                at /rustc/90b35a6239c3d8bdabc530a6a0816f7ff89a0aaf/library/std/src/../../backtrace/src/backtrace/libunwind.rs:116:5
[INFO] [stdout]    1:     0x5b00ddee43ba - std::backtrace_rs::backtrace::trace_unsynchronized::h76d4f1c9b0b875e3
[INFO] [stdout]                                at /rustc/90b35a6239c3d8bdabc530a6a0816f7ff89a0aaf/library/std/src/../../backtrace/src/backtrace/mod.rs:66:5
[INFO] [stdout]    2:     0x5b00ddee43ba - std::sys::backtrace::_print_fmt::hc4546b8364a537c6
[INFO] [stdout]                                at /rustc/90b35a6239c3d8bdabc530a6a0816f7ff89a0aaf/library/std/src/sys/backtrace.rs:66:9
[INFO] [stdout]    3:     0x5b00ddee43ba - <std::sys::backtrace::BacktraceLock::print::DisplayBacktrace as core::fmt::Display>::fmt::h5b6bd5631a6d1f6b
[INFO] [stdout]                                at /rustc/90b35a6239c3d8bdabc530a6a0816f7ff89a0aaf/library/std/src/sys/backtrace.rs:39:26
[INFO] [stdout]    4:     0x5b00ddf0aca3 - core::fmt::rt::Argument::fmt::h270f6602a2b96f62
[INFO] [stdout]                                at /rustc/90b35a6239c3d8bdabc530a6a0816f7ff89a0aaf/library/core/src/fmt/rt.rs:177:76
[INFO] [stdout]    5:     0x5b00ddf0aca3 - core::fmt::write::h7550c97b06c86515
[INFO] [stdout]                                at /rustc/90b35a6239c3d8bdabc530a6a0816f7ff89a0aaf/library/core/src/fmt/mod.rs:1186:21
[INFO] [stdout]    6:     0x5b00ddee1583 - std::io::Write::write_fmt::h509ff860e5956e5e
[INFO] [stdout]                                at /rustc/90b35a6239c3d8bdabc530a6a0816f7ff89a0aaf/library/std/src/io/mod.rs:1839:15
[INFO] [stdout]    7:     0x5b00ddee4202 - std::sys::backtrace::BacktraceLock::print::h2395ccd2c84ba3aa
[INFO] [stdout]                                at /rustc/90b35a6239c3d8bdabc530a6a0816f7ff89a0aaf/library/std/src/sys/backtrace.rs:42:9
[INFO] [stdout]    8:     0x5b00ddee581a - std::panicking::default_hook::{{closure}}::he19d4c7230e07961
[INFO] [stdout]                                at /rustc/90b35a6239c3d8bdabc530a6a0816f7ff89a0aaf/library/std/src/panicking.rs:268:22
[INFO] [stdout]    9:     0x5b00ddee5624 - std::panicking::default_hook::hf614597d3c67bbdb
[INFO] [stdout]                                at /rustc/90b35a6239c3d8bdabc530a6a0816f7ff89a0aaf/library/std/src/panicking.rs:292:9
[INFO] [stdout]   10:     0x5b00dde445d9 - <alloc::boxed::Box<F,A> as core::ops::function::Fn<Args>>::call::h39b51ce4599c23d1
[INFO] [stdout]                                at /rustc/90b35a6239c3d8bdabc530a6a0816f7ff89a0aaf/library/alloc/src/boxed.rs:2468:9
[INFO] [stdout]   11:     0x5b00dde445d9 - test::test_main::{{closure}}::he977ae839a582784
[INFO] [stdout]                                at /rustc/90b35a6239c3d8bdabc530a6a0816f7ff89a0aaf/library/test/src/lib.rs:133:21
[INFO] [stdout]   12:     0x5b00ddee5eb8 - <alloc::boxed::Box<F,A> as core::ops::function::Fn<Args>>::call::h9455091b6b06f9fb
[INFO] [stdout]                                at /rustc/90b35a6239c3d8bdabc530a6a0816f7ff89a0aaf/library/alloc/src/boxed.rs:2468:9
[INFO] [stdout]   13:     0x5b00ddee5eb8 - std::panicking::rust_panic_with_hook::h8942133a8b252070
[INFO] [stdout]                                at /rustc/90b35a6239c3d8bdabc530a6a0816f7ff89a0aaf/library/std/src/panicking.rs:809:13
[INFO] [stdout]   14:     0x5b00ddee5c7a - std::panicking::begin_panic_handler::{{closure}}::hb5f5963570096b29
[INFO] [stdout]                                at /rustc/90b35a6239c3d8bdabc530a6a0816f7ff89a0aaf/library/std/src/panicking.rs:674:13
[INFO] [stdout]   15:     0x5b00ddee4899 - std::sys::backtrace::__rust_end_short_backtrace::h6208cedc1922feda
[INFO] [stdout]                                at /rustc/90b35a6239c3d8bdabc530a6a0816f7ff89a0aaf/library/std/src/sys/backtrace.rs:170:18
[INFO] [stdout]   16:     0x5b00ddee590c - rust_begin_unwind
[INFO] [stdout]                                at /rustc/90b35a6239c3d8bdabc530a6a0816f7ff89a0aaf/library/std/src/panicking.rs:665:5
[INFO] [stdout]   17:     0x5b00dddfcaa0 - core::panicking::panic_fmt::h0c3082644d1bf418
[INFO] [stdout]                                at /rustc/90b35a6239c3d8bdabc530a6a0816f7ff89a0aaf/library/core/src/panicking.rs:74:14
[INFO] [stdout]   18:     0x5b00dddfcee6 - core::result::unwrap_failed::hd20b4aa073bda1e2
[INFO] [stdout]                                at /rustc/90b35a6239c3d8bdabc530a6a0816f7ff89a0aaf/library/core/src/result.rs:1700:5
[INFO] [stdout]   19:     0x5b00dde0c059 - core::result::Result<T,E>::unwrap::h728cf4c14b2684c3
[INFO] [stdout]                                at /rustc/90b35a6239c3d8bdabc530a6a0816f7ff89a0aaf/library/core/src/result.rs:1104:23
[INFO] [stdout]   20:     0x5b00dde0c059 - dioxus_studio::cli::translate::to_component::generates_svgs::hddfd8e5ec3258ab0
[INFO] [stdout]                                at /opt/rustwide/workdir/src/cli/translate/to_component.rs:177:5
[INFO] [stdout]   21:     0x5b00dde0bb47 - dioxus_studio::cli::translate::to_component::generates_svgs::{{closure}}::hd2cbdff5f2ed262b
[INFO] [stdout]                                at /opt/rustwide/workdir/src/cli/translate/to_component.rs:171:20
[INFO] [stdout]   22:     0x5b00dddffb06 - core::ops::function::FnOnce::call_once::hcc45d83402dbb8de
[INFO] [stdout]                                at /rustc/90b35a6239c3d8bdabc530a6a0816f7ff89a0aaf/library/core/src/ops/function.rs:250:5
[INFO] [stdout]   23:     0x5b00dde48f9b - core::ops::function::FnOnce::call_once::h109cf8051a59b34e
[INFO] [stdout]                                at /rustc/90b35a6239c3d8bdabc530a6a0816f7ff89a0aaf/library/core/src/ops/function.rs:250:5
[INFO] [stdout]   24:     0x5b00dde48f9b - test::__rust_begin_short_backtrace::hf4fff89d377446ba
[INFO] [stdout]                                at /rustc/90b35a6239c3d8bdabc530a6a0816f7ff89a0aaf/library/test/src/lib.rs:621:18
[INFO] [stdout]   25:     0x5b00dde487d7 - test::run_test_in_process::{{closure}}::h0e39181dd7ee5a43
[INFO] [stdout]                                at /rustc/90b35a6239c3d8bdabc530a6a0816f7ff89a0aaf/library/test/src/lib.rs:644:60
[INFO] [stdout]   26:     0x5b00dde487d7 - <core::panic::unwind_safe::AssertUnwindSafe<F> as core::ops::function::FnOnce<()>>::call_once::hc5a66a30f0bdfd1f
[INFO] [stdout]                                at /rustc/90b35a6239c3d8bdabc530a6a0816f7ff89a0aaf/library/core/src/panic/unwind_safe.rs:272:9
[INFO] [stdout]   27:     0x5b00dde487d7 - std::panicking::try::do_call::h873b7cf639554a5e
[INFO] [stdout]                                at /rustc/90b35a6239c3d8bdabc530a6a0816f7ff89a0aaf/library/std/src/panicking.rs:557:40
[INFO] [stdout]   28:     0x5b00dde487d7 - std::panicking::try::hdb19862fad9c8bd1
[INFO] [stdout]                                at /rustc/90b35a6239c3d8bdabc530a6a0816f7ff89a0aaf/library/std/src/panicking.rs:520:19
[INFO] [stdout]   29:     0x5b00dde487d7 - std::panic::catch_unwind::h281fe732d236d260
[INFO] [stdout]                                at /rustc/90b35a6239c3d8bdabc530a6a0816f7ff89a0aaf/library/std/src/panic.rs:358:14
[INFO] [stdout]   30:     0x5b00dde487d7 - test::run_test_in_process::h949b6df8457ed338
[INFO] [stdout]                                at /rustc/90b35a6239c3d8bdabc530a6a0816f7ff89a0aaf/library/test/src/lib.rs:644:27
[INFO] [stdout]   31:     0x5b00dde487d7 - test::run_test::{{closure}}::h52c556a6d4740e10
[INFO] [stdout]                                at /rustc/90b35a6239c3d8bdabc530a6a0816f7ff89a0aaf/library/test/src/lib.rs:565:43
[INFO] [stdout]   32:     0x5b00dde0dab4 - test::run_test::{{closure}}::h4237f6381c45ccb9
[INFO] [stdout]                                at /rustc/90b35a6239c3d8bdabc530a6a0816f7ff89a0aaf/library/test/src/lib.rs:595:41
[INFO] [stdout]   33:     0x5b00dde0dab4 - std::sys::backtrace::__rust_begin_short_backtrace::h505c97a579eca628
[INFO] [stdout]                                at /rustc/90b35a6239c3d8bdabc530a6a0816f7ff89a0aaf/library/std/src/sys/backtrace.rs:154:18
[INFO] [stdout]   34:     0x5b00dde1117e - std::thread::Builder::spawn_unchecked_::{{closure}}::{{closure}}::h9e86b2e2bc107ea3
[INFO] [stdout]                                at /rustc/90b35a6239c3d8bdabc530a6a0816f7ff89a0aaf/library/std/src/thread/mod.rs:538:17
[INFO] [stdout]   35:     0x5b00dde1117e - <core::panic::unwind_safe::AssertUnwindSafe<F> as core::ops::function::FnOnce<()>>::call_once::h8b06ddb275ff4a25
[INFO] [stdout]                                at /rustc/90b35a6239c3d8bdabc530a6a0816f7ff89a0aaf/library/core/src/panic/unwind_safe.rs:272:9
[INFO] [stdout]   36:     0x5b00dde1117e - std::panicking::try::do_call::hb26ecd7cd9a9355d
[INFO] [stdout]                                at /rustc/90b35a6239c3d8bdabc530a6a0816f7ff89a0aaf/library/std/src/panicking.rs:557:40
[INFO] [stdout]   37:     0x5b00dde1117e - std::panicking::try::h8ddeca9d705f9069
[INFO] [stdout]                                at /rustc/90b35a6239c3d8bdabc530a6a0816f7ff89a0aaf/library/std/src/panicking.rs:520:19
[INFO] [stdout]   38:     0x5b00dde1117e - std::panic::catch_unwind::h49e1c33078844c46
[INFO] [stdout]                                at /rustc/90b35a6239c3d8bdabc530a6a0816f7ff89a0aaf/library/std/src/panic.rs:358:14
[INFO] [stdout]   39:     0x5b00dde1117e - std::thread::Builder::spawn_unchecked_::{{closure}}::h6073db6ff56ad35d
[INFO] [stdout]                                at /rustc/90b35a6239c3d8bdabc530a6a0816f7ff89a0aaf/library/std/src/thread/mod.rs:537:30
[INFO] [stdout]   40:     0x5b00dde1117e - core::ops::function::FnOnce::call_once{{vtable.shim}}::h2c5a5f3779c774f1
[INFO] [stdout]                                at /rustc/90b35a6239c3d8bdabc530a6a0816f7ff89a0aaf/library/core/src/ops/function.rs:250:5
[INFO] [stdout]   41:     0x5b00ddee9c1b - <alloc::boxed::Box<F,A> as core::ops::function::FnOnce<Args>>::call_once::hf75717d9f28faebf
[INFO] [stdout]                                at /rustc/90b35a6239c3d8bdabc530a6a0816f7ff89a0aaf/library/alloc/src/boxed.rs:2454:9
[INFO] [stdout]   42:     0x5b00ddee9c1b - <alloc::boxed::Box<F,A> as core::ops::function::FnOnce<Args>>::call_once::h7bd883a5f3c5f3c1
[INFO] [stdout]                                at /rustc/90b35a6239c3d8bdabc530a6a0816f7ff89a0aaf/library/alloc/src/boxed.rs:2454:9
[INFO] [stdout]   43:     0x5b00ddee9c1b - std::sys::pal::unix::thread::Thread::new::thread_start::hcc78f3943333fa94
[INFO] [stdout]                                at /rustc/90b35a6239c3d8bdabc530a6a0816f7ff89a0aaf/library/std/src/sys/pal/unix/thread.rs:105:17
[INFO] [stdout]   44:     0x7bf9fb2e4ac3 - <unknown>
[INFO] [stdout]   45:     0x7bf9fb375a04 - clone
[INFO] [stdout]   46:                0x0 - <unknown>
[INFO] [stdout] 
[INFO] [stdout] 
[INFO] [stdout] failures:
[INFO] [stdout]     cli::translate::to_component::generates_svgs
[INFO] [stdout] 
[INFO] [stdout] test result: FAILED. 0 passed; 1 failed; 0 ignored; 0 measured; 0 filtered out; finished in 0.07s
[INFO] [stdout] 
[INFO] [stderr] error: test failed, to rerun pass `--lib`
[INFO] running `Command { std: "docker" "inspect" "949f80e0bb44a007277c806f87b8c944fec1b1a3719dc55ba01155337a196774", kill_on_drop: false }`
[INFO] running `Command { std: "docker" "rm" "-f" "949f80e0bb44a007277c806f87b8c944fec1b1a3719dc55ba01155337a196774", kill_on_drop: false }`
[INFO] [stdout] 949f80e0bb44a007277c806f87b8c944fec1b1a3719dc55ba01155337a196774
