[INFO] fetching crate dioxus-material 0.3.0-alpha.3...
[INFO] testing dioxus-material-0.3.0-alpha.3 against beta-2024-12-08 for beta-1.84.0-4-retry
[INFO] extracting crate dioxus-material 0.3.0-alpha.3 into /workspace/builds/worker-6-tc2/source
[INFO] validating manifest of crates.io crate dioxus-material 0.3.0-alpha.3 on toolchain beta-2024-12-08
[INFO] running `Command { std: CARGO_HOME="/workspace/cargo-home" RUSTUP_HOME="/workspace/rustup-home" "/workspace/cargo-home/bin/cargo" "+beta-2024-12-08" "metadata" "--manifest-path" "Cargo.toml" "--no-deps", kill_on_drop: false }`
[INFO] started tweaking crates.io crate dioxus-material 0.3.0-alpha.3
[INFO] removed 0 missing examples
[INFO] finished tweaking crates.io crate dioxus-material 0.3.0-alpha.3
[INFO] tweaked toml for crates.io crate dioxus-material 0.3.0-alpha.3 written to /workspace/builds/worker-6-tc2/source/Cargo.toml
[INFO] crate crates.io crate dioxus-material 0.3.0-alpha.3 already has a lockfile, it will not be regenerated
[INFO] running `Command { std: CARGO_HOME="/workspace/cargo-home" RUSTUP_HOME="/workspace/rustup-home" "/workspace/cargo-home/bin/cargo" "+beta-2024-12-08" "fetch" "--manifest-path" "Cargo.toml", kill_on_drop: false }`
[INFO] running `Command { std: "docker" "create" "-v" "/var/lib/crater-agent-workspace/builds/worker-6-tc2/target:/opt/rustwide/target:rw,Z" "-v" "/var/lib/crater-agent-workspace/builds/worker-6-tc2/source:/opt/rustwide/workdir:ro,Z" "-v" "/var/lib/crater-agent-workspace/cargo-home:/opt/rustwide/cargo-home:ro,Z" "-v" "/var/lib/crater-agent-workspace/rustup-home:/opt/rustwide/rustup-home:ro,Z" "-e" "SOURCE_DIR=/opt/rustwide/workdir" "-e" "CARGO_TARGET_DIR=/opt/rustwide/target" "-e" "CARGO_HOME=/opt/rustwide/cargo-home" "-e" "RUSTUP_HOME=/opt/rustwide/rustup-home" "-w" "/opt/rustwide/workdir" "-m" "1610612736" "--user" "0:0" "--network" "none" "ghcr.io/rust-lang/crates-build-env/linux@sha256:f3a9d4ad9d972b27faf3965f35b62e55ba32bbce8f20bc8fe909558a86702fde" "/opt/rustwide/cargo-home/bin/cargo" "+beta-2024-12-08" "metadata" "--no-deps" "--format-version=1", kill_on_drop: false }`
[INFO] [stdout] 9afd3ef7ecf6385ec6b426f94de30e3bda60341471190ccfbd748919fad60e10
[INFO] running `Command { std: "docker" "start" "-a" "9afd3ef7ecf6385ec6b426f94de30e3bda60341471190ccfbd748919fad60e10", kill_on_drop: false }`
[INFO] running `Command { std: "docker" "inspect" "9afd3ef7ecf6385ec6b426f94de30e3bda60341471190ccfbd748919fad60e10", kill_on_drop: false }`
[INFO] running `Command { std: "docker" "rm" "-f" "9afd3ef7ecf6385ec6b426f94de30e3bda60341471190ccfbd748919fad60e10", kill_on_drop: false }`
[INFO] [stdout] 9afd3ef7ecf6385ec6b426f94de30e3bda60341471190ccfbd748919fad60e10
[INFO] running `Command { std: "docker" "create" "-v" "/var/lib/crater-agent-workspace/builds/worker-6-tc2/target:/opt/rustwide/target:rw,Z" "-v" "/var/lib/crater-agent-workspace/builds/worker-6-tc2/source:/opt/rustwide/workdir:ro,Z" "-v" "/var/lib/crater-agent-workspace/cargo-home:/opt/rustwide/cargo-home:ro,Z" "-v" "/var/lib/crater-agent-workspace/rustup-home:/opt/rustwide/rustup-home:ro,Z" "-e" "SOURCE_DIR=/opt/rustwide/workdir" "-e" "CARGO_TARGET_DIR=/opt/rustwide/target" "-e" "CARGO_INCREMENTAL=0" "-e" "RUST_BACKTRACE=full" "-e" "RUSTFLAGS=--cap-lints=warn" "-e" "RUSTDOCFLAGS=--cap-lints=warn" "-e" "CARGO_HOME=/opt/rustwide/cargo-home" "-e" "RUSTUP_HOME=/opt/rustwide/rustup-home" "-w" "/opt/rustwide/workdir" "-m" "1610612736" "--user" "0:0" "--network" "none" "ghcr.io/rust-lang/crates-build-env/linux@sha256:f3a9d4ad9d972b27faf3965f35b62e55ba32bbce8f20bc8fe909558a86702fde" "/opt/rustwide/cargo-home/bin/cargo" "+beta-2024-12-08" "build" "--frozen" "--message-format=json", kill_on_drop: false }`
[INFO] [stdout] 2d601fb8ca48b78a4a63c6ce08e47526d89b2e84ee218c156c0bee947598f7a3
[INFO] running `Command { std: "docker" "start" "-a" "2d601fb8ca48b78a4a63c6ce08e47526d89b2e84ee218c156c0bee947598f7a3", kill_on_drop: false }`
[INFO] [stderr]    Compiling proc-macro2 v1.0.85
[INFO] [stderr]    Compiling unicode-ident v1.0.12
[INFO] [stderr]    Compiling once_cell v1.19.0
[INFO] [stderr]    Compiling libc v0.2.155
[INFO] [stderr]    Compiling cfg-if v1.0.0
[INFO] [stderr]    Compiling log v0.4.22
[INFO] [stderr]    Compiling version_check v0.9.4
[INFO] [stderr]    Compiling serde v1.0.203
[INFO] [stderr]    Compiling autocfg v1.3.0
[INFO] [stderr]    Compiling pkg-config v0.3.30
[INFO] [stderr]    Compiling pin-project-lite v0.2.14
[INFO] [stderr]    Compiling fnv v1.0.7
[INFO] [stderr]    Compiling vcpkg v0.2.15
[INFO] [stderr]    Compiling tinyvec_macros v0.1.1
[INFO] [stderr]    Compiling byteorder v1.5.0
[INFO] [stderr]    Compiling unicode-bidi v0.3.15
[INFO] [stderr]    Compiling tinyvec v1.8.0
[INFO] [stderr]    Compiling percent-encoding v2.3.1
[INFO] [stderr]    Compiling bitflags v2.5.0
[INFO] [stderr]    Compiling wasm-bindgen-shared v0.2.95
[INFO] [stderr]    Compiling lazy_static v1.4.0
[INFO] [stderr]    Compiling hashbrown v0.14.5
[INFO] [stderr]    Compiling form_urlencoded v1.2.1
[INFO] [stderr]    Compiling tracing-core v0.1.32
[INFO] [stderr]    Compiling itoa v1.0.11
[INFO] [stderr]    Compiling equivalent v1.0.1
[INFO] [stderr]    Compiling smallvec v1.13.2
[INFO] [stderr]    Compiling thread_local v1.1.8
[INFO] [stderr]    Compiling sharded-slab v0.1.7
[INFO] [stderr]    Compiling winnow v0.5.40
[INFO] [stderr]    Compiling slab v0.4.9
[INFO] [stderr]    Compiling uuid v1.10.0
[INFO] [stderr]    Compiling bumpalo v3.16.0
[INFO] [stderr]    Compiling anyhow v1.0.86
[INFO] [stderr]    Compiling serde_json v1.0.117
[INFO] [stderr]    Compiling futures-core v0.3.31
[INFO] [stderr]    Compiling lock_api v0.4.12
[INFO] [stderr]    Compiling futures-sink v0.3.31
[INFO] [stderr]    Compiling indexmap v2.2.6
[INFO] [stderr]    Compiling cfb v0.7.3
[INFO] [stderr]    Compiling overload v0.1.1
[INFO] [stderr]    Compiling parking_lot_core v0.9.10
[INFO] [stderr]    Compiling ryu v1.0.18
[INFO] [stderr]    Compiling nu-ansi-term v0.46.0
[INFO] [stderr]    Compiling futures-channel v0.3.31
[INFO] [stderr]    Compiling tracing-log v0.2.0
[INFO] [stderr]    Compiling pin-utils v0.1.0
[INFO] [stderr]    Compiling quote v1.0.36
[INFO] [stderr]    Compiling futures-task v0.3.31
[INFO] [stderr]    Compiling scopeguard v1.2.0
[INFO] [stderr]    Compiling home v0.5.9
[INFO] [stderr]    Compiling futures-io v0.3.31
[INFO] [stderr]    Compiling base64 v0.21.7
[INFO] [stderr]    Compiling memchr v2.7.2
[INFO] [stderr]    Compiling syn v2.0.72
[INFO] [stderr]    Compiling wasm-bindgen v0.2.95
[INFO] [stderr]    Compiling tracing-subscriber v0.3.18
[INFO] [stderr]    Compiling unicode-normalization v0.1.23
[INFO] [stderr]    Compiling slotmap v1.0.7
[INFO] [stderr]    Compiling typenum v1.17.0
[INFO] [stderr]    Compiling jobserver v0.1.32
[INFO] [stderr]    Compiling unicode-xid v0.2.4
[INFO] [stderr]    Compiling rustversion v1.0.17
[INFO] [stderr]    Compiling infer v0.11.0
[INFO] [stderr]    Compiling rustc-hash v1.1.0
[INFO] [stderr]    Compiling const_format_proc_macros v0.2.32
[INFO] [stderr]    Compiling generic-array v0.14.7
[INFO] [stderr]    Compiling lazy-js-bundle v0.6.0-alpha.3
[INFO] [stderr]    Compiling ident_case v1.0.1
[INFO] [stderr]    Compiling parking_lot v0.12.3
[INFO] [stderr]    Compiling cc v1.1.7
[INFO] [stderr]    Compiling idna v0.5.0
[INFO] [stderr]    Compiling longest-increasing-subsequence v0.1.0
[INFO] [stderr]    Compiling proc-macro2-diagnostics v0.10.1
[INFO] [stderr]    Compiling getrandom v0.2.15
[INFO] [stderr]    Compiling num-traits v0.2.19
[INFO] [stderr]    Compiling unicode-segmentation v1.11.0
[INFO] [stderr]    Compiling thiserror v1.0.61
[INFO] [stderr]    Compiling rand_core v0.6.4
[INFO] [stderr]    Compiling httparse v1.9.4
[INFO] [stderr]    Compiling cpufeatures v0.2.12
[INFO] [stderr]    Compiling bytes v1.6.0
[INFO] [stderr]    Compiling dioxus-document v0.6.0-alpha.3
[INFO] [stderr]    Compiling dioxus-interpreter-js v0.6.0-alpha.3
[INFO] [stderr]    Compiling keyboard-types v0.7.0
[INFO] [stderr]    Compiling convert_case v0.6.0
[INFO] [stderr]    Compiling data-encoding v2.6.0
[INFO] [stderr]    Compiling utf-8 v0.7.6
[INFO] [stderr]    Compiling http v1.1.0
[INFO] [stderr]    Compiling crossbeam-utils v0.8.20
[INFO] [stderr]    Compiling dioxus-core-types v0.6.0-alpha.3
[INFO] [stderr]    Compiling dioxus-web v0.6.0-alpha.3
[INFO] [stderr]    Compiling sledgehammer_utils v0.3.1
[INFO] [stderr]    Compiling dioxus-config-macro v0.6.0-alpha.3
[INFO] [stderr]    Compiling parking v2.2.1
[INFO] [stderr]    Compiling interpolation v0.3.0
[INFO] [stderr]    Compiling euclid v0.22.10
[INFO] [stderr]    Compiling const_format v0.2.32
[INFO] [stderr]    Compiling concurrent-queue v2.5.0
[INFO] [stderr]    Compiling event-listener v5.3.1
[INFO] [stderr]    Compiling libz-sys v1.1.18
[INFO] [stderr]    Compiling libgit2-sys v0.16.2+1.7.2
[INFO] [stderr]    Compiling event-listener-strategy v0.5.2
[INFO] [stderr]    Compiling block-buffer v0.10.4
[INFO] [stderr]    Compiling crypto-common v0.1.6
[INFO] [stderr]    Compiling async-channel v2.3.1
[INFO] [stderr]    Compiling digest v0.10.7
[INFO] [stderr]    Compiling sha1 v0.10.6
[INFO] [stderr]    Compiling wasm-bindgen-backend v0.2.95
[INFO] [stderr]    Compiling darling_core v0.20.9
[INFO] [stderr]    Compiling dioxus-rsx v0.6.0-alpha.3
[INFO] [stderr]    Compiling serde_derive v1.0.203
[INFO] [stderr]    Compiling tracing-attributes v0.1.27
[INFO] [stderr]    Compiling futures-macro v0.3.31
[INFO] [stderr]    Compiling pin-project-internal v1.1.5
[INFO] [stderr]    Compiling warnings-macro v0.2.0
[INFO] [stderr]    Compiling zerocopy-derive v0.7.34
[INFO] [stderr]    Compiling thiserror-impl v1.0.61
[INFO] [stderr]    Compiling dioxus-html-internal-macro v0.6.0-alpha.3
[INFO] [stderr]    Compiling sledgehammer_bindgen_macro v0.6.0
[INFO] [stderr]    Compiling async-trait v0.1.80
[INFO] [stderr]    Compiling dioxus-core-macro v0.6.0-alpha.3
[INFO] [stderr]    Compiling futures-util v0.3.31
[INFO] [stderr]    Compiling wasm-bindgen-macro-support v0.2.95
[INFO] [stderr]    Compiling pin-project v1.1.5
[INFO] [stderr]    Compiling zerocopy v0.7.34
[INFO] [stderr]    Compiling warnings v0.2.0
[INFO] [stderr]    Compiling tracing v0.1.40
[INFO] [stderr]    Compiling ppv-lite86 v0.2.20
[INFO] [stderr]    Compiling generational-box v0.6.0-alpha.3
[INFO] [stderr]    Compiling dioxus-logger v0.5.1
[INFO] [stderr]    Compiling darling_macro v0.20.9
[INFO] [stderr]    Compiling wasm-bindgen-macro v0.2.95
[INFO] [stderr]    Compiling rand_chacha v0.3.1
[INFO] [stderr]    Compiling rand v0.8.5
[INFO] [stderr]    Compiling darling v0.20.9
[INFO] [stderr]    Compiling enumset_derive v0.8.1
[INFO] [stderr]    Compiling tungstenite v0.23.0
[INFO] [stderr]    Compiling js-sys v0.3.72
[INFO] [stderr]    Compiling sledgehammer_bindgen v0.6.0
[INFO] [stderr]    Compiling console_error_panic_hook v0.1.7
[INFO] [stderr]    Compiling enumset v1.1.3
[INFO] [stderr]    Compiling futures-executor v0.3.31
[INFO] [stderr]    Compiling futures v0.3.31
[INFO] [stderr]    Compiling url v2.5.2
[INFO] [stderr]    Compiling serde_spanned v0.6.7
[INFO] [stderr]    Compiling toml_datetime v0.6.8
[INFO] [stderr]    Compiling toml_edit v0.19.15
[INFO] [stderr]    Compiling git2 v0.18.3
[INFO] [stderr]    Compiling web-sys v0.3.72
[INFO] [stderr]    Compiling wasm-bindgen-futures v0.4.42
[INFO] [stderr]    Compiling serde-wasm-bindgen v0.5.0
[INFO] [stderr]    Compiling toml v0.7.8
[INFO] [stderr]    Compiling built v0.7.3
[INFO] [stderr]    Compiling manganis-common v0.3.0-alpha.3
[INFO] [stderr]    Compiling manganis-macro v0.3.0-alpha.3
[INFO] [stderr]    Compiling manganis v0.3.0-alpha.3
[INFO] [stderr]    Compiling dioxus-core v0.6.0-alpha.3
[INFO] [stderr]    Compiling dioxus-logger v0.4.1
[INFO] [stderr]    Compiling dioxus-signals v0.6.0-alpha.3
[INFO] [stderr]    Compiling dioxus-devtools-types v0.6.0-alpha.3
[INFO] [stderr]    Compiling dioxus-hooks v0.6.0-alpha.3
[INFO] [stderr]    Compiling dioxus-devtools v0.6.0-alpha.3
[INFO] [stderr]    Compiling dioxus-html v0.6.0-alpha.3
[INFO] [stderr]    Compiling dioxus v0.6.0-alpha.3
[INFO] [stderr]    Compiling dioxus-use-mounted v0.3.0-alpha.4
[INFO] [stderr]    Compiling dioxus-resize-observer v0.3.0-alpha.4
[INFO] [stderr]    Compiling dioxus-spring v0.3.0-alpha.4
[INFO] [stderr]    Compiling dioxus-material v0.3.0-alpha.3 (/opt/rustwide/workdir)
[INFO] [stderr]     Finished `dev` profile [unoptimized + debuginfo] target(s) in 1m 26s
[INFO] running `Command { std: "docker" "inspect" "2d601fb8ca48b78a4a63c6ce08e47526d89b2e84ee218c156c0bee947598f7a3", kill_on_drop: false }`
[INFO] running `Command { std: "docker" "rm" "-f" "2d601fb8ca48b78a4a63c6ce08e47526d89b2e84ee218c156c0bee947598f7a3", kill_on_drop: false }`
[INFO] [stdout] 2d601fb8ca48b78a4a63c6ce08e47526d89b2e84ee218c156c0bee947598f7a3
[INFO] running `Command { std: "docker" "create" "-v" "/var/lib/crater-agent-workspace/builds/worker-6-tc2/target:/opt/rustwide/target:rw,Z" "-v" "/var/lib/crater-agent-workspace/builds/worker-6-tc2/source:/opt/rustwide/workdir:ro,Z" "-v" "/var/lib/crater-agent-workspace/cargo-home:/opt/rustwide/cargo-home:ro,Z" "-v" "/var/lib/crater-agent-workspace/rustup-home:/opt/rustwide/rustup-home:ro,Z" "-e" "SOURCE_DIR=/opt/rustwide/workdir" "-e" "CARGO_TARGET_DIR=/opt/rustwide/target" "-e" "CARGO_INCREMENTAL=0" "-e" "RUST_BACKTRACE=full" "-e" "RUSTFLAGS=--cap-lints=warn" "-e" "RUSTDOCFLAGS=--cap-lints=warn" "-e" "CARGO_HOME=/opt/rustwide/cargo-home" "-e" "RUSTUP_HOME=/opt/rustwide/rustup-home" "-w" "/opt/rustwide/workdir" "-m" "1610612736" "--user" "0:0" "--network" "none" "ghcr.io/rust-lang/crates-build-env/linux@sha256:f3a9d4ad9d972b27faf3965f35b62e55ba32bbce8f20bc8fe909558a86702fde" "/opt/rustwide/cargo-home/bin/cargo" "+beta-2024-12-08" "test" "--frozen" "--no-run" "--message-format=json", kill_on_drop: false }`
[INFO] [stdout] c429880ff1c8f0ca88e5ba8e1597878f0e87af9947fa35c4ad508815c9049fd6
[INFO] running `Command { std: "docker" "start" "-a" "c429880ff1c8f0ca88e5ba8e1597878f0e87af9947fa35c4ad508815c9049fd6", kill_on_drop: false }`
[INFO] [stderr]    Compiling dioxus-material v0.3.0-alpha.3 (/opt/rustwide/workdir)
[INFO] [stderr]     Finished `test` profile [unoptimized + debuginfo] target(s) in 3.47s
[INFO] running `Command { std: "docker" "inspect" "c429880ff1c8f0ca88e5ba8e1597878f0e87af9947fa35c4ad508815c9049fd6", kill_on_drop: false }`
[INFO] running `Command { std: "docker" "rm" "-f" "c429880ff1c8f0ca88e5ba8e1597878f0e87af9947fa35c4ad508815c9049fd6", kill_on_drop: false }`
[INFO] [stdout] c429880ff1c8f0ca88e5ba8e1597878f0e87af9947fa35c4ad508815c9049fd6
[INFO] running `Command { std: "docker" "create" "-v" "/var/lib/crater-agent-workspace/builds/worker-6-tc2/target:/opt/rustwide/target:rw,Z" "-v" "/var/lib/crater-agent-workspace/builds/worker-6-tc2/source:/opt/rustwide/workdir:ro,Z" "-v" "/var/lib/crater-agent-workspace/cargo-home:/opt/rustwide/cargo-home:ro,Z" "-v" "/var/lib/crater-agent-workspace/rustup-home:/opt/rustwide/rustup-home:ro,Z" "-e" "SOURCE_DIR=/opt/rustwide/workdir" "-e" "CARGO_TARGET_DIR=/opt/rustwide/target" "-e" "CARGO_INCREMENTAL=0" "-e" "RUST_BACKTRACE=full" "-e" "RUSTFLAGS=--cap-lints=warn" "-e" "RUSTDOCFLAGS=--cap-lints=warn" "-e" "CARGO_HOME=/opt/rustwide/cargo-home" "-e" "RUSTUP_HOME=/opt/rustwide/rustup-home" "-w" "/opt/rustwide/workdir" "-m" "1610612736" "--user" "0:0" "--network" "none" "ghcr.io/rust-lang/crates-build-env/linux@sha256:f3a9d4ad9d972b27faf3965f35b62e55ba32bbce8f20bc8fe909558a86702fde" "/opt/rustwide/cargo-home/bin/cargo" "+beta-2024-12-08" "test" "--frozen", kill_on_drop: false }`
[INFO] [stdout] 433e1bee705f72ec519b612d928ef6925d56715a9af110a1362830c0facab79c
[INFO] running `Command { std: "docker" "start" "-a" "433e1bee705f72ec519b612d928ef6925d56715a9af110a1362830c0facab79c", kill_on_drop: false }`
[INFO] [stderr]     Finished `test` profile [unoptimized + debuginfo] target(s) in 0.24s
[INFO] [stderr]      Running unittests src/lib.rs (/opt/rustwide/target/debug/deps/dioxus_material-df5085da8e306428)
[INFO] [stdout] 
[INFO] [stdout] running 0 tests
[INFO] [stdout] 
[INFO] [stdout] test result: ok. 0 passed; 0 failed; 0 ignored; 0 measured; 0 filtered out; finished in 0.00s
[INFO] [stdout] 
[INFO] [stderr]    Doc-tests dioxus_material
[INFO] [stdout] 
[INFO] [stdout] running 4 tests
[INFO] [stdout] test src/dialog.rs - dialog::Dialog (line 8) ... FAILED
[INFO] [stdout] test src/button.rs - button::Button (line 14) ... FAILED
[INFO] [stdout] test src/chip.rs - chip::Chip (line 14) ... FAILED
[INFO] [stdout] test src/text_field.rs - text_field::TextField (line 17) ... FAILED
[INFO] [stdout] 
[INFO] [stdout] failures:
[INFO] [stdout] 
[INFO] [stdout] ---- src/dialog.rs - dialog::Dialog (line 8) stdout ----
[INFO] [stdout] error[E0412]: cannot find type `Scope` in this scope
[INFO] [stdout]  --> src/dialog.rs:13:12
[INFO] [stdout]   |
[INFO] [stdout] 8 | fn app(cx: Scope) -> Element {
[INFO] [stdout]   |            ^^^^^ not found in this scope
[INFO] [stdout]   |
[INFO] [stdout] help: consider importing this struct
[INFO] [stdout]   |
[INFO] [stdout] 2 + use std::thread::Scope;
[INFO] [stdout]   |
[INFO] [stdout] 
[INFO] [stdout] error: aborting due to 1 previous error
[INFO] [stdout] 
[INFO] [stdout] For more information about this error, try `rustc --explain E0412`.
[INFO] [stdout] Couldn't compile the test.
[INFO] [stdout] ---- src/button.rs - button::Button (line 14) stdout ----
[INFO] [stdout] error[E0412]: cannot find type `Scope` in this scope
[INFO] [stdout]  --> src/button.rs:19:12
[INFO] [stdout]   |
[INFO] [stdout] 8 | fn app(cx: Scope) -> Element {
[INFO] [stdout]   |            ^^^^^ not found in this scope
[INFO] [stdout]   |
[INFO] [stdout] help: consider importing this struct
[INFO] [stdout]   |
[INFO] [stdout] 2 + use std::thread::Scope;
[INFO] [stdout]   |
[INFO] [stdout] 
[INFO] [stdout] error: aborting due to 1 previous error
[INFO] [stdout] 
[INFO] [stdout] For more information about this error, try `rustc --explain E0412`.
[INFO] [stdout] Couldn't compile the test.
[INFO] [stdout] ---- src/chip.rs - chip::Chip (line 14) stdout ----
[INFO] [stdout] error[E0412]: cannot find type `Scope` in this scope
[INFO] [stdout]  --> src/chip.rs:20:12
[INFO] [stdout]   |
[INFO] [stdout] 9 | fn app(cx: Scope) -> Element {
[INFO] [stdout]   |            ^^^^^ not found in this scope
[INFO] [stdout]   |
[INFO] [stdout] help: consider importing this struct
[INFO] [stdout]   |
[INFO] [stdout] 3 + use std::thread::Scope;
[INFO] [stdout]   |
[INFO] [stdout] 
[INFO] [stdout] error: aborting due to 1 previous error
[INFO] [stdout] 
[INFO] [stdout] For more information about this error, try `rustc --explain E0412`.
[INFO] [stdout] Couldn't compile the test.
[INFO] [stdout] ---- src/text_field.rs - text_field::TextField (line 17) stdout ----
[INFO] [stdout] error[E0412]: cannot find type `Scope` in this scope
[INFO] [stdout]  --> src/text_field.rs:22:12
[INFO] [stdout]   |
[INFO] [stdout] 8 | fn app(cx: Scope) -> Element {
[INFO] [stdout]   |            ^^^^^ not found in this scope
[INFO] [stdout]   |
[INFO] [stdout] help: consider importing this struct
[INFO] [stdout]   |
[INFO] [stdout] 2 + use std::thread::Scope;
[INFO] [stdout]   |
[INFO] [stdout] 
[INFO] [stdout] error[E0425]: cannot find function `use_state` in this scope
[INFO] [stdout]  --> src/text_field.rs:23:17
[INFO] [stdout]   |
[INFO] [stdout] 9 |     let value = use_state(cx, || String::from("Filled"));
[INFO] [stdout]   |                 ^^^^^^^^^ not found in this scope
[INFO] [stdout] 
[INFO] [stdout] error[E0615]: attempted to take value of method `value` on type `dioxus::prelude::Event<FormData>`
[INFO] [stdout]   --> src/text_field.rs:29:67
[INFO] [stdout]    |
[INFO] [stdout] 15 |                 onchange: move |event: FormEvent| value.set(event.value.clone())
[INFO] [stdout]    |                                                                   ^^^^^ method, not a field
[INFO] [stdout]    |
[INFO] [stdout] help: use parentheses to call the method
[INFO] [stdout]    |
[INFO] [stdout] 15 |                 onchange: move |event: FormEvent| value.set(event.value().clone())
[INFO] [stdout]    |                                                                        ++
[INFO] [stdout] 
[INFO] [stdout] error: aborting due to 3 previous errors
[INFO] [stdout] 
[INFO] [stdout] Some errors have detailed explanations: E0412, E0425, E0615.
[INFO] [stdout] For more information about an error, try `rustc --explain E0412`.
[INFO] [stdout] Couldn't compile the test.
[INFO] [stdout] 
[INFO] [stdout] failures:
[INFO] [stdout]     src/button.rs - button::Button (line 14)
[INFO] [stdout]     src/chip.rs - chip::Chip (line 14)
[INFO] [stdout]     src/dialog.rs - dialog::Dialog (line 8)
[INFO] [stdout]     src/text_field.rs - text_field::TextField (line 17)
[INFO] [stdout] 
[INFO] [stdout] test result: FAILED. 0 passed; 4 failed; 0 ignored; 0 measured; 0 filtered out; finished in 0.46s
[INFO] [stdout] 
[INFO] [stderr] error: doctest failed, to rerun pass `--doc`
[INFO] running `Command { std: "docker" "inspect" "433e1bee705f72ec519b612d928ef6925d56715a9af110a1362830c0facab79c", kill_on_drop: false }`
[INFO] running `Command { std: "docker" "rm" "-f" "433e1bee705f72ec519b612d928ef6925d56715a9af110a1362830c0facab79c", kill_on_drop: false }`
[INFO] [stdout] 433e1bee705f72ec519b612d928ef6925d56715a9af110a1362830c0facab79c
