[INFO] fetching crate dioxus-local-storage 0.4.0...
[INFO] testing dioxus-local-storage-0.4.0 against 1.83.0 for beta-1.84.0-4-retry
[INFO] extracting crate dioxus-local-storage 0.4.0 into /workspace/builds/worker-4-tc1/source
[INFO] validating manifest of crates.io crate dioxus-local-storage 0.4.0 on toolchain 1.83.0
[INFO] running `Command { std: CARGO_HOME="/workspace/cargo-home" RUSTUP_HOME="/workspace/rustup-home" "/workspace/cargo-home/bin/cargo" "+1.83.0" "metadata" "--manifest-path" "Cargo.toml" "--no-deps", kill_on_drop: false }`
[INFO] started tweaking crates.io crate dioxus-local-storage 0.4.0
[INFO] finished tweaking crates.io crate dioxus-local-storage 0.4.0
[INFO] tweaked toml for crates.io crate dioxus-local-storage 0.4.0 written to /workspace/builds/worker-4-tc1/source/Cargo.toml
[INFO] running `Command { std: CARGO_HOME="/workspace/cargo-home" RUSTUP_HOME="/workspace/rustup-home" "/workspace/cargo-home/bin/cargo" "+1.83.0" "generate-lockfile" "--manifest-path" "Cargo.toml", kill_on_drop: false }`
[INFO] [stderr]     Updating crates.io index
[INFO] [stderr]      Locking 91 packages to latest compatible versions
[INFO] [stderr]       Adding dioxus v0.4.3 (available: v0.6.0)
[INFO] [stderr]       Adding gloo-events v0.1.2 (available: v0.2.0)
[INFO] running `Command { std: CARGO_HOME="/workspace/cargo-home" RUSTUP_HOME="/workspace/rustup-home" "/workspace/cargo-home/bin/cargo" "+1.83.0" "fetch" "--manifest-path" "Cargo.toml", kill_on_drop: false }`
[INFO] [stderr]  Downloading crates ...
[INFO] [stderr]   Downloaded smallbox v0.8.5
[INFO] running `Command { std: "docker" "create" "-v" "/var/lib/crater-agent-workspace/builds/worker-4-tc1/target:/opt/rustwide/target:rw,Z" "-v" "/var/lib/crater-agent-workspace/builds/worker-4-tc1/source:/opt/rustwide/workdir:ro,Z" "-v" "/var/lib/crater-agent-workspace/cargo-home:/opt/rustwide/cargo-home:ro,Z" "-v" "/var/lib/crater-agent-workspace/rustup-home:/opt/rustwide/rustup-home:ro,Z" "-e" "SOURCE_DIR=/opt/rustwide/workdir" "-e" "CARGO_TARGET_DIR=/opt/rustwide/target" "-e" "CARGO_HOME=/opt/rustwide/cargo-home" "-e" "RUSTUP_HOME=/opt/rustwide/rustup-home" "-w" "/opt/rustwide/workdir" "-m" "1610612736" "--user" "0:0" "--network" "none" "ghcr.io/rust-lang/crates-build-env/linux@sha256:f3a9d4ad9d972b27faf3965f35b62e55ba32bbce8f20bc8fe909558a86702fde" "/opt/rustwide/cargo-home/bin/cargo" "+1.83.0" "metadata" "--no-deps" "--format-version=1", kill_on_drop: false }`
[INFO] [stdout] 6f90763b5fc3ba29f29fedf762b8de79632cd747e7d90ee5d595a124412b513c
[INFO] running `Command { std: "docker" "start" "-a" "6f90763b5fc3ba29f29fedf762b8de79632cd747e7d90ee5d595a124412b513c", kill_on_drop: false }`
[INFO] running `Command { std: "docker" "inspect" "6f90763b5fc3ba29f29fedf762b8de79632cd747e7d90ee5d595a124412b513c", kill_on_drop: false }`
[INFO] running `Command { std: "docker" "rm" "-f" "6f90763b5fc3ba29f29fedf762b8de79632cd747e7d90ee5d595a124412b513c", kill_on_drop: false }`
[INFO] [stdout] 6f90763b5fc3ba29f29fedf762b8de79632cd747e7d90ee5d595a124412b513c
[INFO] running `Command { std: "docker" "create" "-v" "/var/lib/crater-agent-workspace/builds/worker-4-tc1/target:/opt/rustwide/target:rw,Z" "-v" "/var/lib/crater-agent-workspace/builds/worker-4-tc1/source:/opt/rustwide/workdir:ro,Z" "-v" "/var/lib/crater-agent-workspace/cargo-home:/opt/rustwide/cargo-home:ro,Z" "-v" "/var/lib/crater-agent-workspace/rustup-home:/opt/rustwide/rustup-home:ro,Z" "-e" "SOURCE_DIR=/opt/rustwide/workdir" "-e" "CARGO_TARGET_DIR=/opt/rustwide/target" "-e" "CARGO_INCREMENTAL=0" "-e" "RUST_BACKTRACE=full" "-e" "RUSTFLAGS=--cap-lints=warn" "-e" "RUSTDOCFLAGS=--cap-lints=warn" "-e" "CARGO_HOME=/opt/rustwide/cargo-home" "-e" "RUSTUP_HOME=/opt/rustwide/rustup-home" "-w" "/opt/rustwide/workdir" "-m" "1610612736" "--user" "0:0" "--network" "none" "ghcr.io/rust-lang/crates-build-env/linux@sha256:f3a9d4ad9d972b27faf3965f35b62e55ba32bbce8f20bc8fe909558a86702fde" "/opt/rustwide/cargo-home/bin/cargo" "+1.83.0" "build" "--frozen" "--message-format=json", kill_on_drop: false }`
[INFO] [stdout] 112ff381a3feb2d67bd1ca51eddd3b63c6496c74d1cadd2ecdfa5bf0292c1d59
[INFO] running `Command { std: "docker" "start" "-a" "112ff381a3feb2d67bd1ca51eddd3b63c6496c74d1cadd2ecdfa5bf0292c1d59", kill_on_drop: false }`
[INFO] [stderr]    Compiling proc-macro2 v1.0.92
[INFO] [stderr]    Compiling unicode-ident v1.0.14
[INFO] [stderr]    Compiling autocfg v1.4.0
[INFO] [stderr]    Compiling pin-project-lite v0.2.15
[INFO] [stderr]    Compiling once_cell v1.20.2
[INFO] [stderr]    Compiling bumpalo v3.16.0
[INFO] [stderr]    Compiling serde v1.0.216
[INFO] [stderr]    Compiling futures-core v0.3.31
[INFO] [stderr]    Compiling crossbeam-utils v0.8.20
[INFO] [stderr]    Compiling wasm-bindgen-shared v0.2.99
[INFO] [stderr]    Compiling futures-task v0.3.31
[INFO] [stderr]    Compiling pin-utils v0.1.0
[INFO] [stderr]    Compiling smallbox v0.8.5
[INFO] [stderr]    Compiling tracing-core v0.1.33
[INFO] [stderr]    Compiling log v0.4.22
[INFO] [stderr]    Compiling longest-increasing-subsequence v0.1.0
[INFO] [stderr]    Compiling rustc-hash v1.1.0
[INFO] [stderr]    Compiling slab v0.4.9
[INFO] [stderr]    Compiling concurrent-queue v2.5.0
[INFO] [stderr]    Compiling num-traits v0.2.19
[INFO] [stderr]    Compiling cfg-if v1.0.0
[INFO] [stderr]    Compiling semver v1.0.24
[INFO] [stderr]    Compiling fnv v1.0.7
[INFO] [stderr]    Compiling ident_case v1.0.1
[INFO] [stderr]    Compiling wasm-bindgen v0.2.99
[INFO] [stderr]    Compiling parking v2.2.1
[INFO] [stderr]    Compiling lock_api v0.4.12
[INFO] [stderr]    Compiling event-listener v5.3.1
[INFO] [stderr]    Compiling futures-util v0.3.31
[INFO] [stderr]    Compiling quote v1.0.37
[INFO] [stderr]    Compiling futures-channel v0.3.31
[INFO] [stderr]    Compiling thiserror v1.0.69
[INFO] [stderr]    Compiling event-listener-strategy v0.5.3
[INFO] [stderr]    Compiling syn v2.0.90
[INFO] [stderr]    Compiling rustc_version v0.4.1
[INFO] [stderr]    Compiling fastrand v2.3.0
[INFO] [stderr]    Compiling scopeguard v1.2.0
[INFO] [stderr]    Compiling serde_json v1.0.133
[INFO] [stderr]    Compiling futures-io v0.3.31
[INFO] [stderr]    Compiling atomic-waker v1.1.2
[INFO] [stderr]    Compiling libc v0.2.168
[INFO] [stderr]    Compiling piper v0.2.4
[INFO] [stderr]    Compiling interprocess-docfix v1.2.2
[INFO] [stderr]    Compiling ordered-float v2.10.1
[INFO] [stderr]    Compiling async-channel v2.3.1
[INFO] [stderr]    Compiling futures-lite v2.5.0
[INFO] [stderr]    Compiling event-listener v2.5.3
[INFO] [stderr]    Compiling itoa v1.0.14
[INFO] [stderr]    Compiling async-task v4.7.1
[INFO] [stderr]    Compiling unicode-segmentation v1.12.0
[INFO] [stderr]    Compiling prettyplease v0.2.25
[INFO] [stderr]    Compiling ryu v1.0.18
[INFO] [stderr]    Compiling memchr v2.7.4
[INFO] [stderr]    Compiling async-channel v1.9.0
[INFO] [stderr]    Compiling spinning v0.1.0
[INFO] [stderr]    Compiling blocking v1.6.1
[INFO] [stderr]    Compiling intmap v0.7.1
[INFO] [stderr]    Compiling to_method v1.1.0
[INFO] [stderr]    Compiling constcat v0.3.1
[INFO] [stderr]    Compiling dioxus-debug-cell v0.1.1
[INFO] [stderr]    Compiling wasm-bindgen-backend v0.2.99
[INFO] [stderr]    Compiling darling_core v0.20.10
[INFO] [stderr]    Compiling serde_derive v1.0.216
[INFO] [stderr]    Compiling tracing-attributes v0.1.28
[INFO] [stderr]    Compiling thiserror-impl v1.0.69
[INFO] [stderr]    Compiling async-trait v0.1.83
[INFO] [stderr]    Compiling serde_repr v0.1.19
[INFO] [stderr]    Compiling wasm-bindgen-macro-support v0.2.99
[INFO] [stderr]    Compiling wasm-bindgen-macro v0.2.99
[INFO] [stderr]    Compiling darling_macro v0.20.10
[INFO] [stderr]    Compiling tracing v0.1.41
[INFO] [stderr]    Compiling dioxus-core v0.4.3
[INFO] [stderr]    Compiling darling v0.20.10
[INFO] [stderr]    Compiling enumset_derive v0.10.0
[INFO] [stderr]    Compiling dioxus-rsx v0.4.3
[INFO] [stderr]    Compiling js-sys v0.3.76
[INFO] [stderr]    Compiling dioxus-core-macro v0.4.3
[INFO] [stderr]    Compiling enumset v1.1.5
[INFO] [stderr]    Compiling bitflags v2.6.0
[INFO] [stderr]    Compiling serde-value v0.7.0
[INFO] [stderr]    Compiling euclid v0.22.11
[INFO] [stderr]    Compiling web-sys v0.3.76
[INFO] [stderr]    Compiling keyboard-types v0.7.0
[INFO] [stderr]    Compiling dioxus-hooks v0.4.3
[INFO] [stderr]    Compiling dioxus-html v0.4.3
[INFO] [stderr]    Compiling gloo-events v0.1.2
[INFO] [stderr]    Compiling dioxus-hot-reload v0.4.3
[INFO] [stderr]    Compiling dioxus v0.4.3
[INFO] [stderr]    Compiling dioxus-local-storage v0.4.0 (/opt/rustwide/workdir)
[INFO] [stderr]     Finished `dev` profile [unoptimized + debuginfo] target(s) in 1m 10s
[INFO] running `Command { std: "docker" "inspect" "112ff381a3feb2d67bd1ca51eddd3b63c6496c74d1cadd2ecdfa5bf0292c1d59", kill_on_drop: false }`
[INFO] running `Command { std: "docker" "rm" "-f" "112ff381a3feb2d67bd1ca51eddd3b63c6496c74d1cadd2ecdfa5bf0292c1d59", kill_on_drop: false }`
[INFO] [stdout] 112ff381a3feb2d67bd1ca51eddd3b63c6496c74d1cadd2ecdfa5bf0292c1d59
[INFO] running `Command { std: "docker" "create" "-v" "/var/lib/crater-agent-workspace/builds/worker-4-tc1/target:/opt/rustwide/target:rw,Z" "-v" "/var/lib/crater-agent-workspace/builds/worker-4-tc1/source:/opt/rustwide/workdir:ro,Z" "-v" "/var/lib/crater-agent-workspace/cargo-home:/opt/rustwide/cargo-home:ro,Z" "-v" "/var/lib/crater-agent-workspace/rustup-home:/opt/rustwide/rustup-home:ro,Z" "-e" "SOURCE_DIR=/opt/rustwide/workdir" "-e" "CARGO_TARGET_DIR=/opt/rustwide/target" "-e" "CARGO_INCREMENTAL=0" "-e" "RUST_BACKTRACE=full" "-e" "RUSTFLAGS=--cap-lints=warn" "-e" "RUSTDOCFLAGS=--cap-lints=warn" "-e" "CARGO_HOME=/opt/rustwide/cargo-home" "-e" "RUSTUP_HOME=/opt/rustwide/rustup-home" "-w" "/opt/rustwide/workdir" "-m" "1610612736" "--user" "0:0" "--network" "none" "ghcr.io/rust-lang/crates-build-env/linux@sha256:f3a9d4ad9d972b27faf3965f35b62e55ba32bbce8f20bc8fe909558a86702fde" "/opt/rustwide/cargo-home/bin/cargo" "+1.83.0" "test" "--frozen" "--no-run" "--message-format=json", kill_on_drop: false }`
[INFO] [stdout] 3265489b26baf190f58d4ca4a3459ab696511b397dba94528f9a2400ae99aa0b
[INFO] running `Command { std: "docker" "start" "-a" "3265489b26baf190f58d4ca4a3459ab696511b397dba94528f9a2400ae99aa0b", kill_on_drop: false }`
[INFO] [stderr]    Compiling dioxus-local-storage v0.4.0 (/opt/rustwide/workdir)
[INFO] [stderr]     Finished `test` profile [unoptimized + debuginfo] target(s) in 0.57s
[INFO] running `Command { std: "docker" "inspect" "3265489b26baf190f58d4ca4a3459ab696511b397dba94528f9a2400ae99aa0b", kill_on_drop: false }`
[INFO] running `Command { std: "docker" "rm" "-f" "3265489b26baf190f58d4ca4a3459ab696511b397dba94528f9a2400ae99aa0b", kill_on_drop: false }`
[INFO] [stdout] 3265489b26baf190f58d4ca4a3459ab696511b397dba94528f9a2400ae99aa0b
[INFO] running `Command { std: "docker" "create" "-v" "/var/lib/crater-agent-workspace/builds/worker-4-tc1/target:/opt/rustwide/target:rw,Z" "-v" "/var/lib/crater-agent-workspace/builds/worker-4-tc1/source:/opt/rustwide/workdir:ro,Z" "-v" "/var/lib/crater-agent-workspace/cargo-home:/opt/rustwide/cargo-home:ro,Z" "-v" "/var/lib/crater-agent-workspace/rustup-home:/opt/rustwide/rustup-home:ro,Z" "-e" "SOURCE_DIR=/opt/rustwide/workdir" "-e" "CARGO_TARGET_DIR=/opt/rustwide/target" "-e" "CARGO_INCREMENTAL=0" "-e" "RUST_BACKTRACE=full" "-e" "RUSTFLAGS=--cap-lints=warn" "-e" "RUSTDOCFLAGS=--cap-lints=warn" "-e" "CARGO_HOME=/opt/rustwide/cargo-home" "-e" "RUSTUP_HOME=/opt/rustwide/rustup-home" "-w" "/opt/rustwide/workdir" "-m" "1610612736" "--user" "0:0" "--network" "none" "ghcr.io/rust-lang/crates-build-env/linux@sha256:f3a9d4ad9d972b27faf3965f35b62e55ba32bbce8f20bc8fe909558a86702fde" "/opt/rustwide/cargo-home/bin/cargo" "+1.83.0" "test" "--frozen", kill_on_drop: false }`
[INFO] [stdout] 1f56964358caab0f49f5676defa2278b541a344ac74e2452d9bf626a88373d71
[INFO] running `Command { std: "docker" "start" "-a" "1f56964358caab0f49f5676defa2278b541a344ac74e2452d9bf626a88373d71", kill_on_drop: false }`
[INFO] [stderr]     Finished `test` profile [unoptimized + debuginfo] target(s) in 0.10s
[INFO] [stderr]      Running unittests src/lib.rs (/opt/rustwide/target/debug/deps/dioxus_local_storage-86eee241d712f386)
[INFO] [stdout] 
[INFO] [stdout] running 0 tests
[INFO] [stderr]    Doc-tests dioxus_local_storage
[INFO] [stdout] 
[INFO] [stdout] test result: ok. 0 passed; 0 failed; 0 ignored; 0 measured; 0 filtered out; finished in 0.00s
[INFO] [stdout] 
[INFO] [stdout] 
[INFO] [stdout] running 2 tests
[INFO] [stdout] test src/hooks/use_local_storage/mod.rs - hooks::use_local_storage::UseStorageBuilder::use_local_storage (line 21) ... FAILED
[INFO] [stdout] test src/hooks/mod.rs - hooks::use_local_storage (line 31) ... FAILED
[INFO] [stdout] 
[INFO] [stdout] failures:
[INFO] [stdout] 
[INFO] [stdout] ---- src/hooks/use_local_storage/mod.rs - hooks::use_local_storage::UseStorageBuilder::use_local_storage (line 21) stdout ----
[INFO] [stdout] error[E0432]: unresolved import `dioxus_use_storage`
[INFO] [stdout]  --> src/hooks/use_local_storage/mod.rs:23:5
[INFO] [stdout]   |
[INFO] [stdout] 4 | use dioxus_use_storage::use_local_storage;
[INFO] [stdout]   |     ^^^^^^^^^^^^^^^^^^ use of undeclared crate or module `dioxus_use_storage`
[INFO] [stdout]   |
[INFO] [stdout] help: there is a crate or module with a similar name
[INFO] [stdout]   |
[INFO] [stdout] 4 | use dioxus_local_storage::use_local_storage;
[INFO] [stdout]   |     ~~~~~~~~~~~~~~~~~~~~
[INFO] [stdout] 
[INFO] [stdout] error: aborting due to 1 previous error
[INFO] [stdout] 
[INFO] [stdout] For more information about this error, try `rustc --explain E0432`.
[INFO] [stdout] Couldn't compile the test.
[INFO] [stdout] ---- src/hooks/mod.rs - hooks::use_local_storage (line 31) stdout ----
[INFO] [stdout] error[E0432]: unresolved import `dioxus_use_storage`
[INFO] [stdout]  --> src/hooks/mod.rs:33:5
[INFO] [stdout]   |
[INFO] [stdout] 4 | use dioxus_use_storage::{use_local_storage};
[INFO] [stdout]   |     ^^^^^^^^^^^^^^^^^^ use of undeclared crate or module `dioxus_use_storage`
[INFO] [stdout]   |
[INFO] [stdout] help: there is a crate or module with a similar name
[INFO] [stdout]   |
[INFO] [stdout] 4 | use dioxus_local_storage::{use_local_storage};
[INFO] [stdout]   |     ~~~~~~~~~~~~~~~~~~~~
[INFO] [stdout] 
[INFO] [stdout] error: aborting due to 1 previous error
[INFO] [stdout] 
[INFO] [stdout] For more information about this error, try `rustc --explain E0432`.
[INFO] [stdout] Couldn't compile the test.
[INFO] [stdout] 
[INFO] [stdout] failures:
[INFO] [stdout]     src/hooks/mod.rs - hooks::use_local_storage (line 31)
[INFO] [stdout]     src/hooks/use_local_storage/mod.rs - hooks::use_local_storage::UseStorageBuilder::use_local_storage (line 21)
[INFO] [stdout] 
[INFO] [stdout] test result: FAILED. 0 passed; 2 failed; 0 ignored; 0 measured; 0 filtered out; finished in 0.13s
[INFO] [stdout] 
[INFO] [stderr] error: doctest failed, to rerun pass `--doc`
[INFO] running `Command { std: "docker" "inspect" "1f56964358caab0f49f5676defa2278b541a344ac74e2452d9bf626a88373d71", kill_on_drop: false }`
[INFO] running `Command { std: "docker" "rm" "-f" "1f56964358caab0f49f5676defa2278b541a344ac74e2452d9bf626a88373d71", kill_on_drop: false }`
[INFO] [stdout] 1f56964358caab0f49f5676defa2278b541a344ac74e2452d9bf626a88373d71
