[INFO] fetching crate dioxus-lib 0.6.0...
[INFO] testing dioxus-lib-0.6.0 against beta-2024-12-08 for beta-1.84.0-4-retry
[INFO] extracting crate dioxus-lib 0.6.0 into /workspace/builds/worker-1-tc2/source
[INFO] validating manifest of crates.io crate dioxus-lib 0.6.0 on toolchain beta-2024-12-08
[INFO] running `Command { std: CARGO_HOME="/workspace/cargo-home" RUSTUP_HOME="/workspace/rustup-home" "/workspace/cargo-home/bin/cargo" "+beta-2024-12-08" "metadata" "--manifest-path" "Cargo.toml" "--no-deps", kill_on_drop: false }`
[INFO] started tweaking crates.io crate dioxus-lib 0.6.0
[INFO] finished tweaking crates.io crate dioxus-lib 0.6.0
[INFO] tweaked toml for crates.io crate dioxus-lib 0.6.0 written to /workspace/builds/worker-1-tc2/source/Cargo.toml
[INFO] running `Command { std: CARGO_HOME="/workspace/cargo-home" RUSTUP_HOME="/workspace/rustup-home" "/workspace/cargo-home/bin/cargo" "+beta-2024-12-08" "generate-lockfile" "--manifest-path" "Cargo.toml", kill_on_drop: false }`
[INFO] [stderr]     Updating crates.io index
[INFO] [stderr]      Locking 78 packages to latest compatible versions
[INFO] running `Command { std: CARGO_HOME="/workspace/cargo-home" RUSTUP_HOME="/workspace/rustup-home" "/workspace/cargo-home/bin/cargo" "+beta-2024-12-08" "fetch" "--manifest-path" "Cargo.toml", kill_on_drop: false }`
[INFO] running `Command { std: "docker" "create" "-v" "/var/lib/crater-agent-workspace/builds/worker-1-tc2/target:/opt/rustwide/target:rw,Z" "-v" "/var/lib/crater-agent-workspace/builds/worker-1-tc2/source:/opt/rustwide/workdir:ro,Z" "-v" "/var/lib/crater-agent-workspace/cargo-home:/opt/rustwide/cargo-home:ro,Z" "-v" "/var/lib/crater-agent-workspace/rustup-home:/opt/rustwide/rustup-home:ro,Z" "-e" "SOURCE_DIR=/opt/rustwide/workdir" "-e" "CARGO_TARGET_DIR=/opt/rustwide/target" "-e" "CARGO_HOME=/opt/rustwide/cargo-home" "-e" "RUSTUP_HOME=/opt/rustwide/rustup-home" "-w" "/opt/rustwide/workdir" "-m" "1610612736" "--user" "0:0" "--network" "none" "ghcr.io/rust-lang/crates-build-env/linux@sha256:f3a9d4ad9d972b27faf3965f35b62e55ba32bbce8f20bc8fe909558a86702fde" "/opt/rustwide/cargo-home/bin/cargo" "+beta-2024-12-08" "metadata" "--no-deps" "--format-version=1", kill_on_drop: false }`
[INFO] [stdout] c23b5d310359cf97ff40b14d9fb9a588811df484c73328cb0178caffe3e0da2f
[INFO] running `Command { std: "docker" "start" "-a" "c23b5d310359cf97ff40b14d9fb9a588811df484c73328cb0178caffe3e0da2f", kill_on_drop: false }`
[INFO] running `Command { std: "docker" "inspect" "c23b5d310359cf97ff40b14d9fb9a588811df484c73328cb0178caffe3e0da2f", kill_on_drop: false }`
[INFO] running `Command { std: "docker" "rm" "-f" "c23b5d310359cf97ff40b14d9fb9a588811df484c73328cb0178caffe3e0da2f", kill_on_drop: false }`
[INFO] [stdout] c23b5d310359cf97ff40b14d9fb9a588811df484c73328cb0178caffe3e0da2f
[INFO] running `Command { std: "docker" "create" "-v" "/var/lib/crater-agent-workspace/builds/worker-1-tc2/target:/opt/rustwide/target:rw,Z" "-v" "/var/lib/crater-agent-workspace/builds/worker-1-tc2/source:/opt/rustwide/workdir:ro,Z" "-v" "/var/lib/crater-agent-workspace/cargo-home:/opt/rustwide/cargo-home:ro,Z" "-v" "/var/lib/crater-agent-workspace/rustup-home:/opt/rustwide/rustup-home:ro,Z" "-e" "SOURCE_DIR=/opt/rustwide/workdir" "-e" "CARGO_TARGET_DIR=/opt/rustwide/target" "-e" "CARGO_INCREMENTAL=0" "-e" "RUST_BACKTRACE=full" "-e" "RUSTFLAGS=--cap-lints=warn" "-e" "RUSTDOCFLAGS=--cap-lints=warn" "-e" "CARGO_HOME=/opt/rustwide/cargo-home" "-e" "RUSTUP_HOME=/opt/rustwide/rustup-home" "-w" "/opt/rustwide/workdir" "-m" "1610612736" "--user" "0:0" "--network" "none" "ghcr.io/rust-lang/crates-build-env/linux@sha256:f3a9d4ad9d972b27faf3965f35b62e55ba32bbce8f20bc8fe909558a86702fde" "/opt/rustwide/cargo-home/bin/cargo" "+beta-2024-12-08" "build" "--frozen" "--message-format=json", kill_on_drop: false }`
[INFO] [stdout] 3ec910770748fa420d5647af1f5e2a4cbb8b004c1f4078b7d326efcaa824780d
[INFO] running `Command { std: "docker" "start" "-a" "3ec910770748fa420d5647af1f5e2a4cbb8b004c1f4078b7d326efcaa824780d", kill_on_drop: false }`
[INFO] [stderr]    Compiling proc-macro2 v1.0.92
[INFO] [stderr]    Compiling unicode-ident v1.0.14
[INFO] [stderr]    Compiling serde v1.0.216
[INFO] [stderr]    Compiling parking_lot_core v0.9.10
[INFO] [stderr]    Compiling rustversion v1.0.18
[INFO] [stderr]    Compiling unicode-xid v0.2.6
[INFO] [stderr]    Compiling futures-core v0.3.31
[INFO] [stderr]    Compiling futures-task v0.3.31
[INFO] [stderr]    Compiling lock_api v0.4.12
[INFO] [stderr]    Compiling slab v0.4.9
[INFO] [stderr]    Compiling slotmap v1.0.7
[INFO] [stderr]    Compiling ident_case v1.0.1
[INFO] [stderr]    Compiling fnv v1.0.7
[INFO] [stderr]    Compiling dioxus-core-types v0.6.0
[INFO] [stderr]    Compiling proc-macro2-diagnostics v0.10.1
[INFO] [stderr]    Compiling longest-increasing-subsequence v0.1.0
[INFO] [stderr]    Compiling rustc-hash v1.1.0
[INFO] [stderr]    Compiling num-traits v0.2.19
[INFO] [stderr]    Compiling unicode-segmentation v1.12.0
[INFO] [stderr]    Compiling bitflags v2.6.0
[INFO] [stderr]    Compiling futures-channel v0.3.31
[INFO] [stderr]    Compiling serde_json v1.0.133
[INFO] [stderr]    Compiling lazy-js-bundle v0.6.0
[INFO] [stderr]    Compiling keyboard-types v0.7.0
[INFO] [stderr]    Compiling itoa v1.0.14
[INFO] [stderr]    Compiling ryu v1.0.18
[INFO] [stderr]    Compiling dioxus-document v0.6.0
[INFO] [stderr]    Compiling convert_case v0.6.0
[INFO] [stderr]    Compiling futures-util v0.3.31
[INFO] [stderr]    Compiling parking_lot v0.12.3
[INFO] [stderr]    Compiling quote v1.0.37
[INFO] [stderr]    Compiling syn v2.0.90
[INFO] [stderr]    Compiling euclid v0.22.11
[INFO] [stderr]    Compiling const_format_proc_macros v0.2.34
[INFO] [stderr]    Compiling dioxus-config-macro v0.6.0
[INFO] [stderr]    Compiling const_format v0.2.34
[INFO] [stderr]    Compiling darling_core v0.20.10
[INFO] [stderr]    Compiling dioxus-rsx v0.6.0
[INFO] [stderr]    Compiling tracing-attributes v0.1.28
[INFO] [stderr]    Compiling serde_derive v1.0.216
[INFO] [stderr]    Compiling pin-project-internal v1.1.7
[INFO] [stderr]    Compiling warnings-macro v0.2.0
[INFO] [stderr]    Compiling dioxus-html-internal-macro v0.6.0
[INFO] [stderr]    Compiling dioxus-core-macro v0.6.0
[INFO] [stderr]    Compiling darling_macro v0.20.10
[INFO] [stderr]    Compiling darling v0.20.10
[INFO] [stderr]    Compiling enumset_derive v0.10.0
[INFO] [stderr]    Compiling pin-project v1.1.7
[INFO] [stderr]    Compiling tracing v0.1.41
[INFO] [stderr]    Compiling warnings v0.2.1
[INFO] [stderr]    Compiling generational-box v0.6.0
[INFO] [stderr]    Compiling enumset v1.1.5
[INFO] [stderr]    Compiling dioxus-core v0.6.0
[INFO] [stderr]    Compiling dioxus-signals v0.6.0
[INFO] [stderr]    Compiling dioxus-history v0.6.0
[INFO] [stderr]    Compiling dioxus-hooks v0.6.0
[INFO] [stderr]    Compiling dioxus-html v0.6.0
[INFO] [stderr]    Compiling dioxus-lib v0.6.0 (/opt/rustwide/workdir)
[INFO] [stderr]     Finished `dev` profile [unoptimized + debuginfo] target(s) in 29.82s
[INFO] running `Command { std: "docker" "inspect" "3ec910770748fa420d5647af1f5e2a4cbb8b004c1f4078b7d326efcaa824780d", kill_on_drop: false }`
[INFO] running `Command { std: "docker" "rm" "-f" "3ec910770748fa420d5647af1f5e2a4cbb8b004c1f4078b7d326efcaa824780d", kill_on_drop: false }`
[INFO] [stdout] 3ec910770748fa420d5647af1f5e2a4cbb8b004c1f4078b7d326efcaa824780d
[INFO] running `Command { std: "docker" "create" "-v" "/var/lib/crater-agent-workspace/builds/worker-1-tc2/target:/opt/rustwide/target:rw,Z" "-v" "/var/lib/crater-agent-workspace/builds/worker-1-tc2/source:/opt/rustwide/workdir:ro,Z" "-v" "/var/lib/crater-agent-workspace/cargo-home:/opt/rustwide/cargo-home:ro,Z" "-v" "/var/lib/crater-agent-workspace/rustup-home:/opt/rustwide/rustup-home:ro,Z" "-e" "SOURCE_DIR=/opt/rustwide/workdir" "-e" "CARGO_TARGET_DIR=/opt/rustwide/target" "-e" "CARGO_INCREMENTAL=0" "-e" "RUST_BACKTRACE=full" "-e" "RUSTFLAGS=--cap-lints=warn" "-e" "RUSTDOCFLAGS=--cap-lints=warn" "-e" "CARGO_HOME=/opt/rustwide/cargo-home" "-e" "RUSTUP_HOME=/opt/rustwide/rustup-home" "-w" "/opt/rustwide/workdir" "-m" "1610612736" "--user" "0:0" "--network" "none" "ghcr.io/rust-lang/crates-build-env/linux@sha256:f3a9d4ad9d972b27faf3965f35b62e55ba32bbce8f20bc8fe909558a86702fde" "/opt/rustwide/cargo-home/bin/cargo" "+beta-2024-12-08" "test" "--frozen" "--no-run" "--message-format=json", kill_on_drop: false }`
[INFO] [stdout] 1b36241df81ba6f1c6d17e986c4d022afb95817e88e2cc3ad98e3afc8e2ebf86
[INFO] running `Command { std: "docker" "start" "-a" "1b36241df81ba6f1c6d17e986c4d022afb95817e88e2cc3ad98e3afc8e2ebf86", kill_on_drop: false }`
[INFO] [stderr]    Compiling dioxus-lib v0.6.0 (/opt/rustwide/workdir)
[INFO] [stderr]     Finished `test` profile [unoptimized + debuginfo] target(s) in 0.53s
[INFO] running `Command { std: "docker" "inspect" "1b36241df81ba6f1c6d17e986c4d022afb95817e88e2cc3ad98e3afc8e2ebf86", kill_on_drop: false }`
[INFO] running `Command { std: "docker" "rm" "-f" "1b36241df81ba6f1c6d17e986c4d022afb95817e88e2cc3ad98e3afc8e2ebf86", kill_on_drop: false }`
[INFO] [stdout] 1b36241df81ba6f1c6d17e986c4d022afb95817e88e2cc3ad98e3afc8e2ebf86
[INFO] running `Command { std: "docker" "create" "-v" "/var/lib/crater-agent-workspace/builds/worker-1-tc2/target:/opt/rustwide/target:rw,Z" "-v" "/var/lib/crater-agent-workspace/builds/worker-1-tc2/source:/opt/rustwide/workdir:ro,Z" "-v" "/var/lib/crater-agent-workspace/cargo-home:/opt/rustwide/cargo-home:ro,Z" "-v" "/var/lib/crater-agent-workspace/rustup-home:/opt/rustwide/rustup-home:ro,Z" "-e" "SOURCE_DIR=/opt/rustwide/workdir" "-e" "CARGO_TARGET_DIR=/opt/rustwide/target" "-e" "CARGO_INCREMENTAL=0" "-e" "RUST_BACKTRACE=full" "-e" "RUSTFLAGS=--cap-lints=warn" "-e" "RUSTDOCFLAGS=--cap-lints=warn" "-e" "CARGO_HOME=/opt/rustwide/cargo-home" "-e" "RUSTUP_HOME=/opt/rustwide/rustup-home" "-w" "/opt/rustwide/workdir" "-m" "1610612736" "--user" "0:0" "--network" "none" "ghcr.io/rust-lang/crates-build-env/linux@sha256:f3a9d4ad9d972b27faf3965f35b62e55ba32bbce8f20bc8fe909558a86702fde" "/opt/rustwide/cargo-home/bin/cargo" "+beta-2024-12-08" "test" "--frozen", kill_on_drop: false }`
[INFO] [stdout] 74356dc49c8afb301bc5d70eac236d6f90d3dc3739b44967e6e8d8230660c2fc
[INFO] running `Command { std: "docker" "start" "-a" "74356dc49c8afb301bc5d70eac236d6f90d3dc3739b44967e6e8d8230660c2fc", kill_on_drop: false }`
[INFO] [stderr]     Finished `test` profile [unoptimized + debuginfo] target(s) in 0.09s
[INFO] [stderr]      Running unittests src/lib.rs (/opt/rustwide/target/debug/deps/dioxus_lib-c178152498f045f4)
[INFO] [stdout] 
[INFO] [stdout] running 0 tests
[INFO] [stdout] 
[INFO] [stdout] test result: ok. 0 passed; 0 failed; 0 ignored; 0 measured; 0 filtered out; finished in 0.00s
[INFO] [stdout] 
[INFO] [stderr]    Doc-tests dioxus_lib
[INFO] [stdout] 
[INFO] [stdout] running 13 tests
[INFO] [stdout] test src/lib.rs - (line 104) ... ignored
[INFO] [stdout] test src/lib.rs - (line 114) ... ignored
[INFO] [stdout] test src/lib.rs - (line 137) ... ignored
[INFO] [stdout] test src/lib.rs - (line 152) ... ignored
[INFO] [stdout] test src/lib.rs - (line 174) ... ignored
[INFO] [stdout] test src/lib.rs - (line 189) ... ignored
[INFO] [stdout] test src/lib.rs - (line 204) ... ignored
[INFO] [stdout] test src/lib.rs - (line 226) ... ignored
[INFO] [stdout] test src/lib.rs - (line 235) ... ignored
[INFO] [stdout] test src/lib.rs - (line 247) ... ignored
[INFO] [stdout] test src/lib.rs - (line 78) ... ignored
[INFO] [stdout] test src/lib.rs - (line 92) ... ignored
[INFO] [stdout] test src/lib.rs - (line 52) - compile ... FAILED
[INFO] [stdout] 
[INFO] [stdout] failures:
[INFO] [stdout] 
[INFO] [stdout] ---- src/lib.rs - (line 52) stdout ----
[INFO] [stdout] error[E0433]: failed to resolve: use of undeclared crate or module `dioxus`
[INFO] [stdout]  --> src/lib.rs:53:5
[INFO] [stdout]   |
[INFO] [stdout] 2 | use dioxus::prelude::*;
[INFO] [stdout]   |     ^^^^^^ use of undeclared crate or module `dioxus`
[INFO] [stdout] 
[INFO] [stdout] error: cannot find attribute `component` in this scope
[INFO] [stdout]   --> src/lib.rs:61:3
[INFO] [stdout]    |
[INFO] [stdout] 10 | #[component]
[INFO] [stdout]    |   ^^^^^^^^^
[INFO] [stdout]    |
[INFO] [stdout] help: consider importing one of these attribute macros
[INFO] [stdout]    |
[INFO] [stdout] 2  + use dioxus_core_macro::component;
[INFO] [stdout]    |
[INFO] [stdout] 2  + use dioxus_lib::prelude::component;
[INFO] [stdout]    |
[INFO] [stdout] 
[INFO] [stdout] error: cannot find macro `rsx` in this scope
[INFO] [stdout]   --> src/lib.rs:63:5
[INFO] [stdout]    |
[INFO] [stdout] 12 |     rsx! { "hello world!" }
[INFO] [stdout]    |     ^^^
[INFO] [stdout]    |
[INFO] [stdout] help: consider importing one of these macros
[INFO] [stdout]    |
[INFO] [stdout] 2  + use dioxus_core_macro::rsx;
[INFO] [stdout]    |
[INFO] [stdout] 2  + use dioxus_lib::prelude::rsx;
[INFO] [stdout]    |
[INFO] [stdout] 
[INFO] [stdout] error[E0412]: cannot find type `Element` in this scope
[INFO] [stdout]   --> src/lib.rs:62:13
[INFO] [stdout]    |
[INFO] [stdout] 11 | fn App() -> Element {
[INFO] [stdout]    |             ^^^^^^^ not found in this scope
[INFO] [stdout]    |
[INFO] [stdout] help: consider importing one of these items
[INFO] [stdout]    |
[INFO] [stdout] 2  + use dioxus_core::Element;
[INFO] [stdout]    |
[INFO] [stdout] 2  + use dioxus_lib::prelude::Element;
[INFO] [stdout]    |
[INFO] [stdout] 2  + use dioxus_rsx::Element;
[INFO] [stdout]    |
[INFO] [stdout] 
[INFO] [stdout] error[E0433]: failed to resolve: use of undeclared crate or module `dioxus`
[INFO] [stdout]  --> src/lib.rs:56:5
[INFO] [stdout]   |
[INFO] [stdout] 5 |     dioxus::launch(App);
[INFO] [stdout]   |     ^^^^^^ use of undeclared crate or module `dioxus`
[INFO] [stdout] 
[INFO] [stdout] error: aborting due to 5 previous errors
[INFO] [stdout] 
[INFO] [stdout] Some errors have detailed explanations: E0412, E0433.
[INFO] [stdout] For more information about an error, try `rustc --explain E0412`.
[INFO] [stdout] Couldn't compile the test.
[INFO] [stdout] 
[INFO] [stdout] failures:
[INFO] [stdout]     src/lib.rs - (line 52)
[INFO] [stdout] 
[INFO] [stdout] test result: FAILED. 0 passed; 1 failed; 12 ignored; 0 measured; 0 filtered out; finished in 0.24s
[INFO] [stdout] 
[INFO] [stderr] error: doctest failed, to rerun pass `--doc`
[INFO] running `Command { std: "docker" "inspect" "74356dc49c8afb301bc5d70eac236d6f90d3dc3739b44967e6e8d8230660c2fc", kill_on_drop: false }`
[INFO] running `Command { std: "docker" "rm" "-f" "74356dc49c8afb301bc5d70eac236d6f90d3dc3739b44967e6e8d8230660c2fc", kill_on_drop: false }`
[INFO] [stdout] 74356dc49c8afb301bc5d70eac236d6f90d3dc3739b44967e6e8d8230660c2fc
