[INFO] fetching crate dioxus-fullstack 0.6.0...
[INFO] testing dioxus-fullstack-0.6.0 against 1.83.0 for beta-1.84.0-4-retry
[INFO] extracting crate dioxus-fullstack 0.6.0 into /workspace/builds/worker-5-tc1/source
[INFO] validating manifest of crates.io crate dioxus-fullstack 0.6.0 on toolchain 1.83.0
[INFO] running `Command { std: CARGO_HOME="/workspace/cargo-home" RUSTUP_HOME="/workspace/rustup-home" "/workspace/cargo-home/bin/cargo" "+1.83.0" "metadata" "--manifest-path" "Cargo.toml" "--no-deps", kill_on_drop: false }`
[INFO] started tweaking crates.io crate dioxus-fullstack 0.6.0
[INFO] finished tweaking crates.io crate dioxus-fullstack 0.6.0
[INFO] tweaked toml for crates.io crate dioxus-fullstack 0.6.0 written to /workspace/builds/worker-5-tc1/source/Cargo.toml
[INFO] running `Command { std: CARGO_HOME="/workspace/cargo-home" RUSTUP_HOME="/workspace/rustup-home" "/workspace/cargo-home/bin/cargo" "+1.83.0" "generate-lockfile" "--manifest-path" "Cargo.toml", kill_on_drop: false }`
[INFO] [stderr]     Updating crates.io index
[INFO] [stderr]     Blocking waiting for file lock on package cache
[INFO] [stderr]      Locking 557 packages to latest compatible versions
[INFO] [stderr]       Adding server_fn v0.6.15 (available: v0.7.0)
[INFO] [stderr]       Adding tao v0.30.0 (available: v0.30.8)
[INFO] [stderr]       Adding thiserror v1.0.69 (available: v2.0.7)
[INFO] [stderr]       Adding toml v0.8.2 (available: v0.8.19)
[INFO] [stderr]       Adding toml_datetime v0.6.3 (available: v0.6.8)
[INFO] [stderr]       Adding toml_edit v0.20.2 (available: v0.20.7)
[INFO] [stderr]       Adding tower v0.4.13 (available: v0.5.2)
[INFO] [stderr]       Adding tower-http v0.5.2 (available: v0.6.2)
[INFO] [stderr]       Adding zbus v4.0.1 (available: v4.4.0)
[INFO] [stderr]       Adding zbus_macros v4.0.1 (available: v4.4.0)
[INFO] [stderr]       Adding zvariant v4.0.0 (available: v4.2.0)
[INFO] [stderr]       Adding zvariant_derive v4.0.0 (available: v4.2.0)
[INFO] [stderr]       Adding zvariant_utils v1.1.0 (available: v1.1.1)
[INFO] running `Command { std: CARGO_HOME="/workspace/cargo-home" RUSTUP_HOME="/workspace/rustup-home" "/workspace/cargo-home/bin/cargo" "+1.83.0" "fetch" "--manifest-path" "Cargo.toml", kill_on_drop: false }`
[INFO] [stderr]     Blocking waiting for file lock on package cache
[INFO] [stderr]  Downloading crates ...
[INFO] [stderr]   Downloaded dioxus_server_macro v0.6.0
[INFO] [stderr]   Downloaded generational-box v0.6.0
[INFO] [stderr]   Downloaded lazy-js-bundle v0.6.0
[INFO] [stderr]   Downloaded http-range-header v0.4.2
[INFO] [stderr]   Downloaded dioxus-web v0.6.0
[INFO] [stderr]   Downloaded dioxus-config-macro v0.6.0
[INFO] [stderr]   Downloaded gdkwayland-sys v0.18.2
[INFO] [stderr]   Downloaded tao-macros v0.1.3
[INFO] [stderr]   Downloaded webview2-com-macros v0.8.0
[INFO] [stderr]   Downloaded dioxus-lib v0.6.0
[INFO] [stderr]   Downloaded dioxus-mobile v0.6.0
[INFO] [stderr]   Downloaded dioxus-isrg v0.6.0
[INFO] [stderr]   Downloaded javascriptcore-rs v1.1.2
[INFO] [stderr]   Downloaded kuchikiki v0.8.2
[INFO] [stderr]   Downloaded gdkx11 v0.18.2
[INFO] [stderr]   Downloaded global-hotkey v0.5.5
[INFO] [stderr]   Downloaded muda v0.11.5
[INFO] [stderr]   Downloaded zvariant v4.0.0
[INFO] [stderr]   Downloaded zbus v4.0.1
[INFO] [stderr]   Downloaded gtk-sys v0.18.2
[INFO] [stderr]   Downloaded wry v0.45.0
[INFO] [stderr]   Downloaded dioxus-ssr v0.6.0
[INFO] [stderr]   Downloaded muda v0.15.3
[INFO] [stderr]   Downloaded gdk-sys v0.18.2
[INFO] [stderr]   Downloaded zbus_macros v4.0.1
[INFO] [stderr]   Downloaded gtk v0.18.2
[INFO] [stderr]   Downloaded dioxus-desktop v0.6.0
[INFO] [stderr]   Downloaded dioxus-html-internal-macro v0.6.0
[INFO] [stderr]   Downloaded tray-icon v0.19.2
[INFO] [stderr]   Downloaded gdk v0.18.2
[INFO] [stderr]   Downloaded webkit2gtk v2.0.1
[INFO] [stderr]   Downloaded dioxus-rsx v0.6.0
[INFO] [stderr]   Downloaded dioxus-core-macro v0.6.0
[INFO] [stderr]   Downloaded dioxus-html v0.6.0
[INFO] [stderr]   Downloaded soup3 v0.5.0
[INFO] [stderr]   Downloaded webkit2gtk-sys v2.0.1
[INFO] [stderr]   Downloaded dioxus-document v0.6.0
[INFO] [stderr]   Downloaded dioxus-hooks v0.6.0
[INFO] [stderr]   Downloaded atk v0.18.2
[INFO] [stderr]   Downloaded dioxus-interpreter-js v0.6.0
[INFO] [stderr]   Downloaded javascriptcore-rs-sys v1.1.1
[INFO] [stderr]   Downloaded webview2-com v0.33.0
[INFO] [stderr]   Downloaded dioxus-signals v0.6.0
[INFO] [stderr]   Downloaded zvariant_derive v4.0.0
[INFO] [stderr]   Downloaded gdkx11-sys v0.18.2
[INFO] [stderr]   Downloaded gtk3-macros v0.18.2
[INFO] [stderr]   Downloaded atk-sys v0.18.2
[INFO] [stderr]   Downloaded soup3-sys v0.5.0
[INFO] [stderr]   Downloaded dioxus-history v0.6.0
[INFO] [stderr]   Downloaded dioxus-core v0.6.0
[INFO] [stderr]   Downloaded dioxus-core-types v0.6.0
[INFO] [stderr]   Downloaded dioxus-cli-config v0.6.0
[INFO] [stderr]   Downloaded dioxus-devtools-types v0.6.0
[INFO] [stderr]   Downloaded dioxus-devtools v0.6.0
[INFO] [stderr]   Downloaded webview2-com-sys v0.33.0
[INFO] [stderr]   Downloaded tao v0.30.0
[INFO] running `Command { std: "docker" "create" "-v" "/var/lib/crater-agent-workspace/builds/worker-5-tc1/target:/opt/rustwide/target:rw,Z" "-v" "/var/lib/crater-agent-workspace/builds/worker-5-tc1/source:/opt/rustwide/workdir:ro,Z" "-v" "/var/lib/crater-agent-workspace/cargo-home:/opt/rustwide/cargo-home:ro,Z" "-v" "/var/lib/crater-agent-workspace/rustup-home:/opt/rustwide/rustup-home:ro,Z" "-e" "SOURCE_DIR=/opt/rustwide/workdir" "-e" "CARGO_TARGET_DIR=/opt/rustwide/target" "-e" "CARGO_HOME=/opt/rustwide/cargo-home" "-e" "RUSTUP_HOME=/opt/rustwide/rustup-home" "-w" "/opt/rustwide/workdir" "-m" "1610612736" "--user" "0:0" "--network" "none" "ghcr.io/rust-lang/crates-build-env/linux@sha256:f3a9d4ad9d972b27faf3965f35b62e55ba32bbce8f20bc8fe909558a86702fde" "/opt/rustwide/cargo-home/bin/cargo" "+1.83.0" "metadata" "--no-deps" "--format-version=1", kill_on_drop: false }`
[INFO] [stdout] 9af943adfb1b742109b42a8d5303831d20d0377a72b049c579cdd19ad66694af
[INFO] running `Command { std: "docker" "start" "-a" "9af943adfb1b742109b42a8d5303831d20d0377a72b049c579cdd19ad66694af", kill_on_drop: false }`
[INFO] running `Command { std: "docker" "inspect" "9af943adfb1b742109b42a8d5303831d20d0377a72b049c579cdd19ad66694af", kill_on_drop: false }`
[INFO] running `Command { std: "docker" "rm" "-f" "9af943adfb1b742109b42a8d5303831d20d0377a72b049c579cdd19ad66694af", kill_on_drop: false }`
[INFO] [stdout] 9af943adfb1b742109b42a8d5303831d20d0377a72b049c579cdd19ad66694af
[INFO] running `Command { std: "docker" "create" "-v" "/var/lib/crater-agent-workspace/builds/worker-5-tc1/target:/opt/rustwide/target:rw,Z" "-v" "/var/lib/crater-agent-workspace/builds/worker-5-tc1/source:/opt/rustwide/workdir:ro,Z" "-v" "/var/lib/crater-agent-workspace/cargo-home:/opt/rustwide/cargo-home:ro,Z" "-v" "/var/lib/crater-agent-workspace/rustup-home:/opt/rustwide/rustup-home:ro,Z" "-e" "SOURCE_DIR=/opt/rustwide/workdir" "-e" "CARGO_TARGET_DIR=/opt/rustwide/target" "-e" "CARGO_INCREMENTAL=0" "-e" "RUST_BACKTRACE=full" "-e" "RUSTFLAGS=--cap-lints=warn" "-e" "RUSTDOCFLAGS=--cap-lints=warn" "-e" "CARGO_HOME=/opt/rustwide/cargo-home" "-e" "RUSTUP_HOME=/opt/rustwide/rustup-home" "-w" "/opt/rustwide/workdir" "-m" "1610612736" "--user" "0:0" "--network" "none" "ghcr.io/rust-lang/crates-build-env/linux@sha256:f3a9d4ad9d972b27faf3965f35b62e55ba32bbce8f20bc8fe909558a86702fde" "/opt/rustwide/cargo-home/bin/cargo" "+1.83.0" "build" "--frozen" "--message-format=json", kill_on_drop: false }`
[INFO] [stdout] 74b4ff54fc6e9384bcba59d3c7bbf197d0b41be50a8fc4531d64d05163b9f081
[INFO] running `Command { std: "docker" "start" "-a" "74b4ff54fc6e9384bcba59d3c7bbf197d0b41be50a8fc4531d64d05163b9f081", kill_on_drop: false }`
[INFO] [stderr]    Compiling proc-macro2 v1.0.92
[INFO] [stderr]    Compiling unicode-ident v1.0.14
[INFO] [stderr]    Compiling cfg-if v1.0.0
[INFO] [stderr]    Compiling version_check v0.9.5
[INFO] [stderr]    Compiling autocfg v1.4.0
[INFO] [stderr]    Compiling once_cell v1.20.2
[INFO] [stderr]    Compiling libc v0.2.168
[INFO] [stderr]    Compiling serde v1.0.216
[INFO] [stderr]    Compiling smallvec v1.13.2
[INFO] [stderr]    Compiling pin-project-lite v0.2.15
[INFO] [stderr]    Compiling futures-core v0.3.31
[INFO] [stderr]    Compiling memchr v2.7.4
[INFO] [stderr]    Compiling futures-sink v0.3.31
[INFO] [stderr]    Compiling unicode-xid v0.2.6
[INFO] [stderr]    Compiling parking_lot_core v0.9.10
[INFO] [stderr]    Compiling futures-task v0.3.31
[INFO] [stderr]    Compiling scopeguard v1.2.0
[INFO] [stderr]    Compiling futures-channel v0.3.31
[INFO] [stderr]    Compiling pin-utils v0.1.0
[INFO] [stderr]    Compiling futures-io v0.3.31
[INFO] [stderr]    Compiling wasm-bindgen-shared v0.2.99
[INFO] [stderr]    Compiling log v0.4.22
[INFO] [stderr]    Compiling stable_deref_trait v1.2.0
[INFO] [stderr]    Compiling fnv v1.0.7
[INFO] [stderr]    Compiling rustversion v1.0.18
[INFO] [stderr]    Compiling bumpalo v3.16.0
[INFO] [stderr]    Compiling unicode-segmentation v1.12.0
[INFO] [stderr]    Compiling typenum v1.17.0
[INFO] [stderr]    Compiling writeable v0.5.5
[INFO] [stderr]    Compiling tracing-core v0.1.33
[INFO] [stderr]    Compiling dioxus-core-types v0.6.0
[INFO] [stderr]    Compiling rustc-hash v1.1.0
[INFO] [stderr]    Compiling longest-increasing-subsequence v0.1.0
[INFO] [stderr]    Compiling slotmap v1.0.7
[INFO] [stderr]    Compiling proc-macro2-diagnostics v0.10.1
[INFO] [stderr]    Compiling litemap v0.7.4
[INFO] [stderr]    Compiling itoa v1.0.14
[INFO] [stderr]    Compiling wasm-bindgen v0.2.99
[INFO] [stderr]    Compiling slab v0.4.9
[INFO] [stderr]    Compiling lock_api v0.4.12
[INFO] [stderr]    Compiling generic-array v0.14.7
[INFO] [stderr]    Compiling serde_json v1.0.133
[INFO] [stderr]    Compiling ident_case v1.0.1
[INFO] [stderr]    Compiling ryu v1.0.18
[INFO] [stderr]    Compiling thiserror v1.0.69
[INFO] [stderr]    Compiling icu_locid_transform_data v1.5.0
[INFO] [stderr]    Compiling num-traits v0.2.19
[INFO] [stderr]    Compiling byteorder v1.5.0
[INFO] [stderr]    Compiling convert_case v0.6.0
[INFO] [stderr]    Compiling icu_properties_data v1.5.0
[INFO] [stderr]    Compiling utf16_iter v1.0.5
[INFO] [stderr]    Compiling write16 v1.0.0
[INFO] [stderr]    Compiling bytes v1.9.0
[INFO] [stderr]    Compiling icu_normalizer_data v1.5.0
[INFO] [stderr]    Compiling utf8_iter v1.0.4
[INFO] [stderr]    Compiling xxhash-rust v0.8.12
[INFO] [stderr]    Compiling percent-encoding v2.3.1
[INFO] [stderr]    Compiling bitflags v2.6.0
[INFO] [stderr]    Compiling httparse v1.9.5
[INFO] [stderr]    Compiling lazy-js-bundle v0.6.0
[INFO] [stderr]    Compiling quote v1.0.37
[INFO] [stderr]    Compiling cpufeatures v0.2.16
[INFO] [stderr]    Compiling half v2.4.1
[INFO] [stderr]    Compiling keyboard-types v0.7.0
[INFO] [stderr]    Compiling form_urlencoded v1.2.1
[INFO] [stderr]    Compiling data-encoding v2.6.0
[INFO] [stderr]    Compiling utf-8 v0.7.6
[INFO] [stderr]    Compiling ciborium-io v0.2.2
[INFO] [stderr]    Compiling getrandom v0.2.15
[INFO] [stderr]    Compiling hashbrown v0.14.5
[INFO] [stderr]    Compiling syn v2.0.90
[INFO] [stderr]    Compiling rand_core v0.6.4
[INFO] [stderr]    Compiling dioxus-document v0.6.0
[INFO] [stderr]    Compiling parking_lot v0.12.3
[INFO] [stderr]    Compiling ciborium-ll v0.2.2
[INFO] [stderr]    Compiling send_wrapper v0.6.0
[INFO] [stderr]    Compiling http v1.2.0
[INFO] [stderr]    Compiling base64 v0.22.1
[INFO] [stderr]    Compiling dashmap v5.5.3
[INFO] [stderr]    Compiling const_format_proc_macros v0.2.34
[INFO] [stderr]    Compiling dioxus-config-macro v0.6.0
[INFO] [stderr]    Compiling euclid v0.22.11
[INFO] [stderr]    Compiling const_format v0.2.34
[INFO] [stderr]    Compiling crypto-common v0.1.6
[INFO] [stderr]    Compiling block-buffer v0.10.4
[INFO] [stderr]    Compiling digest v0.10.7
[INFO] [stderr]    Compiling sha1 v0.10.6
[INFO] [stderr]    Compiling synstructure v0.13.1
[INFO] [stderr]    Compiling wasm-bindgen-backend v0.2.99
[INFO] [stderr]    Compiling darling_core v0.20.10
[INFO] [stderr]    Compiling server_fn_macro v0.6.15
[INFO] [stderr]    Compiling dioxus-rsx v0.6.0
[INFO] [stderr]    Compiling serde_derive v1.0.216
[INFO] [stderr]    Compiling futures-macro v0.3.31
[INFO] [stderr]    Compiling zerofrom-derive v0.1.5
[INFO] [stderr]    Compiling pin-project-internal v1.1.7
[INFO] [stderr]    Compiling yoke-derive v0.7.5
[INFO] [stderr]    Compiling tracing-attributes v0.1.28
[INFO] [stderr]    Compiling zerovec-derive v0.10.3
[INFO] [stderr]    Compiling displaydoc v0.2.5
[INFO] [stderr]    Compiling warnings-macro v0.2.0
[INFO] [stderr]    Compiling icu_provider_macros v1.5.0
[INFO] [stderr]    Compiling zerocopy-derive v0.7.35
[INFO] [stderr]    Compiling wasm-bindgen-macro-support v0.2.99
[INFO] [stderr]    Compiling thiserror-impl v1.0.69
[INFO] [stderr]    Compiling futures-util v0.3.31
[INFO] [stderr]    Compiling dioxus-html-internal-macro v0.6.0
[INFO] [stderr]    Compiling server_fn_macro_default v0.6.15
[INFO] [stderr]    Compiling dioxus_server_macro v0.6.0
[INFO] [stderr]    Compiling pin-project v1.1.7
[INFO] [stderr]    Compiling zerocopy v0.7.35
[INFO] [stderr]    Compiling wasm-bindgen-macro v0.2.99
[INFO] [stderr]    Compiling dioxus-core-macro v0.6.0
[INFO] [stderr]    Compiling zerofrom v0.1.5
[INFO] [stderr]    Compiling yoke v0.7.5
[INFO] [stderr]    Compiling darling_macro v0.20.10
[INFO] [stderr]    Compiling zerovec v0.10.4
[INFO] [stderr]    Compiling tracing v0.1.41
[INFO] [stderr]    Compiling generational-box v0.6.0
[INFO] [stderr]    Compiling warnings v0.2.1
[INFO] [stderr]    Compiling ppv-lite86 v0.2.20
[INFO] [stderr]    Compiling rand_chacha v0.3.1
[INFO] [stderr]    Compiling darling v0.20.10
[INFO] [stderr]    Compiling enumset_derive v0.10.0
[INFO] [stderr]    Compiling rand v0.8.5
[INFO] [stderr]    Compiling tinystr v0.7.6
[INFO] [stderr]    Compiling icu_collections v1.5.0
[INFO] [stderr]    Compiling icu_locid v1.5.0
[INFO] [stderr]    Compiling js-sys v0.3.76
[INFO] [stderr]    Compiling futures-executor v0.3.31
[INFO] [stderr]    Compiling icu_provider v1.5.0
[INFO] [stderr]    Compiling futures v0.3.31
[INFO] [stderr]    Compiling tungstenite v0.23.0
[INFO] [stderr]    Compiling enumset v1.1.5
[INFO] [stderr]    Compiling icu_locid_transform v1.5.0
[INFO] [stderr]    Compiling icu_properties v1.5.1
[INFO] [stderr]    Compiling serde_qs v0.12.0
[INFO] [stderr]    Compiling ciborium v0.2.2
[INFO] [stderr]    Compiling dioxus-core v0.6.0
[INFO] [stderr]    Compiling web-sys v0.3.76
[INFO] [stderr]    Compiling wasm-bindgen-futures v0.4.49
[INFO] [stderr]    Compiling icu_normalizer v1.5.0
[INFO] [stderr]    Compiling idna_adapter v1.2.0
[INFO] [stderr]    Compiling idna v1.0.3
[INFO] [stderr]    Compiling url v2.5.4
[INFO] [stderr]    Compiling dioxus-signals v0.6.0
[INFO] [stderr]    Compiling dioxus-devtools-types v0.6.0
[INFO] [stderr]    Compiling dioxus-history v0.6.0
[INFO] [stderr]    Compiling dioxus-hooks v0.6.0
[INFO] [stderr]    Compiling dioxus-devtools v0.6.0
[INFO] [stderr]    Compiling dioxus-html v0.6.0
[INFO] [stderr]    Compiling dioxus-lib v0.6.0
[INFO] [stderr]    Compiling gloo-utils v0.2.0
[INFO] [stderr]    Compiling gloo-net v0.6.0
[INFO] [stderr]    Compiling wasm-streams v0.4.2
[INFO] [stderr]    Compiling server_fn v0.6.15
[INFO] [stderr]    Compiling dioxus-fullstack v0.6.0 (/opt/rustwide/workdir)
[INFO] [stderr]     Finished `dev` profile [unoptimized + debuginfo] target(s) in 59.54s
[INFO] running `Command { std: "docker" "inspect" "74b4ff54fc6e9384bcba59d3c7bbf197d0b41be50a8fc4531d64d05163b9f081", kill_on_drop: false }`
[INFO] running `Command { std: "docker" "rm" "-f" "74b4ff54fc6e9384bcba59d3c7bbf197d0b41be50a8fc4531d64d05163b9f081", kill_on_drop: false }`
[INFO] [stdout] 74b4ff54fc6e9384bcba59d3c7bbf197d0b41be50a8fc4531d64d05163b9f081
[INFO] running `Command { std: "docker" "create" "-v" "/var/lib/crater-agent-workspace/builds/worker-5-tc1/target:/opt/rustwide/target:rw,Z" "-v" "/var/lib/crater-agent-workspace/builds/worker-5-tc1/source:/opt/rustwide/workdir:ro,Z" "-v" "/var/lib/crater-agent-workspace/cargo-home:/opt/rustwide/cargo-home:ro,Z" "-v" "/var/lib/crater-agent-workspace/rustup-home:/opt/rustwide/rustup-home:ro,Z" "-e" "SOURCE_DIR=/opt/rustwide/workdir" "-e" "CARGO_TARGET_DIR=/opt/rustwide/target" "-e" "CARGO_INCREMENTAL=0" "-e" "RUST_BACKTRACE=full" "-e" "RUSTFLAGS=--cap-lints=warn" "-e" "RUSTDOCFLAGS=--cap-lints=warn" "-e" "CARGO_HOME=/opt/rustwide/cargo-home" "-e" "RUSTUP_HOME=/opt/rustwide/rustup-home" "-w" "/opt/rustwide/workdir" "-m" "1610612736" "--user" "0:0" "--network" "none" "ghcr.io/rust-lang/crates-build-env/linux@sha256:f3a9d4ad9d972b27faf3965f35b62e55ba32bbce8f20bc8fe909558a86702fde" "/opt/rustwide/cargo-home/bin/cargo" "+1.83.0" "test" "--frozen" "--no-run" "--message-format=json", kill_on_drop: false }`
[INFO] [stdout] 63b05099b55889d62bfdcf4465783c0ba80758e1ac14694e62f992df06ae6118
[INFO] running `Command { std: "docker" "start" "-a" "63b05099b55889d62bfdcf4465783c0ba80758e1ac14694e62f992df06ae6118", kill_on_drop: false }`
[INFO] [stderr]    Compiling dioxus-fullstack v0.6.0 (/opt/rustwide/workdir)
[INFO] [stderr]     Finished `test` profile [unoptimized + debuginfo] target(s) in 1.16s
[INFO] running `Command { std: "docker" "inspect" "63b05099b55889d62bfdcf4465783c0ba80758e1ac14694e62f992df06ae6118", kill_on_drop: false }`
[INFO] running `Command { std: "docker" "rm" "-f" "63b05099b55889d62bfdcf4465783c0ba80758e1ac14694e62f992df06ae6118", kill_on_drop: false }`
[INFO] [stdout] 63b05099b55889d62bfdcf4465783c0ba80758e1ac14694e62f992df06ae6118
[INFO] running `Command { std: "docker" "create" "-v" "/var/lib/crater-agent-workspace/builds/worker-5-tc1/target:/opt/rustwide/target:rw,Z" "-v" "/var/lib/crater-agent-workspace/builds/worker-5-tc1/source:/opt/rustwide/workdir:ro,Z" "-v" "/var/lib/crater-agent-workspace/cargo-home:/opt/rustwide/cargo-home:ro,Z" "-v" "/var/lib/crater-agent-workspace/rustup-home:/opt/rustwide/rustup-home:ro,Z" "-e" "SOURCE_DIR=/opt/rustwide/workdir" "-e" "CARGO_TARGET_DIR=/opt/rustwide/target" "-e" "CARGO_INCREMENTAL=0" "-e" "RUST_BACKTRACE=full" "-e" "RUSTFLAGS=--cap-lints=warn" "-e" "RUSTDOCFLAGS=--cap-lints=warn" "-e" "CARGO_HOME=/opt/rustwide/cargo-home" "-e" "RUSTUP_HOME=/opt/rustwide/rustup-home" "-w" "/opt/rustwide/workdir" "-m" "1610612736" "--user" "0:0" "--network" "none" "ghcr.io/rust-lang/crates-build-env/linux@sha256:f3a9d4ad9d972b27faf3965f35b62e55ba32bbce8f20bc8fe909558a86702fde" "/opt/rustwide/cargo-home/bin/cargo" "+1.83.0" "test" "--frozen", kill_on_drop: false }`
[INFO] [stdout] e34973a7cd485a5707791f67b03b6cc441ace961550c21d12da2ba052b136399
[INFO] running `Command { std: "docker" "start" "-a" "e34973a7cd485a5707791f67b03b6cc441ace961550c21d12da2ba052b136399", kill_on_drop: false }`
[INFO] [stderr]     Finished `test` profile [unoptimized + debuginfo] target(s) in 0.40s
[INFO] [stderr]      Running unittests src/lib.rs (/opt/rustwide/target/debug/deps/dioxus_fullstack-028c187f6fb5a8f5)
[INFO] [stdout] 
[INFO] [stdout] running 0 tests
[INFO] [stdout] 
[INFO] [stdout] test result: ok. 0 passed; 0 failed; 0 ignored; 0 measured; 0 filtered out; finished in 0.00s
[INFO] [stdout] 
[INFO] [stderr]    Doc-tests dioxus_fullstack
[INFO] [stdout] 
[INFO] [stdout] running 5 tests
[INFO] [stdout] test src/../README.md - (line 86) - compile ... FAILED
[INFO] [stdout] test src/hooks/server_future.rs - hooks::server_future::use_server_future (line 15) - compile ... FAILED
[INFO] [stdout] test src/../README.md - (line 35) - compile ... FAILED
[INFO] [stdout] test src/hooks/server_future.rs - hooks::server_future::use_server_future (line 41) - compile ... FAILED
[INFO] [stdout] test src/hooks/server_cached.rs - hooks::server_cached::use_server_cached (line 11) ... ok
[INFO] [stdout] 
[INFO] [stdout] failures:
[INFO] [stdout] 
[INFO] [stdout] ---- src/../README.md - (line 86) stdout ----
[INFO] [stdout] error[E0433]: failed to resolve: use of undeclared crate or module `dioxus`
[INFO] [stdout]  --> src/../README.md:88:5
[INFO] [stdout]   |
[INFO] [stdout] 3 | use dioxus::prelude::*;
[INFO] [stdout]   |     ^^^^^^ use of undeclared crate or module `dioxus`
[INFO] [stdout] 
[INFO] [stdout] error: cannot find attribute `server` in this scope
[INFO] [stdout]   --> src/../README.md:133:3
[INFO] [stdout]    |
[INFO] [stdout] 48 | #[server]
[INFO] [stdout]    |   ^^^^^^
[INFO] [stdout]    |
[INFO] [stdout] help: consider importing one of these attribute macros
[INFO] [stdout]    |
[INFO] [stdout] 3  + use dioxus_fullstack::prelude::server;
[INFO] [stdout]    |
[INFO] [stdout] 3  + use dioxus_server_macro::server;
[INFO] [stdout]    |
[INFO] [stdout] 
[INFO] [stdout] error: cannot find attribute `component` in this scope
[INFO] [stdout]   --> src/../README.md:116:3
[INFO] [stdout]    |
[INFO] [stdout] 31 | #[component]
[INFO] [stdout]    |   ^^^^^^^^^
[INFO] [stdout]    |
[INFO] [stdout] help: consider importing this attribute macro
[INFO] [stdout]    |
[INFO] [stdout] 3  + use dioxus_lib::prelude::component;
[INFO] [stdout]    |
[INFO] [stdout] 
[INFO] [stdout] error: cannot find macro `rsx` in this scope
[INFO] [stdout]   --> src/../README.md:120:5
[INFO] [stdout]    |
[INFO] [stdout] 35 |     rsx! {
[INFO] [stdout]    |     ^^^
[INFO] [stdout]    |
[INFO] [stdout] help: consider importing this macro
[INFO] [stdout]    |
[INFO] [stdout] 3  + use dioxus_lib::prelude::rsx;
[INFO] [stdout]    |
[INFO] [stdout] 
[INFO] [stdout] error[E0412]: cannot find type `Element` in this scope
[INFO] [stdout]   --> src/../README.md:117:13
[INFO] [stdout]    |
[INFO] [stdout] 32 | fn App() -> Element {
[INFO] [stdout]    |             ^^^^^^^ not found in this scope
[INFO] [stdout]    |
[INFO] [stdout] help: consider importing this type alias
[INFO] [stdout]    |
[INFO] [stdout] 3  + use dioxus_lib::prelude::Element;
[INFO] [stdout]    |
[INFO] [stdout] 
[INFO] [stdout] error[E0425]: cannot find function `use_signal` in this scope
[INFO] [stdout]   --> src/../README.md:118:23
[INFO] [stdout]    |
[INFO] [stdout] 33 |     let mut meaning = use_signal(|| None);
[INFO] [stdout]    |                       ^^^^^^^^^^ not found in this scope
[INFO] [stdout]    |
[INFO] [stdout] help: consider importing this function
[INFO] [stdout]    |
[INFO] [stdout] 3  + use dioxus_lib::prelude::use_signal;
[INFO] [stdout]    |
[INFO] [stdout] 
[INFO] [stdout] error[E0412]: cannot find type `ServerFnError` in this scope
[INFO] [stdout]   --> src/../README.md:134:57
[INFO] [stdout]    |
[INFO] [stdout] 49 | async fn get_meaning(of: String) -> Result<Option<u32>, ServerFnError> {
[INFO] [stdout]    |                                                         ^^^^^^^^^^^^^ not found in this scope
[INFO] [stdout]    |
[INFO] [stdout] help: consider importing one of these enums
[INFO] [stdout]    |
[INFO] [stdout] 3  + use dioxus_fullstack::prelude::ServerFnError;
[INFO] [stdout]    |
[INFO] [stdout] 3  + use server_fn::ServerFnError;
[INFO] [stdout]    |
[INFO] [stdout] 
[INFO] [stdout] error[E0433]: failed to resolve: use of undeclared crate or module `dioxus`
[INFO] [stdout]   --> src/../README.md:113:5
[INFO] [stdout]    |
[INFO] [stdout] 28 |     dioxus::launch(App);
[INFO] [stdout]    |     ^^^^^^ use of undeclared crate or module `dioxus`
[INFO] [stdout] 
[INFO] [stdout] error: aborting due to 8 previous errors
[INFO] [stdout] 
[INFO] [stdout] Some errors have detailed explanations: E0412, E0425, E0433.
[INFO] [stdout] For more information about an error, try `rustc --explain E0412`.
[INFO] [stdout] Couldn't compile the test.
[INFO] [stdout] ---- src/hooks/server_future.rs - hooks::server_future::use_server_future (line 15) stdout ----
[INFO] [stdout] error[E0433]: failed to resolve: use of undeclared crate or module `dioxus`
[INFO] [stdout]  --> src/hooks/server_future.rs:16:5
[INFO] [stdout]   |
[INFO] [stdout] 3 | use dioxus::prelude::*;
[INFO] [stdout]   |     ^^^^^^ use of undeclared crate or module `dioxus`
[INFO] [stdout] 
[INFO] [stdout] error[E0425]: cannot find function `use_signal` in this scope
[INFO] [stdout]  --> src/hooks/server_future.rs:18:10
[INFO] [stdout]   |
[INFO] [stdout] 5 | let id = use_signal(|| 0);
[INFO] [stdout]   |          ^^^^^^^^^^ not found in this scope
[INFO] [stdout]   |
[INFO] [stdout] help: consider importing this function
[INFO] [stdout]   |
[INFO] [stdout] 2 + use dioxus_lib::prelude::use_signal;
[INFO] [stdout]   |
[INFO] [stdout] 
[INFO] [stdout] error[E0425]: cannot find function `use_server_future` in this scope
[INFO] [stdout]  --> src/hooks/server_future.rs:19:1
[INFO] [stdout]   |
[INFO] [stdout] 6 | use_server_future(move || {
[INFO] [stdout]   | ^^^^^^^^^^^^^^^^^ not found in this scope
[INFO] [stdout]   |
[INFO] [stdout] help: consider importing this function
[INFO] [stdout]   |
[INFO] [stdout] 2 + use dioxus_fullstack::prelude::use_server_future;
[INFO] [stdout]   |
[INFO] [stdout] 
[INFO] [stdout] error[E0425]: cannot find function `use_signal` in this scope
[INFO] [stdout]   --> src/hooks/server_future.rs:26:10
[INFO] [stdout]    |
[INFO] [stdout] 13 | let id = use_signal(|| 0);
[INFO] [stdout]    |          ^^^^^^^^^^ not found in this scope
[INFO] [stdout]    |
[INFO] [stdout] help: consider importing this function
[INFO] [stdout]    |
[INFO] [stdout] 2  + use dioxus_lib::prelude::use_signal;
[INFO] [stdout]    |
[INFO] [stdout] 
[INFO] [stdout] error[E0425]: cannot find function `use_server_future` in this scope
[INFO] [stdout]   --> src/hooks/server_future.rs:27:1
[INFO] [stdout]    |
[INFO] [stdout] 14 | use_server_future(move || {
[INFO] [stdout]    | ^^^^^^^^^^^^^^^^^ not found in this scope
[INFO] [stdout]    |
[INFO] [stdout] help: consider importing this function
[INFO] [stdout]    |
[INFO] [stdout] 2  + use dioxus_fullstack::prelude::use_server_future;
[INFO] [stdout]    |
[INFO] [stdout] 
[INFO] [stdout] error: aborting due to 5 previous errors
[INFO] [stdout] 
[INFO] [stdout] Some errors have detailed explanations: E0425, E0433.
[INFO] [stdout] For more information about an error, try `rustc --explain E0425`.
[INFO] [stdout] Couldn't compile the test.
[INFO] [stdout] ---- src/../README.md - (line 35) stdout ----
[INFO] [stdout] error[E0433]: failed to resolve: use of undeclared crate or module `dioxus`
[INFO] [stdout]  --> src/../README.md:37:5
[INFO] [stdout]   |
[INFO] [stdout] 3 | use dioxus::prelude::*;
[INFO] [stdout]   |     ^^^^^^ use of undeclared crate or module `dioxus`
[INFO] [stdout] 
[INFO] [stdout] error: cannot find attribute `server` in this scope
[INFO] [stdout]   --> src/../README.md:60:3
[INFO] [stdout]    |
[INFO] [stderr] error: doctest failed, to rerun pass `--doc`
[INFO] [stdout] 26 | #[server]
[INFO] [stdout]    |   ^^^^^^
[INFO] [stdout]    |
[INFO] [stdout] help: consider importing one of these attribute macros
[INFO] [stdout]    |
[INFO] [stdout] 3  + use dioxus_fullstack::prelude::server;
[INFO] [stdout]    |
[INFO] [stdout] 3  + use dioxus_server_macro::server;
[INFO] [stdout]    |
[INFO] [stdout] 
[INFO] [stdout] error: cannot find attribute `component` in this scope
[INFO] [stdout]  --> src/../README.md:43:3
[INFO] [stdout]   |
[INFO] [stdout] 9 | #[component]
[INFO] [stdout]   |   ^^^^^^^^^
[INFO] [stdout]   |
[INFO] [stdout] help: consider importing this attribute macro
[INFO] [stdout]   |
[INFO] [stdout] 3 + use dioxus_lib::prelude::component;
[INFO] [stdout]   |
[INFO] [stdout] 
[INFO] [stdout] error: cannot find macro `rsx` in this scope
[INFO] [stdout]   --> src/../README.md:47:5
[INFO] [stdout]    |
[INFO] [stdout] 13 |     rsx! {
[INFO] [stdout]    |     ^^^
[INFO] [stdout]    |
[INFO] [stdout] help: consider importing this macro
[INFO] [stdout]    |
[INFO] [stdout] 3  + use dioxus_lib::prelude::rsx;
[INFO] [stdout]    |
[INFO] [stdout] 
[INFO] [stdout] error[E0412]: cannot find type `Element` in this scope
[INFO] [stdout]   --> src/../README.md:44:13
[INFO] [stdout]    |
[INFO] [stdout] 10 | fn App() -> Element {
[INFO] [stdout]    |             ^^^^^^^ not found in this scope
[INFO] [stdout]    |
[INFO] [stdout] help: consider importing this type alias
[INFO] [stdout]    |
[INFO] [stdout] 3  + use dioxus_lib::prelude::Element;
[INFO] [stdout]    |
[INFO] [stdout] 
[INFO] [stdout] error[E0425]: cannot find function `use_signal` in this scope
[INFO] [stdout]   --> src/../README.md:45:23
[INFO] [stdout]    |
[INFO] [stdout] 11 |     let mut meaning = use_signal(|| None);
[INFO] [stdout]    |                       ^^^^^^^^^^ not found in this scope
[INFO] [stdout]    |
[INFO] [stdout] help: consider importing this function
[INFO] [stdout]    |
[INFO] [stdout] 3  + use dioxus_lib::prelude::use_signal;
[INFO] [stdout]    |
[INFO] [stdout] 
[INFO] [stdout] error[E0412]: cannot find type `ServerFnError` in this scope
[INFO] [stdout]   --> src/../README.md:61:57
[INFO] [stdout]    |
[INFO] [stdout] 27 | async fn get_meaning(of: String) -> Result<Option<u32>, ServerFnError> {
[INFO] [stdout]    |                                                         ^^^^^^^^^^^^^ not found in this scope
[INFO] [stdout]    |
[INFO] [stdout] help: consider importing one of these enums
[INFO] [stdout]    |
[INFO] [stdout] 3  + use dioxus_fullstack::prelude::ServerFnError;
[INFO] [stdout]    |
[INFO] [stdout] 3  + use server_fn::ServerFnError;
[INFO] [stdout]    |
[INFO] [stdout] 
[INFO] [stdout] error[E0433]: failed to resolve: use of undeclared crate or module `dioxus`
[INFO] [stdout]  --> src/../README.md:40:5
[INFO] [stdout]   |
[INFO] [stdout] 6 |     dioxus::launch(App);
[INFO] [stdout]   |     ^^^^^^ use of undeclared crate or module `dioxus`
[INFO] [stdout] 
[INFO] [stdout] error: aborting due to 8 previous errors
[INFO] [stdout] 
[INFO] [stdout] Some errors have detailed explanations: E0412, E0425, E0433.
[INFO] [stdout] For more information about an error, try `rustc --explain E0412`.
[INFO] [stdout] Couldn't compile the test.
[INFO] [stdout] ---- src/hooks/server_future.rs - hooks::server_future::use_server_future (line 41) stdout ----
[INFO] [stdout] error[E0433]: failed to resolve: use of undeclared crate or module `dioxus`
[INFO] [stdout]  --> src/hooks/server_future.rs:42:5
[INFO] [stdout]   |
[INFO] [stdout] 3 | use dioxus::prelude::*;
[INFO] [stdout]   |     ^^^^^^ use of undeclared crate or module `dioxus`
[INFO] [stdout] 
[INFO] [stdout] error[E0433]: failed to resolve: use of undeclared crate or module `dioxus`
[INFO] [stdout]  --> src/hooks/server_future.rs:44:5
[INFO] [stdout]   |
[INFO] [stdout] 5 | use dioxus::prelude::*;
[INFO] [stdout]   |     ^^^^^^ use of undeclared crate or module `dioxus`
[INFO] [stdout] 
[INFO] [stdout] error[E0432]: unresolved imports `dioxus::prelude::*`, `dioxus::prelude::*`
[INFO] [stdout]  --> src/hooks/server_future.rs:42:5
[INFO] [stdout]   |
[INFO] [stdout] 3 | use dioxus::prelude::*;
[INFO] [stdout]   |     ^^^^^^^^^^^^^^^^^^
[INFO] [stdout] 4 | async fn fetch_article(id: u32) -> String { unimplemented!() }
[INFO] [stdout] 5 | use dioxus::prelude::*;
[INFO] [stdout]   |     ^^^^^^^^^^^^^^^^^^
[INFO] [stdout] 
[INFO] [stdout] error: cannot find macro `rsx` in this scope
[INFO] [stdout]   --> src/hooks/server_future.rs:53:5
[INFO] [stdout]    |
[INFO] [stdout] 14 |     rsx! {
[INFO] [stdout]    |     ^^^
[INFO] [stdout]    |
[INFO] [stdout] help: consider importing this macro
[INFO] [stdout]    |
[INFO] [stdout] 2  + use dioxus_lib::prelude::rsx;
[INFO] [stdout]    |
[INFO] [stdout] 
[INFO] [stdout] error[E0412]: cannot find type `Element` in this scope
[INFO] [stdout]  --> src/hooks/server_future.rs:46:13
[INFO] [stdout]   |
[INFO] [stdout] 7 | fn App() -> Element {
[INFO] [stdout]   |             ^^^^^^^ not found in this scope
[INFO] [stdout]   |
[INFO] [stdout] help: consider importing this type alias
[INFO] [stdout]   |
[INFO] [stdout] 2 + use dioxus_lib::prelude::Element;
[INFO] [stdout]   |
[INFO] [stdout] 
[INFO] [stdout] error[E0425]: cannot find function `use_signal` in this scope
[INFO] [stdout]  --> src/hooks/server_future.rs:47:26
[INFO] [stdout]   |
[INFO] [stdout] 8 |     let mut article_id = use_signal(|| 0);
[INFO] [stdout]   |                          ^^^^^^^^^^ not found in this scope
[INFO] [stdout]   |
[INFO] [stdout] help: consider importing this function
[INFO] [stdout]   |
[INFO] [stdout] 2 + use dioxus_lib::prelude::use_signal;
[INFO] [stdout]   |
[INFO] [stdout] 
[INFO] [stdout] error[E0425]: cannot find function `use_server_future` in this scope
[INFO] [stdout]   --> src/hooks/server_future.rs:51:19
[INFO] [stdout]    |
[INFO] [stdout] 12 |     let article = use_server_future(move || fetch_article(article_id()))?;
[INFO] [stdout]    |                   ^^^^^^^^^^^^^^^^^ not found in this scope
[INFO] [stdout]    |
[INFO] [stdout] help: consider importing this function
[INFO] [stdout]    |
[INFO] [stdout] 2  + use dioxus_fullstack::prelude::use_server_future;
[INFO] [stdout]    |
[INFO] [stdout] 
[INFO] [stdout] error: aborting due to 7 previous errors
[INFO] [stdout] 
[INFO] [stdout] Some errors have detailed explanations: E0412, E0425, E0432, E0433.
[INFO] [stdout] For more information about an error, try `rustc --explain E0412`.
[INFO] [stdout] Couldn't compile the test.
[INFO] [stdout] 
[INFO] [stdout] failures:
[INFO] [stdout]     src/../README.md - (line 35)
[INFO] [stdout]     src/../README.md - (line 86)
[INFO] [stdout]     src/hooks/server_future.rs - hooks::server_future::use_server_future (line 15)
[INFO] [stdout]     src/hooks/server_future.rs - hooks::server_future::use_server_future (line 41)
[INFO] [stdout] 
[INFO] [stdout] test result: FAILED. 1 passed; 4 failed; 0 ignored; 0 measured; 0 filtered out; finished in 0.61s
[INFO] [stdout] 
[INFO] running `Command { std: "docker" "inspect" "e34973a7cd485a5707791f67b03b6cc441ace961550c21d12da2ba052b136399", kill_on_drop: false }`
[INFO] running `Command { std: "docker" "rm" "-f" "e34973a7cd485a5707791f67b03b6cc441ace961550c21d12da2ba052b136399", kill_on_drop: false }`
[INFO] [stdout] e34973a7cd485a5707791f67b03b6cc441ace961550c21d12da2ba052b136399
